[INFO] fetching crate shadower 0.1.4...
[INFO] documenting shadower-0.1.4 against 1.75.0 for beta-1.76-rustdoc-1
[INFO] extracting crate shadower 0.1.4 into /workspace/builds/worker-1-tc1/source
[INFO] validating manifest of crates.io crate shadower 0.1.4 on toolchain 1.75.0
[INFO] running `Command { std: CARGO_HOME="/workspace/cargo-home" RUSTUP_HOME="/workspace/rustup-home" "/workspace/cargo-home/bin/cargo" "+1.75.0" "metadata" "--manifest-path" "Cargo.toml" "--no-deps", kill_on_drop: false }`
[INFO] started tweaking crates.io crate shadower 0.1.4
[INFO] finished tweaking crates.io crate shadower 0.1.4
[INFO] tweaked toml for crates.io crate shadower 0.1.4 written to /workspace/builds/worker-1-tc1/source/Cargo.toml
[INFO] crate crates.io crate shadower 0.1.4 already has a lockfile, it will not be regenerated
[INFO] running `Command { std: CARGO_HOME="/workspace/cargo-home" RUSTUP_HOME="/workspace/rustup-home" "/workspace/cargo-home/bin/cargo" "+1.75.0" "fetch" "--manifest-path" "Cargo.toml", kill_on_drop: false }`
[INFO] [stderr]     Updating crates.io index
[INFO] [stderr]  Downloading crates ...
[INFO] [stderr]   Downloaded dunce v1.0.3
[INFO] [stderr]   Downloaded clap_derive v4.1.8
[INFO] [stderr]   Downloaded unicode-ident v1.0.7
[INFO] [stderr]   Downloaded toml_edit v0.19.4
[INFO] [stderr]   Downloaded winnow v0.3.5
[INFO] [stderr]   Downloaded envmnt v0.10.4
[INFO] [stderr]   Downloaded fsio v0.4.0
[INFO] [stderr]   Downloaded clap v4.1.8
[INFO] [stderr]   Downloaded skia-bindings v0.58.0
[INFO] [stderr]   Downloaded skia-safe v0.58.0
[INFO] running `Command { std: "docker" "create" "-v" "/var/lib/crater-agent-workspace/builds/worker-1-tc1/target:/opt/rustwide/target:rw,Z" "-v" "/var/lib/crater-agent-workspace/builds/worker-1-tc1/source:/opt/rustwide/workdir:ro,Z" "-v" "/var/lib/crater-agent-workspace/cargo-home:/opt/rustwide/cargo-home:ro,Z" "-v" "/var/lib/crater-agent-workspace/rustup-home:/opt/rustwide/rustup-home:ro,Z" "-e" "SOURCE_DIR=/opt/rustwide/workdir" "-e" "CARGO_TARGET_DIR=/opt/rustwide/target" "-e" "CARGO_HOME=/opt/rustwide/cargo-home" "-e" "RUSTUP_HOME=/opt/rustwide/rustup-home" "-w" "/opt/rustwide/workdir" "-m" "1610612736" "--user" "0:0" "--network" "none" "ghcr.io/rust-lang/crates-build-env/linux@sha256:2788e3201cd34a07e3172128adcd8b3090168a8e3bcc40d7c032b9dda1df7d1c" "/opt/rustwide/cargo-home/bin/cargo" "+1.75.0" "metadata" "--no-deps" "--format-version=1", kill_on_drop: false }`
[INFO] [stdout] f1c3540feb37df31cc64774781b5179915b2254c5803a88b687933558adc4f66
[INFO] running `Command { std: "docker" "start" "-a" "f1c3540feb37df31cc64774781b5179915b2254c5803a88b687933558adc4f66", kill_on_drop: false }`
[INFO] running `Command { std: "docker" "inspect" "f1c3540feb37df31cc64774781b5179915b2254c5803a88b687933558adc4f66", kill_on_drop: false }`
[INFO] running `Command { std: "docker" "rm" "-f" "f1c3540feb37df31cc64774781b5179915b2254c5803a88b687933558adc4f66", kill_on_drop: false }`
[INFO] [stdout] f1c3540feb37df31cc64774781b5179915b2254c5803a88b687933558adc4f66
[INFO] running `Command { std: "docker" "create" "-v" "/var/lib/crater-agent-workspace/builds/worker-1-tc1/target:/opt/rustwide/target:rw,Z" "-v" "/var/lib/crater-agent-workspace/builds/worker-1-tc1/source:/opt/rustwide/workdir:ro,Z" "-v" "/var/lib/crater-agent-workspace/cargo-home:/opt/rustwide/cargo-home:ro,Z" "-v" "/var/lib/crater-agent-workspace/rustup-home:/opt/rustwide/rustup-home:ro,Z" "-e" "SOURCE_DIR=/opt/rustwide/workdir" "-e" "CARGO_TARGET_DIR=/opt/rustwide/target" "-e" "CARGO_INCREMENTAL=0" "-e" "RUST_BACKTRACE=full" "-e" "RUSTFLAGS=--cap-lints=warn" "-e" "RUSTDOCFLAGS=--cap-lints=warn" "-e" "CARGO_HOME=/opt/rustwide/cargo-home" "-e" "RUSTUP_HOME=/opt/rustwide/rustup-home" "-w" "/opt/rustwide/workdir" "-m" "1610612736" "--user" "0:0" "--network" "none" "ghcr.io/rust-lang/crates-build-env/linux@sha256:2788e3201cd34a07e3172128adcd8b3090168a8e3bcc40d7c032b9dda1df7d1c" "/opt/rustwide/cargo-home/bin/cargo" "+1.75.0" "doc" "--frozen" "--no-deps" "--document-private-items" "--message-format=json", kill_on_drop: false }`
[INFO] [stdout] ddb7dedcb46675c72fa5e6ecc77e22d73f7facbdbadbb0c4dfe743aff1859fa5
[INFO] running `Command { std: "docker" "start" "-a" "ddb7dedcb46675c72fa5e6ecc77e22d73f7facbdbadbb0c4dfe743aff1859fa5", kill_on_drop: false }`
[INFO] [stderr]    Compiling proc-macro2 v1.0.51
[INFO] [stderr]    Compiling unicode-ident v1.0.7
[INFO] [stderr]    Compiling quote v1.0.23
[INFO] [stderr]    Compiling libc v0.2.139
[INFO] [stderr]    Compiling cc v1.0.79
[INFO] [stderr]    Compiling memchr v2.5.0
[INFO] [stderr]    Compiling untrusted v0.7.1
[INFO] [stderr]    Compiling spin v0.5.2
[INFO] [stderr]    Compiling once_cell v1.17.1
[INFO] [stderr]    Compiling log v0.4.17
[INFO] [stderr]    Compiling tinyvec_macros v0.1.1
[INFO] [stderr]    Compiling serde v1.0.154
[INFO] [stderr]    Compiling clang-sys v1.6.0
[INFO] [stderr]    Compiling crc32fast v1.3.2
[INFO] [stderr]    Compiling unicode-bidi v0.3.10
[INFO] [stderr]    Compiling tinyvec v1.6.0
[INFO] [stderr]    Compiling percent-encoding v2.2.0
[INFO] [stderr]    Compiling rustls v0.20.8
[INFO] [stderr]    Compiling serde_derive v1.0.154
[INFO] [stderr]    Compiling adler v1.0.2
[INFO] [stderr]    Compiling form_urlencoded v1.1.0
[INFO] [stderr]    Compiling miniz_oxide v0.6.2
[INFO] [stderr]    Compiling libloading v0.7.4
[INFO] [stderr]    Compiling either v1.8.1
[INFO] [stderr]    Compiling heck v0.4.1
[INFO] [stderr]    Compiling serde_json v1.0.93
[INFO] [stderr]    Compiling regex-syntax v0.6.28
[INFO] [stderr]    Compiling bindgen v0.63.0
[INFO] [stderr]    Compiling indexmap v1.9.2
[INFO] [stderr]    Compiling proc-macro-error-attr v1.0.4
[INFO] [stderr]    Compiling shlex v1.1.0
[INFO] [stderr]    Compiling itoa v1.0.6
[INFO] [stderr]    Compiling io-lifetimes v1.0.6
[INFO] [stderr]    Compiling base64 v0.13.1
[INFO] [stderr]    Compiling ryu v1.0.13
[INFO] [stderr]    Compiling flate2 v1.0.25
[INFO] [stderr]    Compiling aho-corasick v0.7.20
[INFO] [stderr]    Compiling nom v7.1.3
[INFO] [stderr]    Compiling proc-macro-error v1.0.4
[INFO] [stderr]    Compiling syn v1.0.109
[INFO] [stderr]    Compiling unicode-normalization v0.1.22
[INFO] [stderr]    Compiling which v4.4.0
[INFO] [stderr]    Compiling xattr v0.2.3
[INFO] [stderr]    Compiling filetime v0.2.20
[INFO] [stderr]     Checking hashbrown v0.12.3
[INFO] [stderr]    Compiling tar v0.4.38
[INFO] [stderr]    Compiling rustix v0.36.9
[INFO] [stderr]     Checking linux-raw-sys v0.1.4
[INFO] [stderr]     Checking os_str_bytes v6.4.1
[INFO] [stderr]     Checking winnow v0.3.5
[INFO] [stderr]    Compiling ring v0.16.20
[INFO] [stderr]    Compiling thiserror v1.0.39
[INFO] [stderr]    Compiling idna v0.3.0
[INFO] [stderr]    Compiling anyhow v1.0.69
[INFO] [stderr]     Checking dirs-sys v0.3.7
[INFO] [stderr]     Checking clap_lex v0.3.2
[INFO] [stderr]     Checking termcolor v1.2.0
[INFO] [stderr]     Checking strsim v0.10.0
[INFO] [stderr]     Checking fsio v0.4.0
[INFO] [stderr]     Checking dirs v4.0.0
[INFO] [stderr]     Checking envmnt v0.10.4
[INFO] [stderr]    Compiling url v2.3.1
[INFO] [stderr]    Compiling regex v1.7.1
[INFO] [stderr]    Compiling cexpr v0.6.0
[INFO] [stderr]     Checking is-terminal v0.4.4
[INFO] [stderr]    Compiling toml v0.5.11
[INFO] [stderr]    Compiling webpki v0.22.0
[INFO] [stderr]    Compiling sct v0.7.0
[INFO] [stderr]    Compiling webpki-roots v0.22.6
[INFO] [stderr]    Compiling clap_derive v4.1.8
[INFO] [stderr]    Compiling thiserror-impl v1.0.39
[INFO] [stderr]    Compiling ureq v2.6.2
[INFO] [stderr]     Checking clap v4.1.8
[INFO] [stderr]    Compiling skia-bindings v0.58.0
[INFO] [stderr]     Checking serde_spanned v0.6.1
[INFO] [stderr]     Checking toml_datetime v0.6.1
[INFO] [stderr]     Checking toml_edit v0.19.4
[INFO] [stderr] error: failed to run custom build command for `skia-bindings v0.58.0`
[INFO] [stderr] note: To improve backtraces for build dependencies, set the CARGO_PROFILE_DEV_BUILD_OVERRIDE_DEBUG=true environment variable to enable debug information generation.
[INFO] [stderr] 
[INFO] [stderr] Caused by:
[INFO] [stderr]   process didn't exit successfully: `/opt/rustwide/target/debug/build/skia-bindings-72a7605ff8fcb0e7/build-script-build` (exit status: 101)
[INFO] [stderr]   --- stdout
[INFO] [stderr]   cargo:rerun-if-env-changed=DOCS_RS
[INFO] [stderr]   cargo:rerun-if-env-changed=SKIA_DEBUG
[INFO] [stderr]   HOST: x86_64-unknown-linux-gnu
[INFO] [stderr]   cargo:rerun-if-env-changed=SKIA_SOURCE_DIR
[INFO] [stderr]   cargo:rerun-if-env-changed=FORCE_SKIA_BUILD
[INFO] [stderr]   cargo:rerun-if-env-changed=FORCE_SKIA_BINARIES_DOWNLOAD
[INFO] [stderr]   TRYING TO DOWNLOAD AND INSTALL SKIA BINARIES: 0.58.0/3e3c012335c2258c0e10-x86_64-unknown-linux-gnu
[INFO] [stderr]   cargo:rerun-if-env-changed=SKIA_BINARIES_URL
[INFO] [stderr]     FROM: https://github.com/rust-skia/skia-binaries/releases/download/0.58.0/skia-binaries-3e3c012335c2258c0e10-x86_64-unknown-linux-gnu.tar.gz
[INFO] [stderr]   DOWNLOAD AND INSTALL FAILED: https://github.com/rust-skia/skia-binaries/releases/download/0.58.0/skia-binaries-3e3c012335c2258c0e10-x86_64-unknown-linux-gnu.tar.gz: Dns Failed: resolve dns name 'github.com:443': failed to lookup address information: Temporary failure in name resolution
[INFO] [stderr]   STARTING A FULL BUILD
[INFO] [stderr]   cargo:rerun-if-env-changed=CLANGCC
[INFO] [stderr]   cargo:rerun-if-env-changed=CC
[INFO] [stderr]   cargo:rerun-if-env-changed=CLANGCXX
[INFO] [stderr]   cargo:rerun-if-env-changed=CXX
[INFO] [stderr]   HOST: x86_64-unknown-linux-gnu
[INFO] [stderr]   cargo:rerun-if-env-changed=OPT_LEVEL
[INFO] [stderr]   cargo:rerun-if-env-changed=SKIA_USE_SYSTEM_LIBRARIES
[INFO] [stderr]   cargo:rerun-if-env-changed=SDKTARGETSYSROOT
[INFO] [stderr]   cargo:rerun-if-env-changed=SDKROOT
[INFO] [stderr]   HOST: x86_64-unknown-linux-gnu
[INFO] [stderr]   cargo:rerun-if-env-changed=SKIA_NINJA_COMMAND
[INFO] [stderr]   cargo:rerun-if-env-changed=SKIA_GN_COMMAND
[INFO] [stderr]   Probing 'python'
[INFO] [stderr]   Probing 'python3'
[INFO] [stderr]   Python 3 found: "python3"
[INFO] [stderr]   Synchronizing Skia dependencies
[INFO] [stderr]   DOWNLOADING: https://codeload.github.com/rust-skia/skia/tar.gz/m109-0.57.1
[INFO] [stderr] 
[INFO] [stderr]   --- stderr
[INFO] [stderr]   thread 'main' panicked at /opt/rustwide/cargo-home/registry/src/index.crates.io-6f17d22bba15001f/skia-bindings-0.58.0/build_support/binary_cache/download.rs:68:35:
[INFO] [stderr]   Failed to download https://codeload.github.com/rust-skia/skia/tar.gz/m109-0.57.1 (https://codeload.github.com/rust-skia/skia/tar.gz/m109-0.57.1: Dns Failed: resolve dns name 'codeload.github.com:443': failed to lookup address information: Temporary failure in name resolution)
[INFO] [stderr]   stack backtrace:
[INFO] [stderr]      0:     0x5620a123615c - std::backtrace_rs::backtrace::libunwind::trace::ha637c64ce894333a
[INFO] [stderr]                                  at /rustc/82e1608dfa6e0b5569232559e3d385fea5a93112/library/std/src/../../backtrace/src/backtrace/libunwind.rs:104:5
[INFO] [stderr]      1:     0x5620a123615c - std::backtrace_rs::backtrace::trace_unsynchronized::h47f62dea28e0c88d
[INFO] [stderr]                                  at /rustc/82e1608dfa6e0b5569232559e3d385fea5a93112/library/std/src/../../backtrace/src/backtrace/mod.rs:66:5
[INFO] [stderr]      2:     0x5620a123615c - std::sys_common::backtrace::_print_fmt::h9eef0abe20ede486
[INFO] [stderr]                                  at /rustc/82e1608dfa6e0b5569232559e3d385fea5a93112/library/std/src/sys_common/backtrace.rs:67:5
[INFO] [stderr]      3:     0x5620a123615c - <std::sys_common::backtrace::_print::DisplayBacktrace as core::fmt::Display>::fmt::hed7f999df88cc644
[INFO] [stderr]                                  at /rustc/82e1608dfa6e0b5569232559e3d385fea5a93112/library/std/src/sys_common/backtrace.rs:44:22
[INFO] [stderr]      4:     0x5620a12671c0 - core::fmt::rt::Argument::fmt::h1539a9308b8d058d
[INFO] [stderr]                                  at /rustc/82e1608dfa6e0b5569232559e3d385fea5a93112/library/core/src/fmt/rt.rs:142:9
[INFO] [stderr]      5:     0x5620a12671c0 - core::fmt::write::h3a39390d8560d9c9
[INFO] [stderr]                                  at /rustc/82e1608dfa6e0b5569232559e3d385fea5a93112/library/core/src/fmt/mod.rs:1120:17
[INFO] [stderr]      6:     0x5620a123205f - std::io::Write::write_fmt::h5fc9997dfe05f882
[INFO] [stderr]                                  at /rustc/82e1608dfa6e0b5569232559e3d385fea5a93112/library/std/src/io/mod.rs:1762:15
[INFO] [stderr]      7:     0x5620a1235f44 - std::sys_common::backtrace::_print::h894006fb5c6f3d45
[INFO] [stderr]                                  at /rustc/82e1608dfa6e0b5569232559e3d385fea5a93112/library/std/src/sys_common/backtrace.rs:47:5
[INFO] [stderr]      8:     0x5620a1235f44 - std::sys_common::backtrace::print::h23a2d212c6fff936
[INFO] [stderr]                                  at /rustc/82e1608dfa6e0b5569232559e3d385fea5a93112/library/std/src/sys_common/backtrace.rs:34:9
[INFO] [stderr]      9:     0x5620a1237d77 - std::panicking::default_hook::{{closure}}::h8a1d2ee00185001a
[INFO] [stderr]     10:     0x5620a1237adf - std::panicking::default_hook::h6038f2eba384e475
[INFO] [stderr]                                  at /rustc/82e1608dfa6e0b5569232559e3d385fea5a93112/library/std/src/panicking.rs:292:9
[INFO] [stderr]     11:     0x5620a12381f8 - std::panicking::rust_panic_with_hook::h2b5517d590cab22e
[INFO] [stderr]                                  at /rustc/82e1608dfa6e0b5569232559e3d385fea5a93112/library/std/src/panicking.rs:779:13
[INFO] [stderr]     12:     0x5620a12380de - std::panicking::begin_panic_handler::{{closure}}::h233112c06e0ef43e
[INFO] [stderr]                                  at /rustc/82e1608dfa6e0b5569232559e3d385fea5a93112/library/std/src/panicking.rs:657:13
[INFO] [stderr]     13:     0x5620a1236626 - std::sys_common::backtrace::__rust_end_short_backtrace::h6e893f24d7ebbff8
[INFO] [stderr]                                  at /rustc/82e1608dfa6e0b5569232559e3d385fea5a93112/library/std/src/sys_common/backtrace.rs:170:18
[INFO] [stderr]     14:     0x5620a1237e42 - rust_begin_unwind
[INFO] [stderr]                                  at /rustc/82e1608dfa6e0b5569232559e3d385fea5a93112/library/std/src/panicking.rs:645:5
[INFO] [stderr]     15:     0x5620a09ea035 - core::panicking::panic_fmt::hbf0e066aabfa482c
[INFO] [stderr]                                  at /rustc/82e1608dfa6e0b5569232559e3d385fea5a93112/library/core/src/panicking.rs:72:14
[INFO] [stderr]     16:     0x5620a0a1ed05 - build_script_build::build_support::binary_cache::download::download_dependencies::{{closure}}::h7b5881179ea24c66
[INFO] [stderr]     17:     0x5620a09fe26a - core::result::Result<T,E>::unwrap_or_else::h689f8078bd6bd0f2
[INFO] [stderr]     18:     0x5620a0a1e6b2 - build_script_build::build_support::binary_cache::download::download_dependencies::h5ec5438c39691268
[INFO] [stderr]     19:     0x5620a0a1dde8 - build_script_build::build_support::binary_cache::download::resolve_dependencies::h22ddb305a8d4ae3c
[INFO] [stderr]     20:     0x5620a0a25923 - build_script_build::build_support::skia::config::build::h8fab2584ed6bcb0a
[INFO] [stderr]     21:     0x5620a0a06853 - build_script_build::build_from_source::hf59c1d97504a92be
[INFO] [stderr]     22:     0x5620a0a06234 - build_script_build::main::h688a6689f052fb86
[INFO] [stderr]     23:     0x5620a0a17513 - core::ops::function::FnOnce::call_once::hbb405392b0fc1c76
[INFO] [stderr]     24:     0x5620a0a0e826 - std::sys_common::backtrace::__rust_begin_short_backtrace::h2d52ec666a6d4552
[INFO] [stderr]     25:     0x5620a0a0e879 - std::rt::lang_start::{{closure}}::h5319aafba43ee412
[INFO] [stderr]     26:     0x5620a122ca47 - core::ops::function::impls::<impl core::ops::function::FnOnce<A> for &F>::call_once::hd95060ecd5e1ca24
[INFO] [stderr]                                  at /rustc/82e1608dfa6e0b5569232559e3d385fea5a93112/library/core/src/ops/function.rs:284:13
[INFO] [stderr]     27:     0x5620a122ca47 - std::panicking::try::do_call::h6e8cf51db32a6e4b
[INFO] [stderr]                                  at /rustc/82e1608dfa6e0b5569232559e3d385fea5a93112/library/std/src/panicking.rs:552:40
[INFO] [stderr]     28:     0x5620a122ca47 - std::panicking::try::h3a52eefe24fe3c29
[INFO] [stderr]                                  at /rustc/82e1608dfa6e0b5569232559e3d385fea5a93112/library/std/src/panicking.rs:516:19
[INFO] [stderr]     29:     0x5620a122ca47 - std::panic::catch_unwind::h24c28c23c02c3841
[INFO] [stderr]                                  at /rustc/82e1608dfa6e0b5569232559e3d385fea5a93112/library/std/src/panic.rs:142:14
[INFO] [stderr]     30:     0x5620a122ca47 - std::rt::lang_start_internal::{{closure}}::h705d3c9cbc06ef47
[INFO] [stderr]                                  at /rustc/82e1608dfa6e0b5569232559e3d385fea5a93112/library/std/src/rt.rs:148:48
[INFO] [stderr]     31:     0x5620a122ca47 - std::panicking::try::do_call::ha21f52ba13158470
[INFO] [stderr]                                  at /rustc/82e1608dfa6e0b5569232559e3d385fea5a93112/library/std/src/panicking.rs:552:40
[INFO] [stderr]     32:     0x5620a122ca47 - std::panicking::try::h5581346bf6aeb1f8
[INFO] [stderr]                                  at /rustc/82e1608dfa6e0b5569232559e3d385fea5a93112/library/std/src/panicking.rs:516:19
[INFO] [stderr]     33:     0x5620a122ca47 - std::panic::catch_unwind::h7919645a6b72e25b
[INFO] [stderr]                                  at /rustc/82e1608dfa6e0b5569232559e3d385fea5a93112/library/std/src/panic.rs:142:14
[INFO] [stderr]     34:     0x5620a122ca47 - std::rt::lang_start_internal::h12de51168669836e
[INFO] [stderr]                                  at /rustc/82e1608dfa6e0b5569232559e3d385fea5a93112/library/std/src/rt.rs:148:20
[INFO] [stderr]     35:     0x5620a0a0e857 - std::rt::lang_start::h08329039ea80714d
[INFO] [stderr]     36:     0x5620a0a06c75 - main
[INFO] [stderr]     37:     0x7eff1afe2d90 - <unknown>
[INFO] [stderr]     38:     0x7eff1afe2e40 - __libc_start_main
[INFO] [stderr]     39:     0x5620a09ea905 - _start
[INFO] [stderr]     40:                0x0 - <unknown>
[INFO] [stderr] warning: build failed, waiting for other jobs to finish...
[INFO] running `Command { std: "docker" "inspect" "ddb7dedcb46675c72fa5e6ecc77e22d73f7facbdbadbb0c4dfe743aff1859fa5", kill_on_drop: false }`
[INFO] running `Command { std: "docker" "rm" "-f" "ddb7dedcb46675c72fa5e6ecc77e22d73f7facbdbadbb0c4dfe743aff1859fa5", kill_on_drop: false }`
[INFO] [stdout] ddb7dedcb46675c72fa5e6ecc77e22d73f7facbdbadbb0c4dfe743aff1859fa5
[INFO] documenting shadower-0.1.4 against beta-2023-12-22 for beta-1.76-rustdoc-1
[INFO] extracting crate shadower 0.1.4 into /workspace/builds/worker-1-tc2/source
[INFO] validating manifest of crates.io crate shadower 0.1.4 on toolchain beta-2023-12-22
[INFO] running `Command { std: CARGO_HOME="/workspace/cargo-home" RUSTUP_HOME="/workspace/rustup-home" "/workspace/cargo-home/bin/cargo" "+beta-2023-12-22" "metadata" "--manifest-path" "Cargo.toml" "--no-deps", kill_on_drop: false }`
[INFO] started tweaking crates.io crate shadower 0.1.4
[INFO] finished tweaking crates.io crate shadower 0.1.4
[INFO] tweaked toml for crates.io crate shadower 0.1.4 written to /workspace/builds/worker-1-tc2/source/Cargo.toml
[INFO] crate crates.io crate shadower 0.1.4 already has a lockfile, it will not be regenerated
[INFO] running `Command { std: CARGO_HOME="/workspace/cargo-home" RUSTUP_HOME="/workspace/rustup-home" "/workspace/cargo-home/bin/cargo" "+beta-2023-12-22" "fetch" "--manifest-path" "Cargo.toml", kill_on_drop: false }`
[INFO] running `Command { std: "docker" "create" "-v" "/var/lib/crater-agent-workspace/builds/worker-1-tc2/target:/opt/rustwide/target:rw,Z" "-v" "/var/lib/crater-agent-workspace/builds/worker-1-tc2/source:/opt/rustwide/workdir:ro,Z" "-v" "/var/lib/crater-agent-workspace/cargo-home:/opt/rustwide/cargo-home:ro,Z" "-v" "/var/lib/crater-agent-workspace/rustup-home:/opt/rustwide/rustup-home:ro,Z" "-e" "SOURCE_DIR=/opt/rustwide/workdir" "-e" "CARGO_TARGET_DIR=/opt/rustwide/target" "-e" "CARGO_HOME=/opt/rustwide/cargo-home" "-e" "RUSTUP_HOME=/opt/rustwide/rustup-home" "-w" "/opt/rustwide/workdir" "-m" "1610612736" "--user" "0:0" "--network" "none" "ghcr.io/rust-lang/crates-build-env/linux@sha256:2788e3201cd34a07e3172128adcd8b3090168a8e3bcc40d7c032b9dda1df7d1c" "/opt/rustwide/cargo-home/bin/cargo" "+beta-2023-12-22" "metadata" "--no-deps" "--format-version=1", kill_on_drop: false }`
[INFO] [stdout] d770d884ac5b8581fba48a8308cf76529e9ba11d0dab4f673655d2ec700d4261
[INFO] running `Command { std: "docker" "start" "-a" "d770d884ac5b8581fba48a8308cf76529e9ba11d0dab4f673655d2ec700d4261", kill_on_drop: false }`
[INFO] running `Command { std: "docker" "inspect" "d770d884ac5b8581fba48a8308cf76529e9ba11d0dab4f673655d2ec700d4261", kill_on_drop: false }`
[INFO] running `Command { std: "docker" "rm" "-f" "d770d884ac5b8581fba48a8308cf76529e9ba11d0dab4f673655d2ec700d4261", kill_on_drop: false }`
[INFO] [stdout] d770d884ac5b8581fba48a8308cf76529e9ba11d0dab4f673655d2ec700d4261
[INFO] running `Command { std: "docker" "create" "-v" "/var/lib/crater-agent-workspace/builds/worker-1-tc2/target:/opt/rustwide/target:rw,Z" "-v" "/var/lib/crater-agent-workspace/builds/worker-1-tc2/source:/opt/rustwide/workdir:ro,Z" "-v" "/var/lib/crater-agent-workspace/cargo-home:/opt/rustwide/cargo-home:ro,Z" "-v" "/var/lib/crater-agent-workspace/rustup-home:/opt/rustwide/rustup-home:ro,Z" "-e" "SOURCE_DIR=/opt/rustwide/workdir" "-e" "CARGO_TARGET_DIR=/opt/rustwide/target" "-e" "CARGO_INCREMENTAL=0" "-e" "RUST_BACKTRACE=full" "-e" "RUSTFLAGS=--cap-lints=warn" "-e" "RUSTDOCFLAGS=--cap-lints=warn" "-e" "CARGO_HOME=/opt/rustwide/cargo-home" "-e" "RUSTUP_HOME=/opt/rustwide/rustup-home" "-w" "/opt/rustwide/workdir" "-m" "1610612736" "--user" "0:0" "--network" "none" "ghcr.io/rust-lang/crates-build-env/linux@sha256:2788e3201cd34a07e3172128adcd8b3090168a8e3bcc40d7c032b9dda1df7d1c" "/opt/rustwide/cargo-home/bin/cargo" "+beta-2023-12-22" "doc" "--frozen" "--no-deps" "--document-private-items" "--message-format=json", kill_on_drop: false }`
[INFO] [stdout] c9dbb8e3311c3b80497d158acfc05f68bc87809a4df0e5ce2956f9298cd84eeb
[INFO] running `Command { std: "docker" "start" "-a" "c9dbb8e3311c3b80497d158acfc05f68bc87809a4df0e5ce2956f9298cd84eeb", kill_on_drop: false }`
[INFO] [stderr]    Compiling proc-macro2 v1.0.51
[INFO] [stderr]    Compiling quote v1.0.23
[INFO] [stderr]    Compiling unicode-ident v1.0.7
[INFO] [stderr]    Compiling libc v0.2.139
[INFO] [stderr]    Compiling cc v1.0.79
[INFO] [stderr]    Compiling memchr v2.5.0
[INFO] [stderr]    Compiling spin v0.5.2
[INFO] [stderr]    Compiling untrusted v0.7.1
[INFO] [stderr]    Compiling once_cell v1.17.1
[INFO] [stderr]    Compiling tinyvec_macros v0.1.1
[INFO] [stderr]    Compiling log v0.4.17
[INFO] [stderr]    Compiling crc32fast v1.3.2
[INFO] [stderr]    Compiling serde v1.0.154
[INFO] [stderr]    Compiling clang-sys v1.6.0
[INFO] [stderr]    Compiling serde_derive v1.0.154
[INFO] [stderr]    Compiling tinyvec v1.6.0
[INFO] [stderr]    Compiling percent-encoding v2.2.0
[INFO] [stderr]    Compiling rustls v0.20.8
[INFO] [stderr]    Compiling adler v1.0.2
[INFO] [stderr]    Compiling unicode-bidi v0.3.10
[INFO] [stderr]    Compiling form_urlencoded v1.1.0
[INFO] [stderr]    Compiling miniz_oxide v0.6.2
[INFO] [stderr]    Compiling libloading v0.7.4
[INFO] [stderr]    Compiling heck v0.4.1
[INFO] [stderr]    Compiling either v1.8.1
[INFO] [stderr]    Compiling serde_json v1.0.93
[INFO] [stderr]    Compiling regex-syntax v0.6.28
[INFO] [stderr]    Compiling bindgen v0.63.0
[INFO] [stderr]    Compiling indexmap v1.9.2
[INFO] [stderr]    Compiling proc-macro-error-attr v1.0.4
[INFO] [stderr]    Compiling base64 v0.13.1
[INFO] [stderr]    Compiling ryu v1.0.13
[INFO] [stderr]    Compiling shlex v1.1.0
[INFO] [stderr]    Compiling flate2 v1.0.25
[INFO] [stderr]    Compiling itoa v1.0.6
[INFO] [stderr]    Compiling io-lifetimes v1.0.6
[INFO] [stderr]    Compiling nom v7.1.3
[INFO] [stderr]    Compiling aho-corasick v0.7.20
[INFO] [stderr]    Compiling proc-macro-error v1.0.4
[INFO] [stderr]     Checking hashbrown v0.12.3
[INFO] [stderr]    Compiling syn v1.0.109
[INFO] [stderr]    Compiling unicode-normalization v0.1.22
[INFO] [stderr]    Compiling xattr v0.2.3
[INFO] [stderr]    Compiling which v4.4.0
[INFO] [stderr]    Compiling filetime v0.2.20
[INFO] [stderr]    Compiling rustix v0.36.9
[INFO] [stderr]    Compiling tar v0.4.38
[INFO] [stderr]     Checking linux-raw-sys v0.1.4
[INFO] [stderr]     Checking winnow v0.3.5
[INFO] [stderr]    Compiling anyhow v1.0.69
[INFO] [stderr]    Compiling ring v0.16.20
[INFO] [stderr]    Compiling idna v0.3.0
[INFO] [stderr]     Checking os_str_bytes v6.4.1
[INFO] [stderr]    Compiling thiserror v1.0.39
[INFO] [stderr]     Checking dirs-sys v0.3.7
[INFO] [stderr]     Checking termcolor v1.2.0
[INFO] [stderr]     Checking clap_lex v0.3.2
[INFO] [stderr]     Checking strsim v0.10.0
[INFO] [stderr]     Checking fsio v0.4.0
[INFO] [stderr]     Checking dirs v4.0.0
[INFO] [stderr]    Compiling url v2.3.1
[INFO] [stderr]     Checking envmnt v0.10.4
[INFO] [stderr]    Compiling regex v1.7.1
[INFO] [stderr]    Compiling cexpr v0.6.0
[INFO] [stderr]     Checking is-terminal v0.4.4
[INFO] [stderr]    Compiling toml v0.5.11
[INFO] [stderr]    Compiling webpki v0.22.0
[INFO] [stderr]    Compiling sct v0.7.0
[INFO] [stderr]    Compiling webpki-roots v0.22.6
[INFO] [stderr]    Compiling thiserror-impl v1.0.39
[INFO] [stderr]    Compiling clap_derive v4.1.8
[INFO] [stderr]    Compiling ureq v2.6.2
[INFO] [stderr]     Checking clap v4.1.8
[INFO] [stderr]    Compiling skia-bindings v0.58.0
[INFO] [stderr]     Checking serde_spanned v0.6.1
[INFO] [stderr]     Checking toml_datetime v0.6.1
[INFO] [stderr]     Checking toml_edit v0.19.4
[INFO] [stderr] error: failed to run custom build command for `skia-bindings v0.58.0`
[INFO] [stderr] note: To improve backtraces for build dependencies, set the CARGO_PROFILE_DEV_BUILD_OVERRIDE_DEBUG=true environment variable to enable debug information generation.
[INFO] [stderr] 
[INFO] [stderr] Caused by:
[INFO] [stderr]   process didn't exit successfully: `/opt/rustwide/target/debug/build/skia-bindings-af08e528cfcba3ae/build-script-build` (exit status: 101)
[INFO] [stderr]   --- stdout
[INFO] [stderr]   cargo:rerun-if-env-changed=DOCS_RS
[INFO] [stderr]   cargo:rerun-if-env-changed=SKIA_DEBUG
[INFO] [stderr]   HOST: x86_64-unknown-linux-gnu
[INFO] [stderr]   cargo:rerun-if-env-changed=SKIA_SOURCE_DIR
[INFO] [stderr]   cargo:rerun-if-env-changed=FORCE_SKIA_BUILD
[INFO] [stderr]   cargo:rerun-if-env-changed=FORCE_SKIA_BINARIES_DOWNLOAD
[INFO] [stderr]   TRYING TO DOWNLOAD AND INSTALL SKIA BINARIES: 0.58.0/3e3c012335c2258c0e10-x86_64-unknown-linux-gnu
[INFO] [stderr]   cargo:rerun-if-env-changed=SKIA_BINARIES_URL
[INFO] [stderr]     FROM: https://github.com/rust-skia/skia-binaries/releases/download/0.58.0/skia-binaries-3e3c012335c2258c0e10-x86_64-unknown-linux-gnu.tar.gz
[INFO] [stderr]   DOWNLOAD AND INSTALL FAILED: https://github.com/rust-skia/skia-binaries/releases/download/0.58.0/skia-binaries-3e3c012335c2258c0e10-x86_64-unknown-linux-gnu.tar.gz: Dns Failed: resolve dns name 'github.com:443': failed to lookup address information: Temporary failure in name resolution
[INFO] [stderr]   STARTING A FULL BUILD
[INFO] [stderr]   cargo:rerun-if-env-changed=CLANGCC
[INFO] [stderr]   cargo:rerun-if-env-changed=CC
[INFO] [stderr]   cargo:rerun-if-env-changed=CLANGCXX
[INFO] [stderr]   cargo:rerun-if-env-changed=CXX
[INFO] [stderr]   HOST: x86_64-unknown-linux-gnu
[INFO] [stderr]   cargo:rerun-if-env-changed=OPT_LEVEL
[INFO] [stderr]   cargo:rerun-if-env-changed=SKIA_USE_SYSTEM_LIBRARIES
[INFO] [stderr]   cargo:rerun-if-env-changed=SDKTARGETSYSROOT
[INFO] [stderr]   cargo:rerun-if-env-changed=SDKROOT
[INFO] [stderr]   HOST: x86_64-unknown-linux-gnu
[INFO] [stderr]   cargo:rerun-if-env-changed=SKIA_NINJA_COMMAND
[INFO] [stderr]   cargo:rerun-if-env-changed=SKIA_GN_COMMAND
[INFO] [stderr]   Probing 'python'
[INFO] [stderr]   Probing 'python3'
[INFO] [stderr]   Python 3 found: "python3"
[INFO] [stderr]   Synchronizing Skia dependencies
[INFO] [stderr]   DOWNLOADING: https://codeload.github.com/rust-skia/skia/tar.gz/m109-0.57.1
[INFO] [stderr] 
[INFO] [stderr]   --- stderr
[INFO] [stderr]   thread 'main' panicked at /opt/rustwide/cargo-home/registry/src/index.crates.io-6f17d22bba15001f/skia-bindings-0.58.0/build_support/binary_cache/download.rs:68:35:
[INFO] [stderr]   Failed to download https://codeload.github.com/rust-skia/skia/tar.gz/m109-0.57.1 (https://codeload.github.com/rust-skia/skia/tar.gz/m109-0.57.1: Dns Failed: resolve dns name 'codeload.github.com:443': failed to lookup address information: Temporary failure in name resolution)
[INFO] [stderr]   stack backtrace:
[INFO] [stderr]      0:     0x55d6c35e4976 - std::backtrace_rs::backtrace::libunwind::trace::h261606ad26a499c1
[INFO] [stderr]                                  at /rustc/0e09125c6c3c2fd70d7de961bcf0e51575235fad/library/std/src/../../backtrace/src/backtrace/libunwind.rs:104:5
[INFO] [stderr]      1:     0x55d6c35e4976 - std::backtrace_rs::backtrace::trace_unsynchronized::hd183f0625477fb28
[INFO] [stderr]                                  at /rustc/0e09125c6c3c2fd70d7de961bcf0e51575235fad/library/std/src/../../backtrace/src/backtrace/mod.rs:66:5
[INFO] [stderr]      2:     0x55d6c35e4976 - std::sys_common::backtrace::_print_fmt::hd7f8fef21b4eda67
[INFO] [stderr]                                  at /rustc/0e09125c6c3c2fd70d7de961bcf0e51575235fad/library/std/src/sys_common/backtrace.rs:68:5
[INFO] [stderr]      3:     0x55d6c35e4976 - <std::sys_common::backtrace::_print::DisplayBacktrace as core::fmt::Display>::fmt::h623d9b51f2f453f1
[INFO] [stderr]                                  at /rustc/0e09125c6c3c2fd70d7de961bcf0e51575235fad/library/std/src/sys_common/backtrace.rs:44:22
[INFO] [stderr]      4:     0x55d6c3614d30 - core::fmt::rt::Argument::fmt::h9f417ac76a86f368
[INFO] [stderr]                                  at /rustc/0e09125c6c3c2fd70d7de961bcf0e51575235fad/library/core/src/fmt/rt.rs:142:9
[INFO] [stderr]      5:     0x55d6c3614d30 - core::fmt::write::hc9b6faf4ac2aeff7
[INFO] [stderr]                                  at /rustc/0e09125c6c3c2fd70d7de961bcf0e51575235fad/library/core/src/fmt/mod.rs:1120:17
[INFO] [stderr]      6:     0x55d6c35e095f - std::io::Write::write_fmt::hfead1eee52c2e65e
[INFO] [stderr]                                  at /rustc/0e09125c6c3c2fd70d7de961bcf0e51575235fad/library/std/src/io/mod.rs:1810:15
[INFO] [stderr]      7:     0x55d6c35e4754 - std::sys_common::backtrace::_print::hd5d66399c7df88a2
[INFO] [stderr]                                  at /rustc/0e09125c6c3c2fd70d7de961bcf0e51575235fad/library/std/src/sys_common/backtrace.rs:47:5
[INFO] [stderr]      8:     0x55d6c35e4754 - std::sys_common::backtrace::print::he81ed2da642d37e5
[INFO] [stderr]                                  at /rustc/0e09125c6c3c2fd70d7de961bcf0e51575235fad/library/std/src/sys_common/backtrace.rs:34:9
[INFO] [stderr]      9:     0x55d6c35e6687 - std::panicking::default_hook::{{closure}}::h85773f4fa117163d
[INFO] [stderr]     10:     0x55d6c35e63e9 - std::panicking::default_hook::h6a1694a91d09b278
[INFO] [stderr]                                  at /rustc/0e09125c6c3c2fd70d7de961bcf0e51575235fad/library/std/src/panicking.rs:292:9
[INFO] [stderr]     11:     0x55d6c35e6b18 - std::panicking::rust_panic_with_hook::h0a7ad96e90f7145b
[INFO] [stderr]                                  at /rustc/0e09125c6c3c2fd70d7de961bcf0e51575235fad/library/std/src/panicking.rs:779:13
[INFO] [stderr]     12:     0x55d6c35e69f2 - std::panicking::begin_panic_handler::{{closure}}::h7919090525c6485e
[INFO] [stderr]                                  at /rustc/0e09125c6c3c2fd70d7de961bcf0e51575235fad/library/std/src/panicking.rs:657:13
[INFO] [stderr]     13:     0x55d6c35e4e76 - std::sys_common::backtrace::__rust_end_short_backtrace::hf3289479464f7dfe
[INFO] [stderr]                                  at /rustc/0e09125c6c3c2fd70d7de961bcf0e51575235fad/library/std/src/sys_common/backtrace.rs:171:18
[INFO] [stderr]     14:     0x55d6c35e6750 - rust_begin_unwind
[INFO] [stderr]                                  at /rustc/0e09125c6c3c2fd70d7de961bcf0e51575235fad/library/std/src/panicking.rs:645:5
[INFO] [stderr]     15:     0x55d6c2d820b5 - core::panicking::panic_fmt::hcc9f77c5c132af55
[INFO] [stderr]                                  at /rustc/0e09125c6c3c2fd70d7de961bcf0e51575235fad/library/core/src/panicking.rs:72:14
[INFO] [stderr]     16:     0x55d6c2dabf35 - build_script_build::build_support::binary_cache::download::download_dependencies::{{closure}}::he1f60d4ec0fa73b6
[INFO] [stderr]     17:     0x55d6c2d945c0 - core::result::Result<T,E>::unwrap_or_else::h361d581b7239fef6
[INFO] [stderr]     18:     0x55d6c2dab8e2 - build_script_build::build_support::binary_cache::download::download_dependencies::h8dcc271b970ee14c
[INFO] [stderr]     19:     0x55d6c2dab018 - build_script_build::build_support::binary_cache::download::resolve_dependencies::h022e76fb4b9b7d37
[INFO] [stderr]     20:     0x55d6c2db97d3 - build_script_build::build_support::skia::config::build::h99226132f74c07f0
[INFO] [stderr]     21:     0x55d6c2d97993 - build_script_build::build_from_source::h28bb893adf9738cf
[INFO] [stderr]     22:     0x55d6c2d97366 - build_script_build::main::h660a52bb2e9504d1
[INFO] [stderr]     23:     0x55d6c2d92a33 - core::ops::function::FnOnce::call_once::h419039ed71bab5a1
[INFO] [stderr]     24:     0x55d6c2db3576 - std::sys_common::backtrace::__rust_begin_short_backtrace::h71502cfa17728382
[INFO] [stderr]     25:     0x55d6c2db35c9 - std::rt::lang_start::{{closure}}::h09355f997565254b
[INFO] [stderr]     26:     0x55d6c35daf81 - core::ops::function::impls::<impl core::ops::function::FnOnce<A> for &F>::call_once::h4eb4c5e1620f29b0
[INFO] [stderr]                                  at /rustc/0e09125c6c3c2fd70d7de961bcf0e51575235fad/library/core/src/ops/function.rs:284:13
[INFO] [stderr]     27:     0x55d6c35daf81 - std::panicking::try::do_call::h73fd26535faffcdf
[INFO] [stderr]                                  at /rustc/0e09125c6c3c2fd70d7de961bcf0e51575235fad/library/std/src/panicking.rs:552:40
[INFO] [stderr]     28:     0x55d6c35daf81 - std::panicking::try::h77ff1d98f0fb9f39
[INFO] [stderr]                                  at /rustc/0e09125c6c3c2fd70d7de961bcf0e51575235fad/library/std/src/panicking.rs:516:19
[INFO] [stderr]     29:     0x55d6c35daf81 - std::panic::catch_unwind::hab3caf2448b95e37
[INFO] [stderr]                                  at /rustc/0e09125c6c3c2fd70d7de961bcf0e51575235fad/library/std/src/panic.rs:142:14
[INFO] [stderr]     30:     0x55d6c35daf81 - std::rt::lang_start_internal::{{closure}}::h8086711f9c783f78
[INFO] [stderr]                                  at /rustc/0e09125c6c3c2fd70d7de961bcf0e51575235fad/library/std/src/rt.rs:148:48
[INFO] [stderr]     31:     0x55d6c35daf81 - std::panicking::try::do_call::hf920d4dc291cd6ca
[INFO] [stderr]                                  at /rustc/0e09125c6c3c2fd70d7de961bcf0e51575235fad/library/std/src/panicking.rs:552:40
[INFO] [stderr]     32:     0x55d6c35daf81 - std::panicking::try::h2b806ccc0a85db74
[INFO] [stderr]                                  at /rustc/0e09125c6c3c2fd70d7de961bcf0e51575235fad/library/std/src/panicking.rs:516:19
[INFO] [stderr]     33:     0x55d6c35daf81 - std::panic::catch_unwind::h038489539c507df2
[INFO] [stderr]                                  at /rustc/0e09125c6c3c2fd70d7de961bcf0e51575235fad/library/std/src/panic.rs:142:14
[INFO] [stderr]     34:     0x55d6c35daf81 - std::rt::lang_start_internal::h28503b88912e8a5c
[INFO] [stderr]                                  at /rustc/0e09125c6c3c2fd70d7de961bcf0e51575235fad/library/std/src/rt.rs:148:20
[INFO] [stderr]     35:     0x55d6c2db35a7 - std::rt::lang_start::he8d83a1485afaffe
[INFO] [stderr]     36:     0x55d6c2d97cc5 - main
[INFO] [stderr]     37:     0x7feacdbbad90 - <unknown>
[INFO] [stderr]     38:     0x7feacdbbae40 - __libc_start_main
[INFO] [stderr]     39:     0x55d6c2d82995 - _start
[INFO] [stderr]     40:                0x0 - <unknown>
[INFO] [stderr] warning: build failed, waiting for other jobs to finish...
[INFO] running `Command { std: "docker" "inspect" "c9dbb8e3311c3b80497d158acfc05f68bc87809a4df0e5ce2956f9298cd84eeb", kill_on_drop: false }`
[INFO] running `Command { std: "docker" "rm" "-f" "c9dbb8e3311c3b80497d158acfc05f68bc87809a4df0e5ce2956f9298cd84eeb", kill_on_drop: false }`
[INFO] [stdout] c9dbb8e3311c3b80497d158acfc05f68bc87809a4df0e5ce2956f9298cd84eeb
