[INFO] fetching crate serp-traits 0.5.3...
[INFO] documenting serp-traits-0.5.3 against 1.75.0 for beta-1.76-rustdoc-1
[INFO] extracting crate serp-traits 0.5.3 into /workspace/builds/worker-1-tc1/source
[INFO] validating manifest of crates.io crate serp-traits 0.5.3 on toolchain 1.75.0
[INFO] running `Command { std: CARGO_HOME="/workspace/cargo-home" RUSTUP_HOME="/workspace/rustup-home" "/workspace/cargo-home/bin/cargo" "+1.75.0" "metadata" "--manifest-path" "Cargo.toml" "--no-deps", kill_on_drop: false }`
[INFO] started tweaking crates.io crate serp-traits 0.5.3
[INFO] finished tweaking crates.io crate serp-traits 0.5.3
[INFO] tweaked toml for crates.io crate serp-traits 0.5.3 written to /workspace/builds/worker-1-tc1/source/Cargo.toml
[INFO] running `Command { std: CARGO_HOME="/workspace/cargo-home" RUSTUP_HOME="/workspace/rustup-home" "/workspace/cargo-home/bin/cargo" "+1.75.0" "generate-lockfile" "--manifest-path" "Cargo.toml", kill_on_drop: false }`
[INFO] [stderr]     Updating crates.io index
[INFO] running `Command { std: CARGO_HOME="/workspace/cargo-home" RUSTUP_HOME="/workspace/rustup-home" "/workspace/cargo-home/bin/cargo" "+1.75.0" "fetch" "--manifest-path" "Cargo.toml", kill_on_drop: false }`
[INFO] [stderr]  Downloading crates ...
[INFO] [stderr]   Downloaded orml-utilities v0.4.0
[INFO] running `Command { std: "docker" "create" "-v" "/var/lib/crater-agent-workspace/builds/worker-1-tc1/target:/opt/rustwide/target:rw,Z" "-v" "/var/lib/crater-agent-workspace/builds/worker-1-tc1/source:/opt/rustwide/workdir:ro,Z" "-v" "/var/lib/crater-agent-workspace/cargo-home:/opt/rustwide/cargo-home:ro,Z" "-v" "/var/lib/crater-agent-workspace/rustup-home:/opt/rustwide/rustup-home:ro,Z" "-e" "SOURCE_DIR=/opt/rustwide/workdir" "-e" "CARGO_TARGET_DIR=/opt/rustwide/target" "-e" "CARGO_HOME=/opt/rustwide/cargo-home" "-e" "RUSTUP_HOME=/opt/rustwide/rustup-home" "-w" "/opt/rustwide/workdir" "-m" "1610612736" "--user" "0:0" "--network" "none" "ghcr.io/rust-lang/crates-build-env/linux@sha256:2788e3201cd34a07e3172128adcd8b3090168a8e3bcc40d7c032b9dda1df7d1c" "/opt/rustwide/cargo-home/bin/cargo" "+1.75.0" "metadata" "--no-deps" "--format-version=1", kill_on_drop: false }`
[INFO] [stdout] c82c6c7c0196e6e5adbb47baac7951a182128e2441f753c04abf3bbd607c801d
[INFO] running `Command { std: "docker" "start" "-a" "c82c6c7c0196e6e5adbb47baac7951a182128e2441f753c04abf3bbd607c801d", kill_on_drop: false }`
[INFO] running `Command { std: "docker" "inspect" "c82c6c7c0196e6e5adbb47baac7951a182128e2441f753c04abf3bbd607c801d", kill_on_drop: false }`
[INFO] running `Command { std: "docker" "rm" "-f" "c82c6c7c0196e6e5adbb47baac7951a182128e2441f753c04abf3bbd607c801d", kill_on_drop: false }`
[INFO] [stdout] c82c6c7c0196e6e5adbb47baac7951a182128e2441f753c04abf3bbd607c801d
[INFO] running `Command { std: "docker" "create" "-v" "/var/lib/crater-agent-workspace/builds/worker-1-tc1/target:/opt/rustwide/target:rw,Z" "-v" "/var/lib/crater-agent-workspace/builds/worker-1-tc1/source:/opt/rustwide/workdir:ro,Z" "-v" "/var/lib/crater-agent-workspace/cargo-home:/opt/rustwide/cargo-home:ro,Z" "-v" "/var/lib/crater-agent-workspace/rustup-home:/opt/rustwide/rustup-home:ro,Z" "-e" "SOURCE_DIR=/opt/rustwide/workdir" "-e" "CARGO_TARGET_DIR=/opt/rustwide/target" "-e" "CARGO_INCREMENTAL=0" "-e" "RUST_BACKTRACE=full" "-e" "RUSTFLAGS=--cap-lints=warn" "-e" "RUSTDOCFLAGS=--cap-lints=warn" "-e" "CARGO_HOME=/opt/rustwide/cargo-home" "-e" "RUSTUP_HOME=/opt/rustwide/rustup-home" "-w" "/opt/rustwide/workdir" "-m" "1610612736" "--user" "0:0" "--network" "none" "ghcr.io/rust-lang/crates-build-env/linux@sha256:2788e3201cd34a07e3172128adcd8b3090168a8e3bcc40d7c032b9dda1df7d1c" "/opt/rustwide/cargo-home/bin/cargo" "+1.75.0" "doc" "--frozen" "--no-deps" "--document-private-items" "--message-format=json", kill_on_drop: false }`
[INFO] [stdout] 83b7d1f0ac0c6068bf6a0376a5743ea27896bf790003188ed963b0dc31eb0150
[INFO] running `Command { std: "docker" "start" "-a" "83b7d1f0ac0c6068bf6a0376a5743ea27896bf790003188ed963b0dc31eb0150", kill_on_drop: false }`
[INFO] [stderr]    Compiling syn v1.0.109
[INFO] [stderr]    Compiling quote v1.0.35
[INFO] [stderr]     Checking byteorder v1.5.0
[INFO] [stderr]     Checking getrandom v0.1.16
[INFO] [stderr]     Checking getrandom v0.2.11
[INFO] [stderr]     Checking sp-std v3.0.0
[INFO] [stderr]     Checking futures-core v0.3.30
[INFO] [stderr]     Checking parity-wasm v0.41.0
[INFO] [stderr]     Checking futures-sink v0.3.30
[INFO] [stderr]     Checking parking_lot_core v0.8.6
[INFO] [stderr]     Checking futures-channel v0.3.30
[INFO] [stderr]     Checking rand_core v0.6.4
[INFO] [stderr]     Checking rand_core v0.5.1
[INFO] [stderr]    Compiling syn v2.0.48
[INFO] [stderr]     Checking uint v0.9.5
[INFO] [stderr]     Checking block-buffer v0.7.3
[INFO] [stderr]     Checking rand_chacha v0.3.1
[INFO] [stderr]     Checking rand_pcg v0.2.1
[INFO] [stderr]     Checking rand_chacha v0.2.2
[INFO] [stderr]     Checking sha2 v0.8.2
[INFO] [stderr]     Checking tracing-log v0.1.4
[INFO] [stderr]     Checking tracing v0.1.40
[INFO] [stderr]     Checking rand v0.7.3
[INFO] [stderr]     Checking rand v0.8.5
[INFO] [stderr]     Checking futures-io v0.3.30
[INFO] [stderr]     Checking hash-db v0.15.2
[INFO] [stderr]    Compiling anyhow v1.0.79
[INFO] [stderr]    Compiling thiserror v1.0.56
[INFO] [stderr]     Checking parking_lot v0.11.2
[INFO] [stderr]     Checking num_cpus v1.16.0
[INFO] [stderr]    Compiling libc v0.2.151
[INFO] [stderr]     Checking ahash v0.7.7
[INFO] [stderr]    Compiling async-trait v0.1.77
[INFO] [stderr]     Checking trie-root v0.16.0
[INFO] [stderr]     Checking hashbrown v0.11.2
[INFO] [stderr]    Compiling fixed v1.24.0
[INFO] [stderr]     Checking wasmi-validation v0.3.0
[INFO] [stderr]     Checking fixed-hash v0.7.0
[INFO] [stderr]     Checking twox-hash v1.6.3
[INFO] [stderr]     Checking libsecp256k1 v0.3.5
[INFO] [stderr]     Checking half v2.3.1
[INFO] [stderr]     Checking wasmi v0.6.2
[INFO] [stderr]     Checking trie-db v0.22.6
[INFO] [stderr]     Checking bytemuck v1.14.0
[INFO] [stderr]    Compiling cc v1.0.83
[INFO] [stderr]    Compiling backtrace v0.3.69
[INFO] [stderr]     Checking sp-panic-handler v3.0.0
[INFO] [stderr]    Compiling synstructure v0.12.6
[INFO] [stderr]    Compiling serde_derive v1.0.195
[INFO] [stderr]    Compiling zeroize_derive v1.4.2
[INFO] [stderr]    Compiling ref-cast-impl v1.0.22
[INFO] [stderr]    Compiling futures-macro v0.3.30
[INFO] [stderr]    Compiling thiserror-impl v1.0.56
[INFO] [stderr]    Compiling impl-trait-for-tuples v0.2.2
[INFO] [stderr]    Compiling parity-scale-codec-derive v2.3.1
[INFO] [stderr]     Checking zeroize v1.3.0
[INFO] [stderr]    Compiling sp-debug-derive v3.0.0
[INFO] [stderr]     Checking ref-cast v1.0.22
[INFO] [stderr]     Checking merlin v2.0.1
[INFO] [stderr]     Checking curve25519-dalek v2.1.3
[INFO] [stderr]     Checking futures-util v0.3.30
[INFO] [stderr]    Compiling parity-util-mem-derive v0.1.0
[INFO] [stderr]     Checking curve25519-dalek v3.2.1
[INFO] [stderr]    Compiling dyn-clonable-impl v0.9.0
[INFO] [stderr]     Checking tiny-bip39 v0.8.2
[INFO] [stderr]     Checking secrecy v0.7.0
[INFO] [stderr]    Compiling derive_more v0.99.17
[INFO] [stderr]     Checking dyn-clonable v0.9.0
[INFO] [stderr]    Compiling frame-support-procedural-tools-derive v3.0.0
[INFO] [stderr]    Compiling impl-trait-for-tuples v0.1.3
[INFO] [stderr]     Checking serde v1.0.195
[INFO] [stderr]     Checking futures-executor v0.3.30
[INFO] [stderr]     Checking futures v0.3.30
[INFO] [stderr]     Checking parity-scale-codec v2.3.1
[INFO] [stderr]     Checking impl-serde v0.3.2
[INFO] [stderr]     Checking tracing-serde v0.1.3
[INFO] [stderr]     Checking serde_json v1.0.111
[INFO] [stderr]     Checking schnorrkel v0.9.1
[INFO] [stderr]     Checking ed25519-dalek v1.0.1
[INFO] [stderr]     Checking substrate-bip39 v0.4.5
[INFO] [stderr]     Checking impl-codec v0.5.1
[INFO] [stderr]     Checking sp-storage v3.0.0
[INFO] [stderr]     Checking sp-wasm-interface v3.0.0
[INFO] [stderr]     Checking sp-arithmetic v3.0.0
[INFO] [stderr]     Checking primitive-types v0.9.1
[INFO] [stderr]     Checking tracing-subscriber v0.2.25
[INFO] [stderr]    Compiling toml v0.5.11
[INFO] [stderr]     Checking sp-externalities v0.9.0
[INFO] [stderr]     Checking parity-util-mem v0.9.0
[INFO] [stderr]     Checking sp-tracing v3.0.0
[INFO] [stderr]    Compiling proc-macro-crate v0.1.5
[INFO] [stderr]     Checking memory-db v0.26.0
[INFO] [stderr]    Compiling frame-support-procedural-tools v3.0.0
[INFO] [stdout] error[E0603]: module `group` is private
[INFO] [stdout]    --> /opt/rustwide/cargo-home/registry/src/index.crates.io-6f17d22bba15001f/frame-support-procedural-tools-3.0.0/src/syn_ext.rs:47:53
[INFO] [stdout]     |
[INFO] [stdout] 47  |                 let syn::group::$name { token, content } = syn::group::$parse(input)?;
[INFO] [stdout]     |                                                                 ^^^^^ private module
[INFO] [stdout]     |
[INFO] [stdout] note: the module `group` is defined here
[INFO] [stdout]    --> /opt/rustwide/cargo-home/registry/src/index.crates.io-6f17d22bba15001f/syn-1.0.109/src/lib.rs:308:1
[INFO] [stdout]     |
[INFO] [stdout] 308 | mod group;
[INFO] [stdout]     | ^^^^^^^^^
[INFO] [stdout] help: consider importing this function instead
[INFO] [stdout]     |
[INFO] [stdout] 47  |                 let syn::group::$name { token, content } = syn::__private::parse_braces(input)?;
[INFO] [stdout]     |                                                            ~~~~~~~~~~~~~~~~~~~~~~~~~~~~
[INFO] [stdout] 
[INFO] [stdout] 
[INFO] [stdout] error[E0603]: module `group` is private
[INFO] [stdout]    --> /opt/rustwide/cargo-home/registry/src/index.crates.io-6f17d22bba15001f/frame-support-procedural-tools-3.0.0/src/syn_ext.rs:47:14
[INFO] [stdout]     |
[INFO] [stdout] 47  |                 let syn::group::$name { token, content } = syn::group::$parse(input)?;
[INFO] [stdout]     |                          ^^^^^ private module
[INFO] [stdout] ...
[INFO] [stdout] 71  | groups_impl!(Braces, Brace, Brace, parse_braces);
[INFO] [stdout]     |              ------ struct `Braces` is not publicly re-exported
[INFO] [stdout]     |
[INFO] [stdout] note: the module `group` is defined here
[INFO] [stdout]    --> /opt/rustwide/cargo-home/registry/src/index.crates.io-6f17d22bba15001f/syn-1.0.109/src/lib.rs:308:1
[INFO] [stdout]     |
[INFO] [stdout] 308 | mod group;
[INFO] [stdout]     | ^^^^^^^^^
[INFO] [stdout] 
[INFO] [stdout] 
[INFO] [stdout] error[E0603]: module `group` is private
[INFO] [stdout]    --> /opt/rustwide/cargo-home/registry/src/index.crates.io-6f17d22bba15001f/frame-support-procedural-tools-3.0.0/src/syn_ext.rs:47:53
[INFO] [stdout]     |
[INFO] [stdout] 47  |                 let syn::group::$name { token, content } = syn::group::$parse(input)?;
[INFO] [stdout]     |                                                                 ^^^^^ private module
[INFO] [stdout]     |
[INFO] [stdout] note: the module `group` is defined here
[INFO] [stdout]    --> /opt/rustwide/cargo-home/registry/src/index.crates.io-6f17d22bba15001f/syn-1.0.109/src/lib.rs:308:1
[INFO] [stdout]     |
[INFO] [stdout] 308 | mod group;
[INFO] [stdout]     | ^^^^^^^^^
[INFO] [stdout] help: consider importing this function instead
[INFO] [stdout]     |
[INFO] [stdout] 47  |                 let syn::group::$name { token, content } = syn::__private::parse_brackets(input)?;
[INFO] [stdout]     |                                                            ~~~~~~~~~~~~~~~~~~~~~~~~~~~~~~
[INFO] [stdout] 
[INFO] [stdout] 
[INFO] [stdout] error[E0603]: module `group` is private
[INFO] [stdout]    --> /opt/rustwide/cargo-home/registry/src/index.crates.io-6f17d22bba15001f/frame-support-procedural-tools-3.0.0/src/syn_ext.rs:47:14
[INFO] [stdout]     |
[INFO] [stdout] 47  |                 let syn::group::$name { token, content } = syn::group::$parse(input)?;
[INFO] [stdout]     |                          ^^^^^ private module
[INFO] [stdout] ...
[INFO] [stdout] 72  | groups_impl!(Brackets, Bracket, Bracket, parse_brackets);
[INFO] [stdout]     |              -------- struct `Brackets` is not publicly re-exported
[INFO] [stdout]     |
[INFO] [stdout] note: the module `group` is defined here
[INFO] [stdout]    --> /opt/rustwide/cargo-home/registry/src/index.crates.io-6f17d22bba15001f/syn-1.0.109/src/lib.rs:308:1
[INFO] [stdout]     |
[INFO] [stdout] 308 | mod group;
[INFO] [stdout]     | ^^^^^^^^^
[INFO] [stdout] 
[INFO] [stdout] 
[INFO] [stdout] error[E0603]: module `group` is private
[INFO] [stdout]    --> /opt/rustwide/cargo-home/registry/src/index.crates.io-6f17d22bba15001f/frame-support-procedural-tools-3.0.0/src/syn_ext.rs:47:53
[INFO] [stdout]     |
[INFO] [stdout] 47  |                 let syn::group::$name { token, content } = syn::group::$parse(input)?;
[INFO] [stdout]     |                                                                 ^^^^^ private module
[INFO] [stdout]     |
[INFO] [stdout] note: the module `group` is defined here
[INFO] [stdout]    --> /opt/rustwide/cargo-home/registry/src/index.crates.io-6f17d22bba15001f/syn-1.0.109/src/lib.rs:308:1
[INFO] [stdout]     |
[INFO] [stdout] 308 | mod group;
[INFO] [stdout]     | ^^^^^^^^^
[INFO] [stdout] help: consider importing this function instead
[INFO] [stdout]     |
[INFO] [stdout] 47  |                 let syn::group::$name { token, content } = syn::__private::parse_parens(input)?;
[INFO] [stdout]     |                                                            ~~~~~~~~~~~~~~~~~~~~~~~~~~~~
[INFO] [stdout] 
[INFO] [stdout] 
[INFO] [stdout] error[E0603]: module `group` is private
[INFO] [stdout]    --> /opt/rustwide/cargo-home/registry/src/index.crates.io-6f17d22bba15001f/frame-support-procedural-tools-3.0.0/src/syn_ext.rs:47:14
[INFO] [stdout]     |
[INFO] [stdout] 47  |                 let syn::group::$name { token, content } = syn::group::$parse(input)?;
[INFO] [stdout]     |                          ^^^^^ private module
[INFO] [stdout] ...
[INFO] [stdout] 73  | groups_impl!(Parens, Paren, Parenthesis, parse_parens);
[INFO] [stdout]     |              ------ struct `Parens` is not publicly re-exported
[INFO] [stdout]     |
[INFO] [stdout] note: the module `group` is defined here
[INFO] [stdout]    --> /opt/rustwide/cargo-home/registry/src/index.crates.io-6f17d22bba15001f/syn-1.0.109/src/lib.rs:308:1
[INFO] [stdout]     |
[INFO] [stdout] 308 | mod group;
[INFO] [stdout]     | ^^^^^^^^^
[INFO] [stdout] 
[INFO] [stdout] 
[INFO] [stdout] error: aborting due to 6 previous errors
[INFO] [stdout] 
[INFO] [stdout] 
[INFO] [stdout] For more information about this error, try `rustc --explain E0603`.
[INFO] [stdout] 
[INFO] [stderr] error: could not compile `frame-support-procedural-tools` (lib) due to 7 previous errors
[INFO] [stderr] warning: build failed, waiting for other jobs to finish...
[INFO] running `Command { std: "docker" "inspect" "83b7d1f0ac0c6068bf6a0376a5743ea27896bf790003188ed963b0dc31eb0150", kill_on_drop: false }`
[INFO] running `Command { std: "docker" "rm" "-f" "83b7d1f0ac0c6068bf6a0376a5743ea27896bf790003188ed963b0dc31eb0150", kill_on_drop: false }`
[INFO] [stdout] 83b7d1f0ac0c6068bf6a0376a5743ea27896bf790003188ed963b0dc31eb0150
[INFO] documenting serp-traits-0.5.3 against beta-2023-12-22 for beta-1.76-rustdoc-1
[INFO] extracting crate serp-traits 0.5.3 into /workspace/builds/worker-1-tc2/source
[INFO] validating manifest of crates.io crate serp-traits 0.5.3 on toolchain beta-2023-12-22
[INFO] running `Command { std: CARGO_HOME="/workspace/cargo-home" RUSTUP_HOME="/workspace/rustup-home" "/workspace/cargo-home/bin/cargo" "+beta-2023-12-22" "metadata" "--manifest-path" "Cargo.toml" "--no-deps", kill_on_drop: false }`
[INFO] started tweaking crates.io crate serp-traits 0.5.3
[INFO] finished tweaking crates.io crate serp-traits 0.5.3
[INFO] tweaked toml for crates.io crate serp-traits 0.5.3 written to /workspace/builds/worker-1-tc2/source/Cargo.toml
[INFO] running `Command { std: CARGO_HOME="/workspace/cargo-home" RUSTUP_HOME="/workspace/rustup-home" "/workspace/cargo-home/bin/cargo" "+beta-2023-12-22" "generate-lockfile" "--manifest-path" "Cargo.toml", kill_on_drop: false }`
[INFO] [stderr]     Updating crates.io index
[INFO] running `Command { std: CARGO_HOME="/workspace/cargo-home" RUSTUP_HOME="/workspace/rustup-home" "/workspace/cargo-home/bin/cargo" "+beta-2023-12-22" "fetch" "--manifest-path" "Cargo.toml", kill_on_drop: false }`
[INFO] running `Command { std: "docker" "create" "-v" "/var/lib/crater-agent-workspace/builds/worker-1-tc2/target:/opt/rustwide/target:rw,Z" "-v" "/var/lib/crater-agent-workspace/builds/worker-1-tc2/source:/opt/rustwide/workdir:ro,Z" "-v" "/var/lib/crater-agent-workspace/cargo-home:/opt/rustwide/cargo-home:ro,Z" "-v" "/var/lib/crater-agent-workspace/rustup-home:/opt/rustwide/rustup-home:ro,Z" "-e" "SOURCE_DIR=/opt/rustwide/workdir" "-e" "CARGO_TARGET_DIR=/opt/rustwide/target" "-e" "CARGO_HOME=/opt/rustwide/cargo-home" "-e" "RUSTUP_HOME=/opt/rustwide/rustup-home" "-w" "/opt/rustwide/workdir" "-m" "1610612736" "--user" "0:0" "--network" "none" "ghcr.io/rust-lang/crates-build-env/linux@sha256:2788e3201cd34a07e3172128adcd8b3090168a8e3bcc40d7c032b9dda1df7d1c" "/opt/rustwide/cargo-home/bin/cargo" "+beta-2023-12-22" "metadata" "--no-deps" "--format-version=1", kill_on_drop: false }`
[INFO] [stdout] 1055f6988be854cebaed238f44c0d43ce0ca10fc4d54ff353fc9617502363993
[INFO] running `Command { std: "docker" "start" "-a" "1055f6988be854cebaed238f44c0d43ce0ca10fc4d54ff353fc9617502363993", kill_on_drop: false }`
[INFO] running `Command { std: "docker" "inspect" "1055f6988be854cebaed238f44c0d43ce0ca10fc4d54ff353fc9617502363993", kill_on_drop: false }`
[INFO] running `Command { std: "docker" "rm" "-f" "1055f6988be854cebaed238f44c0d43ce0ca10fc4d54ff353fc9617502363993", kill_on_drop: false }`
[INFO] [stdout] 1055f6988be854cebaed238f44c0d43ce0ca10fc4d54ff353fc9617502363993
[INFO] running `Command { std: "docker" "create" "-v" "/var/lib/crater-agent-workspace/builds/worker-1-tc2/target:/opt/rustwide/target:rw,Z" "-v" "/var/lib/crater-agent-workspace/builds/worker-1-tc2/source:/opt/rustwide/workdir:ro,Z" "-v" "/var/lib/crater-agent-workspace/cargo-home:/opt/rustwide/cargo-home:ro,Z" "-v" "/var/lib/crater-agent-workspace/rustup-home:/opt/rustwide/rustup-home:ro,Z" "-e" "SOURCE_DIR=/opt/rustwide/workdir" "-e" "CARGO_TARGET_DIR=/opt/rustwide/target" "-e" "CARGO_INCREMENTAL=0" "-e" "RUST_BACKTRACE=full" "-e" "RUSTFLAGS=--cap-lints=warn" "-e" "RUSTDOCFLAGS=--cap-lints=warn" "-e" "CARGO_HOME=/opt/rustwide/cargo-home" "-e" "RUSTUP_HOME=/opt/rustwide/rustup-home" "-w" "/opt/rustwide/workdir" "-m" "1610612736" "--user" "0:0" "--network" "none" "ghcr.io/rust-lang/crates-build-env/linux@sha256:2788e3201cd34a07e3172128adcd8b3090168a8e3bcc40d7c032b9dda1df7d1c" "/opt/rustwide/cargo-home/bin/cargo" "+beta-2023-12-22" "doc" "--frozen" "--no-deps" "--document-private-items" "--message-format=json", kill_on_drop: false }`
[INFO] [stdout] e6716f117e8de73b71f871bc43da171c7c767c98b7262d3f19b46e35fc2a61e9
[INFO] running `Command { std: "docker" "start" "-a" "e6716f117e8de73b71f871bc43da171c7c767c98b7262d3f19b46e35fc2a61e9", kill_on_drop: false }`
[INFO] [stderr]    Compiling syn v1.0.109
[INFO] [stderr]     Checking byteorder v1.5.0
[INFO] [stderr]    Compiling quote v1.0.35
[INFO] [stderr]     Checking getrandom v0.1.16
[INFO] [stderr]     Checking getrandom v0.2.11
[INFO] [stderr]     Checking sp-std v3.0.0
[INFO] [stderr]     Checking futures-core v0.3.30
[INFO] [stderr]     Checking parity-wasm v0.41.0
[INFO] [stderr]     Checking futures-sink v0.3.30
[INFO] [stderr]     Checking futures-channel v0.3.30
[INFO] [stderr]     Checking parking_lot_core v0.8.6
[INFO] [stderr]     Checking rand_core v0.6.4
[INFO] [stderr]     Checking rand_core v0.5.1
[INFO] [stderr]    Compiling syn v2.0.48
[INFO] [stderr]     Checking rand_chacha v0.3.1
[INFO] [stderr]     Checking rand_chacha v0.2.2
[INFO] [stderr]     Checking rand_pcg v0.2.1
[INFO] [stderr]     Checking uint v0.9.5
[INFO] [stderr]     Checking block-buffer v0.7.3
[INFO] [stderr]     Checking tracing-log v0.1.4
[INFO] [stderr]     Checking tracing v0.1.40
[INFO] [stderr]     Checking sha2 v0.8.2
[INFO] [stderr]     Checking rand v0.8.5
[INFO] [stderr]     Checking rand v0.7.3
[INFO] [stderr]     Checking hash-db v0.15.2
[INFO] [stderr]     Checking futures-io v0.3.30
[INFO] [stderr]    Compiling anyhow v1.0.79
[INFO] [stderr]    Compiling thiserror v1.0.56
[INFO] [stderr]     Checking parking_lot v0.11.2
[INFO] [stderr]     Checking num_cpus v1.16.0
[INFO] [stderr]    Compiling libc v0.2.151
[INFO] [stderr]     Checking ahash v0.7.7
[INFO] [stderr]    Compiling async-trait v0.1.77
[INFO] [stderr]     Checking trie-root v0.16.0
[INFO] [stderr]     Checking wasmi-validation v0.3.0
[INFO] [stderr]    Compiling fixed v1.24.0
[INFO] [stderr]     Checking hashbrown v0.11.2
[INFO] [stderr]     Checking fixed-hash v0.7.0
[INFO] [stderr]     Checking wasmi v0.6.2
[INFO] [stderr]     Checking twox-hash v1.6.3
[INFO] [stderr]     Checking libsecp256k1 v0.3.5
[INFO] [stderr]     Checking half v2.3.1
[INFO] [stderr]    Compiling cc v1.0.83
[INFO] [stderr]     Checking trie-db v0.22.6
[INFO] [stderr]     Checking bytemuck v1.14.0
[INFO] [stderr]    Compiling backtrace v0.3.69
[INFO] [stderr]     Checking sp-panic-handler v3.0.0
[INFO] [stderr]    Compiling synstructure v0.12.6
[INFO] [stderr]    Compiling impl-trait-for-tuples v0.2.2
[INFO] [stderr]    Compiling parity-scale-codec-derive v2.3.1
[INFO] [stderr]    Compiling sp-debug-derive v3.0.0
[INFO] [stderr]    Compiling parity-util-mem-derive v0.1.0
[INFO] [stderr]    Compiling dyn-clonable-impl v0.9.0
[INFO] [stderr]    Compiling serde_derive v1.0.195
[INFO] [stderr]    Compiling zeroize_derive v1.4.2
[INFO] [stderr]    Compiling ref-cast-impl v1.0.22
[INFO] [stderr]    Compiling futures-macro v0.3.30
[INFO] [stderr]    Compiling thiserror-impl v1.0.56
[INFO] [stderr]     Checking zeroize v1.3.0
[INFO] [stderr]     Checking curve25519-dalek v2.1.3
[INFO] [stderr]     Checking ref-cast v1.0.22
[INFO] [stderr]     Checking merlin v2.0.1
[INFO] [stderr]     Checking curve25519-dalek v3.2.1
[INFO] [stderr]     Checking secrecy v0.7.0
[INFO] [stderr]     Checking dyn-clonable v0.9.0
[INFO] [stderr]     Checking futures-util v0.3.30
[INFO] [stderr]    Compiling derive_more v0.99.17
[INFO] [stderr]    Compiling frame-support-procedural-tools-derive v3.0.0
[INFO] [stderr]     Checking tiny-bip39 v0.8.2
[INFO] [stderr]    Compiling impl-trait-for-tuples v0.1.3
[INFO] [stderr]     Checking serde v1.0.195
[INFO] [stderr]     Checking futures-executor v0.3.30
[INFO] [stderr]     Checking futures v0.3.30
[INFO] [stderr]     Checking parity-scale-codec v2.3.1
[INFO] [stderr]     Checking impl-serde v0.3.2
[INFO] [stderr]     Checking tracing-serde v0.1.3
[INFO] [stderr]     Checking serde_json v1.0.111
[INFO] [stderr]     Checking schnorrkel v0.9.1
[INFO] [stderr]     Checking ed25519-dalek v1.0.1
[INFO] [stderr]     Checking substrate-bip39 v0.4.5
[INFO] [stderr]     Checking impl-codec v0.5.1
[INFO] [stderr]     Checking sp-storage v3.0.0
[INFO] [stderr]     Checking sp-wasm-interface v3.0.0
[INFO] [stderr]     Checking sp-arithmetic v3.0.0
[INFO] [stderr]     Checking primitive-types v0.9.1
[INFO] [stderr]     Checking tracing-subscriber v0.2.25
[INFO] [stderr]     Checking sp-externalities v0.9.0
[INFO] [stderr]    Compiling toml v0.5.11
[INFO] [stderr]     Checking parity-util-mem v0.9.0
[INFO] [stderr]     Checking memory-db v0.26.0
[INFO] [stderr]     Checking sp-tracing v3.0.0
[INFO] [stderr]    Compiling proc-macro-crate v0.1.5
[INFO] [stderr]    Compiling frame-support-procedural-tools v3.0.0
[INFO] [stdout] error[E0603]: module `group` is private
[INFO] [stdout]    --> /opt/rustwide/cargo-home/registry/src/index.crates.io-6f17d22bba15001f/frame-support-procedural-tools-3.0.0/src/syn_ext.rs:47:53
[INFO] [stdout]     |
[INFO] [stdout] 47  |                 let syn::group::$name { token, content } = syn::group::$parse(input)?;
[INFO] [stdout]     |                                                                 ^^^^^ private module
[INFO] [stdout]     |
[INFO] [stdout] note: the module `group` is defined here
[INFO] [stdout]    --> /opt/rustwide/cargo-home/registry/src/index.crates.io-6f17d22bba15001f/syn-1.0.109/src/lib.rs:308:1
[INFO] [stdout]     |
[INFO] [stdout] 308 | mod group;
[INFO] [stdout]     | ^^^^^^^^^
[INFO] [stdout] help: consider importing this function instead
[INFO] [stdout]     |
[INFO] [stdout] 47  |                 let syn::group::$name { token, content } = syn::__private::parse_braces(input)?;
[INFO] [stdout]     |                                                            ~~~~~~~~~~~~~~~~~~~~~~~~~~~~
[INFO] [stdout] 
[INFO] [stdout] 
[INFO] [stdout] error[E0603]: module `group` is private
[INFO] [stdout]    --> /opt/rustwide/cargo-home/registry/src/index.crates.io-6f17d22bba15001f/frame-support-procedural-tools-3.0.0/src/syn_ext.rs:47:14
[INFO] [stdout]     |
[INFO] [stdout] 47  |                 let syn::group::$name { token, content } = syn::group::$parse(input)?;
[INFO] [stdout]     |                          ^^^^^ private module
[INFO] [stdout] ...
[INFO] [stdout] 71  | groups_impl!(Braces, Brace, Brace, parse_braces);
[INFO] [stdout]     |              ------ struct `Braces` is not publicly re-exported
[INFO] [stdout]     |
[INFO] [stdout] note: the module `group` is defined here
[INFO] [stdout]    --> /opt/rustwide/cargo-home/registry/src/index.crates.io-6f17d22bba15001f/syn-1.0.109/src/lib.rs:308:1
[INFO] [stdout]     |
[INFO] [stdout] 308 | mod group;
[INFO] [stdout]     | ^^^^^^^^^
[INFO] [stdout] 
[INFO] [stdout] 
[INFO] [stdout] error[E0603]: module `group` is private
[INFO] [stdout]    --> /opt/rustwide/cargo-home/registry/src/index.crates.io-6f17d22bba15001f/frame-support-procedural-tools-3.0.0/src/syn_ext.rs:47:53
[INFO] [stdout]     |
[INFO] [stdout] 47  |                 let syn::group::$name { token, content } = syn::group::$parse(input)?;
[INFO] [stdout]     |                                                                 ^^^^^ private module
[INFO] [stdout]     |
[INFO] [stdout] note: the module `group` is defined here
[INFO] [stdout]    --> /opt/rustwide/cargo-home/registry/src/index.crates.io-6f17d22bba15001f/syn-1.0.109/src/lib.rs:308:1
[INFO] [stdout]     |
[INFO] [stdout] 308 | mod group;
[INFO] [stdout]     | ^^^^^^^^^
[INFO] [stdout] help: consider importing this function instead
[INFO] [stdout]     |
[INFO] [stdout] 47  |                 let syn::group::$name { token, content } = syn::__private::parse_brackets(input)?;
[INFO] [stdout]     |                                                            ~~~~~~~~~~~~~~~~~~~~~~~~~~~~~~
[INFO] [stdout] 
[INFO] [stdout] 
[INFO] [stdout] error[E0603]: module `group` is private
[INFO] [stdout]    --> /opt/rustwide/cargo-home/registry/src/index.crates.io-6f17d22bba15001f/frame-support-procedural-tools-3.0.0/src/syn_ext.rs:47:14
[INFO] [stdout]     |
[INFO] [stdout] 47  |                 let syn::group::$name { token, content } = syn::group::$parse(input)?;
[INFO] [stdout]     |                          ^^^^^ private module
[INFO] [stdout] ...
[INFO] [stdout] 72  | groups_impl!(Brackets, Bracket, Bracket, parse_brackets);
[INFO] [stdout]     |              -------- struct `Brackets` is not publicly re-exported
[INFO] [stdout]     |
[INFO] [stdout] note: the module `group` is defined here
[INFO] [stdout]    --> /opt/rustwide/cargo-home/registry/src/index.crates.io-6f17d22bba15001f/syn-1.0.109/src/lib.rs:308:1
[INFO] [stdout]     |
[INFO] [stdout] 308 | mod group;
[INFO] [stdout]     | ^^^^^^^^^
[INFO] [stdout] 
[INFO] [stdout] 
[INFO] [stdout] error[E0603]: module `group` is private
[INFO] [stdout]    --> /opt/rustwide/cargo-home/registry/src/index.crates.io-6f17d22bba15001f/frame-support-procedural-tools-3.0.0/src/syn_ext.rs:47:53
[INFO] [stdout]     |
[INFO] [stdout] 47  |                 let syn::group::$name { token, content } = syn::group::$parse(input)?;
[INFO] [stdout]     |                                                                 ^^^^^ private module
[INFO] [stdout]     |
[INFO] [stdout] note: the module `group` is defined here
[INFO] [stdout]    --> /opt/rustwide/cargo-home/registry/src/index.crates.io-6f17d22bba15001f/syn-1.0.109/src/lib.rs:308:1
[INFO] [stdout]     |
[INFO] [stdout] 308 | mod group;
[INFO] [stdout]     | ^^^^^^^^^
[INFO] [stdout] help: consider importing this function instead
[INFO] [stdout]     |
[INFO] [stdout] 47  |                 let syn::group::$name { token, content } = syn::__private::parse_parens(input)?;
[INFO] [stdout]     |                                                            ~~~~~~~~~~~~~~~~~~~~~~~~~~~~
[INFO] [stdout] 
[INFO] [stdout] 
[INFO] [stdout] error[E0603]: module `group` is private
[INFO] [stdout]    --> /opt/rustwide/cargo-home/registry/src/index.crates.io-6f17d22bba15001f/frame-support-procedural-tools-3.0.0/src/syn_ext.rs:47:14
[INFO] [stdout]     |
[INFO] [stdout] 47  |                 let syn::group::$name { token, content } = syn::group::$parse(input)?;
[INFO] [stdout]     |                          ^^^^^ private module
[INFO] [stdout] ...
[INFO] [stdout] 73  | groups_impl!(Parens, Paren, Parenthesis, parse_parens);
[INFO] [stdout]     |              ------ struct `Parens` is not publicly re-exported
[INFO] [stdout]     |
[INFO] [stdout] note: the module `group` is defined here
[INFO] [stdout]    --> /opt/rustwide/cargo-home/registry/src/index.crates.io-6f17d22bba15001f/syn-1.0.109/src/lib.rs:308:1
[INFO] [stdout]     |
[INFO] [stdout] 308 | mod group;
[INFO] [stdout]     | ^^^^^^^^^
[INFO] [stdout] 
[INFO] [stdout] 
[INFO] [stdout] error: aborting due to 6 previous errors
[INFO] [stdout] 
[INFO] [stdout] 
[INFO] [stdout] For more information about this error, try `rustc --explain E0603`.
[INFO] [stdout] 
[INFO] [stderr] error: could not compile `frame-support-procedural-tools` (lib) due to 7 previous errors
[INFO] [stderr] warning: build failed, waiting for other jobs to finish...
[INFO] running `Command { std: "docker" "inspect" "e6716f117e8de73b71f871bc43da171c7c767c98b7262d3f19b46e35fc2a61e9", kill_on_drop: false }`
[INFO] running `Command { std: "docker" "rm" "-f" "e6716f117e8de73b71f871bc43da171c7c767c98b7262d3f19b46e35fc2a61e9", kill_on_drop: false }`
[INFO] [stdout] e6716f117e8de73b71f871bc43da171c7c767c98b7262d3f19b46e35fc2a61e9
