[INFO] fetching crate sea_orm_casbin_adapter 0.3.8...
[INFO] documenting sea_orm_casbin_adapter-0.3.8 against 1.75.0 for beta-1.76-rustdoc-1
[INFO] extracting crate sea_orm_casbin_adapter 0.3.8 into /workspace/builds/worker-4-tc1/source
[INFO] validating manifest of crates.io crate sea_orm_casbin_adapter 0.3.8 on toolchain 1.75.0
[INFO] running `Command { std: CARGO_HOME="/workspace/cargo-home" RUSTUP_HOME="/workspace/rustup-home" "/workspace/cargo-home/bin/cargo" "+1.75.0" "metadata" "--manifest-path" "Cargo.toml" "--no-deps", kill_on_drop: false }`
[INFO] started tweaking crates.io crate sea_orm_casbin_adapter 0.3.8
[INFO] finished tweaking crates.io crate sea_orm_casbin_adapter 0.3.8
[INFO] tweaked toml for crates.io crate sea_orm_casbin_adapter 0.3.8 written to /workspace/builds/worker-4-tc1/source/Cargo.toml
[INFO] running `Command { std: CARGO_HOME="/workspace/cargo-home" RUSTUP_HOME="/workspace/rustup-home" "/workspace/cargo-home/bin/cargo" "+1.75.0" "generate-lockfile" "--manifest-path" "Cargo.toml", kill_on_drop: false }`
[INFO] [stderr]     Blocking waiting for file lock on package cache
[INFO] [stderr]     Updating crates.io index
[INFO] running `Command { std: CARGO_HOME="/workspace/cargo-home" RUSTUP_HOME="/workspace/rustup-home" "/workspace/cargo-home/bin/cargo" "+1.75.0" "fetch" "--manifest-path" "Cargo.toml", kill_on_drop: false }`
[INFO] [stderr]  Downloading crates ...
[INFO] [stderr]   Downloaded async-rustls v0.2.0
[INFO] [stderr]   Downloaded ritelinked v0.3.2
[INFO] [stderr]   Downloaded casbin v2.1.0
[INFO] [stderr]   Downloaded sea-query-derive v0.2.0
[INFO] [stderr]   Downloaded sea-query-driver v0.1.1
[INFO] [stderr]   Downloaded sea-orm-macros v0.8.0
[INFO] [stderr]   Downloaded sea-query v0.24.6
[INFO] [stderr]   Downloaded rhai v1.16.3
[INFO] [stderr]   Downloaded sea-orm v0.8.0
[INFO] running `Command { std: "docker" "create" "-v" "/var/lib/crater-agent-workspace/builds/worker-4-tc1/target:/opt/rustwide/target:rw,Z" "-v" "/var/lib/crater-agent-workspace/builds/worker-4-tc1/source:/opt/rustwide/workdir:ro,Z" "-v" "/var/lib/crater-agent-workspace/cargo-home:/opt/rustwide/cargo-home:ro,Z" "-v" "/var/lib/crater-agent-workspace/rustup-home:/opt/rustwide/rustup-home:ro,Z" "-e" "SOURCE_DIR=/opt/rustwide/workdir" "-e" "CARGO_TARGET_DIR=/opt/rustwide/target" "-e" "CARGO_HOME=/opt/rustwide/cargo-home" "-e" "RUSTUP_HOME=/opt/rustwide/rustup-home" "-w" "/opt/rustwide/workdir" "-m" "1610612736" "--user" "0:0" "--network" "none" "ghcr.io/rust-lang/crates-build-env/linux@sha256:2788e3201cd34a07e3172128adcd8b3090168a8e3bcc40d7c032b9dda1df7d1c" "/opt/rustwide/cargo-home/bin/cargo" "+1.75.0" "metadata" "--no-deps" "--format-version=1", kill_on_drop: false }`
[INFO] [stdout] 6b851b44cf91798db3922d3d373cb94dd7a2d6f127df5506d8388e1bec72335b
[INFO] running `Command { std: "docker" "start" "-a" "6b851b44cf91798db3922d3d373cb94dd7a2d6f127df5506d8388e1bec72335b", kill_on_drop: false }`
[INFO] running `Command { std: "docker" "inspect" "6b851b44cf91798db3922d3d373cb94dd7a2d6f127df5506d8388e1bec72335b", kill_on_drop: false }`
[INFO] running `Command { std: "docker" "rm" "-f" "6b851b44cf91798db3922d3d373cb94dd7a2d6f127df5506d8388e1bec72335b", kill_on_drop: false }`
[INFO] [stdout] 6b851b44cf91798db3922d3d373cb94dd7a2d6f127df5506d8388e1bec72335b
[INFO] running `Command { std: "docker" "create" "-v" "/var/lib/crater-agent-workspace/builds/worker-4-tc1/target:/opt/rustwide/target:rw,Z" "-v" "/var/lib/crater-agent-workspace/builds/worker-4-tc1/source:/opt/rustwide/workdir:ro,Z" "-v" "/var/lib/crater-agent-workspace/cargo-home:/opt/rustwide/cargo-home:ro,Z" "-v" "/var/lib/crater-agent-workspace/rustup-home:/opt/rustwide/rustup-home:ro,Z" "-e" "SOURCE_DIR=/opt/rustwide/workdir" "-e" "CARGO_TARGET_DIR=/opt/rustwide/target" "-e" "CARGO_INCREMENTAL=0" "-e" "RUST_BACKTRACE=full" "-e" "RUSTFLAGS=--cap-lints=warn" "-e" "RUSTDOCFLAGS=--cap-lints=warn" "-e" "CARGO_HOME=/opt/rustwide/cargo-home" "-e" "RUSTUP_HOME=/opt/rustwide/rustup-home" "-w" "/opt/rustwide/workdir" "-m" "1610612736" "--user" "0:0" "--network" "none" "ghcr.io/rust-lang/crates-build-env/linux@sha256:2788e3201cd34a07e3172128adcd8b3090168a8e3bcc40d7c032b9dda1df7d1c" "/opt/rustwide/cargo-home/bin/cargo" "+1.75.0" "doc" "--frozen" "--no-deps" "--document-private-items" "--message-format=json", kill_on_drop: false }`
[INFO] [stdout] b355e9dea901b4db070643baab720b5843350f4e570a58c13e9355da79c317a6
[INFO] running `Command { std: "docker" "start" "-a" "b355e9dea901b4db070643baab720b5843350f4e570a58c13e9355da79c317a6", kill_on_drop: false }`
[INFO] [stderr]    Compiling proc-macro2 v1.0.76
[INFO] [stderr]    Compiling tiny-keccak v2.0.2
[INFO] [stderr]    Compiling libc v0.2.151
[INFO] [stderr]    Compiling slog v2.7.0
[INFO] [stderr]    Compiling once_cell v1.19.0
[INFO] [stderr]    Compiling num-traits v0.2.17
[INFO] [stderr]     Checking getrandom v0.2.11
[INFO] [stderr]     Checking dirs-sys-next v0.1.2
[INFO] [stderr]    Compiling ahash v0.8.7
[INFO] [stderr]    Compiling smartstring v1.0.1
[INFO] [stderr]     Checking deranged v0.3.11
[INFO] [stderr]    Compiling time-macros v0.2.16
[INFO] [stderr]    Compiling slog-async v2.8.0
[INFO] [stderr]     Checking idna v0.5.0
[INFO] [stderr]     Checking crossbeam-channel v0.5.10
[INFO] [stderr]     Checking atty v0.2.14
[INFO] [stderr]     Checking dirs-next v2.0.0
[INFO] [stderr]     Checking take_mut v0.2.2
[INFO] [stderr]     Checking ahash v0.7.7
[INFO] [stderr]     Checking term v0.7.0
[INFO] [stderr]     Checking fixedbitset v0.4.2
[INFO] [stderr]     Checking hashbrown v0.11.2
[INFO] [stderr]     Checking petgraph v0.6.4
[INFO] [stderr]    Compiling quote v1.0.35
[INFO] [stderr]    Compiling syn v2.0.48
[INFO] [stderr]    Compiling syn v1.0.109
[INFO] [stderr]     Checking url v2.5.0
[INFO] [stderr]    Compiling proc-macro-error-attr v1.0.4
[INFO] [stderr]    Compiling const-random-macro v0.1.16
[INFO] [stderr]     Checking ritelinked v0.3.2
[INFO] [stderr]     Checking const-random v0.1.17
[INFO] [stderr]     Checking time v0.3.31
[INFO] [stderr]     Checking slog-term v2.9.0
[INFO] [stderr]    Compiling proc-macro-error v1.0.4
[INFO] [stderr]    Compiling sea-strum_macros v0.23.0
[INFO] [stderr]    Compiling bae v0.1.7
[INFO] [stderr]    Compiling ouroboros_macro v0.15.6
[INFO] [stderr]    Compiling serde_derive v1.0.195
[INFO] [stderr]    Compiling thiserror-impl v1.0.56
[INFO] [stderr]    Compiling futures-macro v0.3.30
[INFO] [stderr]    Compiling rhai_codegen v1.6.0
[INFO] [stderr]    Compiling async-trait v0.1.77
[INFO] [stderr]    Compiling async-stream-impl v0.3.5
[INFO] [stderr]    Compiling tracing-attributes v0.1.27
[INFO] [stderr]     Checking async-stream v0.3.5
[INFO] [stderr]    Compiling sea-orm-macros v0.8.0
[INFO] [stderr]     Checking futures-util v0.3.30
[INFO] [stderr]    Compiling thiserror v1.0.56
[INFO] [stderr]     Checking ouroboros v0.15.6
[INFO] [stderr]     Checking tracing v0.1.40
[INFO] [stderr]     Checking sea-strum v0.23.0
[INFO] [stderr]    Compiling sea-query-derive v0.2.0
[INFO] [stderr]     Checking sea-query v0.24.6
[INFO] [stderr]     Checking serde v1.0.195
[INFO] [stderr]     Checking futures-executor v0.3.30
[INFO] [stderr]     Checking futures v0.3.30
[INFO] [stderr]     Checking smallvec v1.11.2
[INFO] [stderr]     Checking sea-orm v0.8.0
[INFO] [stderr]     Checking parking_lot_core v0.9.9
[INFO] [stderr]     Checking rhai v1.16.3
[INFO] [stderr]     Checking parking_lot v0.12.1
[INFO] [stderr]     Checking casbin v2.1.0
[INFO] [stdout] error[E0412]: cannot find type `Path` in this scope
[INFO] [stdout]   --> /opt/rustwide/cargo-home/registry/src/index.crates.io-6f17d22bba15001f/casbin-2.1.0/src/adapter/file_adapter.rs:45:14
[INFO] [stdout]    |
[INFO] [stdout] 45 |     P: AsRef<Path> + Send + Sync,
[INFO] [stdout]    |              ^^^^ not found in this scope
[INFO] [stdout]    |
[INFO] [stdout] help: consider importing this struct
[INFO] [stdout]    |
[INFO] [stdout] 1  + use std::path::Path;
[INFO] [stdout]    |
[INFO] [stdout] 
[INFO] [stdout] 
[INFO] [stdout] error[E0433]: failed to resolve: use of undeclared type `File`
[INFO] [stdout]   --> /opt/rustwide/cargo-home/registry/src/index.crates.io-6f17d22bba15001f/casbin-2.1.0/src/adapter/file_adapter.rs:66:17
[INFO] [stdout]    |
[INFO] [stdout] 66 |         let f = File::open(&self.file_path).await?;
[INFO] [stdout]    |                 ^^^^ use of undeclared type `File`
[INFO] [stdout]    |
[INFO] [stdout] help: consider importing this struct
[INFO] [stdout]    |
[INFO] [stdout] 1  + use std::fs::File;
[INFO] [stdout]    |
[INFO] [stdout] 
[INFO] [stdout] 
[INFO] [stdout] error[E0433]: failed to resolve: use of undeclared type `BufReader`
[INFO] [stdout]   --> /opt/rustwide/cargo-home/registry/src/index.crates.io-6f17d22bba15001f/casbin-2.1.0/src/adapter/file_adapter.rs:67:25
[INFO] [stdout]    |
[INFO] [stdout] 67 |         let mut lines = BufReader::new(f).lines();
[INFO] [stdout]    |                         ^^^^^^^^^ use of undeclared type `BufReader`
[INFO] [stdout]    |
[INFO] [stdout] help: consider importing this struct
[INFO] [stdout]    |
[INFO] [stdout] 1  + use std::io::BufReader;
[INFO] [stdout]    |
[INFO] [stdout] 
[INFO] [stdout] 
[INFO] [stdout] error[E0433]: failed to resolve: use of undeclared type `File`
[INFO] [stdout]   --> /opt/rustwide/cargo-home/registry/src/index.crates.io-6f17d22bba15001f/casbin-2.1.0/src/adapter/file_adapter.rs:87:17
[INFO] [stdout]    |
[INFO] [stdout] 87 |         let f = File::open(&self.file_path).await?;
[INFO] [stdout]    |                 ^^^^ use of undeclared type `File`
[INFO] [stdout]    |
[INFO] [stdout] help: consider importing this struct
[INFO] [stdout]    |
[INFO] [stdout] 1  + use std::fs::File;
[INFO] [stdout]    |
[INFO] [stdout] 
[INFO] [stdout] 
[INFO] [stdout] error[E0433]: failed to resolve: use of undeclared type `BufReader`
[INFO] [stdout]   --> /opt/rustwide/cargo-home/registry/src/index.crates.io-6f17d22bba15001f/casbin-2.1.0/src/adapter/file_adapter.rs:88:25
[INFO] [stdout]    |
[INFO] [stdout] 88 |         let mut lines = BufReader::new(f).lines();
[INFO] [stdout]    |                         ^^^^^^^^^ use of undeclared type `BufReader`
[INFO] [stdout]    |
[INFO] [stdout] help: consider importing this struct
[INFO] [stdout]    |
[INFO] [stdout] 1  + use std::io::BufReader;
[INFO] [stdout]    |
[INFO] [stdout] 
[INFO] [stdout] 
[INFO] [stdout] error[E0433]: failed to resolve: use of undeclared type `File`
[INFO] [stdout]    --> /opt/rustwide/cargo-home/registry/src/index.crates.io-6f17d22bba15001f/casbin-2.1.0/src/adapter/file_adapter.rs:109:24
[INFO] [stdout]     |
[INFO] [stdout] 109 |         let mut file = File::create(&self.file_path).await?;
[INFO] [stdout]     |                        ^^^^ use of undeclared type `File`
[INFO] [stdout]     |
[INFO] [stdout] help: consider importing this struct
[INFO] [stdout]     |
[INFO] [stdout] 1   + use std::fs::File;
[INFO] [stdout]     |
[INFO] [stdout] 
[INFO] [stdout] 
[INFO] [stdout] error[E0412]: cannot find type `Path` in this scope
[INFO] [stdout]    --> /opt/rustwide/cargo-home/registry/src/index.crates.io-6f17d22bba15001f/casbin-2.1.0/src/adapter/file_adapter.rs:118:14
[INFO] [stdout]     |
[INFO] [stdout] 118 |     P: AsRef<Path> + Send + Sync,
[INFO] [stdout]     |              ^^^^ not found in this scope
[INFO] [stdout]     |
[INFO] [stdout] help: consider importing this struct
[INFO] [stdout]     |
[INFO] [stdout] 1   + use std::path::Path;
[INFO] [stdout]     |
[INFO] [stdout] 
[INFO] [stdout] 
[INFO] [stdout] error[E0433]: failed to resolve: use of undeclared type `ErrorKind`
[INFO] [stdout]    --> /opt/rustwide/cargo-home/registry/src/index.crates.io-6f17d22bba15001f/casbin-2.1.0/src/adapter/file_adapter.rs:141:17
[INFO] [stdout]     |
[INFO] [stdout] 141 |                 ErrorKind::Other,
[INFO] [stdout]     |                 ^^^^^^^^^ use of undeclared type `ErrorKind`
[INFO] [stdout]     |
[INFO] [stdout] help: consider importing this enum
[INFO] [stdout]     |
[INFO] [stdout] 1   + use std::io::ErrorKind;
[INFO] [stdout]     |
[INFO] [stdout] 
[INFO] [stdout] 
[INFO] [stdout] error[E0412]: cannot find type `Path` in this scope
[INFO] [stdout]   --> /opt/rustwide/cargo-home/registry/src/index.crates.io-6f17d22bba15001f/casbin-2.1.0/src/config.rs:35:44
[INFO] [stdout]    |
[INFO] [stdout] 35 |     pub(crate) async fn from_file<P: AsRef<Path>>(p: P) -> Result<Self> {
[INFO] [stdout]    |                                            ^^^^ not found in this scope
[INFO] [stdout]    |
[INFO] [stdout] help: consider importing this struct
[INFO] [stdout]    |
[INFO] [stdout] 1  + use std::path::Path;
[INFO] [stdout]    |
[INFO] [stdout] 
[INFO] [stdout] 
[INFO] [stdout] error[E0433]: failed to resolve: use of undeclared type `BufReader`
[INFO] [stdout]   --> /opt/rustwide/cargo-home/registry/src/index.crates.io-6f17d22bba15001f/casbin-2.1.0/src/config.rs:49:29
[INFO] [stdout]    |
[INFO] [stdout] 49 |         c.parse_buffer(&mut BufReader::new(Cursor::new(s.as_ref().as_bytes())))
[INFO] [stdout]    |                             ^^^^^^^^^ use of undeclared type `BufReader`
[INFO] [stdout]    |
[INFO] [stdout] help: consider importing this struct
[INFO] [stdout]    |
[INFO] [stdout] 1  + use std::io::BufReader;
[INFO] [stdout]    |
[INFO] [stdout] 
[INFO] [stdout] 
[INFO] [stdout] error[E0433]: failed to resolve: use of undeclared type `Cursor`
[INFO] [stdout]   --> /opt/rustwide/cargo-home/registry/src/index.crates.io-6f17d22bba15001f/casbin-2.1.0/src/config.rs:49:44
[INFO] [stdout]    |
[INFO] [stdout] 49 |         c.parse_buffer(&mut BufReader::new(Cursor::new(s.as_ref().as_bytes())))
[INFO] [stdout]    |                                            ^^^^^^ use of undeclared type `Cursor`
[INFO] [stdout]    |
[INFO] [stdout] help: consider importing one of these items
[INFO] [stdout]    |
[INFO] [stdout] 1  + use std::collections::btree_map::Cursor;
[INFO] [stdout]    |
[INFO] [stdout] 1  + use std::collections::linked_list::Cursor;
[INFO] [stdout]    |
[INFO] [stdout] 1  + use std::io::Cursor;
[INFO] [stdout]    |
[INFO] [stdout] 
[INFO] [stdout] 
[INFO] [stdout] error[E0412]: cannot find type `Path` in this scope
[INFO] [stdout]   --> /opt/rustwide/cargo-home/registry/src/index.crates.io-6f17d22bba15001f/casbin-2.1.0/src/config.rs:55:29
[INFO] [stdout]    |
[INFO] [stdout] 55 |     async fn parse<P: AsRef<Path>>(&mut self, p: P) -> Result<()> {
[INFO] [stdout]    |                             ^^^^ not found in this scope
[INFO] [stdout]    |
[INFO] [stdout] help: consider importing this struct
[INFO] [stdout]    |
[INFO] [stdout] 1  + use std::path::Path;
[INFO] [stdout]    |
[INFO] [stdout] 
[INFO] [stdout] 
[INFO] [stdout] error[E0433]: failed to resolve: use of undeclared type `File`
[INFO] [stdout]   --> /opt/rustwide/cargo-home/registry/src/index.crates.io-6f17d22bba15001f/casbin-2.1.0/src/config.rs:56:21
[INFO] [stdout]    |
[INFO] [stdout] 56 |         let mut f = File::open(p).await?;
[INFO] [stdout]    |                     ^^^^ use of undeclared type `File`
[INFO] [stdout]    |
[INFO] [stdout] help: consider importing this struct
[INFO] [stdout]    |
[INFO] [stdout] 1  + use std::fs::File;
[INFO] [stdout]    |
[INFO] [stdout] 
[INFO] [stdout] 
[INFO] [stdout] error[E0412]: cannot find type `BufReader` in this scope
[INFO] [stdout]   --> /opt/rustwide/cargo-home/registry/src/index.crates.io-6f17d22bba15001f/casbin-2.1.0/src/config.rs:60:25
[INFO] [stdout]    |
[INFO] [stdout] 60 |         let mut reader: BufReader<Cursor<&[u8]>> =
[INFO] [stdout]    |                         ^^^^^^^^^ not found in this scope
[INFO] [stdout]    |
[INFO] [stdout] help: consider importing this struct
[INFO] [stdout]    |
[INFO] [stdout] 1  + use std::io::BufReader;
[INFO] [stdout]    |
[INFO] [stdout] 
[INFO] [stdout] 
[INFO] [stdout] error[E0412]: cannot find type `Cursor` in this scope
[INFO] [stdout]   --> /opt/rustwide/cargo-home/registry/src/index.crates.io-6f17d22bba15001f/casbin-2.1.0/src/config.rs:60:35
[INFO] [stdout]    |
[INFO] [stdout] 60 |         let mut reader: BufReader<Cursor<&[u8]>> =
[INFO] [stdout]    |                                   ^^^^^^ not found in this scope
[INFO] [stdout]    |
[INFO] [stdout] help: consider importing one of these items
[INFO] [stdout]    |
[INFO] [stdout] 1  + use std::collections::btree_map::Cursor;
[INFO] [stdout]    |
[INFO] [stdout] 1  + use std::collections::linked_list::Cursor;
[INFO] [stdout]    |
[INFO] [stdout] 1  + use std::io::Cursor;
[INFO] [stdout]    |
[INFO] [stdout] 
[INFO] [stdout] 
[INFO] [stdout] error[E0433]: failed to resolve: use of undeclared type `BufReader`
[INFO] [stdout]   --> /opt/rustwide/cargo-home/registry/src/index.crates.io-6f17d22bba15001f/casbin-2.1.0/src/config.rs:61:13
[INFO] [stdout]    |
[INFO] [stdout] 61 |             BufReader::new(Cursor::new(&c));
[INFO] [stdout]    |             ^^^^^^^^^ use of undeclared type `BufReader`
[INFO] [stdout]    |
[INFO] [stdout] help: consider importing this struct
[INFO] [stdout]    |
[INFO] [stdout] 1  + use std::io::BufReader;
[INFO] [stdout]    |
[INFO] [stdout] 
[INFO] [stdout] 
[INFO] [stdout] error[E0433]: failed to resolve: use of undeclared type `Cursor`
[INFO] [stdout]   --> /opt/rustwide/cargo-home/registry/src/index.crates.io-6f17d22bba15001f/casbin-2.1.0/src/config.rs:61:28
[INFO] [stdout]    |
[INFO] [stdout] 61 |             BufReader::new(Cursor::new(&c));
[INFO] [stdout]    |                            ^^^^^^ use of undeclared type `Cursor`
[INFO] [stdout]    |
[INFO] [stdout] help: consider importing one of these items
[INFO] [stdout]    |
[INFO] [stdout] 1  + use std::collections::btree_map::Cursor;
[INFO] [stdout]    |
[INFO] [stdout] 1  + use std::collections::linked_list::Cursor;
[INFO] [stdout]    |
[INFO] [stdout] 1  + use std::io::Cursor;
[INFO] [stdout]    |
[INFO] [stdout] 
[INFO] [stdout] 
[INFO] [stdout] error[E0412]: cannot find type `BufReader` in this scope
[INFO] [stdout]   --> /opt/rustwide/cargo-home/registry/src/index.crates.io-6f17d22bba15001f/casbin-2.1.0/src/config.rs:67:22
[INFO] [stdout]    |
[INFO] [stdout] 67 |         reader: &mut BufReader<Cursor<&[u8]>>,
[INFO] [stdout]    |                      ^^^^^^^^^ not found in this scope
[INFO] [stdout]    |
[INFO] [stdout] help: consider importing this struct
[INFO] [stdout]    |
[INFO] [stdout] 1  + use std::io::BufReader;
[INFO] [stdout]    |
[INFO] [stdout] 
[INFO] [stdout] 
[INFO] [stdout] error[E0412]: cannot find type `Cursor` in this scope
[INFO] [stdout]   --> /opt/rustwide/cargo-home/registry/src/index.crates.io-6f17d22bba15001f/casbin-2.1.0/src/config.rs:67:32
[INFO] [stdout]    |
[INFO] [stdout] 67 |         reader: &mut BufReader<Cursor<&[u8]>>,
[INFO] [stdout]    |                                ^^^^^^ not found in this scope
[INFO] [stdout]    |
[INFO] [stdout] help: consider importing one of these items
[INFO] [stdout]    |
[INFO] [stdout] 1  + use std::collections::btree_map::Cursor;
[INFO] [stdout]    |
[INFO] [stdout] 1  + use std::collections::linked_list::Cursor;
[INFO] [stdout]    |
[INFO] [stdout] 1  + use std::io::Cursor;
[INFO] [stdout]    |
[INFO] [stdout] 
[INFO] [stdout] 
[INFO] [stdout] error[E0433]: failed to resolve: use of undeclared type `ErrorKind`
[INFO] [stdout]    --> /opt/rustwide/cargo-home/registry/src/index.crates.io-6f17d22bba15001f/casbin-2.1.0/src/config.rs:126:25
[INFO] [stdout]     |
[INFO] [stdout] 126 |                         ErrorKind::Other,
[INFO] [stdout]     |                         ^^^^^^^^^ use of undeclared type `ErrorKind`
[INFO] [stdout]     |
[INFO] [stdout] help: consider importing this enum
[INFO] [stdout]     |
[INFO] [stdout] 1   + use std::io::ErrorKind;
[INFO] [stdout]     |
[INFO] [stdout] 
[INFO] [stdout] 
[INFO] [stdout] error[E0412]: cannot find type `Path` in this scope
[INFO] [stdout]   --> /opt/rustwide/cargo-home/registry/src/index.crates.io-6f17d22bba15001f/casbin-2.1.0/src/model/default_model.rs:31:37
[INFO] [stdout]    |
[INFO] [stdout] 31 |     pub async fn from_file<P: AsRef<Path>>(p: P) -> Result<DefaultModel> {
[INFO] [stdout]    |                                     ^^^^ not found in this scope
[INFO] [stdout]    |
[INFO] [stdout] help: consider importing this struct
[INFO] [stdout]    |
[INFO] [stdout] 1  + use std::path::Path;
[INFO] [stdout]    |
[INFO] [stdout] 
[INFO] [stdout] 
[INFO] [stdout] error[E0581]: return type references an anonymous lifetime, which is not constrained by the fn input types
[INFO] [stdout]   --> /opt/rustwide/cargo-home/registry/src/index.crates.io-6f17d22bba15001f/casbin-2.1.0/src/config.rs:65:5
[INFO] [stdout]    |
[INFO] [stdout] 65 | /     async fn parse_buffer(
[INFO] [stdout] 66 | |         &mut self,
[INFO] [stdout] 67 | |         reader: &mut BufReader<Cursor<&[u8]>>,
[INFO] [stdout] 68 | |     ) -> Result<()> {
[INFO] [stdout]    | |___________________^
[INFO] [stdout]    |
[INFO] [stdout]    = note: lifetimes appearing in an associated or opaque type are not considered constrained
[INFO] [stdout]    = note: consider introducing a named lifetime parameter
[INFO] [stdout] 
[INFO] [stdout] 
[INFO] [stdout] error[E0433]: failed to resolve: use of undeclared type `IoError`
[INFO] [stdout]    --> /opt/rustwide/cargo-home/registry/src/index.crates.io-6f17d22bba15001f/casbin-2.1.0/src/adapter/file_adapter.rs:140:24
[INFO] [stdout]     |
[INFO] [stdout] 140 |             return Err(IoError::new(
[INFO] [stdout]     |                        ^^^^^^^ use of undeclared type `IoError`
[INFO] [stdout]     |
[INFO] [stdout] help: there is an enum variant `crate::Error::IoError`; try using the variant's enum
[INFO] [stdout]     |
[INFO] [stdout] 140 |             return Err(crate::Error(
[INFO] [stdout]     |                        ~~~~~~~~~~~~
[INFO] [stdout] 
[INFO] [stdout] 
[INFO] [stdout] error[E0433]: failed to resolve: use of undeclared type `IoError`
[INFO] [stdout]    --> /opt/rustwide/cargo-home/registry/src/index.crates.io-6f17d22bba15001f/casbin-2.1.0/src/config.rs:125:32
[INFO] [stdout]     |
[INFO] [stdout] 125 |                     return Err(IoError::new(
[INFO] [stdout]     |                                ^^^^^^^ use of undeclared type `IoError`
[INFO] [stdout]     |
[INFO] [stdout] help: there is an enum variant `crate::Error::IoError`; try using the variant's enum
[INFO] [stdout]     |
[INFO] [stdout] 125 |                     return Err(crate::Error(
[INFO] [stdout]     |                                ~~~~~~~~~~~~
[INFO] [stdout] 
[INFO] [stdout] 
[INFO] [stdout] error: aborting due to 24 previous errors
[INFO] [stdout] 
[INFO] [stdout] 
[INFO] [stdout] Some errors have detailed explanations: E0412, E0433, E0581.
[INFO] [stdout] 
[INFO] [stdout] For more information about an error, try `rustc --explain E0412`.
[INFO] [stdout] 
[INFO] [stderr] error: could not compile `casbin` (lib) due to 25 previous errors
[INFO] running `Command { std: "docker" "inspect" "b355e9dea901b4db070643baab720b5843350f4e570a58c13e9355da79c317a6", kill_on_drop: false }`
[INFO] running `Command { std: "docker" "rm" "-f" "b355e9dea901b4db070643baab720b5843350f4e570a58c13e9355da79c317a6", kill_on_drop: false }`
[INFO] [stdout] b355e9dea901b4db070643baab720b5843350f4e570a58c13e9355da79c317a6
[INFO] documenting sea_orm_casbin_adapter-0.3.8 against beta-2023-12-22 for beta-1.76-rustdoc-1
[INFO] extracting crate sea_orm_casbin_adapter 0.3.8 into /workspace/builds/worker-4-tc2/source
[INFO] validating manifest of crates.io crate sea_orm_casbin_adapter 0.3.8 on toolchain beta-2023-12-22
[INFO] running `Command { std: CARGO_HOME="/workspace/cargo-home" RUSTUP_HOME="/workspace/rustup-home" "/workspace/cargo-home/bin/cargo" "+beta-2023-12-22" "metadata" "--manifest-path" "Cargo.toml" "--no-deps", kill_on_drop: false }`
[INFO] started tweaking crates.io crate sea_orm_casbin_adapter 0.3.8
[INFO] finished tweaking crates.io crate sea_orm_casbin_adapter 0.3.8
[INFO] tweaked toml for crates.io crate sea_orm_casbin_adapter 0.3.8 written to /workspace/builds/worker-4-tc2/source/Cargo.toml
[INFO] running `Command { std: CARGO_HOME="/workspace/cargo-home" RUSTUP_HOME="/workspace/rustup-home" "/workspace/cargo-home/bin/cargo" "+beta-2023-12-22" "generate-lockfile" "--manifest-path" "Cargo.toml", kill_on_drop: false }`
[INFO] [stderr]     Updating crates.io index
[INFO] running `Command { std: CARGO_HOME="/workspace/cargo-home" RUSTUP_HOME="/workspace/rustup-home" "/workspace/cargo-home/bin/cargo" "+beta-2023-12-22" "fetch" "--manifest-path" "Cargo.toml", kill_on_drop: false }`
[INFO] [stderr]     Blocking waiting for file lock on package cache
[INFO] running `Command { std: "docker" "create" "-v" "/var/lib/crater-agent-workspace/builds/worker-4-tc2/target:/opt/rustwide/target:rw,Z" "-v" "/var/lib/crater-agent-workspace/builds/worker-4-tc2/source:/opt/rustwide/workdir:ro,Z" "-v" "/var/lib/crater-agent-workspace/cargo-home:/opt/rustwide/cargo-home:ro,Z" "-v" "/var/lib/crater-agent-workspace/rustup-home:/opt/rustwide/rustup-home:ro,Z" "-e" "SOURCE_DIR=/opt/rustwide/workdir" "-e" "CARGO_TARGET_DIR=/opt/rustwide/target" "-e" "CARGO_HOME=/opt/rustwide/cargo-home" "-e" "RUSTUP_HOME=/opt/rustwide/rustup-home" "-w" "/opt/rustwide/workdir" "-m" "1610612736" "--user" "0:0" "--network" "none" "ghcr.io/rust-lang/crates-build-env/linux@sha256:2788e3201cd34a07e3172128adcd8b3090168a8e3bcc40d7c032b9dda1df7d1c" "/opt/rustwide/cargo-home/bin/cargo" "+beta-2023-12-22" "metadata" "--no-deps" "--format-version=1", kill_on_drop: false }`
[INFO] [stdout] 33ce8fc36594688dbb046dada5d9dc9f9bbc28cdd6078f411da32c912a22f86b
[INFO] running `Command { std: "docker" "start" "-a" "33ce8fc36594688dbb046dada5d9dc9f9bbc28cdd6078f411da32c912a22f86b", kill_on_drop: false }`
[INFO] running `Command { std: "docker" "inspect" "33ce8fc36594688dbb046dada5d9dc9f9bbc28cdd6078f411da32c912a22f86b", kill_on_drop: false }`
[INFO] running `Command { std: "docker" "rm" "-f" "33ce8fc36594688dbb046dada5d9dc9f9bbc28cdd6078f411da32c912a22f86b", kill_on_drop: false }`
[INFO] [stdout] 33ce8fc36594688dbb046dada5d9dc9f9bbc28cdd6078f411da32c912a22f86b
[INFO] running `Command { std: "docker" "create" "-v" "/var/lib/crater-agent-workspace/builds/worker-4-tc2/target:/opt/rustwide/target:rw,Z" "-v" "/var/lib/crater-agent-workspace/builds/worker-4-tc2/source:/opt/rustwide/workdir:ro,Z" "-v" "/var/lib/crater-agent-workspace/cargo-home:/opt/rustwide/cargo-home:ro,Z" "-v" "/var/lib/crater-agent-workspace/rustup-home:/opt/rustwide/rustup-home:ro,Z" "-e" "SOURCE_DIR=/opt/rustwide/workdir" "-e" "CARGO_TARGET_DIR=/opt/rustwide/target" "-e" "CARGO_INCREMENTAL=0" "-e" "RUST_BACKTRACE=full" "-e" "RUSTFLAGS=--cap-lints=warn" "-e" "RUSTDOCFLAGS=--cap-lints=warn" "-e" "CARGO_HOME=/opt/rustwide/cargo-home" "-e" "RUSTUP_HOME=/opt/rustwide/rustup-home" "-w" "/opt/rustwide/workdir" "-m" "1610612736" "--user" "0:0" "--network" "none" "ghcr.io/rust-lang/crates-build-env/linux@sha256:2788e3201cd34a07e3172128adcd8b3090168a8e3bcc40d7c032b9dda1df7d1c" "/opt/rustwide/cargo-home/bin/cargo" "+beta-2023-12-22" "doc" "--frozen" "--no-deps" "--document-private-items" "--message-format=json", kill_on_drop: false }`
[INFO] [stdout] 374cedeac41f5d6612ae8809e3567cbf6b00dfc68bb4f8ba8b8304417e5b9eba
[INFO] running `Command { std: "docker" "start" "-a" "374cedeac41f5d6612ae8809e3567cbf6b00dfc68bb4f8ba8b8304417e5b9eba", kill_on_drop: false }`
[INFO] [stderr]    Compiling proc-macro2 v1.0.76
[INFO] [stderr]    Compiling tiny-keccak v2.0.2
[INFO] [stderr]    Compiling libc v0.2.151
[INFO] [stderr]    Compiling slog v2.7.0
[INFO] [stderr]    Compiling once_cell v1.19.0
[INFO] [stderr]    Compiling num-traits v0.2.17
[INFO] [stderr]     Checking getrandom v0.2.11
[INFO] [stderr]     Checking dirs-sys-next v0.1.2
[INFO] [stderr]    Compiling ahash v0.8.7
[INFO] [stderr]    Compiling smartstring v1.0.1
[INFO] [stderr]     Checking deranged v0.3.11
[INFO] [stderr]    Compiling time-macros v0.2.16
[INFO] [stderr]    Compiling slog-async v2.8.0
[INFO] [stderr]     Checking idna v0.5.0
[INFO] [stderr]     Checking crossbeam-channel v0.5.10
[INFO] [stderr]     Checking atty v0.2.14
[INFO] [stderr]     Checking ahash v0.7.7
[INFO] [stderr]     Checking dirs-next v2.0.0
[INFO] [stderr]     Checking take_mut v0.2.2
[INFO] [stderr]     Checking fixedbitset v0.4.2
[INFO] [stderr]     Checking term v0.7.0
[INFO] [stderr]     Checking hashbrown v0.11.2
[INFO] [stderr]     Checking petgraph v0.6.4
[INFO] [stderr]    Compiling quote v1.0.35
[INFO] [stderr]    Compiling syn v2.0.48
[INFO] [stderr]    Compiling syn v1.0.109
[INFO] [stderr]     Checking url v2.5.0
[INFO] [stderr]    Compiling proc-macro-error-attr v1.0.4
[INFO] [stderr]     Checking ritelinked v0.3.2
[INFO] [stderr]    Compiling const-random-macro v0.1.16
[INFO] [stderr]     Checking const-random v0.1.17
[INFO] [stderr]     Checking time v0.3.31
[INFO] [stderr]     Checking slog-term v2.9.0
[INFO] [stderr]    Compiling proc-macro-error v1.0.4
[INFO] [stderr]    Compiling sea-strum_macros v0.23.0
[INFO] [stderr]    Compiling ouroboros_macro v0.15.6
[INFO] [stderr]    Compiling bae v0.1.7
[INFO] [stderr]    Compiling serde_derive v1.0.195
[INFO] [stderr]    Compiling thiserror-impl v1.0.56
[INFO] [stderr]    Compiling futures-macro v0.3.30
[INFO] [stderr]    Compiling tracing-attributes v0.1.27
[INFO] [stderr]    Compiling rhai_codegen v1.6.0
[INFO] [stderr]    Compiling async-stream-impl v0.3.5
[INFO] [stderr]    Compiling async-trait v0.1.77
[INFO] [stderr]     Checking async-stream v0.3.5
[INFO] [stderr]    Compiling sea-orm-macros v0.8.0
[INFO] [stderr]     Checking futures-util v0.3.30
[INFO] [stderr]    Compiling thiserror v1.0.56
[INFO] [stderr]     Checking ouroboros v0.15.6
[INFO] [stderr]     Checking sea-strum v0.23.0
[INFO] [stderr]    Compiling sea-query-derive v0.2.0
[INFO] [stderr]     Checking tracing v0.1.40
[INFO] [stderr]     Checking sea-query v0.24.6
[INFO] [stderr]     Checking serde v1.0.195
[INFO] [stderr]     Checking futures-executor v0.3.30
[INFO] [stderr]     Checking futures v0.3.30
[INFO] [stderr]     Checking smallvec v1.11.2
[INFO] [stderr]     Checking sea-orm v0.8.0
[INFO] [stderr]     Checking parking_lot_core v0.9.9
[INFO] [stderr]     Checking rhai v1.16.3
[INFO] [stderr]     Checking parking_lot v0.12.1
[INFO] [stderr]     Checking casbin v2.1.0
[INFO] [stdout] error[E0412]: cannot find type `Path` in this scope
[INFO] [stdout]   --> /opt/rustwide/cargo-home/registry/src/index.crates.io-6f17d22bba15001f/casbin-2.1.0/src/adapter/file_adapter.rs:45:14
[INFO] [stdout]    |
[INFO] [stdout] 45 |     P: AsRef<Path> + Send + Sync,
[INFO] [stdout]    |              ^^^^ not found in this scope
[INFO] [stdout]    |
[INFO] [stdout] help: consider importing this struct
[INFO] [stdout]    |
[INFO] [stdout] 1  + use std::path::Path;
[INFO] [stdout]    |
[INFO] [stdout] 
[INFO] [stdout] 
[INFO] [stdout] error[E0433]: failed to resolve: use of undeclared type `File`
[INFO] [stdout]   --> /opt/rustwide/cargo-home/registry/src/index.crates.io-6f17d22bba15001f/casbin-2.1.0/src/adapter/file_adapter.rs:66:17
[INFO] [stdout]    |
[INFO] [stdout] 66 |         let f = File::open(&self.file_path).await?;
[INFO] [stdout]    |                 ^^^^ use of undeclared type `File`
[INFO] [stdout]    |
[INFO] [stdout] help: consider importing this struct
[INFO] [stdout]    |
[INFO] [stdout] 1  + use std::fs::File;
[INFO] [stdout]    |
[INFO] [stdout] 
[INFO] [stdout] 
[INFO] [stdout] error[E0433]: failed to resolve: use of undeclared type `BufReader`
[INFO] [stdout]   --> /opt/rustwide/cargo-home/registry/src/index.crates.io-6f17d22bba15001f/casbin-2.1.0/src/adapter/file_adapter.rs:67:25
[INFO] [stdout]    |
[INFO] [stdout] 67 |         let mut lines = BufReader::new(f).lines();
[INFO] [stdout]    |                         ^^^^^^^^^ use of undeclared type `BufReader`
[INFO] [stdout]    |
[INFO] [stdout] help: consider importing this struct
[INFO] [stdout]    |
[INFO] [stdout] 1  + use std::io::BufReader;
[INFO] [stdout]    |
[INFO] [stdout] 
[INFO] [stdout] 
[INFO] [stdout] error[E0433]: failed to resolve: use of undeclared type `File`
[INFO] [stdout]   --> /opt/rustwide/cargo-home/registry/src/index.crates.io-6f17d22bba15001f/casbin-2.1.0/src/adapter/file_adapter.rs:87:17
[INFO] [stdout]    |
[INFO] [stdout] 87 |         let f = File::open(&self.file_path).await?;
[INFO] [stdout]    |                 ^^^^ use of undeclared type `File`
[INFO] [stdout]    |
[INFO] [stdout] help: consider importing this struct
[INFO] [stdout]    |
[INFO] [stdout] 1  + use std::fs::File;
[INFO] [stdout]    |
[INFO] [stdout] 
[INFO] [stdout] 
[INFO] [stdout] error[E0433]: failed to resolve: use of undeclared type `BufReader`
[INFO] [stdout]   --> /opt/rustwide/cargo-home/registry/src/index.crates.io-6f17d22bba15001f/casbin-2.1.0/src/adapter/file_adapter.rs:88:25
[INFO] [stdout]    |
[INFO] [stdout] 88 |         let mut lines = BufReader::new(f).lines();
[INFO] [stdout]    |                         ^^^^^^^^^ use of undeclared type `BufReader`
[INFO] [stdout]    |
[INFO] [stdout] help: consider importing this struct
[INFO] [stdout]    |
[INFO] [stdout] 1  + use std::io::BufReader;
[INFO] [stdout]    |
[INFO] [stdout] 
[INFO] [stdout] 
[INFO] [stdout] error[E0433]: failed to resolve: use of undeclared type `File`
[INFO] [stdout]    --> /opt/rustwide/cargo-home/registry/src/index.crates.io-6f17d22bba15001f/casbin-2.1.0/src/adapter/file_adapter.rs:109:24
[INFO] [stdout]     |
[INFO] [stdout] 109 |         let mut file = File::create(&self.file_path).await?;
[INFO] [stdout]     |                        ^^^^ use of undeclared type `File`
[INFO] [stdout]     |
[INFO] [stdout] help: consider importing this struct
[INFO] [stdout]     |
[INFO] [stdout] 1   + use std::fs::File;
[INFO] [stdout]     |
[INFO] [stdout] 
[INFO] [stdout] 
[INFO] [stdout] error[E0412]: cannot find type `Path` in this scope
[INFO] [stdout]    --> /opt/rustwide/cargo-home/registry/src/index.crates.io-6f17d22bba15001f/casbin-2.1.0/src/adapter/file_adapter.rs:118:14
[INFO] [stdout]     |
[INFO] [stdout] 118 |     P: AsRef<Path> + Send + Sync,
[INFO] [stdout]     |              ^^^^ not found in this scope
[INFO] [stdout]     |
[INFO] [stdout] help: consider importing this struct
[INFO] [stdout]     |
[INFO] [stdout] 1   + use std::path::Path;
[INFO] [stdout]     |
[INFO] [stdout] 
[INFO] [stdout] 
[INFO] [stdout] error[E0433]: failed to resolve: use of undeclared type `ErrorKind`
[INFO] [stdout]    --> /opt/rustwide/cargo-home/registry/src/index.crates.io-6f17d22bba15001f/casbin-2.1.0/src/adapter/file_adapter.rs:141:17
[INFO] [stdout]     |
[INFO] [stdout] 141 |                 ErrorKind::Other,
[INFO] [stdout]     |                 ^^^^^^^^^ use of undeclared type `ErrorKind`
[INFO] [stdout]     |
[INFO] [stdout] help: consider importing this enum
[INFO] [stdout]     |
[INFO] [stdout] 1   + use std::io::ErrorKind;
[INFO] [stdout]     |
[INFO] [stdout] 
[INFO] [stdout] 
[INFO] [stdout] error[E0412]: cannot find type `Path` in this scope
[INFO] [stdout]   --> /opt/rustwide/cargo-home/registry/src/index.crates.io-6f17d22bba15001f/casbin-2.1.0/src/config.rs:35:44
[INFO] [stdout]    |
[INFO] [stdout] 35 |     pub(crate) async fn from_file<P: AsRef<Path>>(p: P) -> Result<Self> {
[INFO] [stdout]    |                                            ^^^^ not found in this scope
[INFO] [stdout]    |
[INFO] [stdout] help: consider importing this struct
[INFO] [stdout]    |
[INFO] [stdout] 1  + use std::path::Path;
[INFO] [stdout]    |
[INFO] [stdout] 
[INFO] [stdout] 
[INFO] [stdout] error[E0433]: failed to resolve: use of undeclared type `BufReader`
[INFO] [stdout]   --> /opt/rustwide/cargo-home/registry/src/index.crates.io-6f17d22bba15001f/casbin-2.1.0/src/config.rs:49:29
[INFO] [stdout]    |
[INFO] [stdout] 49 |         c.parse_buffer(&mut BufReader::new(Cursor::new(s.as_ref().as_bytes())))
[INFO] [stdout]    |                             ^^^^^^^^^ use of undeclared type `BufReader`
[INFO] [stdout]    |
[INFO] [stdout] help: consider importing this struct
[INFO] [stdout]    |
[INFO] [stdout] 1  + use std::io::BufReader;
[INFO] [stdout]    |
[INFO] [stdout] 
[INFO] [stdout] 
[INFO] [stdout] error[E0433]: failed to resolve: use of undeclared type `Cursor`
[INFO] [stdout]   --> /opt/rustwide/cargo-home/registry/src/index.crates.io-6f17d22bba15001f/casbin-2.1.0/src/config.rs:49:44
[INFO] [stdout]    |
[INFO] [stdout] 49 |         c.parse_buffer(&mut BufReader::new(Cursor::new(s.as_ref().as_bytes())))
[INFO] [stdout]    |                                            ^^^^^^ use of undeclared type `Cursor`
[INFO] [stdout]    |
[INFO] [stdout] help: consider importing one of these items
[INFO] [stdout]    |
[INFO] [stdout] 1  + use std::collections::btree_map::Cursor;
[INFO] [stdout]    |
[INFO] [stdout] 1  + use std::collections::linked_list::Cursor;
[INFO] [stdout]    |
[INFO] [stdout] 1  + use std::io::Cursor;
[INFO] [stdout]    |
[INFO] [stdout] 
[INFO] [stdout] 
[INFO] [stdout] error[E0412]: cannot find type `Path` in this scope
[INFO] [stdout]   --> /opt/rustwide/cargo-home/registry/src/index.crates.io-6f17d22bba15001f/casbin-2.1.0/src/config.rs:55:29
[INFO] [stdout]    |
[INFO] [stdout] 55 |     async fn parse<P: AsRef<Path>>(&mut self, p: P) -> Result<()> {
[INFO] [stdout]    |                             ^^^^ not found in this scope
[INFO] [stdout]    |
[INFO] [stdout] help: consider importing this struct
[INFO] [stdout]    |
[INFO] [stdout] 1  + use std::path::Path;
[INFO] [stdout]    |
[INFO] [stdout] 
[INFO] [stdout] 
[INFO] [stdout] error[E0433]: failed to resolve: use of undeclared type `File`
[INFO] [stdout]   --> /opt/rustwide/cargo-home/registry/src/index.crates.io-6f17d22bba15001f/casbin-2.1.0/src/config.rs:56:21
[INFO] [stdout]    |
[INFO] [stdout] 56 |         let mut f = File::open(p).await?;
[INFO] [stdout]    |                     ^^^^ use of undeclared type `File`
[INFO] [stdout]    |
[INFO] [stdout] help: consider importing this struct
[INFO] [stdout]    |
[INFO] [stdout] 1  + use std::fs::File;
[INFO] [stdout]    |
[INFO] [stdout] 
[INFO] [stdout] 
[INFO] [stdout] error[E0412]: cannot find type `BufReader` in this scope
[INFO] [stdout]   --> /opt/rustwide/cargo-home/registry/src/index.crates.io-6f17d22bba15001f/casbin-2.1.0/src/config.rs:60:25
[INFO] [stdout]    |
[INFO] [stdout] 60 |         let mut reader: BufReader<Cursor<&[u8]>> =
[INFO] [stdout]    |                         ^^^^^^^^^ not found in this scope
[INFO] [stdout]    |
[INFO] [stdout] help: consider importing this struct
[INFO] [stdout]    |
[INFO] [stdout] 1  + use std::io::BufReader;
[INFO] [stdout]    |
[INFO] [stdout] 
[INFO] [stdout] 
[INFO] [stdout] error[E0412]: cannot find type `Cursor` in this scope
[INFO] [stdout]   --> /opt/rustwide/cargo-home/registry/src/index.crates.io-6f17d22bba15001f/casbin-2.1.0/src/config.rs:60:35
[INFO] [stdout]    |
[INFO] [stdout] 60 |         let mut reader: BufReader<Cursor<&[u8]>> =
[INFO] [stdout]    |                                   ^^^^^^ not found in this scope
[INFO] [stdout]    |
[INFO] [stdout] help: consider importing one of these items
[INFO] [stdout]    |
[INFO] [stdout] 1  + use std::collections::btree_map::Cursor;
[INFO] [stdout]    |
[INFO] [stdout] 1  + use std::collections::linked_list::Cursor;
[INFO] [stdout]    |
[INFO] [stdout] 1  + use std::io::Cursor;
[INFO] [stdout]    |
[INFO] [stdout] 
[INFO] [stdout] 
[INFO] [stdout] error[E0433]: failed to resolve: use of undeclared type `BufReader`
[INFO] [stdout]   --> /opt/rustwide/cargo-home/registry/src/index.crates.io-6f17d22bba15001f/casbin-2.1.0/src/config.rs:61:13
[INFO] [stdout]    |
[INFO] [stdout] 61 |             BufReader::new(Cursor::new(&c));
[INFO] [stdout]    |             ^^^^^^^^^ use of undeclared type `BufReader`
[INFO] [stdout]    |
[INFO] [stdout] help: consider importing this struct
[INFO] [stdout]    |
[INFO] [stdout] 1  + use std::io::BufReader;
[INFO] [stdout]    |
[INFO] [stdout] 
[INFO] [stdout] 
[INFO] [stdout] error[E0433]: failed to resolve: use of undeclared type `Cursor`
[INFO] [stdout]   --> /opt/rustwide/cargo-home/registry/src/index.crates.io-6f17d22bba15001f/casbin-2.1.0/src/config.rs:61:28
[INFO] [stdout]    |
[INFO] [stdout] 61 |             BufReader::new(Cursor::new(&c));
[INFO] [stdout]    |                            ^^^^^^ use of undeclared type `Cursor`
[INFO] [stdout]    |
[INFO] [stdout] help: consider importing one of these items
[INFO] [stdout]    |
[INFO] [stdout] 1  + use std::collections::btree_map::Cursor;
[INFO] [stdout]    |
[INFO] [stdout] 1  + use std::collections::linked_list::Cursor;
[INFO] [stdout]    |
[INFO] [stdout] 1  + use std::io::Cursor;
[INFO] [stdout]    |
[INFO] [stdout] 
[INFO] [stdout] 
[INFO] [stdout] error[E0412]: cannot find type `BufReader` in this scope
[INFO] [stdout]   --> /opt/rustwide/cargo-home/registry/src/index.crates.io-6f17d22bba15001f/casbin-2.1.0/src/config.rs:67:22
[INFO] [stdout]    |
[INFO] [stdout] 67 |         reader: &mut BufReader<Cursor<&[u8]>>,
[INFO] [stdout]    |                      ^^^^^^^^^ not found in this scope
[INFO] [stdout]    |
[INFO] [stdout] help: consider importing this struct
[INFO] [stdout]    |
[INFO] [stdout] 1  + use std::io::BufReader;
[INFO] [stdout]    |
[INFO] [stdout] 
[INFO] [stdout] 
[INFO] [stdout] error[E0412]: cannot find type `Cursor` in this scope
[INFO] [stdout]   --> /opt/rustwide/cargo-home/registry/src/index.crates.io-6f17d22bba15001f/casbin-2.1.0/src/config.rs:67:32
[INFO] [stdout]    |
[INFO] [stdout] 67 |         reader: &mut BufReader<Cursor<&[u8]>>,
[INFO] [stdout]    |                                ^^^^^^ not found in this scope
[INFO] [stdout]    |
[INFO] [stdout] help: consider importing one of these items
[INFO] [stdout]    |
[INFO] [stdout] 1  + use std::collections::btree_map::Cursor;
[INFO] [stdout]    |
[INFO] [stdout] 1  + use std::collections::linked_list::Cursor;
[INFO] [stdout]    |
[INFO] [stdout] 1  + use std::io::Cursor;
[INFO] [stdout]    |
[INFO] [stdout] 
[INFO] [stdout] 
[INFO] [stdout] error[E0433]: failed to resolve: use of undeclared type `ErrorKind`
[INFO] [stdout]    --> /opt/rustwide/cargo-home/registry/src/index.crates.io-6f17d22bba15001f/casbin-2.1.0/src/config.rs:126:25
[INFO] [stdout]     |
[INFO] [stdout] 126 |                         ErrorKind::Other,
[INFO] [stdout]     |                         ^^^^^^^^^ use of undeclared type `ErrorKind`
[INFO] [stdout]     |
[INFO] [stdout] help: consider importing this enum
[INFO] [stdout]     |
[INFO] [stdout] 1   + use std::io::ErrorKind;
[INFO] [stdout]     |
[INFO] [stdout] 
[INFO] [stdout] 
[INFO] [stdout] error[E0412]: cannot find type `Path` in this scope
[INFO] [stdout]   --> /opt/rustwide/cargo-home/registry/src/index.crates.io-6f17d22bba15001f/casbin-2.1.0/src/model/default_model.rs:31:37
[INFO] [stdout]    |
[INFO] [stdout] 31 |     pub async fn from_file<P: AsRef<Path>>(p: P) -> Result<DefaultModel> {
[INFO] [stdout]    |                                     ^^^^ not found in this scope
[INFO] [stdout]    |
[INFO] [stdout] help: consider importing this struct
[INFO] [stdout]    |
[INFO] [stdout] 1  + use std::path::Path;
[INFO] [stdout]    |
[INFO] [stdout] 
[INFO] [stdout] 
[INFO] [stdout] error[E0581]: return type references an anonymous lifetime, which is not constrained by the fn input types
[INFO] [stdout]   --> /opt/rustwide/cargo-home/registry/src/index.crates.io-6f17d22bba15001f/casbin-2.1.0/src/config.rs:65:5
[INFO] [stdout]    |
[INFO] [stdout] 65 | /     async fn parse_buffer(
[INFO] [stdout] 66 | |         &mut self,
[INFO] [stdout] 67 | |         reader: &mut BufReader<Cursor<&[u8]>>,
[INFO] [stdout] 68 | |     ) -> Result<()> {
[INFO] [stdout]    | |___________________^
[INFO] [stdout]    |
[INFO] [stdout]    = note: lifetimes appearing in an associated or opaque type are not considered constrained
[INFO] [stdout]    = note: consider introducing a named lifetime parameter
[INFO] [stdout] 
[INFO] [stdout] 
[INFO] [stdout] error[E0433]: failed to resolve: use of undeclared type `IoError`
[INFO] [stdout]    --> /opt/rustwide/cargo-home/registry/src/index.crates.io-6f17d22bba15001f/casbin-2.1.0/src/adapter/file_adapter.rs:140:24
[INFO] [stdout]     |
[INFO] [stdout] 140 |             return Err(IoError::new(
[INFO] [stdout]     |                        ^^^^^^^ use of undeclared type `IoError`
[INFO] [stdout]     |
[INFO] [stdout] help: there is an enum variant `crate::Error::IoError`; try using the variant's enum
[INFO] [stdout]     |
[INFO] [stdout] 140 |             return Err(crate::Error(
[INFO] [stdout]     |                        ~~~~~~~~~~~~
[INFO] [stdout] 
[INFO] [stdout] 
[INFO] [stdout] error[E0433]: failed to resolve: use of undeclared type `IoError`
[INFO] [stdout]    --> /opt/rustwide/cargo-home/registry/src/index.crates.io-6f17d22bba15001f/casbin-2.1.0/src/config.rs:125:32
[INFO] [stdout]     |
[INFO] [stdout] 125 |                     return Err(IoError::new(
[INFO] [stdout]     |                                ^^^^^^^ use of undeclared type `IoError`
[INFO] [stdout]     |
[INFO] [stdout] help: there is an enum variant `crate::Error::IoError`; try using the variant's enum
[INFO] [stdout]     |
[INFO] [stdout] 125 |                     return Err(crate::Error(
[INFO] [stdout]     |                                ~~~~~~~~~~~~
[INFO] [stdout] 
[INFO] [stdout] 
[INFO] [stdout] error: aborting due to 24 previous errors
[INFO] [stdout] 
[INFO] [stdout] 
[INFO] [stdout] Some errors have detailed explanations: E0412, E0433, E0581.
[INFO] [stdout] 
[INFO] [stdout] For more information about an error, try `rustc --explain E0412`.
[INFO] [stdout] 
[INFO] [stderr] error: could not compile `casbin` (lib) due to 25 previous errors
[INFO] running `Command { std: "docker" "inspect" "374cedeac41f5d6612ae8809e3567cbf6b00dfc68bb4f8ba8b8304417e5b9eba", kill_on_drop: false }`
[INFO] running `Command { std: "docker" "rm" "-f" "374cedeac41f5d6612ae8809e3567cbf6b00dfc68bb4f8ba8b8304417e5b9eba", kill_on_drop: false }`
[INFO] [stdout] 374cedeac41f5d6612ae8809e3567cbf6b00dfc68bb4f8ba8b8304417e5b9eba
