[INFO] fetching crate sc-client 0.8.0-alpha.6...
[INFO] documenting sc-client-0.8.0-alpha.6 against 1.75.0 for beta-1.76-rustdoc-1
[INFO] extracting crate sc-client 0.8.0-alpha.6 into /workspace/builds/worker-2-tc1/source
[INFO] validating manifest of crates.io crate sc-client 0.8.0-alpha.6 on toolchain 1.75.0
[INFO] running `Command { std: CARGO_HOME="/workspace/cargo-home" RUSTUP_HOME="/workspace/rustup-home" "/workspace/cargo-home/bin/cargo" "+1.75.0" "metadata" "--manifest-path" "Cargo.toml" "--no-deps", kill_on_drop: false }`
[INFO] started tweaking crates.io crate sc-client 0.8.0-alpha.6
[INFO] finished tweaking crates.io crate sc-client 0.8.0-alpha.6
[INFO] tweaked toml for crates.io crate sc-client 0.8.0-alpha.6 written to /workspace/builds/worker-2-tc1/source/Cargo.toml
[INFO] running `Command { std: CARGO_HOME="/workspace/cargo-home" RUSTUP_HOME="/workspace/rustup-home" "/workspace/cargo-home/bin/cargo" "+1.75.0" "generate-lockfile" "--manifest-path" "Cargo.toml", kill_on_drop: false }`
[INFO] [stderr]     Updating crates.io index
[INFO] running `Command { std: CARGO_HOME="/workspace/cargo-home" RUSTUP_HOME="/workspace/rustup-home" "/workspace/cargo-home/bin/cargo" "+1.75.0" "fetch" "--manifest-path" "Cargo.toml", kill_on_drop: false }`
[INFO] [stderr]  Downloading crates ...
[INFO] [stderr]   Downloaded sp-debug-derive v2.0.1
[INFO] [stderr]   Downloaded async-tls v0.8.0
[INFO] [stderr]   Downloaded blake2s_simd v0.5.11
[INFO] [stderr]   Downloaded sp-tracing v2.0.1
[INFO] [stderr]   Downloaded libp2p-core v0.19.2
[INFO] [stderr]   Downloaded get_if_addrs v0.5.3
[INFO] [stderr]   Downloaded libp2p v0.28.1
[INFO] [stderr]   Downloaded strum v0.16.0
[INFO] [stderr]   Downloaded sp-api-proc-macro v2.0.1
[INFO] [stderr]   Downloaded hex-literal v0.2.2
[INFO] [stderr]   Downloaded sp-keyring v2.0.0-rc4
[INFO] [stderr]   Downloaded strum_macros v0.16.0
[INFO] [stderr]   Downloaded sp-wasm-interface v2.0.1
[INFO] [stderr]   Downloaded sp-trie v2.0.0-rc4
[INFO] [stderr]   Downloaded sp-storage v2.0.1
[INFO] [stderr]   Downloaded parity-multiaddr v0.9.7
[INFO] [stderr]   Downloaded sp-externalities v0.8.1
[INFO] [stderr]   Downloaded hex-literal-impl v0.2.3
[INFO] [stderr]   Downloaded libp2p v0.19.1
[INFO] [stderr]   Downloaded libp2p-dns v0.22.0
[INFO] [stderr]   Downloaded sp-allocator v2.0.0-rc4
[INFO] [stderr]   Downloaded libp2p-tcp v0.22.0
[INFO] [stderr]   Downloaded ahash v0.2.19
[INFO] [stderr]   Downloaded hashbrown v0.6.3
[INFO] [stderr]   Downloaded multihash v0.11.4
[INFO] [stderr]   Downloaded libp2p-websocket v0.23.0
[INFO] [stderr]   Downloaded atomic v0.4.6
[INFO] [stderr]   Downloaded libp2p-swarm v0.22.0
[INFO] [stderr]   Downloaded asn1_der v0.6.3
[INFO] [stderr]   Downloaded sp-arithmetic v2.0.1
[INFO] [stderr]   Downloaded memory-db v0.21.0
[INFO] [stderr]   Downloaded sc-client-api v2.0.0-rc4
[INFO] [stderr]   Downloaded soketto v0.4.2
[INFO] [stderr]   Downloaded asn1_der_derive v0.1.2
[INFO] [stderr]   Downloaded impl-serde v0.2.3
[INFO] [stderr]   Downloaded lru v0.4.3
[INFO] [stderr]   Downloaded sp-core v2.0.0-rc4
[INFO] [stderr]   Downloaded sp-api v2.0.0-rc4
[INFO] [stderr]   Downloaded multistream-select v0.8.5
[INFO] [stderr]   Downloaded sc-executor v0.8.0-rc4
[INFO] [stderr]   Downloaded sp-utils v2.0.1
[INFO] [stderr]   Downloaded substrate-prometheus-endpoint v0.8.1
[INFO] [stderr]   Downloaded libp2p-wasm-ext v0.22.0
[INFO] [stderr]   Downloaded libp2p-core-derive v0.20.2
[INFO] [stderr]   Downloaded c_linked_list v1.1.1
[INFO] [stderr]   Downloaded sp-runtime-interface v2.0.1
[INFO] [stderr]   Downloaded sp-consensus v0.8.0-rc4
[INFO] [stderr]   Downloaded sp-panic-handler v2.0.1
[INFO] [stderr]   Downloaded kvdb v0.5.0
[INFO] [stderr]   Downloaded parity-util-mem v0.6.1
[INFO] [stderr]   Downloaded unsigned-varint v0.4.0
[INFO] [stderr]   Downloaded webpki-roots v0.18.0
[INFO] [stderr]   Downloaded trie-db v0.21.0
[INFO] [stderr]   Downloaded sp-application-crypto v2.0.0-rc4
[INFO] [stderr]   Downloaded sp-runtime-interface-proc-macro v2.0.1
[INFO] [stderr]   Downloaded sc-telemetry v2.0.1
[INFO] [stderr]   Downloaded libp2p-core v0.22.1
[INFO] [stderr]   Downloaded prometheus v0.10.0
[INFO] [stderr]   Downloaded get_if_addrs-sys v0.1.1
[INFO] [stderr]   Downloaded tiny-bip39 v0.7.3
[INFO] [stderr]   Downloaded sp-block-builder v2.0.0-rc4
[INFO] [stderr]   Downloaded sp-io v2.0.0-rc4
[INFO] [stderr]   Downloaded sp-inherents v2.0.0-rc4
[INFO] [stderr]   Downloaded sp-runtime v2.0.0-rc4
[INFO] [stderr]   Downloaded sp-version v2.0.0-rc4
[INFO] [stderr]   Downloaded sp-database v2.0.0-rc4
[INFO] [stderr]   Downloaded sc-executor-common v0.8.0-rc4
[INFO] [stderr]   Downloaded kvdb v0.6.0
[INFO] [stderr]   Downloaded sc-executor-wasmi v0.8.0-rc4
[INFO] [stderr]   Downloaded sc-block-builder v0.8.0-rc4
[INFO] [stderr]   Downloaded sp-transaction-pool v2.0.0-rc4
[INFO] [stderr]   Downloaded libp2p-core-derive v0.19.1
[INFO] [stderr]   Downloaded sp-blockchain v2.0.0-rc4
[INFO] [stderr]   Downloaded sp-serializer v2.0.1
[INFO] [stderr]   Downloaded libp2p-swarm v0.19.1
[INFO] [stderr]   Downloaded sp-state-machine v0.8.0-rc4
[INFO] running `Command { std: "docker" "create" "-v" "/var/lib/crater-agent-workspace/builds/worker-2-tc1/target:/opt/rustwide/target:rw,Z" "-v" "/var/lib/crater-agent-workspace/builds/worker-2-tc1/source:/opt/rustwide/workdir:ro,Z" "-v" "/var/lib/crater-agent-workspace/cargo-home:/opt/rustwide/cargo-home:ro,Z" "-v" "/var/lib/crater-agent-workspace/rustup-home:/opt/rustwide/rustup-home:ro,Z" "-e" "SOURCE_DIR=/opt/rustwide/workdir" "-e" "CARGO_TARGET_DIR=/opt/rustwide/target" "-e" "CARGO_HOME=/opt/rustwide/cargo-home" "-e" "RUSTUP_HOME=/opt/rustwide/rustup-home" "-w" "/opt/rustwide/workdir" "-m" "1610612736" "--user" "0:0" "--network" "none" "ghcr.io/rust-lang/crates-build-env/linux@sha256:2788e3201cd34a07e3172128adcd8b3090168a8e3bcc40d7c032b9dda1df7d1c" "/opt/rustwide/cargo-home/bin/cargo" "+1.75.0" "metadata" "--no-deps" "--format-version=1", kill_on_drop: false }`
[INFO] [stdout] 03e7fa33ff1a64693aeaf3c5d9f82d45f321ec8f8921933c93364ce25cd078d5
[INFO] running `Command { std: "docker" "start" "-a" "03e7fa33ff1a64693aeaf3c5d9f82d45f321ec8f8921933c93364ce25cd078d5", kill_on_drop: false }`
[INFO] running `Command { std: "docker" "inspect" "03e7fa33ff1a64693aeaf3c5d9f82d45f321ec8f8921933c93364ce25cd078d5", kill_on_drop: false }`
[INFO] running `Command { std: "docker" "rm" "-f" "03e7fa33ff1a64693aeaf3c5d9f82d45f321ec8f8921933c93364ce25cd078d5", kill_on_drop: false }`
[INFO] [stdout] 03e7fa33ff1a64693aeaf3c5d9f82d45f321ec8f8921933c93364ce25cd078d5
[INFO] running `Command { std: "docker" "create" "-v" "/var/lib/crater-agent-workspace/builds/worker-2-tc1/target:/opt/rustwide/target:rw,Z" "-v" "/var/lib/crater-agent-workspace/builds/worker-2-tc1/source:/opt/rustwide/workdir:ro,Z" "-v" "/var/lib/crater-agent-workspace/cargo-home:/opt/rustwide/cargo-home:ro,Z" "-v" "/var/lib/crater-agent-workspace/rustup-home:/opt/rustwide/rustup-home:ro,Z" "-e" "SOURCE_DIR=/opt/rustwide/workdir" "-e" "CARGO_TARGET_DIR=/opt/rustwide/target" "-e" "CARGO_INCREMENTAL=0" "-e" "RUST_BACKTRACE=full" "-e" "RUSTFLAGS=--cap-lints=warn" "-e" "RUSTDOCFLAGS=--cap-lints=warn" "-e" "CARGO_HOME=/opt/rustwide/cargo-home" "-e" "RUSTUP_HOME=/opt/rustwide/rustup-home" "-w" "/opt/rustwide/workdir" "-m" "1610612736" "--user" "0:0" "--network" "none" "ghcr.io/rust-lang/crates-build-env/linux@sha256:2788e3201cd34a07e3172128adcd8b3090168a8e3bcc40d7c032b9dda1df7d1c" "/opt/rustwide/cargo-home/bin/cargo" "+1.75.0" "doc" "--frozen" "--no-deps" "--document-private-items" "--message-format=json", kill_on_drop: false }`
[INFO] [stdout] f9fd45468a54bcd70a25b6ac0816c4c0b05c3500a0e4adb3144b3c8328c987fa
[INFO] running `Command { std: "docker" "start" "-a" "f9fd45468a54bcd70a25b6ac0816c4c0b05c3500a0e4adb3144b3c8328c987fa", kill_on_drop: false }`
[INFO] [stderr]    Compiling libc v0.2.151
[INFO] [stderr]    Compiling syn v1.0.109
[INFO] [stderr]    Compiling parking_lot_core v0.9.9
[INFO] [stderr]     Checking smallvec v1.11.2
[INFO] [stderr]    Compiling proc-macro2 v1.0.76
[INFO] [stderr]     Checking memchr v2.7.1
[INFO] [stderr]    Compiling typenum v1.17.0
[INFO] [stderr]     Checking futures-core v0.3.30
[INFO] [stderr]     Checking value-bag v1.4.3
[INFO] [stderr]    Compiling getrandom v0.1.16
[INFO] [stderr]     Checking futures-io v0.3.30
[INFO] [stderr]     Checking log v0.4.20
[INFO] [stderr]    Compiling slab v0.4.9
[INFO] [stderr]     Checking byteorder v1.5.0
[INFO] [stderr]    Compiling quote v1.0.35
[INFO] [stderr]    Compiling crunchy v0.2.2
[INFO] [stderr]     Checking arrayvec v0.5.2
[INFO] [stderr]    Compiling syn v2.0.48
[INFO] [stderr]     Checking ppv-lite86 v0.2.17
[INFO] [stderr]    Compiling generic-array v0.14.7
[INFO] [stderr]     Checking either v1.9.0
[INFO] [stderr]     Checking futures-sink v0.3.30
[INFO] [stderr]     Checking scopeguard v1.2.0
[INFO] [stderr]     Checking pin-utils v0.1.0
[INFO] [stderr]     Checking futures-channel v0.3.30
[INFO] [stderr]     Checking generic-array v0.12.4
[INFO] [stderr]     Checking futures-task v0.3.30
[INFO] [stderr]     Checking static_assertions v1.1.0
[INFO] [stderr]     Checking futures v0.1.31
[INFO] [stderr]     Checking block-padding v0.2.1
[INFO] [stderr]     Checking subtle v2.4.1
[INFO] [stderr]     Checking digest v0.8.1
[INFO] [stderr]     Checking digest v0.9.0
[INFO] [stderr]     Checking block-buffer v0.9.0
[INFO] [stderr]     Checking opaque-debug v0.3.0
[INFO] [stderr]     Checking cpufeatures v0.2.12
[INFO] [stderr]     Checking byte-tools v0.3.1
[INFO] [stderr]     Checking arrayref v0.3.7
[INFO] [stderr]     Checking lock_api v0.3.4
[INFO] [stderr]     Checking tinyvec_macros v0.1.1
[INFO] [stderr]     Checking block-padding v0.1.5
[INFO] [stderr]     Checking keccak v0.1.4
[INFO] [stderr]     Checking subtle v1.0.0
[INFO] [stderr]     Checking block-buffer v0.7.3
[INFO] [stderr]     Checking crypto-mac v0.7.0
[INFO] [stderr]     Checking tinyvec v1.6.0
[INFO] [stderr]    Compiling cc v1.0.83
[INFO] [stderr]     Checking once_cell v1.19.0
[INFO] [stderr]     Checking rand_core v0.5.1
[INFO] [stderr]     Checking num_cpus v1.16.0
[INFO] [stderr]     Checking tracing-core v0.1.32
[INFO] [stderr]     Checking parking_lot_core v0.7.3
[INFO] [stderr]     Checking rand_pcg v0.2.1
[INFO] [stderr]     Checking rand_chacha v0.2.2
[INFO] [stderr]     Checking opaque-debug v0.2.3
[INFO] [stderr]     Checking fake-simd v0.1.2
[INFO] [stderr]     Checking constant_time_eq v0.1.5
[INFO] [stderr]     Checking rand v0.7.3
[INFO] [stderr]     Checking parking_lot v0.10.2
[INFO] [stderr]     Checking sha2 v0.8.2
[INFO] [stderr]     Checking sha2 v0.9.9
[INFO] [stderr]     Checking unicode-normalization v0.1.22
[INFO] [stderr]     Checking radium v0.3.0
[INFO] [stderr]     Checking hmac v0.7.1
[INFO] [stderr]     Checking byte-slice-cast v0.3.5
[INFO] [stderr]     Checking bitvec v0.17.4
[INFO] [stderr]     Checking itoa v1.0.10
[INFO] [stderr]     Checking signature v1.6.4
[INFO] [stderr]     Checking hmac-drbg v0.2.0
[INFO] [stderr]    Compiling rustix v0.38.28
[INFO] [stderr]     Checking ed25519 v1.5.3
[INFO] [stderr]     Checking libsecp256k1 v0.3.5
[INFO] [stderr]    Compiling unicode-xid v0.2.4
[INFO] [stderr]     Checking rustc-hex v2.1.0
[INFO] [stderr]    Compiling tiny-keccak v2.0.2
[INFO] [stderr]     Checking aho-corasick v1.1.2
[INFO] [stderr]    Compiling indexmap v1.9.3
[INFO] [stderr]     Checking regex-syntax v0.8.2
[INFO] [stderr]    Compiling serde_json v1.0.111
[INFO] [stderr]     Checking uint v0.8.5
[INFO] [stderr]     Checking fixed-hash v0.6.1
[INFO] [stderr]    Compiling num-integer v0.1.45
[INFO] [stderr]    Compiling anyhow v1.0.79
[INFO] [stderr]     Checking ryu v1.0.16
[INFO] [stderr]    Compiling ring v0.16.20
[INFO] [stderr]    Compiling num-bigint v0.2.6
[INFO] [stderr]    Compiling synstructure v0.12.6
[INFO] [stderr]    Compiling crossbeam-utils v0.8.18
[INFO] [stderr]    Compiling parity-util-mem v0.6.1
[INFO] [stderr]     Checking sp-std v2.0.1
[INFO] [stderr]    Compiling arrayvec v0.4.12
[INFO] [stderr]    Compiling itertools v0.8.2
[INFO] [stderr]     Checking regex-automata v0.4.3
[INFO] [stderr]    Compiling backtrace v0.3.69
[INFO] [stderr]    Compiling num-rational v0.2.4
[INFO] [stderr]     Checking regex-syntax v0.6.29
[INFO] [stderr]     Checking bytes v0.5.6
[INFO] [stderr]    Compiling unicode-segmentation v1.10.1
[INFO] [stderr]     Checking regex v1.10.2
[INFO] [stderr]    Compiling serde_derive v1.0.195
[INFO] [stderr]    Compiling futures-macro v0.3.30
[INFO] [stderr]    Compiling zeroize_derive v1.4.2
[INFO] [stderr]    Compiling tracing-attributes v0.1.27
[INFO] [stderr]    Compiling impl-trait-for-tuples v0.1.3
[INFO] [stderr]    Compiling parity-util-mem-derive v0.1.0
[INFO] [stderr]     Checking adler v1.0.2
[INFO] [stderr]    Compiling ref-cast v1.0.22
[INFO] [stderr]     Checking zeroize v1.3.0
[INFO] [stderr]     Checking curve25519-dalek v3.2.1
[INFO] [stderr]     Checking gimli v0.28.1
[INFO] [stderr]     Checking fnv v1.0.7
[INFO] [stderr]     Checking futures-util v0.3.30
[INFO] [stderr]     Checking regex-automata v0.1.10
[INFO] [stderr]     Checking miniz_oxide v0.7.1
[INFO] [stderr]     Checking tracing v0.1.40
[INFO] [stderr]    Compiling heck v0.3.3
[INFO] [stderr]    Compiling prost-derive v0.6.1
[INFO] [stderr]    Compiling sp-debug-derive v2.0.1
[INFO] [stderr]    Compiling ref-cast-impl v1.0.22
[INFO] [stderr]     Checking addr2line v0.21.0
[INFO] [stderr]     Checking futures-executor v0.3.30
[INFO] [stderr]     Checking futures v0.3.30
[INFO] [stderr]     Checking getrandom v0.2.11
[INFO] [stderr]     Checking object v0.32.2
[INFO] [stderr]     Checking parking v2.2.0
[INFO] [stderr]     Checking parity-wasm v0.41.0
[INFO] [stderr]     Checking iana-time-zone v0.1.59
[INFO] [stderr]     Checking rustc-demangle v0.1.23
[INFO] [stderr]    Compiling failure_derive v0.1.8
[INFO] [stderr]     Checking chrono v0.4.31
[INFO] [stderr]     Checking rand_core v0.6.4
[INFO] [stderr]     Checking concurrent-queue v2.4.0
[INFO] [stderr]     Checking wasmi-validation v0.3.0
[INFO] [stderr]     Checking matchers v0.0.1
[INFO] [stderr]     Checking tracing-log v0.1.4
[INFO] [stderr]     Checking thread_local v1.1.7
[INFO] [stderr]     Checking serde v1.0.195
[INFO] [stderr]    Compiling which v3.1.1
[INFO] [stderr]     Checking sharded-slab v0.1.7
[INFO] [stderr]     Checking crypto-mac v0.11.1
[INFO] [stderr]     Checking hash-db v0.15.2
[INFO] [stderr]    Compiling linux-raw-sys v0.4.12
[INFO] [stderr]     Checking spin v0.5.2
[INFO] [stderr]    Compiling hashbrown v0.12.3
[INFO] [stderr]     Checking untrusted v0.7.1
[INFO] [stderr]     Checking ansi_term v0.12.1
[INFO] [stderr]     Checking memory_units v0.3.0
[INFO] [stderr]     Checking wasmi v0.6.2
[INFO] [stderr]    Compiling Inflector v0.11.4
[INFO] [stderr]    Compiling prost v0.6.1
[INFO] [stderr]    Compiling prost-build v0.6.1
[INFO] [stderr]     Checking rand_chacha v0.3.1
[INFO] [stderr]     Checking curve25519-dalek v2.1.3
[INFO] [stderr]     Checking merlin v2.0.1
[INFO] [stderr]    Compiling pin-project-internal v1.1.3
[INFO] [stderr]     Checking environmental v1.1.4
[INFO] [stderr]     Checking ed25519-dalek v1.0.1
[INFO] [stderr]     Checking impl-serde v0.3.2
[INFO] [stderr]    Compiling toml v0.5.11
[INFO] [stderr]     Checking tracing-serde v0.1.3
[INFO] [stderr]    Compiling fixedbitset v0.2.0
[INFO] [stderr]     Checking nodrop v0.1.14
[INFO] [stderr]    Compiling convert_case v0.4.0
[INFO] [stderr]     Checking schnorrkel v0.9.1
[INFO] [stderr]    Compiling petgraph v0.5.1
[INFO] [stderr]     Checking failure v0.1.8
[INFO] [stderr]    Compiling derive_more v0.99.17
[INFO] [stderr]    Compiling const-random-macro v0.1.16
[INFO] [stderr]     Checking rand v0.8.5
[INFO] [stderr]     Checking tracing-subscriber v0.2.25
[INFO] [stderr]    Compiling proc-macro-crate v0.1.5
[INFO] [stderr]    Compiling prost-types v0.6.1
[INFO] [stderr]     Checking pbkdf2 v0.8.0
[INFO] [stderr]     Checking hmac v0.11.0
[INFO] [stderr]     Checking pbkdf2 v0.3.0
[INFO] [stderr]    Compiling autocfg v0.1.8
[INFO] [stderr]     Checking rustc-hash v1.1.0
[INFO] [stderr]    Compiling thiserror v1.0.56
[INFO] [stderr]    Compiling multimap v0.8.3
[INFO] [stderr]     Checking pin-project v1.1.3
[INFO] [stderr]     Checking tiny-bip39 v0.7.3
[INFO] [stderr]    Compiling hashbrown v0.6.3
[INFO] [stderr]     Checking substrate-bip39 v0.4.5
[INFO] [stderr]     Checking twox-hash v1.6.3
[INFO] [stderr]    Compiling parity-scale-codec-derive v1.2.3
[INFO] [stderr]    Compiling sp-runtime-interface-proc-macro v2.0.1
[INFO] [stderr]     Checking const-random v0.1.17
[INFO] [stderr]     Checking blake2-rfc v0.2.18
[INFO] [stderr]    Compiling thiserror-impl v1.0.56
[INFO] [stderr]     Checking hash256-std-hasher v0.15.2
[INFO] [stderr]     Checking base58 v0.1.0
[INFO] [stderr]    Compiling pin-project-internal v0.4.30
[INFO] [stderr]     Checking hex v0.4.3
[INFO] [stderr]     Checking ahash v0.2.19
[INFO] [stderr]    Compiling tempfile v3.9.0
[INFO] [stderr]     Checking event-listener v4.0.3
[INFO] [stderr]     Checking sha-1 v0.9.8
[INFO] [stderr]     Checking unicode-bidi v0.3.14
[INFO] [stderr]     Checking unsigned-varint v0.5.1
[INFO] [stderr]     Checking percent-encoding v2.3.1
[INFO] [stderr]     Checking form_urlencoded v1.2.1
[INFO] [stderr]     Checking event-listener-strategy v0.4.0
[INFO] [stderr]     Checking idna v0.5.0
[INFO] [stderr]     Checking parity-scale-codec v1.3.7
[INFO] [stderr]     Checking blake2b_simd v0.5.11
[INFO] [stderr]     Checking blake2s_simd v0.5.11
[INFO] [stderr]     Checking sha3 v0.9.1
[INFO] [stderr]     Checking fastrand v2.0.1
[INFO] [stderr]     Checking url v2.5.0
[INFO] [stderr]    Compiling asn1_der_derive v0.1.2
[INFO] [stderr]    Compiling lock_api v0.4.11
[INFO] [stderr]    Compiling proc-macro-hack v0.5.20+deprecated
[INFO] [stderr]     Checking multihash v0.11.4
[INFO] [stderr]     Checking bs58 v0.4.0
[INFO] [stderr]     Checking data-encoding v2.5.0
[INFO] [stderr]    Compiling parking_lot_core v0.8.6
[INFO] [stderr]     Checking futures-timer v3.0.2
[INFO] [stderr]     Checking asn1_der v0.6.3
[INFO] [stderr]     Checking futures-lite v2.2.0
[INFO] [stderr]     Checking async-lock v3.2.0
[INFO] [stderr]     Checking parity-multiaddr v0.9.7
[INFO] [stderr]     Checking multistream-select v0.8.5
[INFO] [stderr]     Checking pin-project v0.4.30
[INFO] [stderr]     Checking instant v0.1.12
[INFO] [stderr]     Checking rw-stream-sink v0.2.1
[INFO] [stderr]     Checking bitflags v2.4.1
[INFO] [stderr]     Checking unsigned-varint v0.4.0
[INFO] [stderr]     Checking bs58 v0.3.1
[INFO] [stderr]     Checking trie-db v0.21.0
[INFO] [stderr]     Checking trie-root v0.16.0
[INFO] [stderr]    Compiling io-lifetimes v1.0.11
[INFO] [stderr]     Checking parking_lot v0.11.2
[INFO] [stderr]     Checking sp-panic-handler v2.0.1
[INFO] [stderr]     Checking itertools v0.9.0
[INFO] [stderr]    Compiling polling v2.8.0
[INFO] [stderr]     Checking pin-project-lite v0.1.12
[INFO] [stderr]    Compiling rustix v0.37.27
[INFO] [stderr]     Checking event-listener v2.5.3
[INFO] [stderr]    Compiling async-io v1.13.0
[INFO] [stderr]     Checking async-task v4.7.0
[INFO] [stderr]     Checking linux-raw-sys v0.3.8
[INFO] [stderr]    Compiling httparse v1.8.0
[INFO] [stderr]     Checking waker-fn v1.1.1
[INFO] [stderr]    Compiling wasm-bindgen-shared v0.2.89
[INFO] [stderr]     Checking atomic-waker v1.1.2
[INFO] [stderr]     Checking fastrand v1.9.0
[INFO] [stderr]     Checking piper v0.2.1
[INFO] [stderr]    Compiling paste-impl v0.1.18
[INFO] [stderr]     Checking futures-lite v1.13.0
[INFO] [stderr]     Checking async-lock v2.8.0
[INFO] [stderr]     Checking async-channel v2.1.1
[INFO] [stderr]     Checking impl-codec v0.4.2
[INFO] [stderr]     Checking sp-storage v2.0.1
[INFO] [stderr]     Checking sp-tracing v2.0.1
[INFO] [stderr]     Checking sp-wasm-interface v2.0.1
[INFO] [stderr]     Checking primitive-types v0.7.3
[INFO] [stderr]     Checking sp-externalities v0.8.1
[INFO] [stderr]     Checking integer-sqrt v0.1.5
[INFO] [stderr]     Checking socket2 v0.4.10
[INFO] [stderr]     Checking signal-hook-registry v1.4.1
[INFO] [stderr]     Checking sp-arithmetic v2.0.1
[INFO] [stderr]     Checking paste v0.1.18
[INFO] [stderr]     Checking blocking v1.5.1
[INFO] [stderr]     Checking async-executor v1.8.0
[INFO] [stderr]    Compiling libp2p-core v0.22.1
[INFO] [stderr]     Checking event-listener v3.1.0
[INFO] [stderr]    Compiling bumpalo v3.14.0
[INFO] [stderr]     Checking async-channel v1.9.0
[INFO] [stderr]     Checking wasm-timer v0.2.5
[INFO] [stderr]    Compiling wasm-bindgen-backend v0.2.89
[INFO] [stderr]     Checking kv-log-macro v1.0.7
[INFO] [stderr]    Compiling vcpkg v0.2.15
[INFO] [stderr]     Checking sp-runtime-interface v2.0.1
[INFO] [stderr]    Compiling pkg-config v0.3.28
[INFO] [stderr]     Checking memory-db v0.21.0
[INFO] [stderr]     Checking bytes v1.5.0
[INFO] [stderr]     Checking sp-core v2.0.0-rc4
[INFO] [stderr]     Checking http v0.2.11
[INFO] [stderr]    Compiling libz-sys v1.1.12
[INFO] [stderr]     Checking tokio v0.2.25
[INFO] [stderr]    Compiling libp2p-core v0.19.2
[INFO] [stderr]    Compiling wasm-bindgen-macro-support v0.2.89
[INFO] [stdout] error[E0599]: no method named `sign` found for struct `ed25519_dalek::Keypair` in the current scope
[INFO] [stdout]    --> /opt/rustwide/cargo-home/registry/src/index.crates.io-6f17d22bba15001f/sp-core-2.0.0-rc4/src/ed25519.rs:497:18
[INFO] [stdout]     |
[INFO] [stdout] 497 |         let r = self.0.sign(message).to_bytes();
[INFO] [stdout]     |                        ^^^^ method not found in `Keypair`
[INFO] [stdout]     |
[INFO] [stdout]    ::: /opt/rustwide/cargo-home/registry/src/index.crates.io-6f17d22bba15001f/signature-1.6.4/src/signer.rs:15:8
[INFO] [stdout]     |
[INFO] [stdout] 15  |     fn sign(&self, msg: &[u8]) -> S {
[INFO] [stdout]     |        ---- the method is available for `ed25519_dalek::Keypair` here
[INFO] [stdout]     |
[INFO] [stdout]     = help: items from traits can only be used if the trait is in scope
[INFO] [stdout] help: the following trait is implemented but not in scope; perhaps add a `use` for it:
[INFO] [stdout]     |
[INFO] [stdout] 22  + use ed25519_dalek::Signer;
[INFO] [stdout]     |
[INFO] [stdout] 
[INFO] [stdout] 
[INFO] [stdout] error[E0599]: no method named `verify` found for struct `ed25519_dalek::PublicKey` in the current scope
[INFO] [stdout]    --> /opt/rustwide/cargo-home/registry/src/index.crates.io-6f17d22bba15001f/sp-core-2.0.0-rc4/src/ed25519.rs:521:20
[INFO] [stdout]     |
[INFO] [stdout] 521 |         match public_key.verify(message.as_ref(), &sig) {
[INFO] [stdout]     |                          ^^^^^^ this is an associated function, not a method
[INFO] [stdout]     |
[INFO] [stdout]    ::: /opt/rustwide/cargo-home/registry/src/index.crates.io-6f17d22bba15001f/signature-1.6.4/src/verifier.rs:14:8
[INFO] [stdout]     |
[INFO] [stdout] 14  |     fn verify(&self, msg: &[u8], signature: &S) -> Result<(), Error>;
[INFO] [stdout]     |        ------ the method is available for `ed25519_dalek::PublicKey` here
[INFO] [stdout]     |
[INFO] [stdout]     = note: found the following associated functions; to be used as methods, functions must have a `self` parameter
[INFO] [stdout] note: the candidate is defined in the trait `crypto::Pair`
[INFO] [stdout]    --> /opt/rustwide/cargo-home/registry/src/index.crates.io-6f17d22bba15001f/sp-core-2.0.0-rc4/src/crypto.rs:821:2
[INFO] [stdout]     |
[INFO] [stdout] 821 |     fn verify<M: AsRef<[u8]>>(sig: &Self::Signature, message: M, pubkey: &Self::Public) -> bool;
[INFO] [stdout]     |     ^^^^^^^^^^^^^^^^^^^^^^^^^^^^^^^^^^^^^^^^^^^^^^^^^^^^^^^^^^^^^^^^^^^^^^^^^^^^^^^^^^^^^^^^^^^^
[INFO] [stdout]     = help: items from traits can only be used if the trait is in scope
[INFO] [stdout] help: use associated function syntax instead
[INFO] [stdout]     |
[INFO] [stdout] 521 |         match ed25519_dalek::PublicKey::verify(message.as_ref(), &sig) {
[INFO] [stdout]     |               ~~~~~~~~~~~~~~~~~~~~~~~~~~~~~~~~~~~~~~~~~~~~~~~~~~~~~~~~
[INFO] [stdout] help: the following trait is implemented but not in scope; perhaps add a `use` for it:
[INFO] [stdout]     |
[INFO] [stdout] 22  + use ed25519_dalek::Verifier;
[INFO] [stdout]     |
[INFO] [stdout] 
[INFO] [stdout] 
[INFO] [stderr]     Checking impl-serde v0.2.3
[INFO] [stdout] error: aborting due to 2 previous errors
[INFO] [stdout] 
[INFO] [stdout] 
[INFO] [stdout] For more information about this error, try `rustc --explain E0599`.
[INFO] [stdout] 
[INFO] [stderr] error: could not compile `sp-core` (lib) due to 3 previous errors
[INFO] [stderr] warning: build failed, waiting for other jobs to finish...
[INFO] running `Command { std: "docker" "inspect" "f9fd45468a54bcd70a25b6ac0816c4c0b05c3500a0e4adb3144b3c8328c987fa", kill_on_drop: false }`
[INFO] running `Command { std: "docker" "rm" "-f" "f9fd45468a54bcd70a25b6ac0816c4c0b05c3500a0e4adb3144b3c8328c987fa", kill_on_drop: false }`
[INFO] [stdout] f9fd45468a54bcd70a25b6ac0816c4c0b05c3500a0e4adb3144b3c8328c987fa
[INFO] documenting sc-client-0.8.0-alpha.6 against beta-2023-12-22 for beta-1.76-rustdoc-1
[INFO] extracting crate sc-client 0.8.0-alpha.6 into /workspace/builds/worker-2-tc2/source
[INFO] validating manifest of crates.io crate sc-client 0.8.0-alpha.6 on toolchain beta-2023-12-22
[INFO] running `Command { std: CARGO_HOME="/workspace/cargo-home" RUSTUP_HOME="/workspace/rustup-home" "/workspace/cargo-home/bin/cargo" "+beta-2023-12-22" "metadata" "--manifest-path" "Cargo.toml" "--no-deps", kill_on_drop: false }`
[INFO] started tweaking crates.io crate sc-client 0.8.0-alpha.6
[INFO] finished tweaking crates.io crate sc-client 0.8.0-alpha.6
[INFO] tweaked toml for crates.io crate sc-client 0.8.0-alpha.6 written to /workspace/builds/worker-2-tc2/source/Cargo.toml
[INFO] running `Command { std: CARGO_HOME="/workspace/cargo-home" RUSTUP_HOME="/workspace/rustup-home" "/workspace/cargo-home/bin/cargo" "+beta-2023-12-22" "generate-lockfile" "--manifest-path" "Cargo.toml", kill_on_drop: false }`
[INFO] [stderr]     Updating crates.io index
[INFO] running `Command { std: CARGO_HOME="/workspace/cargo-home" RUSTUP_HOME="/workspace/rustup-home" "/workspace/cargo-home/bin/cargo" "+beta-2023-12-22" "fetch" "--manifest-path" "Cargo.toml", kill_on_drop: false }`
[INFO] running `Command { std: "docker" "create" "-v" "/var/lib/crater-agent-workspace/builds/worker-2-tc2/target:/opt/rustwide/target:rw,Z" "-v" "/var/lib/crater-agent-workspace/builds/worker-2-tc2/source:/opt/rustwide/workdir:ro,Z" "-v" "/var/lib/crater-agent-workspace/cargo-home:/opt/rustwide/cargo-home:ro,Z" "-v" "/var/lib/crater-agent-workspace/rustup-home:/opt/rustwide/rustup-home:ro,Z" "-e" "SOURCE_DIR=/opt/rustwide/workdir" "-e" "CARGO_TARGET_DIR=/opt/rustwide/target" "-e" "CARGO_HOME=/opt/rustwide/cargo-home" "-e" "RUSTUP_HOME=/opt/rustwide/rustup-home" "-w" "/opt/rustwide/workdir" "-m" "1610612736" "--user" "0:0" "--network" "none" "ghcr.io/rust-lang/crates-build-env/linux@sha256:2788e3201cd34a07e3172128adcd8b3090168a8e3bcc40d7c032b9dda1df7d1c" "/opt/rustwide/cargo-home/bin/cargo" "+beta-2023-12-22" "metadata" "--no-deps" "--format-version=1", kill_on_drop: false }`
[INFO] [stdout] c74c668aed3009b2cb7e61c277dadbf4140d13db4d4dba3cf959319102d2670a
[INFO] running `Command { std: "docker" "start" "-a" "c74c668aed3009b2cb7e61c277dadbf4140d13db4d4dba3cf959319102d2670a", kill_on_drop: false }`
[INFO] running `Command { std: "docker" "inspect" "c74c668aed3009b2cb7e61c277dadbf4140d13db4d4dba3cf959319102d2670a", kill_on_drop: false }`
[INFO] running `Command { std: "docker" "rm" "-f" "c74c668aed3009b2cb7e61c277dadbf4140d13db4d4dba3cf959319102d2670a", kill_on_drop: false }`
[INFO] [stdout] c74c668aed3009b2cb7e61c277dadbf4140d13db4d4dba3cf959319102d2670a
[INFO] running `Command { std: "docker" "create" "-v" "/var/lib/crater-agent-workspace/builds/worker-2-tc2/target:/opt/rustwide/target:rw,Z" "-v" "/var/lib/crater-agent-workspace/builds/worker-2-tc2/source:/opt/rustwide/workdir:ro,Z" "-v" "/var/lib/crater-agent-workspace/cargo-home:/opt/rustwide/cargo-home:ro,Z" "-v" "/var/lib/crater-agent-workspace/rustup-home:/opt/rustwide/rustup-home:ro,Z" "-e" "SOURCE_DIR=/opt/rustwide/workdir" "-e" "CARGO_TARGET_DIR=/opt/rustwide/target" "-e" "CARGO_INCREMENTAL=0" "-e" "RUST_BACKTRACE=full" "-e" "RUSTFLAGS=--cap-lints=warn" "-e" "RUSTDOCFLAGS=--cap-lints=warn" "-e" "CARGO_HOME=/opt/rustwide/cargo-home" "-e" "RUSTUP_HOME=/opt/rustwide/rustup-home" "-w" "/opt/rustwide/workdir" "-m" "1610612736" "--user" "0:0" "--network" "none" "ghcr.io/rust-lang/crates-build-env/linux@sha256:2788e3201cd34a07e3172128adcd8b3090168a8e3bcc40d7c032b9dda1df7d1c" "/opt/rustwide/cargo-home/bin/cargo" "+beta-2023-12-22" "doc" "--frozen" "--no-deps" "--document-private-items" "--message-format=json", kill_on_drop: false }`
[INFO] [stdout] 150ecf8ebc90c391297f54b0376ec22d97c3ba5988ef7a45aa474e93a100be10
[INFO] running `Command { std: "docker" "start" "-a" "150ecf8ebc90c391297f54b0376ec22d97c3ba5988ef7a45aa474e93a100be10", kill_on_drop: false }`
[INFO] [stderr]    Compiling libc v0.2.151
[INFO] [stderr]    Compiling syn v1.0.109
[INFO] [stderr]    Compiling parking_lot_core v0.9.9
[INFO] [stderr]     Checking smallvec v1.11.2
[INFO] [stderr]    Compiling proc-macro2 v1.0.76
[INFO] [stderr]     Checking memchr v2.7.1
[INFO] [stderr]    Compiling typenum v1.17.0
[INFO] [stderr]     Checking futures-core v0.3.30
[INFO] [stderr]     Checking value-bag v1.4.3
[INFO] [stderr]     Checking futures-io v0.3.30
[INFO] [stderr]    Compiling getrandom v0.1.16
[INFO] [stderr]     Checking log v0.4.20
[INFO] [stderr]    Compiling slab v0.4.9
[INFO] [stderr]     Checking byteorder v1.5.0
[INFO] [stderr]    Compiling crunchy v0.2.2
[INFO] [stderr]     Checking arrayvec v0.5.2
[INFO] [stderr]     Checking ppv-lite86 v0.2.17
[INFO] [stderr]    Compiling quote v1.0.35
[INFO] [stderr]    Compiling generic-array v0.14.7
[INFO] [stderr]     Checking either v1.9.0
[INFO] [stderr]     Checking futures-sink v0.3.30
[INFO] [stderr]     Checking pin-utils v0.1.0
[INFO] [stderr]     Checking scopeguard v1.2.0
[INFO] [stderr]     Checking futures-channel v0.3.30
[INFO] [stderr]    Compiling syn v2.0.48
[INFO] [stderr]     Checking generic-array v0.12.4
[INFO] [stderr]     Checking futures v0.1.31
[INFO] [stderr]     Checking futures-task v0.3.30
[INFO] [stderr]     Checking static_assertions v1.1.0
[INFO] [stderr]     Checking digest v0.9.0
[INFO] [stderr]     Checking block-padding v0.2.1
[INFO] [stderr]     Checking subtle v2.4.1
[INFO] [stderr]     Checking block-buffer v0.9.0
[INFO] [stderr]     Checking digest v0.8.1
[INFO] [stderr]     Checking opaque-debug v0.3.0
[INFO] [stderr]     Checking byte-tools v0.3.1
[INFO] [stderr]     Checking cpufeatures v0.2.12
[INFO] [stderr]     Checking arrayref v0.3.7
[INFO] [stderr]     Checking block-padding v0.1.5
[INFO] [stderr]     Checking lock_api v0.3.4
[INFO] [stderr]     Checking num_cpus v1.16.0
[INFO] [stderr]     Checking parking_lot_core v0.7.3
[INFO] [stderr]     Checking once_cell v1.19.0
[INFO] [stderr]     Checking rand_core v0.5.1
[INFO] [stderr]     Checking tinyvec_macros v0.1.1
[INFO] [stderr]     Checking subtle v1.0.0
[INFO] [stderr]     Checking tracing-core v0.1.32
[INFO] [stderr]    Compiling cc v1.0.83
[INFO] [stderr]     Checking rand_pcg v0.2.1
[INFO] [stderr]     Checking rand_chacha v0.2.2
[INFO] [stderr]     Checking keccak v0.1.4
[INFO] [stderr]     Checking rand v0.7.3
[INFO] [stderr]     Checking crypto-mac v0.7.0
[INFO] [stderr]     Checking parking_lot v0.10.2
[INFO] [stderr]     Checking tinyvec v1.6.0
[INFO] [stderr]     Checking block-buffer v0.7.3
[INFO] [stderr]     Checking constant_time_eq v0.1.5
[INFO] [stderr]     Checking opaque-debug v0.2.3
[INFO] [stderr]     Checking fake-simd v0.1.2
[INFO] [stderr]     Checking sha2 v0.9.9
[INFO] [stderr]     Checking radium v0.3.0
[INFO] [stderr]     Checking sha2 v0.8.2
[INFO] [stderr]     Checking hmac v0.7.1
[INFO] [stderr]     Checking bitvec v0.17.4
[INFO] [stderr]     Checking byte-slice-cast v0.3.5
[INFO] [stderr]     Checking signature v1.6.4
[INFO] [stderr]     Checking itoa v1.0.10
[INFO] [stderr]     Checking ed25519 v1.5.3
[INFO] [stderr]     Checking hmac-drbg v0.2.0
[INFO] [stderr]    Compiling rustix v0.38.28
[INFO] [stderr]     Checking libsecp256k1 v0.3.5
[INFO] [stderr]     Checking unicode-normalization v0.1.22
[INFO] [stderr]    Compiling unicode-xid v0.2.4
[INFO] [stderr]    Compiling tiny-keccak v2.0.2
[INFO] [stderr]     Checking rustc-hex v2.1.0
[INFO] [stderr]     Checking aho-corasick v1.1.2
[INFO] [stderr]    Compiling indexmap v1.9.3
[INFO] [stderr]    Compiling serde_json v1.0.111
[INFO] [stderr]     Checking regex-syntax v0.8.2
[INFO] [stderr]     Checking fixed-hash v0.6.1
[INFO] [stderr]     Checking uint v0.8.5
[INFO] [stderr]    Compiling num-integer v0.1.45
[INFO] [stderr]    Compiling anyhow v1.0.79
[INFO] [stderr]     Checking ryu v1.0.16
[INFO] [stderr]    Compiling ring v0.16.20
[INFO] [stderr]    Compiling num-bigint v0.2.6
[INFO] [stderr]    Compiling crossbeam-utils v0.8.18
[INFO] [stderr]     Checking sp-std v2.0.1
[INFO] [stderr]    Compiling parity-util-mem v0.6.1
[INFO] [stderr]    Compiling arrayvec v0.4.12
[INFO] [stderr]    Compiling itertools v0.8.2
[INFO] [stderr]     Checking regex-automata v0.4.3
[INFO] [stderr]    Compiling backtrace v0.3.69
[INFO] [stderr]    Compiling num-rational v0.2.4
[INFO] [stderr]     Checking fnv v1.0.7
[INFO] [stderr]    Compiling synstructure v0.12.6
[INFO] [stderr]     Checking adler v1.0.2
[INFO] [stderr]     Checking bytes v0.5.6
[INFO] [stderr]    Compiling unicode-segmentation v1.10.1
[INFO] [stderr]     Checking regex-syntax v0.6.29
[INFO] [stderr]     Checking regex v1.10.2
[INFO] [stderr]    Compiling ref-cast v1.0.22
[INFO] [stderr]     Checking gimli v0.28.1
[INFO] [stderr]    Compiling heck v0.3.3
[INFO] [stderr]     Checking miniz_oxide v0.7.1
[INFO] [stderr]    Compiling serde_derive v1.0.195
[INFO] [stderr]    Compiling futures-macro v0.3.30
[INFO] [stderr]    Compiling tracing-attributes v0.1.27
[INFO] [stderr]    Compiling zeroize_derive v1.4.2
[INFO] [stderr]     Checking regex-automata v0.1.10
[INFO] [stderr]    Compiling impl-trait-for-tuples v0.1.3
[INFO] [stderr]     Checking futures-util v0.3.30
[INFO] [stderr]     Checking zeroize v1.3.0
[INFO] [stderr]    Compiling parity-util-mem-derive v0.1.0
[INFO] [stderr]     Checking curve25519-dalek v3.2.1
[INFO] [stderr]     Checking addr2line v0.21.0
[INFO] [stderr]    Compiling sp-debug-derive v2.0.1
[INFO] [stderr]    Compiling prost-derive v0.6.1
[INFO] [stderr]    Compiling ref-cast-impl v1.0.22
[INFO] [stderr]     Checking tracing v0.1.40
[INFO] [stderr]     Checking getrandom v0.2.11
[INFO] [stderr]     Checking object v0.32.2
[INFO] [stderr]    Compiling failure_derive v0.1.8
[INFO] [stderr]     Checking parity-wasm v0.41.0
[INFO] [stderr]     Checking iana-time-zone v0.1.59
[INFO] [stderr]     Checking parking v2.2.0
[INFO] [stderr]     Checking rustc-demangle v0.1.23
[INFO] [stderr]     Checking futures-executor v0.3.30
[INFO] [stderr]     Checking chrono v0.4.31
[INFO] [stderr]     Checking futures v0.3.30
[INFO] [stderr]     Checking rand_core v0.6.4
[INFO] [stderr]     Checking serde v1.0.195
[INFO] [stderr]     Checking wasmi-validation v0.3.0
[INFO] [stderr]     Checking concurrent-queue v2.4.0
[INFO] [stderr]     Checking matchers v0.0.1
[INFO] [stderr]     Checking tracing-log v0.1.4
[INFO] [stderr]    Compiling which v3.1.1
[INFO] [stderr]     Checking thread_local v1.1.7
[INFO] [stderr]     Checking crypto-mac v0.11.1
[INFO] [stderr]     Checking sharded-slab v0.1.7
[INFO] [stderr]    Compiling linux-raw-sys v0.4.12
[INFO] [stderr]     Checking untrusted v0.7.1
[INFO] [stderr]     Checking hash-db v0.15.2
[INFO] [stderr]    Compiling hashbrown v0.12.3
[INFO] [stderr]     Checking ansi_term v0.12.1
[INFO] [stderr]     Checking memory_units v0.3.0
[INFO] [stderr]     Checking spin v0.5.2
[INFO] [stderr]     Checking wasmi v0.6.2
[INFO] [stderr]    Compiling prost v0.6.1
[INFO] [stderr]    Compiling Inflector v0.11.4
[INFO] [stderr]    Compiling prost-build v0.6.1
[INFO] [stderr]     Checking rand_chacha v0.3.1
[INFO] [stderr]     Checking merlin v2.0.1
[INFO] [stderr]     Checking curve25519-dalek v2.1.3
[INFO] [stderr]    Compiling pin-project-internal v1.1.3
[INFO] [stderr]     Checking ed25519-dalek v1.0.1
[INFO] [stderr]     Checking impl-serde v0.3.2
[INFO] [stderr]    Compiling toml v0.5.11
[INFO] [stderr]     Checking tracing-serde v0.1.3
[INFO] [stderr]    Compiling fixedbitset v0.2.0
[INFO] [stderr]     Checking environmental v1.1.4
[INFO] [stderr]     Checking nodrop v0.1.14
[INFO] [stderr]    Compiling convert_case v0.4.0
[INFO] [stderr]    Compiling petgraph v0.5.1
[INFO] [stderr]     Checking failure v0.1.8
[INFO] [stderr]     Checking schnorrkel v0.9.1
[INFO] [stderr]    Compiling const-random-macro v0.1.16
[INFO] [stderr]    Compiling derive_more v0.99.17
[INFO] [stderr]     Checking rand v0.8.5
[INFO] [stderr]    Compiling prost-types v0.6.1
[INFO] [stderr]     Checking tracing-subscriber v0.2.25
[INFO] [stderr]     Checking pbkdf2 v0.8.0
[INFO] [stderr]     Checking hmac v0.11.0
[INFO] [stderr]    Compiling proc-macro-crate v0.1.5
[INFO] [stderr]     Checking pbkdf2 v0.3.0
[INFO] [stderr]     Checking pin-project v1.1.3
[INFO] [stderr]    Compiling autocfg v0.1.8
[INFO] [stderr]    Compiling multimap v0.8.3
[INFO] [stderr]     Checking rustc-hash v1.1.0
[INFO] [stderr]    Compiling thiserror v1.0.56
[INFO] [stderr]     Checking tiny-bip39 v0.7.3
[INFO] [stderr]    Compiling hashbrown v0.6.3
[INFO] [stderr]     Checking twox-hash v1.6.3
[INFO] [stderr]     Checking substrate-bip39 v0.4.5
[INFO] [stderr]     Checking const-random v0.1.17
[INFO] [stderr]     Checking blake2-rfc v0.2.18
[INFO] [stderr]    Compiling thiserror-impl v1.0.56
[INFO] [stderr]     Checking hash256-std-hasher v0.15.2
[INFO] [stderr]    Compiling pin-project-internal v0.4.30
[INFO] [stderr]    Compiling parity-scale-codec-derive v1.2.3
[INFO] [stderr]    Compiling sp-runtime-interface-proc-macro v2.0.1
[INFO] [stderr]    Compiling tempfile v3.9.0
[INFO] [stderr]     Checking hex v0.4.3
[INFO] [stderr]     Checking base58 v0.1.0
[INFO] [stderr]     Checking ahash v0.2.19
[INFO] [stderr]     Checking event-listener v4.0.3
[INFO] [stderr]     Checking sha-1 v0.9.8
[INFO] [stderr]     Checking percent-encoding v2.3.1
[INFO] [stderr]     Checking unsigned-varint v0.5.1
[INFO] [stderr]     Checking unicode-bidi v0.3.14
[INFO] [stderr]     Checking form_urlencoded v1.2.1
[INFO] [stderr]     Checking event-listener-strategy v0.4.0
[INFO] [stderr]     Checking idna v0.5.0
[INFO] [stderr]     Checking blake2s_simd v0.5.11
[INFO] [stderr]     Checking blake2b_simd v0.5.11
[INFO] [stderr]     Checking sha3 v0.9.1
[INFO] [stderr]     Checking fastrand v2.0.1
[INFO] [stderr]     Checking url v2.5.0
[INFO] [stderr]    Compiling asn1_der_derive v0.1.2
[INFO] [stderr]    Compiling lock_api v0.4.11
[INFO] [stderr]     Checking parity-scale-codec v1.3.7
[INFO] [stderr]     Checking multihash v0.11.4
[INFO] [stderr]     Checking bs58 v0.4.0
[INFO] [stderr]    Compiling proc-macro-hack v0.5.20+deprecated
[INFO] [stderr]     Checking futures-timer v3.0.2
[INFO] [stderr]    Compiling parking_lot_core v0.8.6
[INFO] [stderr]     Checking data-encoding v2.5.0
[INFO] [stderr]     Checking asn1_der v0.6.3
[INFO] [stderr]     Checking futures-lite v2.2.0
[INFO] [stderr]     Checking async-lock v3.2.0
[INFO] [stderr]     Checking multistream-select v0.8.5
[INFO] [stderr]     Checking parity-multiaddr v0.9.7
[INFO] [stderr]     Checking instant v0.1.12
[INFO] [stderr]     Checking unsigned-varint v0.4.0
[INFO] [stderr]     Checking bs58 v0.3.1
[INFO] [stderr]     Checking bitflags v2.4.1
[INFO] [stderr]     Checking pin-project v0.4.30
[INFO] [stderr]     Checking rw-stream-sink v0.2.1
[INFO] [stderr]     Checking trie-db v0.21.0
[INFO] [stderr]     Checking trie-root v0.16.0
[INFO] [stderr]    Compiling io-lifetimes v1.0.11
[INFO] [stderr]     Checking sp-panic-handler v2.0.1
[INFO] [stderr]     Checking parking_lot v0.11.2
[INFO] [stderr]     Checking itertools v0.9.0
[INFO] [stderr]    Compiling polling v2.8.0
[INFO] [stderr]     Checking event-listener v2.5.3
[INFO] [stderr]     Checking pin-project-lite v0.1.12
[INFO] [stderr]    Compiling rustix v0.37.27
[INFO] [stderr]    Compiling async-io v1.13.0
[INFO] [stderr]    Compiling httparse v1.8.0
[INFO] [stderr]    Compiling wasm-bindgen-shared v0.2.89
[INFO] [stderr]     Checking async-task v4.7.0
[INFO] [stderr]     Checking waker-fn v1.1.1
[INFO] [stderr]     Checking fastrand v1.9.0
[INFO] [stderr]     Checking atomic-waker v1.1.2
[INFO] [stderr]     Checking linux-raw-sys v0.3.8
[INFO] [stderr]     Checking piper v0.2.1
[INFO] [stderr]     Checking futures-lite v1.13.0
[INFO] [stderr]    Compiling paste-impl v0.1.18
[INFO] [stderr]     Checking async-lock v2.8.0
[INFO] [stderr]     Checking async-channel v2.1.1
[INFO] [stderr]     Checking integer-sqrt v0.1.5
[INFO] [stderr]     Checking signal-hook-registry v1.4.1
[INFO] [stderr]     Checking socket2 v0.4.10
[INFO] [stderr]     Checking blocking v1.5.1
[INFO] [stderr]     Checking async-executor v1.8.0
[INFO] [stderr]    Compiling libp2p-core v0.22.1
[INFO] [stderr]     Checking event-listener v3.1.0
[INFO] [stderr]     Checking paste v0.1.18
[INFO] [stderr]    Compiling bumpalo v3.14.0
[INFO] [stderr]     Checking async-channel v1.9.0
[INFO] [stderr]     Checking wasm-timer v0.2.5
[INFO] [stderr]     Checking kv-log-macro v1.0.7
[INFO] [stderr]    Compiling wasm-bindgen-backend v0.2.89
[INFO] [stderr]     Checking bytes v1.5.0
[INFO] [stderr]     Checking impl-codec v0.4.2
[INFO] [stderr]     Checking sp-storage v2.0.1
[INFO] [stderr]     Checking sp-tracing v2.0.1
[INFO] [stderr]     Checking primitive-types v0.7.3
[INFO] [stderr]     Checking sp-externalities v0.8.1
[INFO] [stderr]     Checking sp-wasm-interface v2.0.1
[INFO] [stderr]     Checking sp-arithmetic v2.0.1
[INFO] [stderr]    Compiling pkg-config v0.3.28
[INFO] [stderr]    Compiling vcpkg v0.2.15
[INFO] [stderr]     Checking http v0.2.11
[INFO] [stderr]     Checking sp-runtime-interface v2.0.1
[INFO] [stderr]     Checking memory-db v0.21.0
[INFO] [stderr]    Compiling wasm-bindgen-macro-support v0.2.89
[INFO] [stderr]     Checking tokio v0.2.25
[INFO] [stderr]     Checking sp-core v2.0.0-rc4
[INFO] [stderr]    Compiling libz-sys v1.1.12
[INFO] [stderr]    Compiling libp2p-core v0.19.2
[INFO] [stderr]     Checking impl-serde v0.2.3
[INFO] [stderr]     Checking webpki v0.21.4
[INFO] [stderr]    Compiling crc32fast v1.3.2
[INFO] [stderr]    Compiling wasm-bindgen v0.2.89
[INFO] [stderr]     Checking polling v3.3.1
[INFO] [stderr]    Compiling prometheus v0.10.0
[INFO] [stdout] error[E0599]: no method named `sign` found for struct `ed25519_dalek::Keypair` in the current scope
[INFO] [stdout]    --> /opt/rustwide/cargo-home/registry/src/index.crates.io-6f17d22bba15001f/sp-core-2.0.0-rc4/src/ed25519.rs:497:18
[INFO] [stdout]     |
[INFO] [stdout] 497 |         let r = self.0.sign(message).to_bytes();
[INFO] [stdout]     |                        ^^^^ method not found in `Keypair`
[INFO] [stdout]     |
[INFO] [stdout]    ::: /opt/rustwide/cargo-home/registry/src/index.crates.io-6f17d22bba15001f/signature-1.6.4/src/signer.rs:15:8
[INFO] [stdout]     |
[INFO] [stdout] 15  |     fn sign(&self, msg: &[u8]) -> S {
[INFO] [stdout]     |        ---- the method is available for `ed25519_dalek::Keypair` here
[INFO] [stdout]     |
[INFO] [stdout]     = help: items from traits can only be used if the trait is in scope
[INFO] [stdout] help: the following trait is implemented but not in scope; perhaps add a `use` for it:
[INFO] [stdout]     |
[INFO] [stdout] 22  + use ed25519_dalek::Signer;
[INFO] [stdout]     |
[INFO] [stdout] 
[INFO] [stdout] 
[INFO] [stdout] error[E0599]: no method named `verify` found for struct `ed25519_dalek::PublicKey` in the current scope
[INFO] [stdout]    --> /opt/rustwide/cargo-home/registry/src/index.crates.io-6f17d22bba15001f/sp-core-2.0.0-rc4/src/ed25519.rs:521:20
[INFO] [stdout]     |
[INFO] [stdout] 521 |         match public_key.verify(message.as_ref(), &sig) {
[INFO] [stdout]     |                          ^^^^^^ this is an associated function, not a method
[INFO] [stdout]     |
[INFO] [stdout]    ::: /opt/rustwide/cargo-home/registry/src/index.crates.io-6f17d22bba15001f/signature-1.6.4/src/verifier.rs:14:8
[INFO] [stdout]     |
[INFO] [stdout] 14  |     fn verify(&self, msg: &[u8], signature: &S) -> Result<(), Error>;
[INFO] [stdout]     |        ------ the method is available for `ed25519_dalek::PublicKey` here
[INFO] [stdout]     |
[INFO] [stdout]     = note: found the following associated functions; to be used as methods, functions must have a `self` parameter
[INFO] [stdout] note: the candidate is defined in the trait `crypto::Pair`
[INFO] [stdout]    --> /opt/rustwide/cargo-home/registry/src/index.crates.io-6f17d22bba15001f/sp-core-2.0.0-rc4/src/crypto.rs:821:2
[INFO] [stdout]     |
[INFO] [stdout] 821 |     fn verify<M: AsRef<[u8]>>(sig: &Self::Signature, message: M, pubkey: &Self::Public) -> bool;
[INFO] [stdout]     |     ^^^^^^^^^^^^^^^^^^^^^^^^^^^^^^^^^^^^^^^^^^^^^^^^^^^^^^^^^^^^^^^^^^^^^^^^^^^^^^^^^^^^^^^^^^^^
[INFO] [stdout]     = help: items from traits can only be used if the trait is in scope
[INFO] [stdout] help: use associated function syntax instead
[INFO] [stdout]     |
[INFO] [stdout] 521 |         match ed25519_dalek::PublicKey::verify(message.as_ref(), &sig) {
[INFO] [stdout]     |               ~~~~~~~~~~~~~~~~~~~~~~~~~~~~~~~~~~~~~~~~~~~~~~~~~~~~~~~~
[INFO] [stdout] help: the following trait is implemented but not in scope; perhaps add a `use` for it:
[INFO] [stdout]     |
[INFO] [stdout] 22  + use ed25519_dalek::Verifier;
[INFO] [stdout]     |
[INFO] [stdout] 
[INFO] [stdout] 
[INFO] [stderr]     Checking async-io v2.2.2
[INFO] [stdout] error: aborting due to 2 previous errors
[INFO] [stdout] 
[INFO] [stdout] 
[INFO] [stdout] For more information about this error, try `rustc --explain E0599`.
[INFO] [stdout] 
[INFO] [stderr] error: could not compile `sp-core` (lib) due to 3 previous errors
[INFO] [stderr] warning: build failed, waiting for other jobs to finish...
[INFO] running `Command { std: "docker" "inspect" "150ecf8ebc90c391297f54b0376ec22d97c3ba5988ef7a45aa474e93a100be10", kill_on_drop: false }`
[INFO] running `Command { std: "docker" "rm" "-f" "150ecf8ebc90c391297f54b0376ec22d97c3ba5988ef7a45aa474e93a100be10", kill_on_drop: false }`
[INFO] [stdout] 150ecf8ebc90c391297f54b0376ec22d97c3ba5988ef7a45aa474e93a100be10
