[INFO] fetching crate rusk-vm 0.12.0-rc.0...
[INFO] documenting rusk-vm-0.12.0-rc.0 against 1.75.0 for beta-1.76-rustdoc-1
[INFO] extracting crate rusk-vm 0.12.0-rc.0 into /workspace/builds/worker-3-tc1/source
[INFO] validating manifest of crates.io crate rusk-vm 0.12.0-rc.0 on toolchain 1.75.0
[INFO] running `Command { std: CARGO_HOME="/workspace/cargo-home" RUSTUP_HOME="/workspace/rustup-home" "/workspace/cargo-home/bin/cargo" "+1.75.0" "metadata" "--manifest-path" "Cargo.toml" "--no-deps", kill_on_drop: false }`
[INFO] removed /workspace/builds/worker-3-tc1/source/.cargo/config
[INFO] removed /workspace/builds/worker-3-tc1/source/rust-toolchain
[INFO] started tweaking crates.io crate rusk-vm 0.12.0-rc.0
[INFO] finished tweaking crates.io crate rusk-vm 0.12.0-rc.0
[INFO] tweaked toml for crates.io crate rusk-vm 0.12.0-rc.0 written to /workspace/builds/worker-3-tc1/source/Cargo.toml
[INFO] running `Command { std: CARGO_HOME="/workspace/cargo-home" RUSTUP_HOME="/workspace/rustup-home" "/workspace/cargo-home/bin/cargo" "+1.75.0" "generate-lockfile" "--manifest-path" "Cargo.toml", kill_on_drop: false }`
[INFO] [stderr]     Updating crates.io index
[INFO] running `Command { std: CARGO_HOME="/workspace/cargo-home" RUSTUP_HOME="/workspace/rustup-home" "/workspace/cargo-home/bin/cargo" "+1.75.0" "fetch" "--manifest-path" "Cargo.toml", kill_on_drop: false }`
[INFO] [stderr]  Downloading crates ...
[INFO] [stderr]   Downloaded dynasmrt v1.2.3
[INFO] [stderr]   Downloaded dusk-varint v0.1.0
[INFO] [stderr]   Downloaded dusk-bytes v0.1.7
[INFO] [stderr]   Downloaded parking_lot v0.7.1
[INFO] [stderr]   Downloaded parking_lot_core v0.4.0
[INFO] [stderr]   Downloaded seahash v3.0.7
[INFO] [stderr]   Downloaded wasmer-middlewares v2.3.0
[INFO] [stderr]   Downloaded cached_proc_macro v0.7.1
[INFO] [stderr]   Downloaded derive-hex v0.1.2
[INFO] [stderr]   Downloaded async-rwlock v1.3.0
[INFO] [stderr]   Downloaded blake2b_simd v0.3.1
[INFO] [stderr]   Downloaded canonical_derive v0.7.0
[INFO] [stderr]   Downloaded wasmparser v0.81.0
[INFO] [stderr]   Downloaded dynasm v1.2.3
[INFO] [stderr]   Downloaded wasmer-compiler-singlepass v2.3.0
[INFO] [stderr]   Downloaded dusk-bls12_381 v0.9.0
[INFO] [stderr]   Downloaded cached v0.26.2
[INFO] [stderr]   Downloaded dusk-hamt v0.10.0-rc.0
[INFO] [stderr]   Downloaded dusk-abi v0.11.0
[INFO] [stderr]   Downloaded canonical v0.7.1
[INFO] [stderr]   Downloaded appendix v0.2.2
[INFO] [stderr]   Downloaded microkelvin v0.15.0-rc.1
[INFO] running `Command { std: "docker" "create" "-v" "/var/lib/crater-agent-workspace/builds/worker-3-tc1/target:/opt/rustwide/target:rw,Z" "-v" "/var/lib/crater-agent-workspace/builds/worker-3-tc1/source:/opt/rustwide/workdir:ro,Z" "-v" "/var/lib/crater-agent-workspace/cargo-home:/opt/rustwide/cargo-home:ro,Z" "-v" "/var/lib/crater-agent-workspace/rustup-home:/opt/rustwide/rustup-home:ro,Z" "-e" "SOURCE_DIR=/opt/rustwide/workdir" "-e" "CARGO_TARGET_DIR=/opt/rustwide/target" "-e" "CARGO_HOME=/opt/rustwide/cargo-home" "-e" "RUSTUP_HOME=/opt/rustwide/rustup-home" "-w" "/opt/rustwide/workdir" "-m" "1610612736" "--user" "0:0" "--network" "none" "ghcr.io/rust-lang/crates-build-env/linux@sha256:2788e3201cd34a07e3172128adcd8b3090168a8e3bcc40d7c032b9dda1df7d1c" "/opt/rustwide/cargo-home/bin/cargo" "+1.75.0" "metadata" "--no-deps" "--format-version=1", kill_on_drop: false }`
[INFO] [stdout] 8d92dbde42088e1aa5cb826d914544023387a443c101a3915865da5ce283ad8b
[INFO] running `Command { std: "docker" "start" "-a" "8d92dbde42088e1aa5cb826d914544023387a443c101a3915865da5ce283ad8b", kill_on_drop: false }`
[INFO] running `Command { std: "docker" "inspect" "8d92dbde42088e1aa5cb826d914544023387a443c101a3915865da5ce283ad8b", kill_on_drop: false }`
[INFO] running `Command { std: "docker" "rm" "-f" "8d92dbde42088e1aa5cb826d914544023387a443c101a3915865da5ce283ad8b", kill_on_drop: false }`
[INFO] [stdout] 8d92dbde42088e1aa5cb826d914544023387a443c101a3915865da5ce283ad8b
[INFO] running `Command { std: "docker" "create" "-v" "/var/lib/crater-agent-workspace/builds/worker-3-tc1/target:/opt/rustwide/target:rw,Z" "-v" "/var/lib/crater-agent-workspace/builds/worker-3-tc1/source:/opt/rustwide/workdir:ro,Z" "-v" "/var/lib/crater-agent-workspace/cargo-home:/opt/rustwide/cargo-home:ro,Z" "-v" "/var/lib/crater-agent-workspace/rustup-home:/opt/rustwide/rustup-home:ro,Z" "-e" "SOURCE_DIR=/opt/rustwide/workdir" "-e" "CARGO_TARGET_DIR=/opt/rustwide/target" "-e" "CARGO_INCREMENTAL=0" "-e" "RUST_BACKTRACE=full" "-e" "RUSTFLAGS=--cap-lints=warn" "-e" "RUSTDOCFLAGS=--cap-lints=warn" "-e" "CARGO_HOME=/opt/rustwide/cargo-home" "-e" "RUSTUP_HOME=/opt/rustwide/rustup-home" "-w" "/opt/rustwide/workdir" "-m" "1610612736" "--user" "0:0" "--network" "none" "ghcr.io/rust-lang/crates-build-env/linux@sha256:2788e3201cd34a07e3172128adcd8b3090168a8e3bcc40d7c032b9dda1df7d1c" "/opt/rustwide/cargo-home/bin/cargo" "+1.75.0" "doc" "--frozen" "--no-deps" "--document-private-items" "--message-format=json", kill_on_drop: false }`
[INFO] [stdout] 5c149861a4360a8ace859ef260a015be2b4560527a65a1c2ce225c3ea60a54ef
[INFO] running `Command { std: "docker" "start" "-a" "5c149861a4360a8ace859ef260a015be2b4560527a65a1c2ce225c3ea60a54ef", kill_on_drop: false }`
[INFO] [stderr]    Compiling proc-macro2 v1.0.76
[INFO] [stderr]    Compiling syn v1.0.109
[INFO] [stderr]    Compiling fnv v1.0.7
[INFO] [stderr]    Compiling ident_case v1.0.1
[INFO] [stderr]    Compiling serde v1.0.195
[INFO] [stderr]    Compiling target-lexicon v0.12.13
[INFO] [stderr]    Compiling ahash v0.7.7
[INFO] [stderr]    Compiling indexmap v1.9.3
[INFO] [stderr]    Compiling thiserror v1.0.56
[INFO] [stderr]     Checking gimli v0.28.1
[INFO] [stderr]    Compiling rustversion v1.0.14
[INFO] [stderr]     Checking object v0.32.2
[INFO] [stderr]    Compiling rkyv v0.7.43
[INFO] [stderr]    Compiling autocfg v0.1.8
[INFO] [stderr]    Compiling cc v1.0.83
[INFO] [stderr]     Checking rand_core v0.4.2
[INFO] [stderr]     Checking seahash v4.1.0
[INFO] [stderr]     Checking scopeguard v1.2.0
[INFO] [stderr]     Checking stable_deref_trait v1.2.0
[INFO] [stderr]     Checking more-asserts v0.2.2
[INFO] [stderr]     Checking wasmparser v0.83.0
[INFO] [stderr]    Compiling arrayvec v0.4.12
[INFO] [stderr]    Compiling rustix v0.38.28
[INFO] [stderr]     Checking rand_core v0.3.1
[INFO] [stderr]    Compiling byteorder v1.5.0
[INFO] [stderr]    Compiling semver-parser v0.7.0
[INFO] [stderr]    Compiling rand_chacha v0.1.1
[INFO] [stderr]    Compiling rand_pcg v0.1.2
[INFO] [stderr]    Compiling semver v0.9.0
[INFO] [stderr]    Compiling corosensei v0.1.4
[INFO] [stderr]    Compiling memoffset v0.6.5
[INFO] [stderr]     Checking hashbrown v0.12.3
[INFO] [stderr]    Compiling proc-macro-error v1.0.4
[INFO] [stderr]    Compiling lazy_static v1.4.0
[INFO] [stderr]     Checking linux-raw-sys v0.4.12
[INFO] [stderr]    Compiling quote v1.0.35
[INFO] [stderr]    Compiling cranelift-codegen-shared v0.82.3
[INFO] [stderr]    Compiling maybe-uninit v2.0.0
[INFO] [stderr]    Compiling cranelift-codegen-meta v0.82.3
[INFO] [stderr]    Compiling rustc_version v0.2.3
[INFO] [stderr]    Compiling syn v2.0.48
[INFO] [stderr]     Checking crossbeam-epoch v0.9.17
[INFO] [stderr]    Compiling rand v0.6.5
[INFO] [stderr]     Checking memmap2 v0.5.10
[INFO] [stderr]    Compiling crc32fast v1.3.2
[INFO] [stderr]     Checking nodrop v0.1.14
[INFO] [stderr]    Compiling proc-macro-error-attr v1.0.4
[INFO] [stderr]     Checking leb128 v0.2.5
[INFO] [stderr]     Checking fallible-iterator v0.2.0
[INFO] [stderr]    Compiling rayon-core v1.12.0
[INFO] [stderr]     Checking either v1.9.0
[INFO] [stderr]    Compiling smallvec v1.11.2
[INFO] [stderr]    Compiling lock_api v0.4.11
[INFO] [stderr]    Compiling backtrace v0.3.69
[INFO] [stderr]    Compiling parking_lot_core v0.9.9
[INFO] [stderr]     Checking crossbeam-deque v0.8.4
[INFO] [stderr]     Checking region v3.0.0
[INFO] [stderr]    Compiling parking_lot_core v0.4.0
[INFO] [stderr]     Checking hashbrown v0.11.2
[INFO] [stderr]     Checking rand_isaac v0.1.1
[INFO] [stderr]     Checking rand_xorshift v0.1.1
[INFO] [stderr]     Checking rand_hc v0.1.0
[INFO] [stderr]     Checking rand_jitter v0.1.4
[INFO] [stderr]     Checking rand_os v0.1.3
[INFO] [stderr]     Checking rustc-hash v1.1.0
[INFO] [stderr]    Compiling constant_time_eq v0.1.5
[INFO] [stderr]     Checking cranelift-entity v0.82.3
[INFO] [stderr]    Compiling arrayref v0.3.7
[INFO] [stderr]    Compiling parking_lot v0.12.1
[INFO] [stderr]    Compiling blake2b_simd v0.3.1
[INFO] [stderr]     Checking smallvec v0.6.14
[INFO] [stderr]     Checking regalloc v0.0.34
[INFO] [stderr]     Checking owning_ref v0.4.1
[INFO] [stderr]     Checking scopeguard v0.3.3
[INFO] [stderr]     Checking cranelift-bforest v0.82.3
[INFO] [stderr]    Compiling strsim v0.10.0
[INFO] [stderr]    Compiling array-init v2.1.0
[INFO] [stderr]     Checking futures-core v0.3.30
[INFO] [stderr]    Compiling dusk-varint v0.1.0
[INFO] [stderr]     Checking futures-sink v0.3.30
[INFO] [stderr]     Checking rayon v1.8.0
[INFO] [stderr]     Checking lock_api v0.1.5
[INFO] [stderr]     Checking wasm-encoder v0.38.1
[INFO] [stderr]     Checking home v0.5.9
[INFO] [stderr]     Checking futures-channel v0.3.30
[INFO] [stderr]     Checking tempfile v3.9.0
[INFO] [stderr]     Checking unicode-width v0.1.11
[INFO] [stderr]    Compiling wasmer-compiler-cranelift v2.3.0
[INFO] [stderr]     Checking futures-io v0.3.30
[INFO] [stderr]    Compiling anyhow v1.0.79
[INFO] [stderr]     Checking which v4.4.2
[INFO] [stderr]     Checking memmap v0.7.0
[INFO] [stderr]     Checking addr2line v0.21.0
[INFO] [stderr]     Checking libloading v0.7.4
[INFO] [stderr]     Checking seahash v3.0.7
[INFO] [stderr]    Compiling wee_alloc v0.4.5
[INFO] [stderr]    Compiling async-trait v0.1.77
[INFO] [stderr]     Checking async-mutex v1.4.0
[INFO] [stderr]     Checking spin v0.9.8
[INFO] [stderr]    Compiling cached_proc_macro_types v0.1.0
[INFO] [stderr]     Checking parking_lot v0.7.1
[INFO] [stderr]     Checking memory_units v0.4.0
[INFO] [stderr]     Checking async-rwlock v1.3.0
[INFO] [stderr]     Checking wasmparser v0.81.0
[INFO] [stderr]     Checking appendix v0.2.2
[INFO] [stderr]    Compiling cranelift-codegen v0.82.3
[INFO] [stderr]     Checking wast v69.0.1
[INFO] [stderr]    Compiling darling_core v0.20.3
[INFO] [stderr]    Compiling darling_core v0.13.4
[INFO] [stderr]    Compiling synstructure v0.12.6
[INFO] [stderr]    Compiling serde_derive v1.0.195
[INFO] [stderr]    Compiling thiserror-impl v1.0.56
[INFO] [stderr]    Compiling derive_arbitrary v1.3.2
[INFO] [stderr]    Compiling tracing-attributes v0.1.27
[INFO] [stderr]    Compiling futures-macro v0.3.30
[INFO] [stderr]    Compiling ptr_meta_derive v0.1.4
[INFO] [stderr]    Compiling enum-iterator-derive v0.7.0
[INFO] [stderr]    Compiling loupe-derive v0.1.3
[INFO] [stderr]    Compiling rkyv_derive v0.7.43
[INFO] [stderr]    Compiling wasmer-derive v2.3.0
[INFO] [stderr]    Compiling dynasm v1.2.3
[INFO] [stderr]    Compiling failure_derive v0.1.8
[INFO] [stderr]     Checking ptr_meta v0.1.4
[INFO] [stderr]     Checking enum-iterator v0.7.0
[INFO] [stderr]     Checking failure v0.1.8
[INFO] [stderr]    Compiling arbitrary v1.3.2
[INFO] [stderr]     Checking futures-util v0.3.30
[INFO] [stderr]    Compiling darling_macro v0.20.3
[INFO] [stderr]    Compiling darling_macro v0.13.4
[INFO] [stderr]     Checking tracing v0.1.40
[INFO] [stderr]     Checking canonical v0.7.1
[INFO] [stdout] error[E0554]: `#![feature]` may not be used on the stable release channel
[INFO] [stdout]   --> /opt/rustwide/cargo-home/registry/src/index.crates.io-6f17d22bba15001f/canonical-0.7.1/src/lib.rs:16:1
[INFO] [stdout]    |
[INFO] [stdout] 16 | #![feature(never_type)]
[INFO] [stdout]    | ^^^^^^^^^^^^^^^^^^^^^^^
[INFO] [stdout] 
[INFO] [stdout] 
[INFO] [stdout] error: aborting due to previous error
[INFO] [stdout] 
[INFO] [stdout] 
[INFO] [stdout] For more information about this error, try `rustc --explain E0554`.
[INFO] [stdout] 
[INFO] [stderr] error: could not compile `canonical` (lib) due to 2 previous errors
[INFO] [stderr] warning: build failed, waiting for other jobs to finish...
[INFO] running `Command { std: "docker" "inspect" "5c149861a4360a8ace859ef260a015be2b4560527a65a1c2ce225c3ea60a54ef", kill_on_drop: false }`
[INFO] running `Command { std: "docker" "rm" "-f" "5c149861a4360a8ace859ef260a015be2b4560527a65a1c2ce225c3ea60a54ef", kill_on_drop: false }`
[INFO] [stdout] 5c149861a4360a8ace859ef260a015be2b4560527a65a1c2ce225c3ea60a54ef
[INFO] documenting rusk-vm-0.12.0-rc.0 against beta-2023-12-22 for beta-1.76-rustdoc-1
[INFO] extracting crate rusk-vm 0.12.0-rc.0 into /workspace/builds/worker-3-tc2/source
[INFO] validating manifest of crates.io crate rusk-vm 0.12.0-rc.0 on toolchain beta-2023-12-22
[INFO] running `Command { std: CARGO_HOME="/workspace/cargo-home" RUSTUP_HOME="/workspace/rustup-home" "/workspace/cargo-home/bin/cargo" "+beta-2023-12-22" "metadata" "--manifest-path" "Cargo.toml" "--no-deps", kill_on_drop: false }`
[INFO] removed /workspace/builds/worker-3-tc2/source/.cargo/config
[INFO] removed /workspace/builds/worker-3-tc2/source/rust-toolchain
[INFO] started tweaking crates.io crate rusk-vm 0.12.0-rc.0
[INFO] finished tweaking crates.io crate rusk-vm 0.12.0-rc.0
[INFO] tweaked toml for crates.io crate rusk-vm 0.12.0-rc.0 written to /workspace/builds/worker-3-tc2/source/Cargo.toml
[INFO] running `Command { std: CARGO_HOME="/workspace/cargo-home" RUSTUP_HOME="/workspace/rustup-home" "/workspace/cargo-home/bin/cargo" "+beta-2023-12-22" "generate-lockfile" "--manifest-path" "Cargo.toml", kill_on_drop: false }`
[INFO] [stderr]     Updating crates.io index
[INFO] running `Command { std: CARGO_HOME="/workspace/cargo-home" RUSTUP_HOME="/workspace/rustup-home" "/workspace/cargo-home/bin/cargo" "+beta-2023-12-22" "fetch" "--manifest-path" "Cargo.toml", kill_on_drop: false }`
[INFO] [stderr]     Blocking waiting for file lock on package cache
[INFO] running `Command { std: "docker" "create" "-v" "/var/lib/crater-agent-workspace/builds/worker-3-tc2/target:/opt/rustwide/target:rw,Z" "-v" "/var/lib/crater-agent-workspace/builds/worker-3-tc2/source:/opt/rustwide/workdir:ro,Z" "-v" "/var/lib/crater-agent-workspace/cargo-home:/opt/rustwide/cargo-home:ro,Z" "-v" "/var/lib/crater-agent-workspace/rustup-home:/opt/rustwide/rustup-home:ro,Z" "-e" "SOURCE_DIR=/opt/rustwide/workdir" "-e" "CARGO_TARGET_DIR=/opt/rustwide/target" "-e" "CARGO_HOME=/opt/rustwide/cargo-home" "-e" "RUSTUP_HOME=/opt/rustwide/rustup-home" "-w" "/opt/rustwide/workdir" "-m" "1610612736" "--user" "0:0" "--network" "none" "ghcr.io/rust-lang/crates-build-env/linux@sha256:2788e3201cd34a07e3172128adcd8b3090168a8e3bcc40d7c032b9dda1df7d1c" "/opt/rustwide/cargo-home/bin/cargo" "+beta-2023-12-22" "metadata" "--no-deps" "--format-version=1", kill_on_drop: false }`
[INFO] [stdout] 58ad54db8d20c698dc5a27bf7045ffe2f2f6a9672664782694aff80eb8816dd9
[INFO] running `Command { std: "docker" "start" "-a" "58ad54db8d20c698dc5a27bf7045ffe2f2f6a9672664782694aff80eb8816dd9", kill_on_drop: false }`
[INFO] running `Command { std: "docker" "inspect" "58ad54db8d20c698dc5a27bf7045ffe2f2f6a9672664782694aff80eb8816dd9", kill_on_drop: false }`
[INFO] running `Command { std: "docker" "rm" "-f" "58ad54db8d20c698dc5a27bf7045ffe2f2f6a9672664782694aff80eb8816dd9", kill_on_drop: false }`
[INFO] [stdout] 58ad54db8d20c698dc5a27bf7045ffe2f2f6a9672664782694aff80eb8816dd9
[INFO] running `Command { std: "docker" "create" "-v" "/var/lib/crater-agent-workspace/builds/worker-3-tc2/target:/opt/rustwide/target:rw,Z" "-v" "/var/lib/crater-agent-workspace/builds/worker-3-tc2/source:/opt/rustwide/workdir:ro,Z" "-v" "/var/lib/crater-agent-workspace/cargo-home:/opt/rustwide/cargo-home:ro,Z" "-v" "/var/lib/crater-agent-workspace/rustup-home:/opt/rustwide/rustup-home:ro,Z" "-e" "SOURCE_DIR=/opt/rustwide/workdir" "-e" "CARGO_TARGET_DIR=/opt/rustwide/target" "-e" "CARGO_INCREMENTAL=0" "-e" "RUST_BACKTRACE=full" "-e" "RUSTFLAGS=--cap-lints=warn" "-e" "RUSTDOCFLAGS=--cap-lints=warn" "-e" "CARGO_HOME=/opt/rustwide/cargo-home" "-e" "RUSTUP_HOME=/opt/rustwide/rustup-home" "-w" "/opt/rustwide/workdir" "-m" "1610612736" "--user" "0:0" "--network" "none" "ghcr.io/rust-lang/crates-build-env/linux@sha256:2788e3201cd34a07e3172128adcd8b3090168a8e3bcc40d7c032b9dda1df7d1c" "/opt/rustwide/cargo-home/bin/cargo" "+beta-2023-12-22" "doc" "--frozen" "--no-deps" "--document-private-items" "--message-format=json", kill_on_drop: false }`
[INFO] [stdout] 347eb37c00b8d86945274de8f1ebc93612eac8010b424efa1a7db4b918b28581
[INFO] running `Command { std: "docker" "start" "-a" "347eb37c00b8d86945274de8f1ebc93612eac8010b424efa1a7db4b918b28581", kill_on_drop: false }`
[INFO] [stderr]    Compiling proc-macro2 v1.0.76
[INFO] [stderr]    Compiling syn v1.0.109
[INFO] [stderr]    Compiling serde v1.0.195
[INFO] [stderr]    Compiling fnv v1.0.7
[INFO] [stderr]    Compiling ident_case v1.0.1
[INFO] [stderr]    Compiling target-lexicon v0.12.13
[INFO] [stderr]    Compiling rustversion v1.0.14
[INFO] [stderr]    Compiling ahash v0.7.7
[INFO] [stderr]    Compiling indexmap v1.9.3
[INFO] [stderr]    Compiling thiserror v1.0.56
[INFO] [stderr]     Checking gimli v0.28.1
[INFO] [stderr]     Checking object v0.32.2
[INFO] [stderr]    Compiling rkyv v0.7.43
[INFO] [stderr]    Compiling cc v1.0.83
[INFO] [stderr]    Compiling autocfg v0.1.8
[INFO] [stderr]     Checking rand_core v0.4.2
[INFO] [stderr]     Checking scopeguard v1.2.0
[INFO] [stderr]     Checking seahash v4.1.0
[INFO] [stderr]     Checking stable_deref_trait v1.2.0
[INFO] [stderr]     Checking more-asserts v0.2.2
[INFO] [stderr]     Checking wasmparser v0.83.0
[INFO] [stderr]    Compiling arrayvec v0.4.12
[INFO] [stderr]     Checking rand_core v0.3.1
[INFO] [stderr]    Compiling rustix v0.38.28
[INFO] [stderr]    Compiling semver-parser v0.7.0
[INFO] [stderr]    Compiling byteorder v1.5.0
[INFO] [stderr]    Compiling rand_pcg v0.1.2
[INFO] [stderr]    Compiling rand_chacha v0.1.1
[INFO] [stderr]    Compiling proc-macro-error v1.0.4
[INFO] [stderr]    Compiling semver v0.9.0
[INFO] [stderr]    Compiling quote v1.0.35
[INFO] [stderr]    Compiling memoffset v0.6.5
[INFO] [stderr]     Checking hashbrown v0.12.3
[INFO] [stderr]    Compiling corosensei v0.1.4
[INFO] [stderr]    Compiling cranelift-codegen-shared v0.82.3
[INFO] [stderr]    Compiling maybe-uninit v2.0.0
[INFO] [stderr]     Checking linux-raw-sys v0.4.12
[INFO] [stderr]    Compiling lazy_static v1.4.0
[INFO] [stderr]    Compiling rustc_version v0.2.3
[INFO] [stderr]    Compiling syn v2.0.48
[INFO] [stderr]    Compiling cranelift-codegen-meta v0.82.3
[INFO] [stderr]    Compiling proc-macro-error-attr v1.0.4
[INFO] [stderr]     Checking crossbeam-epoch v0.9.17
[INFO] [stderr]    Compiling rand v0.6.5
[INFO] [stderr]     Checking memmap2 v0.5.10
[INFO] [stderr]    Compiling rayon-core v1.12.0
[INFO] [stderr]    Compiling smallvec v1.11.2
[INFO] [stderr]     Checking nodrop v0.1.14
[INFO] [stderr]     Checking fallible-iterator v0.2.0
[INFO] [stderr]    Compiling crc32fast v1.3.2
[INFO] [stderr]     Checking either v1.9.0
[INFO] [stderr]     Checking leb128 v0.2.5
[INFO] [stderr]    Compiling lock_api v0.4.11
[INFO] [stderr]    Compiling parking_lot_core v0.9.9
[INFO] [stderr]     Checking crossbeam-deque v0.8.4
[INFO] [stderr]     Checking region v3.0.0
[INFO] [stderr]    Compiling parking_lot_core v0.4.0
[INFO] [stderr]    Compiling backtrace v0.3.69
[INFO] [stderr]     Checking hashbrown v0.11.2
[INFO] [stderr]     Checking rand_hc v0.1.0
[INFO] [stderr]     Checking rand_xorshift v0.1.1
[INFO] [stderr]     Checking rand_isaac v0.1.1
[INFO] [stderr]     Checking rand_jitter v0.1.4
[INFO] [stderr]     Checking rand_os v0.1.3
[INFO] [stderr]     Checking rustc-hash v1.1.0
[INFO] [stderr]    Compiling constant_time_eq v0.1.5
[INFO] [stderr]    Compiling arrayref v0.3.7
[INFO] [stderr]     Checking cranelift-entity v0.82.3
[INFO] [stderr]    Compiling blake2b_simd v0.3.1
[INFO] [stderr]     Checking regalloc v0.0.34
[INFO] [stderr]     Checking smallvec v0.6.14
[INFO] [stderr]    Compiling parking_lot v0.12.1
[INFO] [stderr]     Checking owning_ref v0.4.1
[INFO] [stderr]    Compiling dusk-varint v0.1.0
[INFO] [stderr]     Checking futures-core v0.3.30
[INFO] [stderr]     Checking scopeguard v0.3.3
[INFO] [stderr]     Checking cranelift-bforest v0.82.3
[INFO] [stderr]    Compiling array-init v2.1.0
[INFO] [stderr]    Compiling strsim v0.10.0
[INFO] [stderr]     Checking futures-sink v0.3.30
[INFO] [stderr]     Checking futures-channel v0.3.30
[INFO] [stderr]     Checking lock_api v0.1.5
[INFO] [stderr]     Checking rayon v1.8.0
[INFO] [stderr]     Checking wasm-encoder v0.38.1
[INFO] [stderr]     Checking home v0.5.9
[INFO] [stderr]     Checking addr2line v0.21.0
[INFO] [stderr]     Checking futures-io v0.3.30
[INFO] [stderr]    Compiling wasmer-compiler-cranelift v2.3.0
[INFO] [stderr]     Checking unicode-width v0.1.11
[INFO] [stderr]    Compiling anyhow v1.0.79
[INFO] [stderr]     Checking memmap v0.7.0
[INFO] [stderr]     Checking libloading v0.7.4
[INFO] [stderr]    Compiling wee_alloc v0.4.5
[INFO] [stderr]     Checking seahash v3.0.7
[INFO] [stderr]     Checking async-mutex v1.4.0
[INFO] [stderr]    Compiling async-trait v0.1.77
[INFO] [stderr]     Checking spin v0.9.8
[INFO] [stderr]     Checking memory_units v0.4.0
[INFO] [stderr]    Compiling cached_proc_macro_types v0.1.0
[INFO] [stderr]     Checking async-rwlock v1.3.0
[INFO] [stderr]     Checking parking_lot v0.7.1
[INFO] [stderr]     Checking wasmparser v0.81.0
[INFO] [stderr]     Checking appendix v0.2.2
[INFO] [stderr]     Checking tempfile v3.9.0
[INFO] [stderr]     Checking which v4.4.2
[INFO] [stderr]     Checking wast v69.0.1
[INFO] [stderr]    Compiling cranelift-codegen v0.82.3
[INFO] [stderr]    Compiling darling_core v0.13.4
[INFO] [stderr]    Compiling synstructure v0.12.6
[INFO] [stderr]    Compiling darling_core v0.20.3
[INFO] [stderr]    Compiling ptr_meta_derive v0.1.4
[INFO] [stderr]    Compiling rkyv_derive v0.7.43
[INFO] [stderr]    Compiling loupe-derive v0.1.3
[INFO] [stderr]    Compiling enum-iterator-derive v0.7.0
[INFO] [stderr]    Compiling wasmer-derive v2.3.0
[INFO] [stderr]    Compiling dynasm v1.2.3
[INFO] [stderr]    Compiling failure_derive v0.1.8
[INFO] [stderr]    Compiling serde_derive v1.0.195
[INFO] [stderr]    Compiling thiserror-impl v1.0.56
[INFO] [stderr]    Compiling derive_arbitrary v1.3.2
[INFO] [stderr]    Compiling tracing-attributes v0.1.27
[INFO] [stderr]    Compiling futures-macro v0.3.30
[INFO] [stderr]     Checking ptr_meta v0.1.4
[INFO] [stderr]     Checking enum-iterator v0.7.0
[INFO] [stderr]     Checking failure v0.1.8
[INFO] [stderr]    Compiling arbitrary v1.3.2
[INFO] [stderr]    Compiling darling_macro v0.13.4
[INFO] [stderr]    Compiling darling_macro v0.20.3
[INFO] [stderr]     Checking futures-util v0.3.30
[INFO] [stderr]     Checking canonical v0.7.1
[INFO] [stderr]     Checking tracing v0.1.40
[INFO] [stdout] error[E0554]: `#![feature]` may not be used on the beta release channel
[INFO] [stdout]   --> /opt/rustwide/cargo-home/registry/src/index.crates.io-6f17d22bba15001f/canonical-0.7.1/src/lib.rs:16:1
[INFO] [stdout]    |
[INFO] [stdout] 16 | #![feature(never_type)]
[INFO] [stdout]    | ^^^^^^^^^^^^^^^^^^^^^^^
[INFO] [stdout] 
[INFO] [stdout] 
[INFO] [stdout] error: aborting due to 1 previous error
[INFO] [stdout] 
[INFO] [stdout] 
[INFO] [stdout] For more information about this error, try `rustc --explain E0554`.
[INFO] [stdout] 
[INFO] [stderr] error: could not compile `canonical` (lib) due to 2 previous errors
[INFO] [stderr] warning: build failed, waiting for other jobs to finish...
[INFO] [stdout] error[E0554]: `#![feature]` may not be used on the beta release channel
[INFO] [stdout]   --> /opt/rustwide/cargo-home/registry/src/index.crates.io-6f17d22bba15001f/canonical-0.7.1/src/lib.rs:16:1
[INFO] [stdout]    |
[INFO] [stdout] 16 | #![feature(never_type)]
[INFO] [stdout]    | ^^^^^^^^^^^^^^^^^^^^^^^
[INFO] [stdout] 
[INFO] [stdout] 
[INFO] [stdout] error: aborting due to 1 previous error
[INFO] [stdout] 
[INFO] [stdout] 
[INFO] [stdout] For more information about this error, try `rustc --explain E0554`.
[INFO] [stdout] 
[INFO] [stderr] error: could not compile `canonical` (lib) due to 2 previous errors
[INFO] running `Command { std: "docker" "inspect" "347eb37c00b8d86945274de8f1ebc93612eac8010b424efa1a7db4b918b28581", kill_on_drop: false }`
[INFO] running `Command { std: "docker" "rm" "-f" "347eb37c00b8d86945274de8f1ebc93612eac8010b424efa1a7db4b918b28581", kill_on_drop: false }`
[INFO] [stdout] 347eb37c00b8d86945274de8f1ebc93612eac8010b424efa1a7db4b918b28581
