[INFO] fetching crate rsmeshopt 0.0.11...
[INFO] documenting rsmeshopt-0.0.11 against 1.75.0 for beta-1.76-rustdoc-1
[INFO] extracting crate rsmeshopt 0.0.11 into /workspace/builds/worker-3-tc1/source
[INFO] validating manifest of crates.io crate rsmeshopt 0.0.11 on toolchain 1.75.0
[INFO] running `Command { std: CARGO_HOME="/workspace/cargo-home" RUSTUP_HOME="/workspace/rustup-home" "/workspace/cargo-home/bin/cargo" "+1.75.0" "metadata" "--manifest-path" "Cargo.toml" "--no-deps", kill_on_drop: false }`
[INFO] started tweaking crates.io crate rsmeshopt 0.0.11
[INFO] finished tweaking crates.io crate rsmeshopt 0.0.11
[INFO] tweaked toml for crates.io crate rsmeshopt 0.0.11 written to /workspace/builds/worker-3-tc1/source/Cargo.toml
[INFO] running `Command { std: CARGO_HOME="/workspace/cargo-home" RUSTUP_HOME="/workspace/rustup-home" "/workspace/cargo-home/bin/cargo" "+1.75.0" "generate-lockfile" "--manifest-path" "Cargo.toml", kill_on_drop: false }`
[INFO] [stderr]     Updating crates.io index
[INFO] running `Command { std: CARGO_HOME="/workspace/cargo-home" RUSTUP_HOME="/workspace/rustup-home" "/workspace/cargo-home/bin/cargo" "+1.75.0" "fetch" "--manifest-path" "Cargo.toml", kill_on_drop: false }`
[INFO] running `Command { std: "docker" "create" "-v" "/var/lib/crater-agent-workspace/builds/worker-3-tc1/target:/opt/rustwide/target:rw,Z" "-v" "/var/lib/crater-agent-workspace/builds/worker-3-tc1/source:/opt/rustwide/workdir:ro,Z" "-v" "/var/lib/crater-agent-workspace/cargo-home:/opt/rustwide/cargo-home:ro,Z" "-v" "/var/lib/crater-agent-workspace/rustup-home:/opt/rustwide/rustup-home:ro,Z" "-e" "SOURCE_DIR=/opt/rustwide/workdir" "-e" "CARGO_TARGET_DIR=/opt/rustwide/target" "-e" "CARGO_HOME=/opt/rustwide/cargo-home" "-e" "RUSTUP_HOME=/opt/rustwide/rustup-home" "-w" "/opt/rustwide/workdir" "-m" "1610612736" "--user" "0:0" "--network" "none" "ghcr.io/rust-lang/crates-build-env/linux@sha256:2788e3201cd34a07e3172128adcd8b3090168a8e3bcc40d7c032b9dda1df7d1c" "/opt/rustwide/cargo-home/bin/cargo" "+1.75.0" "metadata" "--no-deps" "--format-version=1", kill_on_drop: false }`
[INFO] [stdout] 09fffe0a60eee873700a6ae19a38a0ed59890e2f6266fe93aa615cd66d666c4d
[INFO] running `Command { std: "docker" "start" "-a" "09fffe0a60eee873700a6ae19a38a0ed59890e2f6266fe93aa615cd66d666c4d", kill_on_drop: false }`
[INFO] running `Command { std: "docker" "inspect" "09fffe0a60eee873700a6ae19a38a0ed59890e2f6266fe93aa615cd66d666c4d", kill_on_drop: false }`
[INFO] running `Command { std: "docker" "rm" "-f" "09fffe0a60eee873700a6ae19a38a0ed59890e2f6266fe93aa615cd66d666c4d", kill_on_drop: false }`
[INFO] [stdout] 09fffe0a60eee873700a6ae19a38a0ed59890e2f6266fe93aa615cd66d666c4d
[INFO] running `Command { std: "docker" "create" "-v" "/var/lib/crater-agent-workspace/builds/worker-3-tc1/target:/opt/rustwide/target:rw,Z" "-v" "/var/lib/crater-agent-workspace/builds/worker-3-tc1/source:/opt/rustwide/workdir:ro,Z" "-v" "/var/lib/crater-agent-workspace/cargo-home:/opt/rustwide/cargo-home:ro,Z" "-v" "/var/lib/crater-agent-workspace/rustup-home:/opt/rustwide/rustup-home:ro,Z" "-e" "SOURCE_DIR=/opt/rustwide/workdir" "-e" "CARGO_TARGET_DIR=/opt/rustwide/target" "-e" "CARGO_INCREMENTAL=0" "-e" "RUST_BACKTRACE=full" "-e" "RUSTFLAGS=--cap-lints=warn" "-e" "RUSTDOCFLAGS=--cap-lints=warn" "-e" "CARGO_HOME=/opt/rustwide/cargo-home" "-e" "RUSTUP_HOME=/opt/rustwide/rustup-home" "-w" "/opt/rustwide/workdir" "-m" "1610612736" "--user" "0:0" "--network" "none" "ghcr.io/rust-lang/crates-build-env/linux@sha256:2788e3201cd34a07e3172128adcd8b3090168a8e3bcc40d7c032b9dda1df7d1c" "/opt/rustwide/cargo-home/bin/cargo" "+1.75.0" "doc" "--frozen" "--no-deps" "--document-private-items" "--message-format=json", kill_on_drop: false }`
[INFO] [stdout] 781b81ac12ed7757db1af52cf25f65ecc0f9005a6fd6c0161363d72bf87f51fe
[INFO] running `Command { std: "docker" "start" "-a" "781b81ac12ed7757db1af52cf25f65ecc0f9005a6fd6c0161363d72bf87f51fe", kill_on_drop: false }`
[INFO] [stderr]    Compiling proc-macro2 v1.0.76
[INFO] [stderr]    Compiling bindgen v0.57.0
[INFO] [stderr]    Compiling humantime v2.1.0
[INFO] [stderr]    Compiling nom v5.1.3
[INFO] [stderr]    Compiling regex-automata v0.4.3
[INFO] [stderr]    Compiling which v3.1.1
[INFO] [stderr]    Compiling jobserver v0.1.27
[INFO] [stderr]    Compiling lazycell v1.3.0
[INFO] [stderr]    Compiling clap v2.34.0
[INFO] [stderr]    Compiling rustc-hash v1.1.0
[INFO] [stderr]    Compiling clang-sys v1.7.0
[INFO] [stderr]    Compiling cc v1.0.83
[INFO] [stderr]    Compiling quote v1.0.35
[INFO] [stderr]    Compiling cexpr v0.4.0
[INFO] [stderr]    Compiling regex v1.10.2
[INFO] [stderr]    Compiling env_logger v0.8.4
[INFO] [stderr]    Compiling rsmeshopt v0.0.11 (/opt/rustwide/workdir)
[INFO] [stderr] The following warnings were emitted during compilation:
[INFO] [stderr] 
[INFO] [stderr] warning: rsmeshopt@0.0.11: c++: fatal error: Killed signal terminated program cc1plus
[INFO] [stderr] warning: rsmeshopt@0.0.11: compilation terminated.
[INFO] [stderr] warning: rsmeshopt@0.0.11: ToolExecError: Command "c++" "-O0" "-ffunction-sections" "-fdata-sections" "-fPIC" "-gdwarf-4" "-fno-omit-frame-pointer" "-m64" "-std=gnu++2b" "-I" "." "-I" "src" "-Wall" "-Wextra" "-Wno-ignored-qualifiers" "-Wno-unused-local-typedefs" "-Wno-reorder" "-Wno-deprecated-copy" "-Wno-comment" "-Wno-sign-compare" "-DRSL_USE_FALLBACK_EXPECTED=1" "-DRSL_STACKTRACE_UNSUPPORTED=1" "-O2" "-DARCH_X64=1" "-o" "/opt/rustwide/target/debug/build/rsmeshopt-cbdeb6c6dc698a40/out/src/draco/mesh/mesh_stripifier.o" "-c" "src/draco/mesh/mesh_stripifier.cc" with args "c++" did not execute successfully (status code exit status: 1).cargo:warning=c++: fatal error: Killed signal terminated program cc1plus
[INFO] [stderr] warning: rsmeshopt@0.0.11: compilation terminated.
[INFO] [stderr] warning: rsmeshopt@0.0.11: ToolExecError: Command "c++" "-O0" "-ffunction-sections" "-fdata-sections" "-fPIC" "-gdwarf-4" "-fno-omit-frame-pointer" "-m64" "-std=gnu++2b" "-I" "." "-I" "src" "-Wall" "-Wextra" "-Wno-ignored-qualifiers" "-Wno-unused-local-typedefs" "-Wno-reorder" "-Wno-deprecated-copy" "-Wno-comment" "-Wno-sign-compare" "-DRSL_USE_FALLBACK_EXPECTED=1" "-DRSL_STACKTRACE_UNSUPPORTED=1" "-O2" "-DARCH_X64=1" "-o" "/opt/rustwide/target/debug/build/rsmeshopt-cbdeb6c6dc698a40/out/src/draco/mesh/mesh_misc_functions.o" "-c" "src/draco/mesh/mesh_misc_functions.cc" with args "c++" did not execute successfully (status code exit status: 1).cargo:warning=src/RsMeshOpt.cpp: In function 'tl::expected<std::vector<unsigned int>, std::__cxx11::basic_string<char> > rsmeshopt::MakeFans(std::span<const unsigned int>, u32, u32, u32)':
[INFO] [stderr] warning: rsmeshopt@0.0.11: src/RsMeshOpt.cpp:171:47: warning: unused parameter 'restart' [-Wunused-parameter]
[INFO] [stderr] warning: rsmeshopt@0.0.11:   171 | MakeFans(std::span<const u32> index_data, u32 restart, u32 min_len,
[INFO] [stderr] warning: rsmeshopt@0.0.11:       |                                           ~~~~^~~~~~~
[INFO] [stderr] warning: rsmeshopt@0.0.11: src/RsMeshOpt.cpp: In function 'Result<std::vector<unsigned int> > rsmeshopt::StripifyHaroohie(std::span<const unsigned int>, u32)':
[INFO] [stderr] warning: rsmeshopt@0.0.11: src/RsMeshOpt.cpp:183:47: warning: unused parameter 'restart' [-Wunused-parameter]
[INFO] [stderr] warning: rsmeshopt@0.0.11:   183 |                                           u32 restart) {
[INFO] [stderr] warning: rsmeshopt@0.0.11:       |                                           ~~~~^~~~~~~
[INFO] [stderr] warning: rsmeshopt@0.0.11: In file included from src/RsMeshOpt.cpp:3:
[INFO] [stderr] warning: rsmeshopt@0.0.11: src/TriFanMeshOptimizer.hpp: In instantiation of 'std::vector<std::vector<unsigned int> > rsmeshopt::TriFanMeshOptimizer::FindFansFromCenter(u32, u32, auto:27&&) [with auto:27 = std::back_insert_iterator<std::vector<unsigned int> >&; u32 = unsigned int]':
[INFO] [stderr] warning: rsmeshopt@0.0.11: src/TriFanMeshOptimizer.hpp:196:35:   required from 'bool rsmeshopt::TriFanMeshOptimizer::GenerateTriangleFansWithPrimitiveRestart(std::span<const unsigned int>, IndexTypeT, OutputIteratorT, rsmeshopt::TriFanOptions) [with OutputIteratorT = std::back_insert_iterator<std::vector<unsigned int> >; IndexTypeT = unsigned int]'
[INFO] [stderr] warning: rsmeshopt@0.0.11: src/RsMeshOpt.cpp:176:62:   required from here
[INFO] [stderr] warning: rsmeshopt@0.0.11: src/TriFanMeshOptimizer.hpp:149:38: warning: unused parameter 'primitive_restart_index' [-Wunused-parameter]
[INFO] [stderr] warning: rsmeshopt@0.0.11:   149 |   FindFansFromCenter(u32 center, u32 primitive_restart_index, auto&& out_it) {
[INFO] [stderr] warning: rsmeshopt@0.0.11:       |                                  ~~~~^~~~~~~~~~~~~~~~~~~~~~~
[INFO] [stderr] warning: rsmeshopt@0.0.11: src/TriFanMeshOptimizer.hpp:149:70: warning: unused parameter 'out_it' [-Wunused-parameter]
[INFO] [stderr] warning: rsmeshopt@0.0.11:   149 |   FindFansFromCenter(u32 center, u32 primitive_restart_index, auto&& out_it) {
[INFO] [stderr] warning: rsmeshopt@0.0.11:       |                                                               ~~~~~~~^~~~~~
[INFO] [stderr] 
[INFO] [stderr] error: failed to run custom build command for `rsmeshopt v0.0.11 (/opt/rustwide/workdir)`
[INFO] [stderr] note: To improve backtraces for build dependencies, set the CARGO_PROFILE_DEV_BUILD_OVERRIDE_DEBUG=true environment variable to enable debug information generation.
[INFO] [stderr] 
[INFO] [stderr] Caused by:
[INFO] [stderr]   process didn't exit successfully: `/opt/rustwide/target/debug/build/rsmeshopt-fce09b963fad1687/build-script-build` (exit status: 1)
[INFO] [stderr]   --- stdout
[INFO] [stderr]   cargo:rustc-env=TARGET=x86_64-unknown-linux-gnu
[INFO] [stderr]   OPT_LEVEL = Some("0")
[INFO] [stderr]   TARGET = Some("x86_64-unknown-linux-gnu")
[INFO] [stderr]   HOST = Some("x86_64-unknown-linux-gnu")
[INFO] [stderr]   cargo:rerun-if-env-changed=CXX_x86_64-unknown-linux-gnu
[INFO] [stderr]   CXX_x86_64-unknown-linux-gnu = None
[INFO] [stderr]   cargo:rerun-if-env-changed=CXX_x86_64_unknown_linux_gnu
[INFO] [stderr]   CXX_x86_64_unknown_linux_gnu = None
[INFO] [stderr]   cargo:rerun-if-env-changed=HOST_CXX
[INFO] [stderr]   HOST_CXX = None
[INFO] [stderr]   cargo:rerun-if-env-changed=CXX
[INFO] [stderr]   CXX = None
[INFO] [stderr]   cargo:rerun-if-env-changed=CRATE_CC_NO_DEFAULTS
[INFO] [stderr]   CRATE_CC_NO_DEFAULTS = None
[INFO] [stderr]   DEBUG = Some("true")
[INFO] [stderr]   CARGO_CFG_TARGET_FEATURE = Some("fxsr,sse,sse2")
[INFO] [stderr]   cargo:rerun-if-env-changed=CXXFLAGS_x86_64-unknown-linux-gnu
[INFO] [stderr]   CXXFLAGS_x86_64-unknown-linux-gnu = None
[INFO] [stderr]   cargo:rerun-if-env-changed=CXXFLAGS_x86_64_unknown_linux_gnu
[INFO] [stderr]   CXXFLAGS_x86_64_unknown_linux_gnu = None
[INFO] [stderr]   cargo:rerun-if-env-changed=HOST_CXXFLAGS
[INFO] [stderr]   HOST_CXXFLAGS = None
[INFO] [stderr]   cargo:rerun-if-env-changed=CXXFLAGS
[INFO] [stderr]   CXXFLAGS = None
[INFO] [stderr]   running: "c++" "-O0" "-ffunction-sections" "-fdata-sections" "-fPIC" "-gdwarf-4" "-fno-omit-frame-pointer" "-m64" "-std=gnu++2b" "-I" "." "-I" "src" "-Wall" "-Wextra" "-Wno-ignored-qualifiers" "-Wno-unused-local-typedefs" "-Wno-reorder" "-Wno-deprecated-copy" "-Wno-comment" "-Wno-sign-compare" "-DRSL_USE_FALLBACK_EXPECTED=1" "-DRSL_STACKTRACE_UNSUPPORTED=1" "-O2" "-DARCH_X64=1" "-o" "/opt/rustwide/target/debug/build/rsmeshopt-cbdeb6c6dc698a40/out/src/bindings.o" "-c" "src/bindings.cpp"
[INFO] [stderr]   running: "c++" "-O0" "-ffunction-sections" "-fdata-sections" "-fPIC" "-gdwarf-4" "-fno-omit-frame-pointer" "-m64" "-std=gnu++2b" "-I" "." "-I" "src" "-Wall" "-Wextra" "-Wno-ignored-qualifiers" "-Wno-unused-local-typedefs" "-Wno-reorder" "-Wno-deprecated-copy" "-Wno-comment" "-Wno-sign-compare" "-DRSL_USE_FALLBACK_EXPECTED=1" "-DRSL_STACKTRACE_UNSUPPORTED=1" "-O2" "-DARCH_X64=1" "-o" "/opt/rustwide/target/debug/build/rsmeshopt-cbdeb6c6dc698a40/out/src/HaroohieTriStripifier.o" "-c" "src/HaroohieTriStripifier.cpp"
[INFO] [stderr]   running: "c++" "-O0" "-ffunction-sections" "-fdata-sections" "-fPIC" "-gdwarf-4" "-fno-omit-frame-pointer" "-m64" "-std=gnu++2b" "-I" "." "-I" "src" "-Wall" "-Wextra" "-Wno-ignored-qualifiers" "-Wno-unused-local-typedefs" "-Wno-reorder" "-Wno-deprecated-copy" "-Wno-comment" "-Wno-sign-compare" "-DRSL_USE_FALLBACK_EXPECTED=1" "-DRSL_STACKTRACE_UNSUPPORTED=1" "-O2" "-DARCH_X64=1" "-o" "/opt/rustwide/target/debug/build/rsmeshopt-cbdeb6c6dc698a40/out/src/RsMeshOpt.o" "-c" "src/RsMeshOpt.cpp"
[INFO] [stderr]   running: "c++" "-O0" "-ffunction-sections" "-fdata-sections" "-fPIC" "-gdwarf-4" "-fno-omit-frame-pointer" "-m64" "-std=gnu++2b" "-I" "." "-I" "src" "-Wall" "-Wextra" "-Wno-ignored-qualifiers" "-Wno-unused-local-typedefs" "-Wno-reorder" "-Wno-deprecated-copy" "-Wno-comment" "-Wno-sign-compare" "-DRSL_USE_FALLBACK_EXPECTED=1" "-DRSL_STACKTRACE_UNSUPPORTED=1" "-O2" "-DARCH_X64=1" "-o" "/opt/rustwide/target/debug/build/rsmeshopt-cbdeb6c6dc698a40/out/src/TriangleFanSplitter.o" "-c" "src/TriangleFanSplitter.cpp"
[INFO] [stderr]   running: "c++" "-O0" "-ffunction-sections" "-fdata-sections" "-fPIC" "-gdwarf-4" "-fno-omit-frame-pointer" "-m64" "-std=gnu++2b" "-I" "." "-I" "src" "-Wall" "-Wextra" "-Wno-ignored-qualifiers" "-Wno-unused-local-typedefs" "-Wno-reorder" "-Wno-deprecated-copy" "-Wno-comment" "-Wno-sign-compare" "-DRSL_USE_FALLBACK_EXPECTED=1" "-DRSL_STACKTRACE_UNSUPPORTED=1" "-O2" "-DARCH_X64=1" "-o" "/opt/rustwide/target/debug/build/rsmeshopt-cbdeb6c6dc698a40/out/src/draco/attributes/point_attribute.o" "-c" "src/draco/attributes/point_attribute.cc"
[INFO] [stderr]   running: "c++" "-O0" "-ffunction-sections" "-fdata-sections" "-fPIC" "-gdwarf-4" "-fno-omit-frame-pointer" "-m64" "-std=gnu++2b" "-I" "." "-I" "src" "-Wall" "-Wextra" "-Wno-ignored-qualifiers" "-Wno-unused-local-typedefs" "-Wno-reorder" "-Wno-deprecated-copy" "-Wno-comment" "-Wno-sign-compare" "-DRSL_USE_FALLBACK_EXPECTED=1" "-DRSL_STACKTRACE_UNSUPPORTED=1" "-O2" "-DARCH_X64=1" "-o" "/opt/rustwide/target/debug/build/rsmeshopt-cbdeb6c6dc698a40/out/src/draco/attributes/geometry_attribute.o" "-c" "src/draco/attributes/geometry_attribute.cc"
[INFO] [stderr]   running: "c++" "-O0" "-ffunction-sections" "-fdata-sections" "-fPIC" "-gdwarf-4" "-fno-omit-frame-pointer" "-m64" "-std=gnu++2b" "-I" "." "-I" "src" "-Wall" "-Wextra" "-Wno-ignored-qualifiers" "-Wno-unused-local-typedefs" "-Wno-reorder" "-Wno-deprecated-copy" "-Wno-comment" "-Wno-sign-compare" "-DRSL_USE_FALLBACK_EXPECTED=1" "-DRSL_STACKTRACE_UNSUPPORTED=1" "-O2" "-DARCH_X64=1" "-o" "/opt/rustwide/target/debug/build/rsmeshopt-cbdeb6c6dc698a40/out/src/draco/core/bounding_box.o" "-c" "src/draco/core/bounding_box.cc"
[INFO] [stderr]   running: "c++" "-O0" "-ffunction-sections" "-fdata-sections" "-fPIC" "-gdwarf-4" "-fno-omit-frame-pointer" "-m64" "-std=gnu++2b" "-I" "." "-I" "src" "-Wall" "-Wextra" "-Wno-ignored-qualifiers" "-Wno-unused-local-typedefs" "-Wno-reorder" "-Wno-deprecated-copy" "-Wno-comment" "-Wno-sign-compare" "-DRSL_USE_FALLBACK_EXPECTED=1" "-DRSL_STACKTRACE_UNSUPPORTED=1" "-O2" "-DARCH_X64=1" "-o" "/opt/rustwide/target/debug/build/rsmeshopt-cbdeb6c6dc698a40/out/src/draco/core/data_buffer.o" "-c" "src/draco/core/data_buffer.cc"
[INFO] [stderr]   running: "c++" "-O0" "-ffunction-sections" "-fdata-sections" "-fPIC" "-gdwarf-4" "-fno-omit-frame-pointer" "-m64" "-std=gnu++2b" "-I" "." "-I" "src" "-Wall" "-Wextra" "-Wno-ignored-qualifiers" "-Wno-unused-local-typedefs" "-Wno-reorder" "-Wno-deprecated-copy" "-Wno-comment" "-Wno-sign-compare" "-DRSL_USE_FALLBACK_EXPECTED=1" "-DRSL_STACKTRACE_UNSUPPORTED=1" "-O2" "-DARCH_X64=1" "-o" "/opt/rustwide/target/debug/build/rsmeshopt-cbdeb6c6dc698a40/out/src/draco/core/draco_types.o" "-c" "src/draco/core/draco_types.cc"
[INFO] [stderr]   running: "c++" "-O0" "-ffunction-sections" "-fdata-sections" "-fPIC" "-gdwarf-4" "-fno-omit-frame-pointer" "-m64" "-std=gnu++2b" "-I" "." "-I" "src" "-Wall" "-Wextra" "-Wno-ignored-qualifiers" "-Wno-unused-local-typedefs" "-Wno-reorder" "-Wno-deprecated-copy" "-Wno-comment" "-Wno-sign-compare" "-DRSL_USE_FALLBACK_EXPECTED=1" "-DRSL_STACKTRACE_UNSUPPORTED=1" "-O2" "-DARCH_X64=1" "-o" "/opt/rustwide/target/debug/build/rsmeshopt-cbdeb6c6dc698a40/out/src/draco/mesh/corner_table.o" "-c" "src/draco/mesh/corner_table.cc"
[INFO] [stderr]   running: "c++" "-O0" "-ffunction-sections" "-fdata-sections" "-fPIC" "-gdwarf-4" "-fno-omit-frame-pointer" "-m64" "-std=gnu++2b" "-I" "." "-I" "src" "-Wall" "-Wextra" "-Wno-ignored-qualifiers" "-Wno-unused-local-typedefs" "-Wno-reorder" "-Wno-deprecated-copy" "-Wno-comment" "-Wno-sign-compare" "-DRSL_USE_FALLBACK_EXPECTED=1" "-DRSL_STACKTRACE_UNSUPPORTED=1" "-O2" "-DARCH_X64=1" "-o" "/opt/rustwide/target/debug/build/rsmeshopt-cbdeb6c6dc698a40/out/src/draco/mesh/mesh.o" "-c" "src/draco/mesh/mesh.cc"
[INFO] [stderr]   running: "c++" "-O0" "-ffunction-sections" "-fdata-sections" "-fPIC" "-gdwarf-4" "-fno-omit-frame-pointer" "-m64" "-std=gnu++2b" "-I" "." "-I" "src" "-Wall" "-Wextra" "-Wno-ignored-qualifiers" "-Wno-unused-local-typedefs" "-Wno-reorder" "-Wno-deprecated-copy" "-Wno-comment" "-Wno-sign-compare" "-DRSL_USE_FALLBACK_EXPECTED=1" "-DRSL_STACKTRACE_UNSUPPORTED=1" "-O2" "-DARCH_X64=1" "-o" "/opt/rustwide/target/debug/build/rsmeshopt-cbdeb6c6dc698a40/out/src/draco/mesh/mesh_misc_functions.o" "-c" "src/draco/mesh/mesh_misc_functions.cc"
[INFO] [stderr]   running: "c++" "-O0" "-ffunction-sections" "-fdata-sections" "-fPIC" "-gdwarf-4" "-fno-omit-frame-pointer" "-m64" "-std=gnu++2b" "-I" "." "-I" "src" "-Wall" "-Wextra" "-Wno-ignored-qualifiers" "-Wno-unused-local-typedefs" "-Wno-reorder" "-Wno-deprecated-copy" "-Wno-comment" "-Wno-sign-compare" "-DRSL_USE_FALLBACK_EXPECTED=1" "-DRSL_STACKTRACE_UNSUPPORTED=1" "-O2" "-DARCH_X64=1" "-o" "/opt/rustwide/target/debug/build/rsmeshopt-cbdeb6c6dc698a40/out/src/draco/mesh/mesh_stripifier.o" "-c" "src/draco/mesh/mesh_stripifier.cc"
[INFO] [stderr]   running: "c++" "-O0" "-ffunction-sections" "-fdata-sections" "-fPIC" "-gdwarf-4" "-fno-omit-frame-pointer" "-m64" "-std=gnu++2b" "-I" "." "-I" "src" "-Wall" "-Wextra" "-Wno-ignored-qualifiers" "-Wno-unused-local-typedefs" "-Wno-reorder" "-Wno-deprecated-copy" "-Wno-comment" "-Wno-sign-compare" "-DRSL_USE_FALLBACK_EXPECTED=1" "-DRSL_STACKTRACE_UNSUPPORTED=1" "-O2" "-DARCH_X64=1" "-o" "/opt/rustwide/target/debug/build/rsmeshopt-cbdeb6c6dc698a40/out/src/draco/point_cloud/point_cloud.o" "-c" "src/draco/point_cloud/point_cloud.cc"
[INFO] [stderr]   running: "c++" "-O0" "-ffunction-sections" "-fdata-sections" "-fPIC" "-gdwarf-4" "-fno-omit-frame-pointer" "-m64" "-std=gnu++2b" "-I" "." "-I" "src" "-Wall" "-Wextra" "-Wno-ignored-qualifiers" "-Wno-unused-local-typedefs" "-Wno-reorder" "-Wno-deprecated-copy" "-Wno-comment" "-Wno-sign-compare" "-DRSL_USE_FALLBACK_EXPECTED=1" "-DRSL_STACKTRACE_UNSUPPORTED=1" "-O2" "-DARCH_X64=1" "-o" "/opt/rustwide/target/debug/build/rsmeshopt-cbdeb6c6dc698a40/out/src/meshoptimizer/stripifier.o" "-c" "src/meshoptimizer/stripifier.cpp"
[INFO] [stderr]   running: "c++" "-O0" "-ffunction-sections" "-fdata-sections" "-fPIC" "-gdwarf-4" "-fno-omit-frame-pointer" "-m64" "-std=gnu++2b" "-I" "." "-I" "src" "-Wall" "-Wextra" "-Wno-ignored-qualifiers" "-Wno-unused-local-typedefs" "-Wno-reorder" "-Wno-deprecated-copy" "-Wno-comment" "-Wno-sign-compare" "-DRSL_USE_FALLBACK_EXPECTED=1" "-DRSL_STACKTRACE_UNSUPPORTED=1" "-O2" "-DARCH_X64=1" "-o" "/opt/rustwide/target/debug/build/rsmeshopt-cbdeb6c6dc698a40/out/src/tristrip/trianglemesh.o" "-c" "src/tristrip/trianglemesh.cpp"
[INFO] [stderr]   running: "c++" "-O0" "-ffunction-sections" "-fdata-sections" "-fPIC" "-gdwarf-4" "-fno-omit-frame-pointer" "-m64" "-std=gnu++2b" "-I" "." "-I" "src" "-Wall" "-Wextra" "-Wno-ignored-qualifiers" "-Wno-unused-local-typedefs" "-Wno-reorder" "-Wno-deprecated-copy" "-Wno-comment" "-Wno-sign-compare" "-DRSL_USE_FALLBACK_EXPECTED=1" "-DRSL_STACKTRACE_UNSUPPORTED=1" "-O2" "-DARCH_X64=1" "-o" "/opt/rustwide/target/debug/build/rsmeshopt-cbdeb6c6dc698a40/out/src/tristrip/trianglestripifier.o" "-c" "src/tristrip/trianglestripifier.cpp"
[INFO] [stderr]   running: "c++" "-O0" "-ffunction-sections" "-fdata-sections" "-fPIC" "-gdwarf-4" "-fno-omit-frame-pointer" "-m64" "-std=gnu++2b" "-I" "." "-I" "src" "-Wall" "-Wextra" "-Wno-ignored-qualifiers" "-Wno-unused-local-typedefs" "-Wno-reorder" "-Wno-deprecated-copy" "-Wno-comment" "-Wno-sign-compare" "-DRSL_USE_FALLBACK_EXPECTED=1" "-DRSL_STACKTRACE_UNSUPPORTED=1" "-O2" "-DARCH_X64=1" "-o" "/opt/rustwide/target/debug/build/rsmeshopt-cbdeb6c6dc698a40/out/src/tristrip/tristrip.o" "-c" "src/tristrip/tristrip.cpp"
[INFO] [stderr]   running: "c++" "-O0" "-ffunction-sections" "-fdata-sections" "-fPIC" "-gdwarf-4" "-fno-omit-frame-pointer" "-m64" "-std=gnu++2b" "-I" "." "-I" "src" "-Wall" "-Wextra" "-Wno-ignored-qualifiers" "-Wno-unused-local-typedefs" "-Wno-reorder" "-Wno-deprecated-copy" "-Wno-comment" "-Wno-sign-compare" "-DRSL_USE_FALLBACK_EXPECTED=1" "-DRSL_STACKTRACE_UNSUPPORTED=1" "-O2" "-DARCH_X64=1" "-o" "/opt/rustwide/target/debug/build/rsmeshopt-cbdeb6c6dc698a40/out/src/TriStripper/connectivity_graph.o" "-c" "src/TriStripper/connectivity_graph.cpp"
[INFO] [stderr]   running: "c++" "-O0" "-ffunction-sections" "-fdata-sections" "-fPIC" "-gdwarf-4" "-fno-omit-frame-pointer" "-m64" "-std=gnu++2b" "-I" "." "-I" "src" "-Wall" "-Wextra" "-Wno-ignored-qualifiers" "-Wno-unused-local-typedefs" "-Wno-reorder" "-Wno-deprecated-copy" "-Wno-comment" "-Wno-sign-compare" "-DRSL_USE_FALLBACK_EXPECTED=1" "-DRSL_STACKTRACE_UNSUPPORTED=1" "-O2" "-DARCH_X64=1" "-o" "/opt/rustwide/target/debug/build/rsmeshopt-cbdeb6c6dc698a40/out/src/TriStripper/policy.o" "-c" "src/TriStripper/policy.cpp"
[INFO] [stderr]   running: "c++" "-O0" "-ffunction-sections" "-fdata-sections" "-fPIC" "-gdwarf-4" "-fno-omit-frame-pointer" "-m64" "-std=gnu++2b" "-I" "." "-I" "src" "-Wall" "-Wextra" "-Wno-ignored-qualifiers" "-Wno-unused-local-typedefs" "-Wno-reorder" "-Wno-deprecated-copy" "-Wno-comment" "-Wno-sign-compare" "-DRSL_USE_FALLBACK_EXPECTED=1" "-DRSL_STACKTRACE_UNSUPPORTED=1" "-O2" "-DARCH_X64=1" "-o" "/opt/rustwide/target/debug/build/rsmeshopt-cbdeb6c6dc698a40/out/src/TriStripper/tri_stripper.o" "-c" "src/TriStripper/tri_stripper.cpp"
[INFO] [stderr]   cargo:warning=c++: fatal error: Killed signal terminated program cc1plus
[INFO] [stderr] 
[INFO] [stderr]   cargo:warning=compilation terminated.
[INFO] [stderr] 
[INFO] [stderr]   exit status: 0
[INFO] [stderr]   exit status: 0
[INFO] [stderr]   exit status: 0
[INFO] [stderr]   exit status: 0
[INFO] [stderr]   exit status: 0
[INFO] [stderr]   exit status: 0
[INFO] [stderr]   exit status: 0
[INFO] [stderr]   exit status: 0
[INFO] [stderr]   exit status: 1
[INFO] [stderr]   cargo:warning=ToolExecError: Command "c++" "-O0" "-ffunction-sections" "-fdata-sections" "-fPIC" "-gdwarf-4" "-fno-omit-frame-pointer" "-m64" "-std=gnu++2b" "-I" "." "-I" "src" "-Wall" "-Wextra" "-Wno-ignored-qualifiers" "-Wno-unused-local-typedefs" "-Wno-reorder" "-Wno-deprecated-copy" "-Wno-comment" "-Wno-sign-compare" "-DRSL_USE_FALLBACK_EXPECTED=1" "-DRSL_STACKTRACE_UNSUPPORTED=1" "-O2" "-DARCH_X64=1" "-o" "/opt/rustwide/target/debug/build/rsmeshopt-cbdeb6c6dc698a40/out/src/draco/mesh/mesh_stripifier.o" "-c" "src/draco/mesh/mesh_stripifier.cc" with args "c++" did not execute successfully (status code exit status: 1).cargo:warning=c++: fatal error: Killed signal terminated program cc1plus
[INFO] [stderr] 
[INFO] [stderr]   cargo:warning=compilation terminated.
[INFO] [stderr] 
[INFO] [stderr] 
[INFO] [stderr]   exit status: 1
[INFO] [stderr]   cargo:warning=ToolExecError: Command "c++" "-O0" "-ffunction-sections" "-fdata-sections" "-fPIC" "-gdwarf-4" "-fno-omit-frame-pointer" "-m64" "-std=gnu++2b" "-I" "." "-I" "src" "-Wall" "-Wextra" "-Wno-ignored-qualifiers" "-Wno-unused-local-typedefs" "-Wno-reorder" "-Wno-deprecated-copy" "-Wno-comment" "-Wno-sign-compare" "-DRSL_USE_FALLBACK_EXPECTED=1" "-DRSL_STACKTRACE_UNSUPPORTED=1" "-O2" "-DARCH_X64=1" "-o" "/opt/rustwide/target/debug/build/rsmeshopt-cbdeb6c6dc698a40/out/src/draco/mesh/mesh_misc_functions.o" "-c" "src/draco/mesh/mesh_misc_functions.cc" with args "c++" did not execute successfully (status code exit status: 1).cargo:warning=src/RsMeshOpt.cpp: In function 'tl::expected<std::vector<unsigned int>, std::__cxx11::basic_string<char> > rsmeshopt::MakeFans(std::span<const unsigned int>, u32, u32, u32)':
[INFO] [stderr] 
[INFO] [stderr]   cargo:warning=src/RsMeshOpt.cpp:171:47: warning: unused parameter 'restart' [-Wunused-parameter]
[INFO] [stderr] 
[INFO] [stderr]   cargo:warning=  171 | MakeFans(std::span<const u32> index_data, u32 restart, u32 min_len,
[INFO] [stderr] 
[INFO] [stderr]   cargo:warning=      |                                           ~~~~^~~~~~~
[INFO] [stderr] 
[INFO] [stderr]   cargo:warning=src/RsMeshOpt.cpp: In function 'Result<std::vector<unsigned int> > rsmeshopt::StripifyHaroohie(std::span<const unsigned int>, u32)':
[INFO] [stderr] 
[INFO] [stderr]   cargo:warning=src/RsMeshOpt.cpp:183:47: warning: unused parameter 'restart' [-Wunused-parameter]
[INFO] [stderr] 
[INFO] [stderr]   cargo:warning=  183 |                                           u32 restart) {
[INFO] [stderr] 
[INFO] [stderr]   cargo:warning=      |                                           ~~~~^~~~~~~
[INFO] [stderr] 
[INFO] [stderr]   cargo:warning=In file included from src/RsMeshOpt.cpp:3:
[INFO] [stderr] 
[INFO] [stderr]   cargo:warning=src/TriFanMeshOptimizer.hpp: In instantiation of 'std::vector<std::vector<unsigned int> > rsmeshopt::TriFanMeshOptimizer::FindFansFromCenter(u32, u32, auto:27&&) [with auto:27 = std::back_insert_iterator<std::vector<unsigned int> >&; u32 = unsigned int]':
[INFO] [stderr] 
[INFO] [stderr]   cargo:warning=src/TriFanMeshOptimizer.hpp:196:35:   required from 'bool rsmeshopt::TriFanMeshOptimizer::GenerateTriangleFansWithPrimitiveRestart(std::span<const unsigned int>, IndexTypeT, OutputIteratorT, rsmeshopt::TriFanOptions) [with OutputIteratorT = std::back_insert_iterator<std::vector<unsigned int> >; IndexTypeT = unsigned int]'
[INFO] [stderr] 
[INFO] [stderr]   cargo:warning=src/RsMeshOpt.cpp:176:62:   required from here
[INFO] [stderr] 
[INFO] [stderr]   cargo:warning=src/TriFanMeshOptimizer.hpp:149:38: warning: unused parameter 'primitive_restart_index' [-Wunused-parameter]
[INFO] [stderr] 
[INFO] [stderr]   cargo:warning=  149 |   FindFansFromCenter(u32 center, u32 primitive_restart_index, auto&& out_it) {
[INFO] [stderr] 
[INFO] [stderr]   cargo:warning=      |                                  ~~~~^~~~~~~~~~~~~~~~~~~~~~~
[INFO] [stderr] 
[INFO] [stderr]   cargo:warning=src/TriFanMeshOptimizer.hpp:149:70: warning: unused parameter 'out_it' [-Wunused-parameter]
[INFO] [stderr] 
[INFO] [stderr]   cargo:warning=  149 |   FindFansFromCenter(u32 center, u32 primitive_restart_index, auto&& out_it) {
[INFO] [stderr] 
[INFO] [stderr]   cargo:warning=      |                                                               ~~~~~~~^~~~~~
[INFO] [stderr] 
[INFO] [stderr] 
[INFO] [stderr]   exit status: 0
[INFO] [stderr]   exit status: 0
[INFO] [stderr]   exit status: 0
[INFO] [stderr]   exit status: 0
[INFO] [stderr]   exit status: 0
[INFO] [stderr]   exit status: 0
[INFO] [stderr]   exit status: 0
[INFO] [stderr]   exit status: 0
[INFO] [stderr]   exit status: 0
[INFO] [stderr]   exit status: 0
[INFO] [stderr]   exit status: 0
[INFO] [stderr] 
[INFO] [stderr]   --- stderr
[INFO] [stderr] 
[INFO] [stderr] 
[INFO] [stderr]   error occurred: Command "c++" "-O0" "-ffunction-sections" "-fdata-sections" "-fPIC" "-gdwarf-4" "-fno-omit-frame-pointer" "-m64" "-std=gnu++2b" "-I" "." "-I" "src" "-Wall" "-Wextra" "-Wno-ignored-qualifiers" "-Wno-unused-local-typedefs" "-Wno-reorder" "-Wno-deprecated-copy" "-Wno-comment" "-Wno-sign-compare" "-DRSL_USE_FALLBACK_EXPECTED=1" "-DRSL_STACKTRACE_UNSUPPORTED=1" "-O2" "-DARCH_X64=1" "-o" "/opt/rustwide/target/debug/build/rsmeshopt-cbdeb6c6dc698a40/out/src/draco/mesh/mesh_misc_functions.o" "-c" "src/draco/mesh/mesh_misc_functions.cc" with args "c++" did not execute successfully (status code exit status: 1).
[INFO] [stderr] 
[INFO] [stderr] 
[INFO] running `Command { std: "docker" "inspect" "781b81ac12ed7757db1af52cf25f65ecc0f9005a6fd6c0161363d72bf87f51fe", kill_on_drop: false }`
[INFO] running `Command { std: "docker" "rm" "-f" "781b81ac12ed7757db1af52cf25f65ecc0f9005a6fd6c0161363d72bf87f51fe", kill_on_drop: false }`
[INFO] [stdout] 781b81ac12ed7757db1af52cf25f65ecc0f9005a6fd6c0161363d72bf87f51fe
[INFO] documenting rsmeshopt-0.0.11 against beta-2023-12-22 for beta-1.76-rustdoc-1
[INFO] extracting crate rsmeshopt 0.0.11 into /workspace/builds/worker-3-tc2/source
[INFO] validating manifest of crates.io crate rsmeshopt 0.0.11 on toolchain beta-2023-12-22
[INFO] running `Command { std: CARGO_HOME="/workspace/cargo-home" RUSTUP_HOME="/workspace/rustup-home" "/workspace/cargo-home/bin/cargo" "+beta-2023-12-22" "metadata" "--manifest-path" "Cargo.toml" "--no-deps", kill_on_drop: false }`
[INFO] started tweaking crates.io crate rsmeshopt 0.0.11
[INFO] finished tweaking crates.io crate rsmeshopt 0.0.11
[INFO] tweaked toml for crates.io crate rsmeshopt 0.0.11 written to /workspace/builds/worker-3-tc2/source/Cargo.toml
[INFO] running `Command { std: CARGO_HOME="/workspace/cargo-home" RUSTUP_HOME="/workspace/rustup-home" "/workspace/cargo-home/bin/cargo" "+beta-2023-12-22" "generate-lockfile" "--manifest-path" "Cargo.toml", kill_on_drop: false }`
[INFO] [stderr]     Updating crates.io index
[INFO] running `Command { std: CARGO_HOME="/workspace/cargo-home" RUSTUP_HOME="/workspace/rustup-home" "/workspace/cargo-home/bin/cargo" "+beta-2023-12-22" "fetch" "--manifest-path" "Cargo.toml", kill_on_drop: false }`
[INFO] running `Command { std: "docker" "create" "-v" "/var/lib/crater-agent-workspace/builds/worker-3-tc2/target:/opt/rustwide/target:rw,Z" "-v" "/var/lib/crater-agent-workspace/builds/worker-3-tc2/source:/opt/rustwide/workdir:ro,Z" "-v" "/var/lib/crater-agent-workspace/cargo-home:/opt/rustwide/cargo-home:ro,Z" "-v" "/var/lib/crater-agent-workspace/rustup-home:/opt/rustwide/rustup-home:ro,Z" "-e" "SOURCE_DIR=/opt/rustwide/workdir" "-e" "CARGO_TARGET_DIR=/opt/rustwide/target" "-e" "CARGO_HOME=/opt/rustwide/cargo-home" "-e" "RUSTUP_HOME=/opt/rustwide/rustup-home" "-w" "/opt/rustwide/workdir" "-m" "1610612736" "--user" "0:0" "--network" "none" "ghcr.io/rust-lang/crates-build-env/linux@sha256:2788e3201cd34a07e3172128adcd8b3090168a8e3bcc40d7c032b9dda1df7d1c" "/opt/rustwide/cargo-home/bin/cargo" "+beta-2023-12-22" "metadata" "--no-deps" "--format-version=1", kill_on_drop: false }`
[INFO] [stdout] 559aa0ad718cbfdbf2c8fe6f983c0e8fe212edadb2723e56a945567dc54d503e
[INFO] running `Command { std: "docker" "start" "-a" "559aa0ad718cbfdbf2c8fe6f983c0e8fe212edadb2723e56a945567dc54d503e", kill_on_drop: false }`
[INFO] running `Command { std: "docker" "inspect" "559aa0ad718cbfdbf2c8fe6f983c0e8fe212edadb2723e56a945567dc54d503e", kill_on_drop: false }`
[INFO] running `Command { std: "docker" "rm" "-f" "559aa0ad718cbfdbf2c8fe6f983c0e8fe212edadb2723e56a945567dc54d503e", kill_on_drop: false }`
[INFO] [stdout] 559aa0ad718cbfdbf2c8fe6f983c0e8fe212edadb2723e56a945567dc54d503e
[INFO] running `Command { std: "docker" "create" "-v" "/var/lib/crater-agent-workspace/builds/worker-3-tc2/target:/opt/rustwide/target:rw,Z" "-v" "/var/lib/crater-agent-workspace/builds/worker-3-tc2/source:/opt/rustwide/workdir:ro,Z" "-v" "/var/lib/crater-agent-workspace/cargo-home:/opt/rustwide/cargo-home:ro,Z" "-v" "/var/lib/crater-agent-workspace/rustup-home:/opt/rustwide/rustup-home:ro,Z" "-e" "SOURCE_DIR=/opt/rustwide/workdir" "-e" "CARGO_TARGET_DIR=/opt/rustwide/target" "-e" "CARGO_INCREMENTAL=0" "-e" "RUST_BACKTRACE=full" "-e" "RUSTFLAGS=--cap-lints=warn" "-e" "RUSTDOCFLAGS=--cap-lints=warn" "-e" "CARGO_HOME=/opt/rustwide/cargo-home" "-e" "RUSTUP_HOME=/opt/rustwide/rustup-home" "-w" "/opt/rustwide/workdir" "-m" "1610612736" "--user" "0:0" "--network" "none" "ghcr.io/rust-lang/crates-build-env/linux@sha256:2788e3201cd34a07e3172128adcd8b3090168a8e3bcc40d7c032b9dda1df7d1c" "/opt/rustwide/cargo-home/bin/cargo" "+beta-2023-12-22" "doc" "--frozen" "--no-deps" "--document-private-items" "--message-format=json", kill_on_drop: false }`
[INFO] [stdout] f81334f1e2b75df7ed0a5f866f0dbd5feff2cf3db8ecca147a09bdeea6294e4c
[INFO] running `Command { std: "docker" "start" "-a" "f81334f1e2b75df7ed0a5f866f0dbd5feff2cf3db8ecca147a09bdeea6294e4c", kill_on_drop: false }`
[INFO] [stderr]    Compiling proc-macro2 v1.0.76
[INFO] [stderr]    Compiling humantime v2.1.0
[INFO] [stderr]    Compiling bindgen v0.57.0
[INFO] [stderr]    Compiling nom v5.1.3
[INFO] [stderr]    Compiling regex-automata v0.4.3
[INFO] [stderr]    Compiling which v3.1.1
[INFO] [stderr]    Compiling jobserver v0.1.27
[INFO] [stderr]    Compiling clang-sys v1.7.0
[INFO] [stderr]    Compiling clap v2.34.0
[INFO] [stderr]    Compiling cc v1.0.83
[INFO] [stderr]    Compiling quote v1.0.35
[INFO] [stderr]    Compiling cexpr v0.4.0
[INFO] [stderr]    Compiling regex v1.10.2
[INFO] [stderr]    Compiling env_logger v0.8.4
[INFO] [stderr]    Compiling rsmeshopt v0.0.11 (/opt/rustwide/workdir)
[INFO] [stderr] The following warnings were emitted during compilation:
[INFO] [stderr] 
[INFO] [stderr] warning: rsmeshopt@0.0.11: c++: fatal error: Killed signal terminated program cc1plus
[INFO] [stderr] warning: rsmeshopt@0.0.11: compilation terminated.
[INFO] [stderr] warning: rsmeshopt@0.0.11: ToolExecError: Command "c++" "-O0" "-ffunction-sections" "-fdata-sections" "-fPIC" "-gdwarf-4" "-fno-omit-frame-pointer" "-m64" "-std=gnu++2b" "-I" "." "-I" "src" "-Wall" "-Wextra" "-Wno-ignored-qualifiers" "-Wno-unused-local-typedefs" "-Wno-reorder" "-Wno-deprecated-copy" "-Wno-comment" "-Wno-sign-compare" "-DRSL_USE_FALLBACK_EXPECTED=1" "-DRSL_STACKTRACE_UNSUPPORTED=1" "-O2" "-DARCH_X64=1" "-o" "/opt/rustwide/target/debug/build/rsmeshopt-fd9bba50875f6190/out/src/draco/point_cloud/point_cloud.o" "-c" "src/draco/point_cloud/point_cloud.cc" with args "c++" did not execute successfully (status code exit status: 1).cargo:warning=c++: fatal error: Killed signal terminated program cc1plus
[INFO] [stderr] warning: rsmeshopt@0.0.11: compilation terminated.
[INFO] [stderr] warning: rsmeshopt@0.0.11: ToolExecError: Command "c++" "-O0" "-ffunction-sections" "-fdata-sections" "-fPIC" "-gdwarf-4" "-fno-omit-frame-pointer" "-m64" "-std=gnu++2b" "-I" "." "-I" "src" "-Wall" "-Wextra" "-Wno-ignored-qualifiers" "-Wno-unused-local-typedefs" "-Wno-reorder" "-Wno-deprecated-copy" "-Wno-comment" "-Wno-sign-compare" "-DRSL_USE_FALLBACK_EXPECTED=1" "-DRSL_STACKTRACE_UNSUPPORTED=1" "-O2" "-DARCH_X64=1" "-o" "/opt/rustwide/target/debug/build/rsmeshopt-fd9bba50875f6190/out/src/draco/attributes/point_attribute.o" "-c" "src/draco/attributes/point_attribute.cc" with args "c++" did not execute successfully (status code exit status: 1).cargo:warning=src/RsMeshOpt.cpp: In function 'tl::expected<std::vector<unsigned int>, std::__cxx11::basic_string<char> > rsmeshopt::MakeFans(std::span<const unsigned int>, u32, u32, u32)':
[INFO] [stderr] warning: rsmeshopt@0.0.11: src/RsMeshOpt.cpp:171:47: warning: unused parameter 'restart' [-Wunused-parameter]
[INFO] [stderr] warning: rsmeshopt@0.0.11:   171 | MakeFans(std::span<const u32> index_data, u32 restart, u32 min_len,
[INFO] [stderr] warning: rsmeshopt@0.0.11:       |                                           ~~~~^~~~~~~
[INFO] [stderr] warning: rsmeshopt@0.0.11: src/RsMeshOpt.cpp: In function 'Result<std::vector<unsigned int> > rsmeshopt::StripifyHaroohie(std::span<const unsigned int>, u32)':
[INFO] [stderr] warning: rsmeshopt@0.0.11: src/RsMeshOpt.cpp:183:47: warning: unused parameter 'restart' [-Wunused-parameter]
[INFO] [stderr] warning: rsmeshopt@0.0.11:   183 |                                           u32 restart) {
[INFO] [stderr] warning: rsmeshopt@0.0.11:       |                                           ~~~~^~~~~~~
[INFO] [stderr] warning: rsmeshopt@0.0.11: In file included from src/RsMeshOpt.cpp:3:
[INFO] [stderr] warning: rsmeshopt@0.0.11: src/TriFanMeshOptimizer.hpp: In instantiation of 'std::vector<std::vector<unsigned int> > rsmeshopt::TriFanMeshOptimizer::FindFansFromCenter(u32, u32, auto:27&&) [with auto:27 = std::back_insert_iterator<std::vector<unsigned int> >&; u32 = unsigned int]':
[INFO] [stderr] warning: rsmeshopt@0.0.11: src/TriFanMeshOptimizer.hpp:196:35:   required from 'bool rsmeshopt::TriFanMeshOptimizer::GenerateTriangleFansWithPrimitiveRestart(std::span<const unsigned int>, IndexTypeT, OutputIteratorT, rsmeshopt::TriFanOptions) [with OutputIteratorT = std::back_insert_iterator<std::vector<unsigned int> >; IndexTypeT = unsigned int]'
[INFO] [stderr] warning: rsmeshopt@0.0.11: src/RsMeshOpt.cpp:176:62:   required from here
[INFO] [stderr] warning: rsmeshopt@0.0.11: src/TriFanMeshOptimizer.hpp:149:38: warning: unused parameter 'primitive_restart_index' [-Wunused-parameter]
[INFO] [stderr] warning: rsmeshopt@0.0.11:   149 |   FindFansFromCenter(u32 center, u32 primitive_restart_index, auto&& out_it) {
[INFO] [stderr] warning: rsmeshopt@0.0.11:       |                                  ~~~~^~~~~~~~~~~~~~~~~~~~~~~
[INFO] [stderr] warning: rsmeshopt@0.0.11: src/TriFanMeshOptimizer.hpp:149:70: warning: unused parameter 'out_it' [-Wunused-parameter]
[INFO] [stderr] warning: rsmeshopt@0.0.11:   149 |   FindFansFromCenter(u32 center, u32 primitive_restart_index, auto&& out_it) {
[INFO] [stderr] warning: rsmeshopt@0.0.11:       |                                                               ~~~~~~~^~~~~~
[INFO] [stderr] 
[INFO] [stderr] error: failed to run custom build command for `rsmeshopt v0.0.11 (/opt/rustwide/workdir)`
[INFO] [stderr] note: To improve backtraces for build dependencies, set the CARGO_PROFILE_DEV_BUILD_OVERRIDE_DEBUG=true environment variable to enable debug information generation.
[INFO] [stderr] 
[INFO] [stderr] Caused by:
[INFO] [stderr]   process didn't exit successfully: `/opt/rustwide/target/debug/build/rsmeshopt-bb5956dfb130d89f/build-script-build` (exit status: 1)
[INFO] [stderr]   --- stdout
[INFO] [stderr]   cargo:rustc-env=TARGET=x86_64-unknown-linux-gnu
[INFO] [stderr]   OPT_LEVEL = Some("0")
[INFO] [stderr]   TARGET = Some("x86_64-unknown-linux-gnu")
[INFO] [stderr]   HOST = Some("x86_64-unknown-linux-gnu")
[INFO] [stderr]   cargo:rerun-if-env-changed=CXX_x86_64-unknown-linux-gnu
[INFO] [stderr]   CXX_x86_64-unknown-linux-gnu = None
[INFO] [stderr]   cargo:rerun-if-env-changed=CXX_x86_64_unknown_linux_gnu
[INFO] [stderr]   CXX_x86_64_unknown_linux_gnu = None
[INFO] [stderr]   cargo:rerun-if-env-changed=HOST_CXX
[INFO] [stderr]   HOST_CXX = None
[INFO] [stderr]   cargo:rerun-if-env-changed=CXX
[INFO] [stderr]   CXX = None
[INFO] [stderr]   cargo:rerun-if-env-changed=CRATE_CC_NO_DEFAULTS
[INFO] [stderr]   CRATE_CC_NO_DEFAULTS = None
[INFO] [stderr]   DEBUG = Some("true")
[INFO] [stderr]   CARGO_CFG_TARGET_FEATURE = Some("fxsr,sse,sse2")
[INFO] [stderr]   cargo:rerun-if-env-changed=CXXFLAGS_x86_64-unknown-linux-gnu
[INFO] [stderr]   CXXFLAGS_x86_64-unknown-linux-gnu = None
[INFO] [stderr]   cargo:rerun-if-env-changed=CXXFLAGS_x86_64_unknown_linux_gnu
[INFO] [stderr]   CXXFLAGS_x86_64_unknown_linux_gnu = None
[INFO] [stderr]   cargo:rerun-if-env-changed=HOST_CXXFLAGS
[INFO] [stderr]   HOST_CXXFLAGS = None
[INFO] [stderr]   cargo:rerun-if-env-changed=CXXFLAGS
[INFO] [stderr]   CXXFLAGS = None
[INFO] [stderr]   running: "c++" "-O0" "-ffunction-sections" "-fdata-sections" "-fPIC" "-gdwarf-4" "-fno-omit-frame-pointer" "-m64" "-std=gnu++2b" "-I" "." "-I" "src" "-Wall" "-Wextra" "-Wno-ignored-qualifiers" "-Wno-unused-local-typedefs" "-Wno-reorder" "-Wno-deprecated-copy" "-Wno-comment" "-Wno-sign-compare" "-DRSL_USE_FALLBACK_EXPECTED=1" "-DRSL_STACKTRACE_UNSUPPORTED=1" "-O2" "-DARCH_X64=1" "-o" "/opt/rustwide/target/debug/build/rsmeshopt-fd9bba50875f6190/out/src/bindings.o" "-c" "src/bindings.cpp"
[INFO] [stderr]   running: "c++" "-O0" "-ffunction-sections" "-fdata-sections" "-fPIC" "-gdwarf-4" "-fno-omit-frame-pointer" "-m64" "-std=gnu++2b" "-I" "." "-I" "src" "-Wall" "-Wextra" "-Wno-ignored-qualifiers" "-Wno-unused-local-typedefs" "-Wno-reorder" "-Wno-deprecated-copy" "-Wno-comment" "-Wno-sign-compare" "-DRSL_USE_FALLBACK_EXPECTED=1" "-DRSL_STACKTRACE_UNSUPPORTED=1" "-O2" "-DARCH_X64=1" "-o" "/opt/rustwide/target/debug/build/rsmeshopt-fd9bba50875f6190/out/src/HaroohieTriStripifier.o" "-c" "src/HaroohieTriStripifier.cpp"
[INFO] [stderr]   running: "c++" "-O0" "-ffunction-sections" "-fdata-sections" "-fPIC" "-gdwarf-4" "-fno-omit-frame-pointer" "-m64" "-std=gnu++2b" "-I" "." "-I" "src" "-Wall" "-Wextra" "-Wno-ignored-qualifiers" "-Wno-unused-local-typedefs" "-Wno-reorder" "-Wno-deprecated-copy" "-Wno-comment" "-Wno-sign-compare" "-DRSL_USE_FALLBACK_EXPECTED=1" "-DRSL_STACKTRACE_UNSUPPORTED=1" "-O2" "-DARCH_X64=1" "-o" "/opt/rustwide/target/debug/build/rsmeshopt-fd9bba50875f6190/out/src/RsMeshOpt.o" "-c" "src/RsMeshOpt.cpp"
[INFO] [stderr]   running: "c++" "-O0" "-ffunction-sections" "-fdata-sections" "-fPIC" "-gdwarf-4" "-fno-omit-frame-pointer" "-m64" "-std=gnu++2b" "-I" "." "-I" "src" "-Wall" "-Wextra" "-Wno-ignored-qualifiers" "-Wno-unused-local-typedefs" "-Wno-reorder" "-Wno-deprecated-copy" "-Wno-comment" "-Wno-sign-compare" "-DRSL_USE_FALLBACK_EXPECTED=1" "-DRSL_STACKTRACE_UNSUPPORTED=1" "-O2" "-DARCH_X64=1" "-o" "/opt/rustwide/target/debug/build/rsmeshopt-fd9bba50875f6190/out/src/TriangleFanSplitter.o" "-c" "src/TriangleFanSplitter.cpp"
[INFO] [stderr]   running: "c++" "-O0" "-ffunction-sections" "-fdata-sections" "-fPIC" "-gdwarf-4" "-fno-omit-frame-pointer" "-m64" "-std=gnu++2b" "-I" "." "-I" "src" "-Wall" "-Wextra" "-Wno-ignored-qualifiers" "-Wno-unused-local-typedefs" "-Wno-reorder" "-Wno-deprecated-copy" "-Wno-comment" "-Wno-sign-compare" "-DRSL_USE_FALLBACK_EXPECTED=1" "-DRSL_STACKTRACE_UNSUPPORTED=1" "-O2" "-DARCH_X64=1" "-o" "/opt/rustwide/target/debug/build/rsmeshopt-fd9bba50875f6190/out/src/draco/attributes/point_attribute.o" "-c" "src/draco/attributes/point_attribute.cc"
[INFO] [stderr]   running: "c++" "-O0" "-ffunction-sections" "-fdata-sections" "-fPIC" "-gdwarf-4" "-fno-omit-frame-pointer" "-m64" "-std=gnu++2b" "-I" "." "-I" "src" "-Wall" "-Wextra" "-Wno-ignored-qualifiers" "-Wno-unused-local-typedefs" "-Wno-reorder" "-Wno-deprecated-copy" "-Wno-comment" "-Wno-sign-compare" "-DRSL_USE_FALLBACK_EXPECTED=1" "-DRSL_STACKTRACE_UNSUPPORTED=1" "-O2" "-DARCH_X64=1" "-o" "/opt/rustwide/target/debug/build/rsmeshopt-fd9bba50875f6190/out/src/draco/attributes/geometry_attribute.o" "-c" "src/draco/attributes/geometry_attribute.cc"
[INFO] [stderr]   running: "c++" "-O0" "-ffunction-sections" "-fdata-sections" "-fPIC" "-gdwarf-4" "-fno-omit-frame-pointer" "-m64" "-std=gnu++2b" "-I" "." "-I" "src" "-Wall" "-Wextra" "-Wno-ignored-qualifiers" "-Wno-unused-local-typedefs" "-Wno-reorder" "-Wno-deprecated-copy" "-Wno-comment" "-Wno-sign-compare" "-DRSL_USE_FALLBACK_EXPECTED=1" "-DRSL_STACKTRACE_UNSUPPORTED=1" "-O2" "-DARCH_X64=1" "-o" "/opt/rustwide/target/debug/build/rsmeshopt-fd9bba50875f6190/out/src/draco/core/bounding_box.o" "-c" "src/draco/core/bounding_box.cc"
[INFO] [stderr]   running: "c++" "-O0" "-ffunction-sections" "-fdata-sections" "-fPIC" "-gdwarf-4" "-fno-omit-frame-pointer" "-m64" "-std=gnu++2b" "-I" "." "-I" "src" "-Wall" "-Wextra" "-Wno-ignored-qualifiers" "-Wno-unused-local-typedefs" "-Wno-reorder" "-Wno-deprecated-copy" "-Wno-comment" "-Wno-sign-compare" "-DRSL_USE_FALLBACK_EXPECTED=1" "-DRSL_STACKTRACE_UNSUPPORTED=1" "-O2" "-DARCH_X64=1" "-o" "/opt/rustwide/target/debug/build/rsmeshopt-fd9bba50875f6190/out/src/draco/core/data_buffer.o" "-c" "src/draco/core/data_buffer.cc"
[INFO] [stderr]   running: "c++" "-O0" "-ffunction-sections" "-fdata-sections" "-fPIC" "-gdwarf-4" "-fno-omit-frame-pointer" "-m64" "-std=gnu++2b" "-I" "." "-I" "src" "-Wall" "-Wextra" "-Wno-ignored-qualifiers" "-Wno-unused-local-typedefs" "-Wno-reorder" "-Wno-deprecated-copy" "-Wno-comment" "-Wno-sign-compare" "-DRSL_USE_FALLBACK_EXPECTED=1" "-DRSL_STACKTRACE_UNSUPPORTED=1" "-O2" "-DARCH_X64=1" "-o" "/opt/rustwide/target/debug/build/rsmeshopt-fd9bba50875f6190/out/src/draco/core/draco_types.o" "-c" "src/draco/core/draco_types.cc"
[INFO] [stderr]   running: "c++" "-O0" "-ffunction-sections" "-fdata-sections" "-fPIC" "-gdwarf-4" "-fno-omit-frame-pointer" "-m64" "-std=gnu++2b" "-I" "." "-I" "src" "-Wall" "-Wextra" "-Wno-ignored-qualifiers" "-Wno-unused-local-typedefs" "-Wno-reorder" "-Wno-deprecated-copy" "-Wno-comment" "-Wno-sign-compare" "-DRSL_USE_FALLBACK_EXPECTED=1" "-DRSL_STACKTRACE_UNSUPPORTED=1" "-O2" "-DARCH_X64=1" "-o" "/opt/rustwide/target/debug/build/rsmeshopt-fd9bba50875f6190/out/src/draco/mesh/corner_table.o" "-c" "src/draco/mesh/corner_table.cc"
[INFO] [stderr]   running: "c++" "-O0" "-ffunction-sections" "-fdata-sections" "-fPIC" "-gdwarf-4" "-fno-omit-frame-pointer" "-m64" "-std=gnu++2b" "-I" "." "-I" "src" "-Wall" "-Wextra" "-Wno-ignored-qualifiers" "-Wno-unused-local-typedefs" "-Wno-reorder" "-Wno-deprecated-copy" "-Wno-comment" "-Wno-sign-compare" "-DRSL_USE_FALLBACK_EXPECTED=1" "-DRSL_STACKTRACE_UNSUPPORTED=1" "-O2" "-DARCH_X64=1" "-o" "/opt/rustwide/target/debug/build/rsmeshopt-fd9bba50875f6190/out/src/draco/mesh/mesh.o" "-c" "src/draco/mesh/mesh.cc"
[INFO] [stderr]   running: "c++" "-O0" "-ffunction-sections" "-fdata-sections" "-fPIC" "-gdwarf-4" "-fno-omit-frame-pointer" "-m64" "-std=gnu++2b" "-I" "." "-I" "src" "-Wall" "-Wextra" "-Wno-ignored-qualifiers" "-Wno-unused-local-typedefs" "-Wno-reorder" "-Wno-deprecated-copy" "-Wno-comment" "-Wno-sign-compare" "-DRSL_USE_FALLBACK_EXPECTED=1" "-DRSL_STACKTRACE_UNSUPPORTED=1" "-O2" "-DARCH_X64=1" "-o" "/opt/rustwide/target/debug/build/rsmeshopt-fd9bba50875f6190/out/src/draco/mesh/mesh_misc_functions.o" "-c" "src/draco/mesh/mesh_misc_functions.cc"
[INFO] [stderr]   running: "c++" "-O0" "-ffunction-sections" "-fdata-sections" "-fPIC" "-gdwarf-4" "-fno-omit-frame-pointer" "-m64" "-std=gnu++2b" "-I" "." "-I" "src" "-Wall" "-Wextra" "-Wno-ignored-qualifiers" "-Wno-unused-local-typedefs" "-Wno-reorder" "-Wno-deprecated-copy" "-Wno-comment" "-Wno-sign-compare" "-DRSL_USE_FALLBACK_EXPECTED=1" "-DRSL_STACKTRACE_UNSUPPORTED=1" "-O2" "-DARCH_X64=1" "-o" "/opt/rustwide/target/debug/build/rsmeshopt-fd9bba50875f6190/out/src/draco/mesh/mesh_stripifier.o" "-c" "src/draco/mesh/mesh_stripifier.cc"
[INFO] [stderr]   running: "c++" "-O0" "-ffunction-sections" "-fdata-sections" "-fPIC" "-gdwarf-4" "-fno-omit-frame-pointer" "-m64" "-std=gnu++2b" "-I" "." "-I" "src" "-Wall" "-Wextra" "-Wno-ignored-qualifiers" "-Wno-unused-local-typedefs" "-Wno-reorder" "-Wno-deprecated-copy" "-Wno-comment" "-Wno-sign-compare" "-DRSL_USE_FALLBACK_EXPECTED=1" "-DRSL_STACKTRACE_UNSUPPORTED=1" "-O2" "-DARCH_X64=1" "-o" "/opt/rustwide/target/debug/build/rsmeshopt-fd9bba50875f6190/out/src/draco/point_cloud/point_cloud.o" "-c" "src/draco/point_cloud/point_cloud.cc"
[INFO] [stderr]   running: "c++" "-O0" "-ffunction-sections" "-fdata-sections" "-fPIC" "-gdwarf-4" "-fno-omit-frame-pointer" "-m64" "-std=gnu++2b" "-I" "." "-I" "src" "-Wall" "-Wextra" "-Wno-ignored-qualifiers" "-Wno-unused-local-typedefs" "-Wno-reorder" "-Wno-deprecated-copy" "-Wno-comment" "-Wno-sign-compare" "-DRSL_USE_FALLBACK_EXPECTED=1" "-DRSL_STACKTRACE_UNSUPPORTED=1" "-O2" "-DARCH_X64=1" "-o" "/opt/rustwide/target/debug/build/rsmeshopt-fd9bba50875f6190/out/src/meshoptimizer/stripifier.o" "-c" "src/meshoptimizer/stripifier.cpp"
[INFO] [stderr]   running: "c++" "-O0" "-ffunction-sections" "-fdata-sections" "-fPIC" "-gdwarf-4" "-fno-omit-frame-pointer" "-m64" "-std=gnu++2b" "-I" "." "-I" "src" "-Wall" "-Wextra" "-Wno-ignored-qualifiers" "-Wno-unused-local-typedefs" "-Wno-reorder" "-Wno-deprecated-copy" "-Wno-comment" "-Wno-sign-compare" "-DRSL_USE_FALLBACK_EXPECTED=1" "-DRSL_STACKTRACE_UNSUPPORTED=1" "-O2" "-DARCH_X64=1" "-o" "/opt/rustwide/target/debug/build/rsmeshopt-fd9bba50875f6190/out/src/tristrip/trianglemesh.o" "-c" "src/tristrip/trianglemesh.cpp"
[INFO] [stderr]   running: "c++" "-O0" "-ffunction-sections" "-fdata-sections" "-fPIC" "-gdwarf-4" "-fno-omit-frame-pointer" "-m64" "-std=gnu++2b" "-I" "." "-I" "src" "-Wall" "-Wextra" "-Wno-ignored-qualifiers" "-Wno-unused-local-typedefs" "-Wno-reorder" "-Wno-deprecated-copy" "-Wno-comment" "-Wno-sign-compare" "-DRSL_USE_FALLBACK_EXPECTED=1" "-DRSL_STACKTRACE_UNSUPPORTED=1" "-O2" "-DARCH_X64=1" "-o" "/opt/rustwide/target/debug/build/rsmeshopt-fd9bba50875f6190/out/src/tristrip/trianglestripifier.o" "-c" "src/tristrip/trianglestripifier.cpp"
[INFO] [stderr]   running: "c++" "-O0" "-ffunction-sections" "-fdata-sections" "-fPIC" "-gdwarf-4" "-fno-omit-frame-pointer" "-m64" "-std=gnu++2b" "-I" "." "-I" "src" "-Wall" "-Wextra" "-Wno-ignored-qualifiers" "-Wno-unused-local-typedefs" "-Wno-reorder" "-Wno-deprecated-copy" "-Wno-comment" "-Wno-sign-compare" "-DRSL_USE_FALLBACK_EXPECTED=1" "-DRSL_STACKTRACE_UNSUPPORTED=1" "-O2" "-DARCH_X64=1" "-o" "/opt/rustwide/target/debug/build/rsmeshopt-fd9bba50875f6190/out/src/tristrip/tristrip.o" "-c" "src/tristrip/tristrip.cpp"
[INFO] [stderr]   running: "c++" "-O0" "-ffunction-sections" "-fdata-sections" "-fPIC" "-gdwarf-4" "-fno-omit-frame-pointer" "-m64" "-std=gnu++2b" "-I" "." "-I" "src" "-Wall" "-Wextra" "-Wno-ignored-qualifiers" "-Wno-unused-local-typedefs" "-Wno-reorder" "-Wno-deprecated-copy" "-Wno-comment" "-Wno-sign-compare" "-DRSL_USE_FALLBACK_EXPECTED=1" "-DRSL_STACKTRACE_UNSUPPORTED=1" "-O2" "-DARCH_X64=1" "-o" "/opt/rustwide/target/debug/build/rsmeshopt-fd9bba50875f6190/out/src/TriStripper/connectivity_graph.o" "-c" "src/TriStripper/connectivity_graph.cpp"
[INFO] [stderr]   running: "c++" "-O0" "-ffunction-sections" "-fdata-sections" "-fPIC" "-gdwarf-4" "-fno-omit-frame-pointer" "-m64" "-std=gnu++2b" "-I" "." "-I" "src" "-Wall" "-Wextra" "-Wno-ignored-qualifiers" "-Wno-unused-local-typedefs" "-Wno-reorder" "-Wno-deprecated-copy" "-Wno-comment" "-Wno-sign-compare" "-DRSL_USE_FALLBACK_EXPECTED=1" "-DRSL_STACKTRACE_UNSUPPORTED=1" "-O2" "-DARCH_X64=1" "-o" "/opt/rustwide/target/debug/build/rsmeshopt-fd9bba50875f6190/out/src/TriStripper/policy.o" "-c" "src/TriStripper/policy.cpp"
[INFO] [stderr]   running: "c++" "-O0" "-ffunction-sections" "-fdata-sections" "-fPIC" "-gdwarf-4" "-fno-omit-frame-pointer" "-m64" "-std=gnu++2b" "-I" "." "-I" "src" "-Wall" "-Wextra" "-Wno-ignored-qualifiers" "-Wno-unused-local-typedefs" "-Wno-reorder" "-Wno-deprecated-copy" "-Wno-comment" "-Wno-sign-compare" "-DRSL_USE_FALLBACK_EXPECTED=1" "-DRSL_STACKTRACE_UNSUPPORTED=1" "-O2" "-DARCH_X64=1" "-o" "/opt/rustwide/target/debug/build/rsmeshopt-fd9bba50875f6190/out/src/TriStripper/tri_stripper.o" "-c" "src/TriStripper/tri_stripper.cpp"
[INFO] [stderr]   cargo:warning=c++: fatal error: Killed signal terminated program cc1plus
[INFO] [stderr] 
[INFO] [stderr]   cargo:warning=compilation terminated.
[INFO] [stderr] 
[INFO] [stderr]   exit status: 0
[INFO] [stderr]   exit status: 0
[INFO] [stderr]   exit status: 0
[INFO] [stderr]   exit status: 0
[INFO] [stderr]   exit status: 0
[INFO] [stderr]   exit status: 0
[INFO] [stderr]   exit status: 0
[INFO] [stderr]   exit status: 0
[INFO] [stderr]   exit status: 1
[INFO] [stderr]   cargo:warning=ToolExecError: Command "c++" "-O0" "-ffunction-sections" "-fdata-sections" "-fPIC" "-gdwarf-4" "-fno-omit-frame-pointer" "-m64" "-std=gnu++2b" "-I" "." "-I" "src" "-Wall" "-Wextra" "-Wno-ignored-qualifiers" "-Wno-unused-local-typedefs" "-Wno-reorder" "-Wno-deprecated-copy" "-Wno-comment" "-Wno-sign-compare" "-DRSL_USE_FALLBACK_EXPECTED=1" "-DRSL_STACKTRACE_UNSUPPORTED=1" "-O2" "-DARCH_X64=1" "-o" "/opt/rustwide/target/debug/build/rsmeshopt-fd9bba50875f6190/out/src/draco/point_cloud/point_cloud.o" "-c" "src/draco/point_cloud/point_cloud.cc" with args "c++" did not execute successfully (status code exit status: 1).cargo:warning=c++: fatal error: Killed signal terminated program cc1plus
[INFO] [stderr] 
[INFO] [stderr]   cargo:warning=compilation terminated.
[INFO] [stderr] 
[INFO] [stderr] 
[INFO] [stderr]   exit status: 1
[INFO] [stderr]   cargo:warning=ToolExecError: Command "c++" "-O0" "-ffunction-sections" "-fdata-sections" "-fPIC" "-gdwarf-4" "-fno-omit-frame-pointer" "-m64" "-std=gnu++2b" "-I" "." "-I" "src" "-Wall" "-Wextra" "-Wno-ignored-qualifiers" "-Wno-unused-local-typedefs" "-Wno-reorder" "-Wno-deprecated-copy" "-Wno-comment" "-Wno-sign-compare" "-DRSL_USE_FALLBACK_EXPECTED=1" "-DRSL_STACKTRACE_UNSUPPORTED=1" "-O2" "-DARCH_X64=1" "-o" "/opt/rustwide/target/debug/build/rsmeshopt-fd9bba50875f6190/out/src/draco/attributes/point_attribute.o" "-c" "src/draco/attributes/point_attribute.cc" with args "c++" did not execute successfully (status code exit status: 1).cargo:warning=src/RsMeshOpt.cpp: In function 'tl::expected<std::vector<unsigned int>, std::__cxx11::basic_string<char> > rsmeshopt::MakeFans(std::span<const unsigned int>, u32, u32, u32)':
[INFO] [stderr] 
[INFO] [stderr]   cargo:warning=src/RsMeshOpt.cpp:171:47: warning: unused parameter 'restart' [-Wunused-parameter]
[INFO] [stderr] 
[INFO] [stderr]   cargo:warning=  171 | MakeFans(std::span<const u32> index_data, u32 restart, u32 min_len,
[INFO] [stderr] 
[INFO] [stderr]   cargo:warning=      |                                           ~~~~^~~~~~~
[INFO] [stderr] 
[INFO] [stderr]   cargo:warning=src/RsMeshOpt.cpp: In function 'Result<std::vector<unsigned int> > rsmeshopt::StripifyHaroohie(std::span<const unsigned int>, u32)':
[INFO] [stderr] 
[INFO] [stderr]   cargo:warning=src/RsMeshOpt.cpp:183:47: warning: unused parameter 'restart' [-Wunused-parameter]
[INFO] [stderr] 
[INFO] [stderr]   cargo:warning=  183 |                                           u32 restart) {
[INFO] [stderr] 
[INFO] [stderr]   cargo:warning=      |                                           ~~~~^~~~~~~
[INFO] [stderr] 
[INFO] [stderr]   cargo:warning=In file included from src/RsMeshOpt.cpp:3:
[INFO] [stderr] 
[INFO] [stderr]   cargo:warning=src/TriFanMeshOptimizer.hpp: In instantiation of 'std::vector<std::vector<unsigned int> > rsmeshopt::TriFanMeshOptimizer::FindFansFromCenter(u32, u32, auto:27&&) [with auto:27 = std::back_insert_iterator<std::vector<unsigned int> >&; u32 = unsigned int]':
[INFO] [stderr] 
[INFO] [stderr]   cargo:warning=src/TriFanMeshOptimizer.hpp:196:35:   required from 'bool rsmeshopt::TriFanMeshOptimizer::GenerateTriangleFansWithPrimitiveRestart(std::span<const unsigned int>, IndexTypeT, OutputIteratorT, rsmeshopt::TriFanOptions) [with OutputIteratorT = std::back_insert_iterator<std::vector<unsigned int> >; IndexTypeT = unsigned int]'
[INFO] [stderr] 
[INFO] [stderr]   cargo:warning=src/RsMeshOpt.cpp:176:62:   required from here
[INFO] [stderr] 
[INFO] [stderr]   cargo:warning=src/TriFanMeshOptimizer.hpp:149:38: warning: unused parameter 'primitive_restart_index' [-Wunused-parameter]
[INFO] [stderr] 
[INFO] [stderr]   cargo:warning=  149 |   FindFansFromCenter(u32 center, u32 primitive_restart_index, auto&& out_it) {
[INFO] [stderr] 
[INFO] [stderr]   cargo:warning=      |                                  ~~~~^~~~~~~~~~~~~~~~~~~~~~~
[INFO] [stderr] 
[INFO] [stderr]   cargo:warning=src/TriFanMeshOptimizer.hpp:149:70: warning: unused parameter 'out_it' [-Wunused-parameter]
[INFO] [stderr] 
[INFO] [stderr]   cargo:warning=  149 |   FindFansFromCenter(u32 center, u32 primitive_restart_index, auto&& out_it) {
[INFO] [stderr] 
[INFO] [stderr]   cargo:warning=      |                                                               ~~~~~~~^~~~~~
[INFO] [stderr] 
[INFO] [stderr] 
[INFO] [stderr]   exit status: 0
[INFO] [stderr]   exit status: 0
[INFO] [stderr]   exit status: 0
[INFO] [stderr]   exit status: 0
[INFO] [stderr]   exit status: 0
[INFO] [stderr]   exit status: 0
[INFO] [stderr]   exit status: 0
[INFO] [stderr]   exit status: 0
[INFO] [stderr]   exit status: 0
[INFO] [stderr]   exit status: 0
[INFO] [stderr]   exit status: 0
[INFO] [stderr] 
[INFO] [stderr]   --- stderr
[INFO] [stderr] 
[INFO] [stderr] 
[INFO] [stderr]   error occurred: Command "c++" "-O0" "-ffunction-sections" "-fdata-sections" "-fPIC" "-gdwarf-4" "-fno-omit-frame-pointer" "-m64" "-std=gnu++2b" "-I" "." "-I" "src" "-Wall" "-Wextra" "-Wno-ignored-qualifiers" "-Wno-unused-local-typedefs" "-Wno-reorder" "-Wno-deprecated-copy" "-Wno-comment" "-Wno-sign-compare" "-DRSL_USE_FALLBACK_EXPECTED=1" "-DRSL_STACKTRACE_UNSUPPORTED=1" "-O2" "-DARCH_X64=1" "-o" "/opt/rustwide/target/debug/build/rsmeshopt-fd9bba50875f6190/out/src/draco/attributes/point_attribute.o" "-c" "src/draco/attributes/point_attribute.cc" with args "c++" did not execute successfully (status code exit status: 1).
[INFO] [stderr] 
[INFO] [stderr] 
[INFO] running `Command { std: "docker" "inspect" "f81334f1e2b75df7ed0a5f866f0dbd5feff2cf3db8ecca147a09bdeea6294e4c", kill_on_drop: false }`
[INFO] running `Command { std: "docker" "rm" "-f" "f81334f1e2b75df7ed0a5f866f0dbd5feff2cf3db8ecca147a09bdeea6294e4c", kill_on_drop: false }`
[INFO] [stdout] f81334f1e2b75df7ed0a5f866f0dbd5feff2cf3db8ecca147a09bdeea6294e4c
