[INFO] fetching crate rorm-db 0.9.1...
[INFO] documenting rorm-db-0.9.1 against 1.75.0 for beta-1.76-rustdoc-1
[INFO] extracting crate rorm-db 0.9.1 into /workspace/builds/worker-2-tc1/source
[INFO] validating manifest of crates.io crate rorm-db 0.9.1 on toolchain 1.75.0
[INFO] running `Command { std: CARGO_HOME="/workspace/cargo-home" RUSTUP_HOME="/workspace/rustup-home" "/workspace/cargo-home/bin/cargo" "+1.75.0" "metadata" "--manifest-path" "Cargo.toml" "--no-deps", kill_on_drop: false }`
[INFO] started tweaking crates.io crate rorm-db 0.9.1
[INFO] finished tweaking crates.io crate rorm-db 0.9.1
[INFO] tweaked toml for crates.io crate rorm-db 0.9.1 written to /workspace/builds/worker-2-tc1/source/Cargo.toml
[INFO] running `Command { std: CARGO_HOME="/workspace/cargo-home" RUSTUP_HOME="/workspace/rustup-home" "/workspace/cargo-home/bin/cargo" "+1.75.0" "generate-lockfile" "--manifest-path" "Cargo.toml", kill_on_drop: false }`
[INFO] [stderr]     Updating crates.io index
[INFO] running `Command { std: CARGO_HOME="/workspace/cargo-home" RUSTUP_HOME="/workspace/rustup-home" "/workspace/cargo-home/bin/cargo" "+1.75.0" "fetch" "--manifest-path" "Cargo.toml", kill_on_drop: false }`
[INFO] [stderr]  Downloading crates ...
[INFO] [stderr]   Downloaded ipnetwork v0.20.0
[INFO] [stderr]   Downloaded rorm-declaration v0.4.0
[INFO] [stderr]   Downloaded rorm-sql v0.8.2
[INFO] running `Command { std: "docker" "create" "-v" "/var/lib/crater-agent-workspace/builds/worker-2-tc1/target:/opt/rustwide/target:rw,Z" "-v" "/var/lib/crater-agent-workspace/builds/worker-2-tc1/source:/opt/rustwide/workdir:ro,Z" "-v" "/var/lib/crater-agent-workspace/cargo-home:/opt/rustwide/cargo-home:ro,Z" "-v" "/var/lib/crater-agent-workspace/rustup-home:/opt/rustwide/rustup-home:ro,Z" "-e" "SOURCE_DIR=/opt/rustwide/workdir" "-e" "CARGO_TARGET_DIR=/opt/rustwide/target" "-e" "CARGO_HOME=/opt/rustwide/cargo-home" "-e" "RUSTUP_HOME=/opt/rustwide/rustup-home" "-w" "/opt/rustwide/workdir" "-m" "1610612736" "--user" "0:0" "--network" "none" "ghcr.io/rust-lang/crates-build-env/linux@sha256:2788e3201cd34a07e3172128adcd8b3090168a8e3bcc40d7c032b9dda1df7d1c" "/opt/rustwide/cargo-home/bin/cargo" "+1.75.0" "metadata" "--no-deps" "--format-version=1", kill_on_drop: false }`
[INFO] [stdout] e889a38583de572c76e18b52f04b71af2c73fc885fa434bd1fa26572779540e3
[INFO] running `Command { std: "docker" "start" "-a" "e889a38583de572c76e18b52f04b71af2c73fc885fa434bd1fa26572779540e3", kill_on_drop: false }`
[INFO] running `Command { std: "docker" "inspect" "e889a38583de572c76e18b52f04b71af2c73fc885fa434bd1fa26572779540e3", kill_on_drop: false }`
[INFO] running `Command { std: "docker" "rm" "-f" "e889a38583de572c76e18b52f04b71af2c73fc885fa434bd1fa26572779540e3", kill_on_drop: false }`
[INFO] [stdout] e889a38583de572c76e18b52f04b71af2c73fc885fa434bd1fa26572779540e3
[INFO] running `Command { std: "docker" "create" "-v" "/var/lib/crater-agent-workspace/builds/worker-2-tc1/target:/opt/rustwide/target:rw,Z" "-v" "/var/lib/crater-agent-workspace/builds/worker-2-tc1/source:/opt/rustwide/workdir:ro,Z" "-v" "/var/lib/crater-agent-workspace/cargo-home:/opt/rustwide/cargo-home:ro,Z" "-v" "/var/lib/crater-agent-workspace/rustup-home:/opt/rustwide/rustup-home:ro,Z" "-e" "SOURCE_DIR=/opt/rustwide/workdir" "-e" "CARGO_TARGET_DIR=/opt/rustwide/target" "-e" "CARGO_INCREMENTAL=0" "-e" "RUST_BACKTRACE=full" "-e" "RUSTFLAGS=--cap-lints=warn" "-e" "RUSTDOCFLAGS=--cap-lints=warn" "-e" "CARGO_HOME=/opt/rustwide/cargo-home" "-e" "RUSTUP_HOME=/opt/rustwide/rustup-home" "-w" "/opt/rustwide/workdir" "-m" "1610612736" "--user" "0:0" "--network" "none" "ghcr.io/rust-lang/crates-build-env/linux@sha256:2788e3201cd34a07e3172128adcd8b3090168a8e3bcc40d7c032b9dda1df7d1c" "/opt/rustwide/cargo-home/bin/cargo" "+1.75.0" "doc" "--frozen" "--no-deps" "--document-private-items" "--message-format=json", kill_on_drop: false }`
[INFO] [stdout] 569a86847e83e4836823e652053b50972454f1178bed90430835f9a9861aa335
[INFO] running `Command { std: "docker" "start" "-a" "569a86847e83e4836823e652053b50972454f1178bed90430835f9a9861aa335", kill_on_drop: false }`
[INFO] [stderr]    Compiling proc-macro2 v1.0.76
[INFO] [stderr]    Compiling semver v1.0.21
[INFO] [stderr]     Checking futures-sink v0.3.30
[INFO] [stderr]     Checking futures-core v0.3.30
[INFO] [stderr]     Checking futures-task v0.3.30
[INFO] [stderr]     Checking futures-io v0.3.30
[INFO] [stderr]     Checking powerfmt v0.2.0
[INFO] [stderr]    Compiling serde_json v1.0.111
[INFO] [stderr]     Checking ryu v1.0.16
[INFO] [stderr]     Checking futures-channel v0.3.30
[INFO] [stderr]     Checking time-core v0.1.2
[INFO] [stderr]     Checking chrono v0.4.31
[INFO] [stderr]     Checking deranged v0.3.11
[INFO] [stderr]     Checking uuid v1.6.1
[INFO] [stderr]     Checking log v0.4.20
[INFO] [stderr]    Compiling quote v1.0.35
[INFO] [stderr]    Compiling rustc_version v0.4.0
[INFO] [stderr]    Compiling syn v2.0.48
[INFO] [stderr]    Compiling rorm-declaration v0.4.0
[INFO] [stderr]    Compiling rorm-sql v0.8.2
[INFO] [stderr]    Compiling rorm-db v0.9.1 (/opt/rustwide/workdir)
[INFO] [stderr]     Checking time v0.3.31
[INFO] [stderr]    Compiling serde_derive v1.0.195
[INFO] [stderr]    Compiling futures-macro v0.3.30
[INFO] [stderr]    Compiling strum_macros v0.25.3
[INFO] [stderr]    Compiling pin-project-internal v1.1.3
[INFO] [stderr]     Checking futures-util v0.3.30
[INFO] [stderr]     Checking pin-project v1.1.3
[INFO] [stderr]     Checking strum v0.25.0
[INFO] [stderr]     Checking serde v1.0.195
[INFO] [stderr]     Checking futures-executor v0.3.30
[INFO] [stderr]     Checking futures v0.3.30
[INFO] [stderr]     Checking ordered-float v3.9.2
[INFO] [stdout] error: One of the features sqlite, postgres, mysql must be activated
[INFO] [stdout]  --> /opt/rustwide/cargo-home/registry/src/index.crates.io-6f17d22bba15001f/rorm-sql-0.8.2/src/lib.rs:6:1
[INFO] [stdout]   |
[INFO] [stdout] 6 | compile_error!("One of the features sqlite, postgres, mysql must be activated");
[INFO] [stdout]   | ^^^^^^^^^^^^^^^^^^^^^^^^^^^^^^^^^^^^^^^^^^^^^^^^^^^^^^^^^^^^^^^^^^^^^^^^^^^^^^^
[INFO] [stdout] 
[INFO] [stdout] 
[INFO] [stdout] error[E0392]: parameter `'until_build` is never used
[INFO] [stdout]   --> /opt/rustwide/cargo-home/registry/src/index.crates.io-6f17d22bba15001f/rorm-sql-0.8.2/src/alter_table.rs:11:30
[INFO] [stdout]    |
[INFO] [stdout] 11 | pub enum AlterTableOperation<'until_build, 'post_build> {
[INFO] [stdout]    |                              ^^^^^^^^^^^^ unused parameter
[INFO] [stdout]    |
[INFO] [stdout]    = help: consider removing `'until_build`, referring to it in a field, or using a marker such as `PhantomData`
[INFO] [stdout] 
[INFO] [stdout] 
[INFO] [stdout] error[E0392]: parameter `'post_build` is never used
[INFO] [stdout]   --> /opt/rustwide/cargo-home/registry/src/index.crates.io-6f17d22bba15001f/rorm-sql-0.8.2/src/alter_table.rs:11:44
[INFO] [stdout]    |
[INFO] [stdout] 11 | pub enum AlterTableOperation<'until_build, 'post_build> {
[INFO] [stdout]    |                                            ^^^^^^^^^^^ unused parameter
[INFO] [stdout]    |
[INFO] [stdout]    = help: consider removing `'post_build`, referring to it in a field, or using a marker such as `PhantomData`
[INFO] [stdout] 
[INFO] [stdout] 
[INFO] [stdout] error[E0392]: parameter `'until_build` is never used
[INFO] [stdout]   --> /opt/rustwide/cargo-home/registry/src/index.crates.io-6f17d22bba15001f/rorm-sql-0.8.2/src/alter_table.rs:65:25
[INFO] [stdout]    |
[INFO] [stdout] 65 | pub enum AlterTableImpl<'until_build, 'post_build> {
[INFO] [stdout]    |                         ^^^^^^^^^^^^ unused parameter
[INFO] [stdout]    |
[INFO] [stdout]    = help: consider removing `'until_build`, referring to it in a field, or using a marker such as `PhantomData`
[INFO] [stdout] 
[INFO] [stdout] 
[INFO] [stdout] error[E0392]: parameter `'post_build` is never used
[INFO] [stdout]   --> /opt/rustwide/cargo-home/registry/src/index.crates.io-6f17d22bba15001f/rorm-sql-0.8.2/src/alter_table.rs:65:39
[INFO] [stdout]    |
[INFO] [stdout] 65 | pub enum AlterTableImpl<'until_build, 'post_build> {
[INFO] [stdout]    |                                       ^^^^^^^^^^^ unused parameter
[INFO] [stdout]    |
[INFO] [stdout]    = help: consider removing `'post_build`, referring to it in a field, or using a marker such as `PhantomData`
[INFO] [stdout] 
[INFO] [stdout] 
[INFO] [stdout] error[E0392]: parameter `'until_build` is never used
[INFO] [stdout]   --> /opt/rustwide/cargo-home/registry/src/index.crates.io-6f17d22bba15001f/rorm-sql-0.8.2/src/create_column.rs:86:27
[INFO] [stdout]    |
[INFO] [stdout] 86 | pub enum CreateColumnImpl<'until_build, 'post_build> {
[INFO] [stdout]    |                           ^^^^^^^^^^^^ unused parameter
[INFO] [stdout]    |
[INFO] [stdout]    = help: consider removing `'until_build`, referring to it in a field, or using a marker such as `PhantomData`
[INFO] [stdout] 
[INFO] [stdout] 
[INFO] [stdout] error[E0392]: parameter `'post_build` is never used
[INFO] [stdout]   --> /opt/rustwide/cargo-home/registry/src/index.crates.io-6f17d22bba15001f/rorm-sql-0.8.2/src/create_column.rs:86:41
[INFO] [stdout]    |
[INFO] [stdout] 86 | pub enum CreateColumnImpl<'until_build, 'post_build> {
[INFO] [stdout]    |                                         ^^^^^^^^^^^ unused parameter
[INFO] [stdout]    |
[INFO] [stdout]    = help: consider removing `'post_build`, referring to it in a field, or using a marker such as `PhantomData`
[INFO] [stdout] 
[INFO] [stdout] 
[INFO] [stdout] error[E0392]: parameter `'until_build` is never used
[INFO] [stdout]   --> /opt/rustwide/cargo-home/registry/src/index.crates.io-6f17d22bba15001f/rorm-sql-0.8.2/src/create_index.rs:58:26
[INFO] [stdout]    |
[INFO] [stdout] 58 | pub enum CreateIndexImpl<'until_build> {
[INFO] [stdout]    |                          ^^^^^^^^^^^^ unused parameter
[INFO] [stdout]    |
[INFO] [stdout]    = help: consider removing `'until_build`, referring to it in a field, or using a marker such as `PhantomData`
[INFO] [stdout] 
[INFO] [stdout] 
[INFO] [stdout] error[E0392]: parameter `'until_build` is never used
[INFO] [stdout]   --> /opt/rustwide/cargo-home/registry/src/index.crates.io-6f17d22bba15001f/rorm-sql-0.8.2/src/create_table.rs:47:26
[INFO] [stdout]    |
[INFO] [stdout] 47 | pub enum CreateTableImpl<'until_build, 'post_build> {
[INFO] [stdout]    |                          ^^^^^^^^^^^^ unused parameter
[INFO] [stdout]    |
[INFO] [stdout]    = help: consider removing `'until_build`, referring to it in a field, or using a marker such as `PhantomData`
[INFO] [stdout] 
[INFO] [stdout] 
[INFO] [stdout] error[E0392]: parameter `'post_build` is never used
[INFO] [stdout]   --> /opt/rustwide/cargo-home/registry/src/index.crates.io-6f17d22bba15001f/rorm-sql-0.8.2/src/create_table.rs:47:40
[INFO] [stdout]    |
[INFO] [stdout] 47 | pub enum CreateTableImpl<'until_build, 'post_build> {
[INFO] [stdout]    |                                        ^^^^^^^^^^^ unused parameter
[INFO] [stdout]    |
[INFO] [stdout]    = help: consider removing `'post_build`, referring to it in a field, or using a marker such as `PhantomData`
[INFO] [stdout] 
[INFO] [stdout] 
[INFO] [stdout] error[E0392]: parameter `'until_build` is never used
[INFO] [stdout]   --> /opt/rustwide/cargo-home/registry/src/index.crates.io-6f17d22bba15001f/rorm-sql-0.8.2/src/delete.rs:44:21
[INFO] [stdout]    |
[INFO] [stdout] 44 | pub enum DeleteImpl<'until_build, 'post_query> {
[INFO] [stdout]    |                     ^^^^^^^^^^^^ unused parameter
[INFO] [stdout]    |
[INFO] [stdout]    = help: consider removing `'until_build`, referring to it in a field, or using a marker such as `PhantomData`
[INFO] [stdout] 
[INFO] [stdout] 
[INFO] [stdout] error[E0392]: parameter `'post_query` is never used
[INFO] [stdout]   --> /opt/rustwide/cargo-home/registry/src/index.crates.io-6f17d22bba15001f/rorm-sql-0.8.2/src/delete.rs:44:35
[INFO] [stdout]    |
[INFO] [stdout] 44 | pub enum DeleteImpl<'until_build, 'post_query> {
[INFO] [stdout]    |                                   ^^^^^^^^^^^ unused parameter
[INFO] [stdout]    |
[INFO] [stdout]    = help: consider removing `'post_query`, referring to it in a field, or using a marker such as `PhantomData`
[INFO] [stdout] 
[INFO] [stdout] 
[INFO] [stdout] error[E0392]: parameter `'until_build` is never used
[INFO] [stdout]   --> /opt/rustwide/cargo-home/registry/src/index.crates.io-6f17d22bba15001f/rorm-sql-0.8.2/src/drop_table.rs:31:24
[INFO] [stdout]    |
[INFO] [stdout] 31 | pub enum DropTableImpl<'until_build> {
[INFO] [stdout]    |                        ^^^^^^^^^^^^ unused parameter
[INFO] [stdout]    |
[INFO] [stdout]    = help: consider removing `'until_build`, referring to it in a field, or using a marker such as `PhantomData`
[INFO] [stdout] 
[INFO] [stdout] 
[INFO] [stdout] error[E0392]: parameter `'until_build` is never used
[INFO] [stdout]   --> /opt/rustwide/cargo-home/registry/src/index.crates.io-6f17d22bba15001f/rorm-sql-0.8.2/src/insert.rs:54:21
[INFO] [stdout]    |
[INFO] [stdout] 54 | pub enum InsertImpl<'until_build, 'post_build> {
[INFO] [stdout]    |                     ^^^^^^^^^^^^ unused parameter
[INFO] [stdout]    |
[INFO] [stdout]    = help: consider removing `'until_build`, referring to it in a field, or using a marker such as `PhantomData`
[INFO] [stdout] 
[INFO] [stdout] 
[INFO] [stdout] error[E0392]: parameter `'post_build` is never used
[INFO] [stdout]   --> /opt/rustwide/cargo-home/registry/src/index.crates.io-6f17d22bba15001f/rorm-sql-0.8.2/src/insert.rs:54:35
[INFO] [stdout]    |
[INFO] [stdout] 54 | pub enum InsertImpl<'until_build, 'post_build> {
[INFO] [stdout]    |                                   ^^^^^^^^^^^ unused parameter
[INFO] [stdout]    |
[INFO] [stdout]    = help: consider removing `'post_build`, referring to it in a field, or using a marker such as `PhantomData`
[INFO] [stdout] 
[INFO] [stdout] 
[INFO] [stdout] error[E0392]: parameter `'until_build` is never used
[INFO] [stdout]   --> /opt/rustwide/cargo-home/registry/src/index.crates.io-6f17d22bba15001f/rorm-sql-0.8.2/src/join_table.rs:90:24
[INFO] [stdout]    |
[INFO] [stdout] 90 | pub enum JoinTableImpl<'until_build, 'post_query> {
[INFO] [stdout]    |                        ^^^^^^^^^^^^ unused parameter
[INFO] [stdout]    |
[INFO] [stdout]    = help: consider removing `'until_build`, referring to it in a field, or using a marker such as `PhantomData`
[INFO] [stdout] 
[INFO] [stdout] 
[INFO] [stdout] error[E0392]: parameter `'post_query` is never used
[INFO] [stdout]   --> /opt/rustwide/cargo-home/registry/src/index.crates.io-6f17d22bba15001f/rorm-sql-0.8.2/src/join_table.rs:90:38
[INFO] [stdout]    |
[INFO] [stdout] 90 | pub enum JoinTableImpl<'until_build, 'post_query> {
[INFO] [stdout]    |                                      ^^^^^^^^^^^ unused parameter
[INFO] [stdout]    |
[INFO] [stdout]    = help: consider removing `'post_query`, referring to it in a field, or using a marker such as `PhantomData`
[INFO] [stdout] 
[INFO] [stdout] 
[INFO] [stdout] error[E0392]: parameter `'until_build` is never used
[INFO] [stdout]   --> /opt/rustwide/cargo-home/registry/src/index.crates.io-6f17d22bba15001f/rorm-sql-0.8.2/src/select.rs:57:21
[INFO] [stdout]    |
[INFO] [stdout] 57 | pub enum SelectImpl<'until_build, 'post_query> {
[INFO] [stdout]    |                     ^^^^^^^^^^^^ unused parameter
[INFO] [stdout]    |
[INFO] [stdout]    = help: consider removing `'until_build`, referring to it in a field, or using a marker such as `PhantomData`
[INFO] [stdout] 
[INFO] [stdout] 
[INFO] [stdout] error[E0392]: parameter `'post_query` is never used
[INFO] [stdout]   --> /opt/rustwide/cargo-home/registry/src/index.crates.io-6f17d22bba15001f/rorm-sql-0.8.2/src/select.rs:57:35
[INFO] [stdout]    |
[INFO] [stdout] 57 | pub enum SelectImpl<'until_build, 'post_query> {
[INFO] [stdout]    |                                   ^^^^^^^^^^^ unused parameter
[INFO] [stdout]    |
[INFO] [stdout]    = help: consider removing `'post_query`, referring to it in a field, or using a marker such as `PhantomData`
[INFO] [stdout] 
[INFO] [stdout] 
[INFO] [stdout] error[E0392]: parameter `'until_build` is never used
[INFO] [stdout]   --> /opt/rustwide/cargo-home/registry/src/index.crates.io-6f17d22bba15001f/rorm-sql-0.8.2/src/select_column.rs:38:27
[INFO] [stdout]    |
[INFO] [stdout] 38 | pub enum SelectColumnImpl<'until_build> {
[INFO] [stdout]    |                           ^^^^^^^^^^^^ unused parameter
[INFO] [stdout]    |
[INFO] [stdout]    = help: consider removing `'until_build`, referring to it in a field, or using a marker such as `PhantomData`
[INFO] [stdout] 
[INFO] [stdout] 
[INFO] [stdout] error[E0392]: parameter `'until_build` is never used
[INFO] [stdout]   --> /opt/rustwide/cargo-home/registry/src/index.crates.io-6f17d22bba15001f/rorm-sql-0.8.2/src/update.rs:71:21
[INFO] [stdout]    |
[INFO] [stdout] 71 | pub enum UpdateImpl<'until_build, 'post_build> {
[INFO] [stdout]    |                     ^^^^^^^^^^^^ unused parameter
[INFO] [stdout]    |
[INFO] [stdout]    = help: consider removing `'until_build`, referring to it in a field, or using a marker such as `PhantomData`
[INFO] [stdout] 
[INFO] [stdout] 
[INFO] [stdout] error[E0392]: parameter `'post_build` is never used
[INFO] [stdout]   --> /opt/rustwide/cargo-home/registry/src/index.crates.io-6f17d22bba15001f/rorm-sql-0.8.2/src/update.rs:71:35
[INFO] [stdout]    |
[INFO] [stdout] 71 | pub enum UpdateImpl<'until_build, 'post_build> {
[INFO] [stdout]    |                                   ^^^^^^^^^^^ unused parameter
[INFO] [stdout]    |
[INFO] [stdout]    = help: consider removing `'post_build`, referring to it in a field, or using a marker such as `PhantomData`
[INFO] [stdout] 
[INFO] [stdout] 
[INFO] [stdout] error[E0277]: the trait bound `(): CreateTable<'until_build, 'post_build>` is not satisfied
[INFO] [stdout]    --> /opt/rustwide/cargo-home/registry/src/index.crates.io-6f17d22bba15001f/rorm-sql-0.8.2/src/lib.rs:103:10
[INFO] [stdout]     |
[INFO] [stdout] 103 |     ) -> impl CreateTable<'until_build, 'post_build>
[INFO] [stdout]     |          ^^^^^^^^^^^^^^^^^^^^^^^^^^^^^^^^^^^^^^^^^^^ the trait `CreateTable<'until_build, 'post_build>` is not implemented for `()`
[INFO] [stdout]     |
[INFO] [stdout]     = help: the trait `CreateTable<'until_build, 'post_build>` is implemented for `CreateTableImpl<'until_build, 'post_build>`
[INFO] [stdout] 
[INFO] [stdout] 
[INFO] [stdout] error[E0277]: the trait bound `(): CreateIndex<'until_build>` is not satisfied
[INFO] [stdout]    --> /opt/rustwide/cargo-home/registry/src/index.crates.io-6f17d22bba15001f/rorm-sql-0.8.2/src/lib.rs:164:10
[INFO] [stdout]     |
[INFO] [stdout] 164 |     ) -> impl CreateIndex<'until_build> {
[INFO] [stdout]     |          ^^^^^^^^^^^^^^^^^^^^^^^^^^^^^^ the trait `CreateIndex<'until_build>` is not implemented for `()`
[INFO] [stdout]     |
[INFO] [stdout]     = help: the trait `CreateIndex<'until_build>` is implemented for `CreateIndexImpl<'until_build>`
[INFO] [stdout] 
[INFO] [stdout] 
[INFO] [stdout] error[E0277]: the trait bound `(): DropTable` is not satisfied
[INFO] [stdout]    --> /opt/rustwide/cargo-home/registry/src/index.crates.io-6f17d22bba15001f/rorm-sql-0.8.2/src/lib.rs:193:10
[INFO] [stdout]     |
[INFO] [stdout] 193 |     ) -> impl DropTable + 'until_build {
[INFO] [stdout]     |          ^^^^^^^^^^^^^^^^^^^^^^^^^^^^^ the trait `DropTable` is not implemented for `()`
[INFO] [stdout]     |
[INFO] [stdout]     = help: the trait `DropTable` is implemented for `DropTableImpl<'until_build>`
[INFO] [stdout] 
[INFO] [stdout] 
[INFO] [stdout] error[E0277]: the trait bound `(): AlterTable<'post_build>` is not satisfied
[INFO] [stdout]    --> /opt/rustwide/cargo-home/registry/src/index.crates.io-6f17d22bba15001f/rorm-sql-0.8.2/src/lib.rs:219:10
[INFO] [stdout]     |
[INFO] [stdout] 219 |     ) -> impl AlterTable<'post_build> + 'until_build
[INFO] [stdout]     |          ^^^^^^^^^^^^^^^^^^^^^^^^^^^^^^^^^^^^^^^^^^^ the trait `AlterTable<'post_build>` is not implemented for `()`
[INFO] [stdout]     |
[INFO] [stdout]     = help: the trait `AlterTable<'post_build>` is implemented for `AlterTableImpl<'until_build, 'post_build>`
[INFO] [stdout] 
[INFO] [stdout] 
[INFO] [stdout] error[E0277]: the trait bound `(): Select<'until_build, 'post_build>` is not satisfied
[INFO] [stdout]    --> /opt/rustwide/cargo-home/registry/src/index.crates.io-6f17d22bba15001f/rorm-sql-0.8.2/src/lib.rs:318:10
[INFO] [stdout]     |
[INFO] [stdout] 318 |     ) -> impl Select<'until_build, 'post_build> {
[INFO] [stdout]     |          ^^^^^^^^^^^^^^^^^^^^^^^^^^^^^^^^^^^^^^ the trait `Select<'until_build, 'post_build>` is not implemented for `()`
[INFO] [stdout]     |
[INFO] [stdout]     = help: the trait `Select<'until_build, 'post_build>` is implemented for `SelectImpl<'until_build, 'post_build>`
[INFO] [stdout] 
[INFO] [stdout] 
[INFO] [stdout] error[E0277]: the trait bound `(): Insert<'post_build>` is not satisfied
[INFO] [stdout]    --> /opt/rustwide/cargo-home/registry/src/index.crates.io-6f17d22bba15001f/rorm-sql-0.8.2/src/lib.rs:355:10
[INFO] [stdout]     |
[INFO] [stdout] 355 |     ) -> impl Insert<'post_build> + 'until_build
[INFO] [stdout]     |          ^^^^^^^^^^^^^^^^^^^^^^^^^^^^^^^^^^^^^^^ the trait `Insert<'post_build>` is not implemented for `()`
[INFO] [stdout]     |
[INFO] [stdout]     = help: the trait `Insert<'post_build>` is implemented for `InsertImpl<'until_build, 'post_build>`
[INFO] [stdout] 
[INFO] [stdout] 
[INFO] [stdout] error[E0277]: the trait bound `(): delete::Delete<'until_build, 'post_query>` is not satisfied
[INFO] [stdout]    --> /opt/rustwide/cargo-home/registry/src/index.crates.io-6f17d22bba15001f/rorm-sql-0.8.2/src/lib.rs:386:10
[INFO] [stdout]     |
[INFO] [stdout] 386 |     ) -> impl Delete<'until_build, 'post_query> {
[INFO] [stdout]     |          ^^^^^^^^^^^^^^^^^^^^^^^^^^^^^^^^^^^^^^ the trait `delete::Delete<'until_build, 'post_query>` is not implemented for `()`
[INFO] [stdout]     |
[INFO] [stdout]     = help: the trait `delete::Delete<'until_build, 'post_query>` is implemented for `DeleteImpl<'until_build, 'post_query>`
[INFO] [stdout] 
[INFO] [stdout] 
[INFO] [stdout] error[E0277]: the trait bound `(): Update<'until_build, 'post_query>` is not satisfied
[INFO] [stdout]    --> /opt/rustwide/cargo-home/registry/src/index.crates.io-6f17d22bba15001f/rorm-sql-0.8.2/src/lib.rs:411:10
[INFO] [stdout]     |
[INFO] [stdout] 411 |     ) -> impl Update<'until_build, 'post_query> {
[INFO] [stdout]     |          ^^^^^^^^^^^^^^^^^^^^^^^^^^^^^^^^^^^^^^ the trait `Update<'until_build, 'post_query>` is not implemented for `()`
[INFO] [stdout]     |
[INFO] [stdout]     = help: the trait `Update<'until_build, 'post_build>` is implemented for `UpdateImpl<'until_build, 'post_build>`
[INFO] [stdout] 
[INFO] [stdout] 
[INFO] [stdout] error: aborting due to 30 previous errors
[INFO] [stdout] 
[INFO] [stdout] 
[INFO] [stdout] Some errors have detailed explanations: E0277, E0392.
[INFO] [stdout] 
[INFO] [stdout] For more information about an error, try `rustc --explain E0277`.
[INFO] [stdout] 
[INFO] [stderr] error: could not compile `rorm-sql` (lib) due to 31 previous errors
[INFO] running `Command { std: "docker" "inspect" "569a86847e83e4836823e652053b50972454f1178bed90430835f9a9861aa335", kill_on_drop: false }`
[INFO] running `Command { std: "docker" "rm" "-f" "569a86847e83e4836823e652053b50972454f1178bed90430835f9a9861aa335", kill_on_drop: false }`
[INFO] [stdout] 569a86847e83e4836823e652053b50972454f1178bed90430835f9a9861aa335
[INFO] documenting rorm-db-0.9.1 against beta-2023-12-22 for beta-1.76-rustdoc-1
[INFO] extracting crate rorm-db 0.9.1 into /workspace/builds/worker-2-tc2/source
[INFO] validating manifest of crates.io crate rorm-db 0.9.1 on toolchain beta-2023-12-22
[INFO] running `Command { std: CARGO_HOME="/workspace/cargo-home" RUSTUP_HOME="/workspace/rustup-home" "/workspace/cargo-home/bin/cargo" "+beta-2023-12-22" "metadata" "--manifest-path" "Cargo.toml" "--no-deps", kill_on_drop: false }`
[INFO] started tweaking crates.io crate rorm-db 0.9.1
[INFO] finished tweaking crates.io crate rorm-db 0.9.1
[INFO] tweaked toml for crates.io crate rorm-db 0.9.1 written to /workspace/builds/worker-2-tc2/source/Cargo.toml
[INFO] running `Command { std: CARGO_HOME="/workspace/cargo-home" RUSTUP_HOME="/workspace/rustup-home" "/workspace/cargo-home/bin/cargo" "+beta-2023-12-22" "generate-lockfile" "--manifest-path" "Cargo.toml", kill_on_drop: false }`
[INFO] [stderr]     Updating crates.io index
[INFO] running `Command { std: CARGO_HOME="/workspace/cargo-home" RUSTUP_HOME="/workspace/rustup-home" "/workspace/cargo-home/bin/cargo" "+beta-2023-12-22" "fetch" "--manifest-path" "Cargo.toml", kill_on_drop: false }`
[INFO] running `Command { std: "docker" "create" "-v" "/var/lib/crater-agent-workspace/builds/worker-2-tc2/target:/opt/rustwide/target:rw,Z" "-v" "/var/lib/crater-agent-workspace/builds/worker-2-tc2/source:/opt/rustwide/workdir:ro,Z" "-v" "/var/lib/crater-agent-workspace/cargo-home:/opt/rustwide/cargo-home:ro,Z" "-v" "/var/lib/crater-agent-workspace/rustup-home:/opt/rustwide/rustup-home:ro,Z" "-e" "SOURCE_DIR=/opt/rustwide/workdir" "-e" "CARGO_TARGET_DIR=/opt/rustwide/target" "-e" "CARGO_HOME=/opt/rustwide/cargo-home" "-e" "RUSTUP_HOME=/opt/rustwide/rustup-home" "-w" "/opt/rustwide/workdir" "-m" "1610612736" "--user" "0:0" "--network" "none" "ghcr.io/rust-lang/crates-build-env/linux@sha256:2788e3201cd34a07e3172128adcd8b3090168a8e3bcc40d7c032b9dda1df7d1c" "/opt/rustwide/cargo-home/bin/cargo" "+beta-2023-12-22" "metadata" "--no-deps" "--format-version=1", kill_on_drop: false }`
[INFO] [stdout] b870b8d633fc69f19dacef581370a4d99e29614c0ec9b5f1006f47f8d7c6efcf
[INFO] running `Command { std: "docker" "start" "-a" "b870b8d633fc69f19dacef581370a4d99e29614c0ec9b5f1006f47f8d7c6efcf", kill_on_drop: false }`
[INFO] running `Command { std: "docker" "inspect" "b870b8d633fc69f19dacef581370a4d99e29614c0ec9b5f1006f47f8d7c6efcf", kill_on_drop: false }`
[INFO] running `Command { std: "docker" "rm" "-f" "b870b8d633fc69f19dacef581370a4d99e29614c0ec9b5f1006f47f8d7c6efcf", kill_on_drop: false }`
[INFO] [stdout] b870b8d633fc69f19dacef581370a4d99e29614c0ec9b5f1006f47f8d7c6efcf
[INFO] running `Command { std: "docker" "create" "-v" "/var/lib/crater-agent-workspace/builds/worker-2-tc2/target:/opt/rustwide/target:rw,Z" "-v" "/var/lib/crater-agent-workspace/builds/worker-2-tc2/source:/opt/rustwide/workdir:ro,Z" "-v" "/var/lib/crater-agent-workspace/cargo-home:/opt/rustwide/cargo-home:ro,Z" "-v" "/var/lib/crater-agent-workspace/rustup-home:/opt/rustwide/rustup-home:ro,Z" "-e" "SOURCE_DIR=/opt/rustwide/workdir" "-e" "CARGO_TARGET_DIR=/opt/rustwide/target" "-e" "CARGO_INCREMENTAL=0" "-e" "RUST_BACKTRACE=full" "-e" "RUSTFLAGS=--cap-lints=warn" "-e" "RUSTDOCFLAGS=--cap-lints=warn" "-e" "CARGO_HOME=/opt/rustwide/cargo-home" "-e" "RUSTUP_HOME=/opt/rustwide/rustup-home" "-w" "/opt/rustwide/workdir" "-m" "1610612736" "--user" "0:0" "--network" "none" "ghcr.io/rust-lang/crates-build-env/linux@sha256:2788e3201cd34a07e3172128adcd8b3090168a8e3bcc40d7c032b9dda1df7d1c" "/opt/rustwide/cargo-home/bin/cargo" "+beta-2023-12-22" "doc" "--frozen" "--no-deps" "--document-private-items" "--message-format=json", kill_on_drop: false }`
[INFO] [stdout] bf1f3b8073f588169bb574b47b376867081f615127d88e31955594d4cc925cdb
[INFO] running `Command { std: "docker" "start" "-a" "bf1f3b8073f588169bb574b47b376867081f615127d88e31955594d4cc925cdb", kill_on_drop: false }`
[INFO] [stderr]    Compiling proc-macro2 v1.0.76
[INFO] [stderr]    Compiling semver v1.0.21
[INFO] [stderr]     Checking futures-core v0.3.30
[INFO] [stderr]     Checking futures-sink v0.3.30
[INFO] [stderr]     Checking powerfmt v0.2.0
[INFO] [stderr]    Compiling serde_json v1.0.111
[INFO] [stderr]     Checking futures-io v0.3.30
[INFO] [stderr]     Checking futures-task v0.3.30
[INFO] [stderr]     Checking ryu v1.0.16
[INFO] [stderr]     Checking time-core v0.1.2
[INFO] [stderr]     Checking futures-channel v0.3.30
[INFO] [stderr]     Checking chrono v0.4.31
[INFO] [stderr]     Checking deranged v0.3.11
[INFO] [stderr]     Checking uuid v1.6.1
[INFO] [stderr]     Checking log v0.4.20
[INFO] [stderr]    Compiling quote v1.0.35
[INFO] [stderr]    Compiling rustc_version v0.4.0
[INFO] [stderr]    Compiling syn v2.0.48
[INFO] [stderr]    Compiling rorm-declaration v0.4.0
[INFO] [stderr]    Compiling rorm-sql v0.8.2
[INFO] [stderr]    Compiling rorm-db v0.9.1 (/opt/rustwide/workdir)
[INFO] [stderr]     Checking time v0.3.31
[INFO] [stderr]    Compiling serde_derive v1.0.195
[INFO] [stderr]    Compiling futures-macro v0.3.30
[INFO] [stderr]    Compiling strum_macros v0.25.3
[INFO] [stderr]    Compiling pin-project-internal v1.1.3
[INFO] [stderr]     Checking futures-util v0.3.30
[INFO] [stderr]     Checking pin-project v1.1.3
[INFO] [stderr]     Checking strum v0.25.0
[INFO] [stderr]     Checking serde v1.0.195
[INFO] [stderr]     Checking futures-executor v0.3.30
[INFO] [stderr]     Checking futures v0.3.30
[INFO] [stderr]     Checking ordered-float v3.9.2
[INFO] [stdout] error: One of the features sqlite, postgres, mysql must be activated
[INFO] [stdout]  --> /opt/rustwide/cargo-home/registry/src/index.crates.io-6f17d22bba15001f/rorm-sql-0.8.2/src/lib.rs:6:1
[INFO] [stdout]   |
[INFO] [stdout] 6 | compile_error!("One of the features sqlite, postgres, mysql must be activated");
[INFO] [stdout]   | ^^^^^^^^^^^^^^^^^^^^^^^^^^^^^^^^^^^^^^^^^^^^^^^^^^^^^^^^^^^^^^^^^^^^^^^^^^^^^^^
[INFO] [stdout] 
[INFO] [stdout] 
[INFO] [stdout] error[E0392]: parameter `'until_build` is never used
[INFO] [stdout]   --> /opt/rustwide/cargo-home/registry/src/index.crates.io-6f17d22bba15001f/rorm-sql-0.8.2/src/alter_table.rs:11:30
[INFO] [stdout]    |
[INFO] [stdout] 11 | pub enum AlterTableOperation<'until_build, 'post_build> {
[INFO] [stdout]    |                              ^^^^^^^^^^^^ unused parameter
[INFO] [stdout]    |
[INFO] [stdout]    = help: consider removing `'until_build`, referring to it in a field, or using a marker such as `PhantomData`
[INFO] [stdout] 
[INFO] [stdout] 
[INFO] [stdout] error[E0392]: parameter `'post_build` is never used
[INFO] [stdout]   --> /opt/rustwide/cargo-home/registry/src/index.crates.io-6f17d22bba15001f/rorm-sql-0.8.2/src/alter_table.rs:11:44
[INFO] [stdout]    |
[INFO] [stdout] 11 | pub enum AlterTableOperation<'until_build, 'post_build> {
[INFO] [stdout]    |                                            ^^^^^^^^^^^ unused parameter
[INFO] [stdout]    |
[INFO] [stdout]    = help: consider removing `'post_build`, referring to it in a field, or using a marker such as `PhantomData`
[INFO] [stdout] 
[INFO] [stdout] 
[INFO] [stdout] error[E0392]: parameter `'until_build` is never used
[INFO] [stdout]   --> /opt/rustwide/cargo-home/registry/src/index.crates.io-6f17d22bba15001f/rorm-sql-0.8.2/src/alter_table.rs:65:25
[INFO] [stdout]    |
[INFO] [stdout] 65 | pub enum AlterTableImpl<'until_build, 'post_build> {
[INFO] [stdout]    |                         ^^^^^^^^^^^^ unused parameter
[INFO] [stdout]    |
[INFO] [stdout]    = help: consider removing `'until_build`, referring to it in a field, or using a marker such as `PhantomData`
[INFO] [stdout] 
[INFO] [stdout] 
[INFO] [stdout] error[E0392]: parameter `'post_build` is never used
[INFO] [stdout]   --> /opt/rustwide/cargo-home/registry/src/index.crates.io-6f17d22bba15001f/rorm-sql-0.8.2/src/alter_table.rs:65:39
[INFO] [stdout]    |
[INFO] [stdout] 65 | pub enum AlterTableImpl<'until_build, 'post_build> {
[INFO] [stdout]    |                                       ^^^^^^^^^^^ unused parameter
[INFO] [stdout]    |
[INFO] [stdout]    = help: consider removing `'post_build`, referring to it in a field, or using a marker such as `PhantomData`
[INFO] [stdout] 
[INFO] [stdout] 
[INFO] [stdout] error[E0392]: parameter `'until_build` is never used
[INFO] [stdout]   --> /opt/rustwide/cargo-home/registry/src/index.crates.io-6f17d22bba15001f/rorm-sql-0.8.2/src/create_column.rs:86:27
[INFO] [stdout]    |
[INFO] [stdout] 86 | pub enum CreateColumnImpl<'until_build, 'post_build> {
[INFO] [stdout]    |                           ^^^^^^^^^^^^ unused parameter
[INFO] [stdout]    |
[INFO] [stdout]    = help: consider removing `'until_build`, referring to it in a field, or using a marker such as `PhantomData`
[INFO] [stdout] 
[INFO] [stdout] 
[INFO] [stdout] error[E0392]: parameter `'post_build` is never used
[INFO] [stdout]   --> /opt/rustwide/cargo-home/registry/src/index.crates.io-6f17d22bba15001f/rorm-sql-0.8.2/src/create_column.rs:86:41
[INFO] [stdout]    |
[INFO] [stdout] 86 | pub enum CreateColumnImpl<'until_build, 'post_build> {
[INFO] [stdout]    |                                         ^^^^^^^^^^^ unused parameter
[INFO] [stdout]    |
[INFO] [stdout]    = help: consider removing `'post_build`, referring to it in a field, or using a marker such as `PhantomData`
[INFO] [stdout] 
[INFO] [stdout] 
[INFO] [stdout] error[E0392]: parameter `'until_build` is never used
[INFO] [stdout]   --> /opt/rustwide/cargo-home/registry/src/index.crates.io-6f17d22bba15001f/rorm-sql-0.8.2/src/create_index.rs:58:26
[INFO] [stdout]    |
[INFO] [stdout] 58 | pub enum CreateIndexImpl<'until_build> {
[INFO] [stdout]    |                          ^^^^^^^^^^^^ unused parameter
[INFO] [stdout]    |
[INFO] [stdout]    = help: consider removing `'until_build`, referring to it in a field, or using a marker such as `PhantomData`
[INFO] [stdout] 
[INFO] [stdout] 
[INFO] [stdout] error[E0392]: parameter `'until_build` is never used
[INFO] [stdout]   --> /opt/rustwide/cargo-home/registry/src/index.crates.io-6f17d22bba15001f/rorm-sql-0.8.2/src/create_table.rs:47:26
[INFO] [stdout]    |
[INFO] [stdout] 47 | pub enum CreateTableImpl<'until_build, 'post_build> {
[INFO] [stdout]    |                          ^^^^^^^^^^^^ unused parameter
[INFO] [stdout]    |
[INFO] [stdout]    = help: consider removing `'until_build`, referring to it in a field, or using a marker such as `PhantomData`
[INFO] [stdout] 
[INFO] [stdout] 
[INFO] [stdout] error[E0392]: parameter `'post_build` is never used
[INFO] [stdout]   --> /opt/rustwide/cargo-home/registry/src/index.crates.io-6f17d22bba15001f/rorm-sql-0.8.2/src/create_table.rs:47:40
[INFO] [stdout]    |
[INFO] [stdout] 47 | pub enum CreateTableImpl<'until_build, 'post_build> {
[INFO] [stdout]    |                                        ^^^^^^^^^^^ unused parameter
[INFO] [stdout]    |
[INFO] [stdout]    = help: consider removing `'post_build`, referring to it in a field, or using a marker such as `PhantomData`
[INFO] [stdout] 
[INFO] [stdout] 
[INFO] [stdout] error[E0392]: parameter `'until_build` is never used
[INFO] [stdout]   --> /opt/rustwide/cargo-home/registry/src/index.crates.io-6f17d22bba15001f/rorm-sql-0.8.2/src/delete.rs:44:21
[INFO] [stdout]    |
[INFO] [stdout] 44 | pub enum DeleteImpl<'until_build, 'post_query> {
[INFO] [stdout]    |                     ^^^^^^^^^^^^ unused parameter
[INFO] [stdout]    |
[INFO] [stdout]    = help: consider removing `'until_build`, referring to it in a field, or using a marker such as `PhantomData`
[INFO] [stdout] 
[INFO] [stdout] 
[INFO] [stdout] error[E0392]: parameter `'post_query` is never used
[INFO] [stdout]   --> /opt/rustwide/cargo-home/registry/src/index.crates.io-6f17d22bba15001f/rorm-sql-0.8.2/src/delete.rs:44:35
[INFO] [stdout]    |
[INFO] [stdout] 44 | pub enum DeleteImpl<'until_build, 'post_query> {
[INFO] [stdout]    |                                   ^^^^^^^^^^^ unused parameter
[INFO] [stdout]    |
[INFO] [stdout]    = help: consider removing `'post_query`, referring to it in a field, or using a marker such as `PhantomData`
[INFO] [stdout] 
[INFO] [stdout] 
[INFO] [stdout] error[E0392]: parameter `'until_build` is never used
[INFO] [stdout]   --> /opt/rustwide/cargo-home/registry/src/index.crates.io-6f17d22bba15001f/rorm-sql-0.8.2/src/drop_table.rs:31:24
[INFO] [stdout]    |
[INFO] [stdout] 31 | pub enum DropTableImpl<'until_build> {
[INFO] [stdout]    |                        ^^^^^^^^^^^^ unused parameter
[INFO] [stdout]    |
[INFO] [stdout]    = help: consider removing `'until_build`, referring to it in a field, or using a marker such as `PhantomData`
[INFO] [stdout] 
[INFO] [stdout] 
[INFO] [stdout] error[E0392]: parameter `'until_build` is never used
[INFO] [stdout]   --> /opt/rustwide/cargo-home/registry/src/index.crates.io-6f17d22bba15001f/rorm-sql-0.8.2/src/insert.rs:54:21
[INFO] [stdout]    |
[INFO] [stdout] 54 | pub enum InsertImpl<'until_build, 'post_build> {
[INFO] [stdout]    |                     ^^^^^^^^^^^^ unused parameter
[INFO] [stdout]    |
[INFO] [stdout]    = help: consider removing `'until_build`, referring to it in a field, or using a marker such as `PhantomData`
[INFO] [stdout] 
[INFO] [stdout] 
[INFO] [stdout] error[E0392]: parameter `'post_build` is never used
[INFO] [stdout]   --> /opt/rustwide/cargo-home/registry/src/index.crates.io-6f17d22bba15001f/rorm-sql-0.8.2/src/insert.rs:54:35
[INFO] [stdout]    |
[INFO] [stdout] 54 | pub enum InsertImpl<'until_build, 'post_build> {
[INFO] [stdout]    |                                   ^^^^^^^^^^^ unused parameter
[INFO] [stdout]    |
[INFO] [stdout]    = help: consider removing `'post_build`, referring to it in a field, or using a marker such as `PhantomData`
[INFO] [stdout] 
[INFO] [stdout] 
[INFO] [stdout] error[E0392]: parameter `'until_build` is never used
[INFO] [stdout]   --> /opt/rustwide/cargo-home/registry/src/index.crates.io-6f17d22bba15001f/rorm-sql-0.8.2/src/join_table.rs:90:24
[INFO] [stdout]    |
[INFO] [stdout] 90 | pub enum JoinTableImpl<'until_build, 'post_query> {
[INFO] [stdout]    |                        ^^^^^^^^^^^^ unused parameter
[INFO] [stdout]    |
[INFO] [stdout]    = help: consider removing `'until_build`, referring to it in a field, or using a marker such as `PhantomData`
[INFO] [stdout] 
[INFO] [stdout] 
[INFO] [stdout] error[E0392]: parameter `'post_query` is never used
[INFO] [stdout]   --> /opt/rustwide/cargo-home/registry/src/index.crates.io-6f17d22bba15001f/rorm-sql-0.8.2/src/join_table.rs:90:38
[INFO] [stdout]    |
[INFO] [stdout] 90 | pub enum JoinTableImpl<'until_build, 'post_query> {
[INFO] [stdout]    |                                      ^^^^^^^^^^^ unused parameter
[INFO] [stdout]    |
[INFO] [stdout]    = help: consider removing `'post_query`, referring to it in a field, or using a marker such as `PhantomData`
[INFO] [stdout] 
[INFO] [stdout] 
[INFO] [stdout] error[E0392]: parameter `'until_build` is never used
[INFO] [stdout]   --> /opt/rustwide/cargo-home/registry/src/index.crates.io-6f17d22bba15001f/rorm-sql-0.8.2/src/select.rs:57:21
[INFO] [stdout]    |
[INFO] [stdout] 57 | pub enum SelectImpl<'until_build, 'post_query> {
[INFO] [stdout]    |                     ^^^^^^^^^^^^ unused parameter
[INFO] [stdout]    |
[INFO] [stdout]    = help: consider removing `'until_build`, referring to it in a field, or using a marker such as `PhantomData`
[INFO] [stdout] 
[INFO] [stdout] 
[INFO] [stdout] error[E0392]: parameter `'post_query` is never used
[INFO] [stdout]   --> /opt/rustwide/cargo-home/registry/src/index.crates.io-6f17d22bba15001f/rorm-sql-0.8.2/src/select.rs:57:35
[INFO] [stdout]    |
[INFO] [stdout] 57 | pub enum SelectImpl<'until_build, 'post_query> {
[INFO] [stdout]    |                                   ^^^^^^^^^^^ unused parameter
[INFO] [stdout]    |
[INFO] [stdout]    = help: consider removing `'post_query`, referring to it in a field, or using a marker such as `PhantomData`
[INFO] [stdout] 
[INFO] [stdout] 
[INFO] [stdout] error[E0392]: parameter `'until_build` is never used
[INFO] [stdout]   --> /opt/rustwide/cargo-home/registry/src/index.crates.io-6f17d22bba15001f/rorm-sql-0.8.2/src/select_column.rs:38:27
[INFO] [stdout]    |
[INFO] [stdout] 38 | pub enum SelectColumnImpl<'until_build> {
[INFO] [stdout]    |                           ^^^^^^^^^^^^ unused parameter
[INFO] [stdout]    |
[INFO] [stdout]    = help: consider removing `'until_build`, referring to it in a field, or using a marker such as `PhantomData`
[INFO] [stdout] 
[INFO] [stdout] 
[INFO] [stdout] error[E0392]: parameter `'until_build` is never used
[INFO] [stdout]   --> /opt/rustwide/cargo-home/registry/src/index.crates.io-6f17d22bba15001f/rorm-sql-0.8.2/src/update.rs:71:21
[INFO] [stdout]    |
[INFO] [stdout] 71 | pub enum UpdateImpl<'until_build, 'post_build> {
[INFO] [stdout]    |                     ^^^^^^^^^^^^ unused parameter
[INFO] [stdout]    |
[INFO] [stdout]    = help: consider removing `'until_build`, referring to it in a field, or using a marker such as `PhantomData`
[INFO] [stdout] 
[INFO] [stdout] 
[INFO] [stdout] error[E0392]: parameter `'post_build` is never used
[INFO] [stdout]   --> /opt/rustwide/cargo-home/registry/src/index.crates.io-6f17d22bba15001f/rorm-sql-0.8.2/src/update.rs:71:35
[INFO] [stdout]    |
[INFO] [stdout] 71 | pub enum UpdateImpl<'until_build, 'post_build> {
[INFO] [stdout]    |                                   ^^^^^^^^^^^ unused parameter
[INFO] [stdout]    |
[INFO] [stdout]    = help: consider removing `'post_build`, referring to it in a field, or using a marker such as `PhantomData`
[INFO] [stdout] 
[INFO] [stdout] 
[INFO] [stdout] error[E0277]: the trait bound `(): CreateTable<'until_build, 'post_build>` is not satisfied
[INFO] [stdout]    --> /opt/rustwide/cargo-home/registry/src/index.crates.io-6f17d22bba15001f/rorm-sql-0.8.2/src/lib.rs:103:10
[INFO] [stdout]     |
[INFO] [stdout] 103 |     ) -> impl CreateTable<'until_build, 'post_build>
[INFO] [stdout]     |          ^^^^^^^^^^^^^^^^^^^^^^^^^^^^^^^^^^^^^^^^^^^ the trait `CreateTable<'until_build, 'post_build>` is not implemented for `()`
[INFO] [stdout]     |
[INFO] [stdout]     = help: the trait `CreateTable<'until_build, 'post_build>` is implemented for `CreateTableImpl<'until_build, 'post_build>`
[INFO] [stdout] 
[INFO] [stdout] 
[INFO] [stdout] error[E0277]: the trait bound `(): CreateIndex<'until_build>` is not satisfied
[INFO] [stdout]    --> /opt/rustwide/cargo-home/registry/src/index.crates.io-6f17d22bba15001f/rorm-sql-0.8.2/src/lib.rs:164:10
[INFO] [stdout]     |
[INFO] [stdout] 164 |     ) -> impl CreateIndex<'until_build> {
[INFO] [stdout]     |          ^^^^^^^^^^^^^^^^^^^^^^^^^^^^^^ the trait `CreateIndex<'until_build>` is not implemented for `()`
[INFO] [stdout]     |
[INFO] [stdout]     = help: the trait `CreateIndex<'until_build>` is implemented for `CreateIndexImpl<'until_build>`
[INFO] [stdout] 
[INFO] [stdout] 
[INFO] [stdout] error[E0277]: the trait bound `(): DropTable` is not satisfied
[INFO] [stdout]    --> /opt/rustwide/cargo-home/registry/src/index.crates.io-6f17d22bba15001f/rorm-sql-0.8.2/src/lib.rs:193:10
[INFO] [stdout]     |
[INFO] [stdout] 193 |     ) -> impl DropTable + 'until_build {
[INFO] [stdout]     |          ^^^^^^^^^^^^^^^^^^^^^^^^^^^^^ the trait `DropTable` is not implemented for `()`
[INFO] [stdout]     |
[INFO] [stdout]     = help: the trait `DropTable` is implemented for `DropTableImpl<'until_build>`
[INFO] [stdout] 
[INFO] [stdout] 
[INFO] [stdout] error[E0277]: the trait bound `(): AlterTable<'post_build>` is not satisfied
[INFO] [stdout]    --> /opt/rustwide/cargo-home/registry/src/index.crates.io-6f17d22bba15001f/rorm-sql-0.8.2/src/lib.rs:219:10
[INFO] [stdout]     |
[INFO] [stdout] 219 |     ) -> impl AlterTable<'post_build> + 'until_build
[INFO] [stdout]     |          ^^^^^^^^^^^^^^^^^^^^^^^^^^^^^^^^^^^^^^^^^^^ the trait `AlterTable<'post_build>` is not implemented for `()`
[INFO] [stdout]     |
[INFO] [stdout]     = help: the trait `AlterTable<'post_build>` is implemented for `AlterTableImpl<'until_build, 'post_build>`
[INFO] [stdout] 
[INFO] [stdout] 
[INFO] [stdout] error[E0277]: the trait bound `(): Select<'until_build, 'post_build>` is not satisfied
[INFO] [stdout]    --> /opt/rustwide/cargo-home/registry/src/index.crates.io-6f17d22bba15001f/rorm-sql-0.8.2/src/lib.rs:318:10
[INFO] [stdout]     |
[INFO] [stdout] 318 |     ) -> impl Select<'until_build, 'post_build> {
[INFO] [stdout]     |          ^^^^^^^^^^^^^^^^^^^^^^^^^^^^^^^^^^^^^^ the trait `Select<'until_build, 'post_build>` is not implemented for `()`
[INFO] [stdout]     |
[INFO] [stdout]     = help: the trait `Select<'until_build, 'post_build>` is implemented for `SelectImpl<'until_build, 'post_build>`
[INFO] [stdout] 
[INFO] [stdout] 
[INFO] [stdout] error[E0277]: the trait bound `(): Insert<'post_build>` is not satisfied
[INFO] [stdout]    --> /opt/rustwide/cargo-home/registry/src/index.crates.io-6f17d22bba15001f/rorm-sql-0.8.2/src/lib.rs:355:10
[INFO] [stdout]     |
[INFO] [stdout] 355 |     ) -> impl Insert<'post_build> + 'until_build
[INFO] [stdout]     |          ^^^^^^^^^^^^^^^^^^^^^^^^^^^^^^^^^^^^^^^ the trait `Insert<'post_build>` is not implemented for `()`
[INFO] [stdout]     |
[INFO] [stdout]     = help: the trait `Insert<'post_build>` is implemented for `InsertImpl<'until_build, 'post_build>`
[INFO] [stdout] 
[INFO] [stdout] 
[INFO] [stdout] error[E0277]: the trait bound `(): delete::Delete<'until_build, 'post_query>` is not satisfied
[INFO] [stdout]    --> /opt/rustwide/cargo-home/registry/src/index.crates.io-6f17d22bba15001f/rorm-sql-0.8.2/src/lib.rs:386:10
[INFO] [stdout]     |
[INFO] [stdout] 386 |     ) -> impl Delete<'until_build, 'post_query> {
[INFO] [stdout]     |          ^^^^^^^^^^^^^^^^^^^^^^^^^^^^^^^^^^^^^^ the trait `delete::Delete<'until_build, 'post_query>` is not implemented for `()`
[INFO] [stdout]     |
[INFO] [stdout]     = help: the trait `delete::Delete<'until_build, 'post_query>` is implemented for `DeleteImpl<'until_build, 'post_query>`
[INFO] [stdout] 
[INFO] [stdout] 
[INFO] [stdout] error[E0277]: the trait bound `(): Update<'until_build, 'post_query>` is not satisfied
[INFO] [stdout]    --> /opt/rustwide/cargo-home/registry/src/index.crates.io-6f17d22bba15001f/rorm-sql-0.8.2/src/lib.rs:411:10
[INFO] [stdout]     |
[INFO] [stdout] 411 |     ) -> impl Update<'until_build, 'post_query> {
[INFO] [stdout]     |          ^^^^^^^^^^^^^^^^^^^^^^^^^^^^^^^^^^^^^^ the trait `Update<'until_build, 'post_query>` is not implemented for `()`
[INFO] [stdout]     |
[INFO] [stdout]     = help: the trait `Update<'until_build, 'post_build>` is implemented for `UpdateImpl<'until_build, 'post_build>`
[INFO] [stdout] 
[INFO] [stdout] 
[INFO] [stdout] error: aborting due to 30 previous errors
[INFO] [stdout] 
[INFO] [stdout] 
[INFO] [stdout] Some errors have detailed explanations: E0277, E0392.
[INFO] [stdout] 
[INFO] [stdout] For more information about an error, try `rustc --explain E0277`.
[INFO] [stdout] 
[INFO] [stderr] error: could not compile `rorm-sql` (lib) due to 31 previous errors
[INFO] running `Command { std: "docker" "inspect" "bf1f3b8073f588169bb574b47b376867081f615127d88e31955594d4cc925cdb", kill_on_drop: false }`
[INFO] running `Command { std: "docker" "rm" "-f" "bf1f3b8073f588169bb574b47b376867081f615127d88e31955594d4cc925cdb", kill_on_drop: false }`
[INFO] [stdout] bf1f3b8073f588169bb574b47b376867081f615127d88e31955594d4cc925cdb
