[INFO] fetching crate rocket_auth 0.4.0...
[INFO] documenting rocket_auth-0.4.0 against 1.75.0 for beta-1.76-rustdoc-1
[INFO] extracting crate rocket_auth 0.4.0 into /workspace/builds/worker-6-tc1/source
[INFO] validating manifest of crates.io crate rocket_auth 0.4.0 on toolchain 1.75.0
[INFO] running `Command { std: CARGO_HOME="/workspace/cargo-home" RUSTUP_HOME="/workspace/rustup-home" "/workspace/cargo-home/bin/cargo" "+1.75.0" "metadata" "--manifest-path" "Cargo.toml" "--no-deps", kill_on_drop: false }`
[INFO] started tweaking crates.io crate rocket_auth 0.4.0
[INFO] finished tweaking crates.io crate rocket_auth 0.4.0
[INFO] tweaked toml for crates.io crate rocket_auth 0.4.0 written to /workspace/builds/worker-6-tc1/source/Cargo.toml
[INFO] crate crates.io crate rocket_auth 0.4.0 already has a lockfile, it will not be regenerated
[INFO] running `Command { std: CARGO_HOME="/workspace/cargo-home" RUSTUP_HOME="/workspace/rustup-home" "/workspace/cargo-home/bin/cargo" "+1.75.0" "fetch" "--manifest-path" "Cargo.toml", kill_on_drop: false }`
[INFO] [stderr]     Updating crates.io index
[INFO] [stderr]  Downloading crates ...
[INFO] [stderr]   Downloaded ubyte v0.10.1
[INFO] [stderr]   Downloaded ref-cast-impl v1.0.6
[INFO] [stderr]   Downloaded ref-cast v1.0.6
[INFO] [stderr]   Downloaded rocket_http v0.5.0-rc.1
[INFO] [stderr]   Downloaded async-stream-impl v0.3.2
[INFO] [stderr]   Downloaded loom v0.5.1
[INFO] [stderr]   Downloaded rocket_dyn_templates v0.1.0-rc.1
[INFO] [stderr]   Downloaded sqlx-macros v0.5.5
[INFO] [stderr]   Downloaded rsa v0.4.1
[INFO] [stderr]   Downloaded tera v1.12.1
[INFO] [stderr]   Downloaded rocket v0.5.0-rc.1
[INFO] [stderr]   Downloaded chrono-tz v0.5.3
[INFO] [stderr]   Downloaded num-bigint-dig v0.7.0
[INFO] [stderr]   Downloaded combine v4.6.0
[INFO] [stderr]   Downloaded tokio v1.10.0
[INFO] [stderr]   Downloaded num-bigint v0.4.0
[INFO] [stderr]   Downloaded nom v6.1.2
[INFO] [stderr]   Downloaded sqlx-rt v0.5.5
[INFO] [stderr]   Downloaded sqlx v0.5.5
[INFO] [stderr]   Downloaded rocket_codegen v0.5.0-rc.1
[INFO] [stderr]   Downloaded uncased v0.9.6
[INFO] [stderr]   Downloaded siphasher v0.3.6
[INFO] [stderr]   Downloaded validator_derive v0.14.0
[INFO] [stderr]   Downloaded tokio-macros v1.3.0
[INFO] [stderr]   Downloaded simple_asn1 v0.5.4
[INFO] [stderr]   Downloaded unicode-bidi v0.3.6
[INFO] [stderr]   Downloaded tokio-stream v0.1.7
[INFO] [stderr]   Downloaded bitflags v1.3.1
[INFO] [stderr]   Downloaded whoami v1.1.2
[INFO] [stderr]   Downloaded validator v0.14.0
[INFO] [stderr]   Downloaded sqlformat v0.1.6
[INFO] [stderr]   Downloaded async-stream v0.3.2
[INFO] [stderr]   Downloaded atomic v0.5.0
[INFO] [stderr]   Downloaded multer v2.0.1
[INFO] [stderr]   Downloaded http-body v0.4.3
[INFO] [stderr]   Downloaded normpath v0.3.0
[INFO] [stderr]   Downloaded zeroize_derive v1.1.0
[INFO] [stderr]   Downloaded validator_types v0.14.0
[INFO] [stderr]   Downloaded inlinable_string v0.1.14
[INFO] [stderr]   Downloaded state v0.5.2
[INFO] [stderr]   Downloaded sqlx-core v0.5.5
[INFO] running `Command { std: "docker" "create" "-v" "/var/lib/crater-agent-workspace/builds/worker-6-tc1/target:/opt/rustwide/target:rw,Z" "-v" "/var/lib/crater-agent-workspace/builds/worker-6-tc1/source:/opt/rustwide/workdir:ro,Z" "-v" "/var/lib/crater-agent-workspace/cargo-home:/opt/rustwide/cargo-home:ro,Z" "-v" "/var/lib/crater-agent-workspace/rustup-home:/opt/rustwide/rustup-home:ro,Z" "-e" "SOURCE_DIR=/opt/rustwide/workdir" "-e" "CARGO_TARGET_DIR=/opt/rustwide/target" "-e" "CARGO_HOME=/opt/rustwide/cargo-home" "-e" "RUSTUP_HOME=/opt/rustwide/rustup-home" "-w" "/opt/rustwide/workdir" "-m" "1610612736" "--user" "0:0" "--network" "none" "ghcr.io/rust-lang/crates-build-env/linux@sha256:2788e3201cd34a07e3172128adcd8b3090168a8e3bcc40d7c032b9dda1df7d1c" "/opt/rustwide/cargo-home/bin/cargo" "+1.75.0" "metadata" "--no-deps" "--format-version=1", kill_on_drop: false }`
[INFO] [stdout] e144b0ee7d00b1d07cf41d5d2fd11f7886222843e53410a1c64507e2573391c1
[INFO] running `Command { std: "docker" "start" "-a" "e144b0ee7d00b1d07cf41d5d2fd11f7886222843e53410a1c64507e2573391c1", kill_on_drop: false }`
[INFO] running `Command { std: "docker" "inspect" "e144b0ee7d00b1d07cf41d5d2fd11f7886222843e53410a1c64507e2573391c1", kill_on_drop: false }`
[INFO] running `Command { std: "docker" "rm" "-f" "e144b0ee7d00b1d07cf41d5d2fd11f7886222843e53410a1c64507e2573391c1", kill_on_drop: false }`
[INFO] [stdout] e144b0ee7d00b1d07cf41d5d2fd11f7886222843e53410a1c64507e2573391c1
[INFO] running `Command { std: "docker" "create" "-v" "/var/lib/crater-agent-workspace/builds/worker-6-tc1/target:/opt/rustwide/target:rw,Z" "-v" "/var/lib/crater-agent-workspace/builds/worker-6-tc1/source:/opt/rustwide/workdir:ro,Z" "-v" "/var/lib/crater-agent-workspace/cargo-home:/opt/rustwide/cargo-home:ro,Z" "-v" "/var/lib/crater-agent-workspace/rustup-home:/opt/rustwide/rustup-home:ro,Z" "-e" "SOURCE_DIR=/opt/rustwide/workdir" "-e" "CARGO_TARGET_DIR=/opt/rustwide/target" "-e" "CARGO_INCREMENTAL=0" "-e" "RUST_BACKTRACE=full" "-e" "RUSTFLAGS=--cap-lints=warn" "-e" "RUSTDOCFLAGS=--cap-lints=warn" "-e" "CARGO_HOME=/opt/rustwide/cargo-home" "-e" "RUSTUP_HOME=/opt/rustwide/rustup-home" "-w" "/opt/rustwide/workdir" "-m" "1610612736" "--user" "0:0" "--network" "none" "ghcr.io/rust-lang/crates-build-env/linux@sha256:2788e3201cd34a07e3172128adcd8b3090168a8e3bcc40d7c032b9dda1df7d1c" "/opt/rustwide/cargo-home/bin/cargo" "+1.75.0" "doc" "--frozen" "--no-deps" "--document-private-items" "--message-format=json", kill_on_drop: false }`
[INFO] [stdout] 8f49a58a23fd5ac91df3d1f8c1d74828db851da117f3dbdd44443dff60f9924f
[INFO] running `Command { std: "docker" "start" "-a" "8f49a58a23fd5ac91df3d1f8c1d74828db851da117f3dbdd44443dff60f9924f", kill_on_drop: false }`
[INFO] [stderr]    Compiling proc-macro2 v1.0.28
[INFO] [stderr]    Compiling syn v1.0.74
[INFO] [stderr]    Compiling libc v0.2.99
[INFO] [stderr]    Compiling memchr v2.4.0
[INFO] [stderr]    Compiling futures-core v0.3.16
[INFO] [stderr]    Compiling serde_derive v1.0.127
[INFO] [stderr]    Compiling log v0.4.14
[INFO] [stderr]    Compiling serde v1.0.127
[INFO] [stderr]    Compiling futures-task v0.3.16
[INFO] [stderr]    Compiling futures-channel v0.3.16
[INFO] [stderr]    Compiling tokio v1.10.0
[INFO] [stderr]    Compiling futures-macro v0.3.16
[INFO] [stderr]    Compiling typenum v1.13.0
[INFO] [stderr]    Compiling ahash v0.7.4
[INFO] [stderr]    Compiling futures-util v0.3.16
[INFO] [stderr]    Compiling standback v0.2.17
[INFO] [stderr]    Compiling yansi v0.5.0
[INFO] [stderr]    Compiling proc-macro2-diagnostics v0.9.1
[INFO] [stderr]     Checking pin-project-lite v0.2.7
[INFO] [stderr]    Compiling indexmap v1.7.0
[INFO] [stderr]    Compiling subtle v2.4.1
[INFO] [stderr]     Checking once_cell v1.8.0
[INFO] [stderr]     Checking futures-sink v0.3.16
[INFO] [stderr]    Compiling opaque-debug v0.3.0
[INFO] [stderr]    Compiling const_fn v0.4.8
[INFO] [stderr]    Compiling time v0.2.27
[INFO] [stderr]    Compiling bytes v1.0.1
[INFO] [stderr]    Compiling uncased v0.9.6
[INFO] [stderr]    Compiling generic-array v0.14.4
[INFO] [stderr]     Checking slab v0.4.4
[INFO] [stderr]     Checking futures-io v0.3.16
[INFO] [stderr]     Checking cipher v0.2.5
[INFO] [stderr]    Compiling cookie v0.15.1
[INFO] [stderr]    Compiling ref-cast v1.0.6
[INFO] [stderr]    Compiling cpuid-bool v0.2.0
[INFO] [stderr]    Compiling itoa v0.4.7
[INFO] [stderr]     Checking universal-hash v0.4.1
[INFO] [stderr]    Compiling tracing-core v0.1.18
[INFO] [stderr]    Compiling quote v1.0.9
[INFO] [stderr]    Compiling proc-macro-nested v0.1.7
[INFO] [stderr]    Compiling http v0.2.4
[INFO] [stderr]    Compiling getrandom v0.2.3
[INFO] [stderr]    Compiling signal-hook-registry v1.4.0
[INFO] [stderr]    Compiling mio v0.7.13
[INFO] [stderr]    Compiling digest v0.9.0
[INFO] [stderr]    Compiling num_cpus v1.13.0
[INFO] [stderr]     Checking rand_core v0.6.3
[INFO] [stderr]    Compiling polyval v0.4.5
[INFO] [stderr]    Compiling crypto-mac v0.10.1
[INFO] [stderr]    Compiling ppv-lite86 v0.2.10
[INFO] [stderr]    Compiling aes-soft v0.6.4
[INFO] [stderr]    Compiling pin-utils v0.1.0
[INFO] [stderr]    Compiling maybe-uninit v2.0.0
[INFO] [stderr]    Compiling hashbrown v0.11.2
[INFO] [stderr]    Compiling ghash v0.3.1
[INFO] [stderr]    Compiling ctr v0.6.0
[INFO] [stderr]     Checking rand_chacha v0.3.1
[INFO] [stderr]    Compiling hmac v0.10.1
[INFO] [stderr]    Compiling tracing v0.1.26
[INFO] [stderr]    Compiling aes v0.6.0
[INFO] [stderr]    Compiling block-buffer v0.9.0
[INFO] [stderr]    Compiling aead v0.3.2
[INFO] [stderr]    Compiling instant v0.1.10
[INFO] [stderr]    Compiling proc-macro-error-attr v1.0.4
[INFO] [stderr]    Compiling cpufeatures v0.1.5
[INFO] [stderr]    Compiling bitflags v1.3.1
[INFO] [stderr]     Checking unicode-xid v0.2.2
[INFO] [stderr]    Compiling try-lock v0.2.3
[INFO] [stderr]    Compiling smallvec v1.6.1
[INFO] [stderr]    Compiling scopeguard v1.1.0
[INFO] [stderr]    Compiling sha2 v0.9.5
[INFO] [stderr]     Checking tinyvec v1.3.1
[INFO] [stderr]    Compiling aes-gcm v0.8.0
[INFO] [stderr]    Compiling lock_api v0.4.4
[INFO] [stderr]    Compiling want v0.3.0
[INFO] [stderr]     Checking rand v0.8.4
[INFO] [stderr]    Compiling parking_lot_core v0.8.3
[INFO] [stderr]    Compiling hkdf v0.10.0
[INFO] [stderr]    Compiling socket2 v0.4.1
[INFO] [stderr]    Compiling httparse v1.4.1
[INFO] [stderr]    Compiling num-traits v0.2.14
[INFO] [stderr]    Compiling proc-macro-error v1.0.4
[INFO] [stderr]    Compiling percent-encoding v2.1.0
[INFO] [stderr]    Compiling httpdate v1.0.1
[INFO] [stderr]    Compiling inlinable_string v0.1.14
[INFO] [stderr]    Compiling tower-service v0.3.1
[INFO] [stderr]     Checking matches v0.1.9
[INFO] [stderr]    Compiling base64 v0.13.0
[INFO] [stderr]    Compiling encoding_rs v0.8.28
[INFO] [stderr]    Compiling serde_json v1.0.66
[INFO] [stderr]    Compiling parking_lot v0.11.1
[INFO] [stderr]     Checking smallvec v0.6.14
[INFO] [stderr]     Checking rand v0.4.6
[INFO] [stderr]     Checking http-body v0.4.3
[INFO] [stderr]     Checking unicode-normalization v0.1.19
[INFO] [stderr]    Compiling stable-pattern v0.1.0
[INFO] [stderr]    Compiling aho-corasick v0.7.18
[INFO] [stderr]    Compiling atomic v0.5.0
[INFO] [stderr]    Compiling figment v0.10.6
[INFO] [stderr]    Compiling multer v2.0.1
[INFO] [stderr]     Checking mime v0.3.16
[INFO] [stderr]     Checking stable_deref_trait v1.2.0
[INFO] [stderr]    Compiling crossbeam-utils v0.8.5
[INFO] [stderr]    Compiling either v1.6.1
[INFO] [stderr]    Compiling async-trait v0.1.51
[INFO] [stderr]     Checking unchecked-index v0.2.2
[INFO] [stderr]    Compiling regex-syntax v0.6.25
[INFO] [stderr]     Checking unicode-bidi v0.3.6
[INFO] [stderr]    Compiling state v0.5.2
[INFO] [stderr]     Checking twoway v0.2.2
[INFO] [stderr]     Checking parking_lot_core v0.2.14
[INFO] [stderr]     Checking owning_ref v0.3.3
[INFO] [stderr]     Checking form_urlencoded v1.0.1
[INFO] [stderr]    Compiling rocket v0.5.0-rc.1
[INFO] [stderr]     Checking spin v0.9.2
[INFO] [stderr]    Compiling if_chain v1.0.2
[INFO] [stderr]     Checking idna v0.2.3
[INFO] [stderr]    Compiling glob v0.3.0
[INFO] [stderr]     Checking tempfile v3.2.0
[INFO] [stderr]     Checking blake2b_simd v0.5.11
[INFO] [stderr]     Checking parking_lot v0.4.8
[INFO] [stderr]     Checking time v0.1.43
[INFO] [stderr]     Checking url v2.2.2
[INFO] [stderr]     Checking num-integer v0.1.44
[INFO] [stderr]     Checking atty v0.2.14
[INFO] [stderr]     Checking binascii v0.1.4
[INFO] [stderr]     Checking chashmap v2.2.2
[INFO] [stderr]     Checking chrono v0.4.19
[INFO] [stderr]     Checking rust-argon2 v0.8.3
[INFO] [stderr]    Compiling regex v1.5.4
[INFO] [stderr]    Compiling validator_types v0.14.0
[INFO] [stderr]    Compiling devise_core v0.3.1
[INFO] [stderr]    Compiling tokio-macros v1.3.0
[INFO] [stderr]    Compiling time-macros-impl v0.1.2
[INFO] [stderr]    Compiling pear_codegen v0.2.3
[INFO] [stderr]    Compiling ref-cast-impl v1.0.6
[INFO] [stderr]    Compiling async-stream-impl v0.3.2
[INFO] [stderr]    Compiling fehler-macros v1.0.0
[INFO] [stderr]    Compiling validator_derive v0.14.0
[INFO] [stderr]    Compiling thiserror-impl v1.0.26
[INFO] [stderr]    Compiling devise_codegen v0.3.1
[INFO] [stderr]    Compiling time-macros v0.1.1
[INFO] [stderr]    Compiling pear v0.2.3
[INFO] [stderr]     Checking async-stream v0.3.2
[INFO] [stderr]     Checking thiserror v1.0.26
[INFO] [stderr]    Compiling devise v0.3.1
[INFO] [stderr]     Checking fehler v1.0.0
[INFO] [stderr]     Checking futures-executor v0.3.16
[INFO] [stderr]     Checking tokio-util v0.6.7
[INFO] [stderr]     Checking tokio-stream v0.1.7
[INFO] [stderr]     Checking futures v0.3.16
[INFO] [stderr]     Checking toml v0.5.8
[INFO] [stderr]     Checking ubyte v0.10.1
[INFO] [stderr]     Checking h2 v0.3.3
[INFO] [stderr]     Checking validator v0.14.0
[INFO] [stderr]     Checking hyper v0.14.11
[INFO] [stderr]     Checking rocket_http v0.5.0-rc.1
[INFO] [stderr]    Compiling rocket_codegen v0.5.0-rc.1
[INFO] [stderr]  Documenting rocket_auth v0.4.0 (/opt/rustwide/workdir)
[INFO] [stdout] warning: unresolved link to `Users::open_sqlite`
[INFO] [stdout]    --> src/lib.rs:100:111
[INFO] [stdout]     |
[INFO] [stdout] 100 | //! A [`Users`] instance can be constructed by connecting it to the database with the methods [`open_sqlite`](Users::open_sqlite),
[INFO] [stdout]     |                                                                                                               ^^^^^^^^^^^^^^^^^^ the struct `Users` has no field or associated item named `open_sqlite`
[INFO] [stdout]     |
[INFO] [stdout]     = note: `#[warn(rustdoc::broken_intra_doc_links)]` on by default
[INFO] [stdout] 
[INFO] [stdout] 
[INFO] [stdout] warning: unresolved link to `Users::open_postgres`
[INFO] [stdout]    --> src/lib.rs:101:23
[INFO] [stdout]     |
[INFO] [stdout] 101 | //! [`open_postgres`](Users::open_postgres) or [`open_rusqlite`](Users::open_rusqlite). Furthermore, it can be constructed from a working...
[INFO] [stdout]     |                       ^^^^^^^^^^^^^^^^^^^^ the struct `Users` has no field or associated item named `open_postgres`
[INFO] [stdout] 
[INFO] [stdout] 
[INFO] [stdout] warning: unresolved link to `Users::open_rusqlite`
[INFO] [stdout]    --> src/lib.rs:101:66
[INFO] [stdout]     |
[INFO] [stdout] 101 | ...r [`open_rusqlite`](Users::open_rusqlite). Furthermore, it can be constructed from a working connection.
[INFO] [stdout]     |                        ^^^^^^^^^^^^^^^^^^^^ the struct `Users` has no field or associated item named `open_rusqlite`
[INFO] [stdout] 
[INFO] [stdout] 
[INFO] [stdout] warning: 3 warnings emitted
[INFO] [stdout] 
[INFO] [stdout] 
[INFO] [stderr]     Finished dev [unoptimized + debuginfo] target(s) in 35.04s
[INFO] [stderr] warning: the following packages contain code that will be rejected by a future version of Rust: ubyte v0.10.1
[INFO] [stderr] note: to see what the problems were, use the option `--future-incompat-report`, or run `cargo report future-incompatibilities --id 1`
[INFO] [stderr]    Generated /opt/rustwide/target/doc/rocket_auth/index.html
[INFO] running `Command { std: "docker" "inspect" "8f49a58a23fd5ac91df3d1f8c1d74828db851da117f3dbdd44443dff60f9924f", kill_on_drop: false }`
[INFO] running `Command { std: "docker" "rm" "-f" "8f49a58a23fd5ac91df3d1f8c1d74828db851da117f3dbdd44443dff60f9924f", kill_on_drop: false }`
[INFO] [stdout] 8f49a58a23fd5ac91df3d1f8c1d74828db851da117f3dbdd44443dff60f9924f
[INFO] running `Command { std: "docker" "create" "-v" "/var/lib/crater-agent-workspace/builds/worker-6-tc1/target:/opt/rustwide/target:rw,Z" "-v" "/var/lib/crater-agent-workspace/builds/worker-6-tc1/source:/opt/rustwide/workdir:ro,Z" "-v" "/var/lib/crater-agent-workspace/cargo-home:/opt/rustwide/cargo-home:ro,Z" "-v" "/var/lib/crater-agent-workspace/rustup-home:/opt/rustwide/rustup-home:ro,Z" "-e" "SOURCE_DIR=/opt/rustwide/workdir" "-e" "CARGO_TARGET_DIR=/opt/rustwide/target" "-e" "CARGO_INCREMENTAL=0" "-e" "RUST_BACKTRACE=full" "-e" "RUSTFLAGS=--cap-lints=warn" "-e" "RUSTDOCFLAGS=--cap-lints=warn" "-e" "DOCS_RS=1" "-e" "RUSTC_BOOTSTRAP=1" "-e" "CARGO_HOME=/opt/rustwide/cargo-home" "-e" "RUSTUP_HOME=/opt/rustwide/rustup-home" "-w" "/opt/rustwide/workdir" "-m" "1610612736" "--user" "0:0" "--network" "none" "ghcr.io/rust-lang/crates-build-env/linux@sha256:2788e3201cd34a07e3172128adcd8b3090168a8e3bcc40d7c032b9dda1df7d1c" "/opt/rustwide/cargo-home/bin/cargo" "+1.75.0" "rustdoc" "--lib" "-Zrustdoc-map" "--all-features" "-Z" "unstable-options" "--config" "build.rustdocflags=[\"-Z\", \"unstable-options\", \"--document-private-items\"]" "--frozen" "--message-format=json", kill_on_drop: false }`
[INFO] [stdout] fbb8809b00ace91ff7535b3777bacfd84a8bf944df22ccb34958fbe6de9af88c
[INFO] running `Command { std: "docker" "start" "-a" "fbb8809b00ace91ff7535b3777bacfd84a8bf944df22ccb34958fbe6de9af88c", kill_on_drop: false }`
[INFO] [stderr]    Compiling libm v0.2.1
[INFO] [stderr]    Compiling spin v0.5.2
[INFO] [stderr]    Compiling num-traits v0.2.14
[INFO] [stderr]    Compiling cc v1.0.69
[INFO] [stderr]    Compiling serde v1.0.127
[INFO] [stderr]    Compiling num-integer v0.1.44
[INFO] [stderr]     Checking lazy_static v1.4.0
[INFO] [stderr]    Compiling radium v0.5.3
[INFO] [stderr]    Compiling synstructure v0.12.5
[INFO] [stderr]    Compiling num-iter v0.1.42
[INFO] [stderr]    Compiling num-bigint v0.4.0
[INFO] [stderr]    Compiling lexical-core v0.7.6
[INFO] [stderr]    Compiling untrusted v0.7.1
[INFO] [stderr]    Compiling autocfg v0.1.7
[INFO] [stderr]    Compiling nom v6.1.2
[INFO] [stderr]    Compiling serde_json v1.0.66
[INFO] [stderr]    Compiling tinyvec_macros v0.1.0
[INFO] [stderr]    Compiling build_const v0.2.2
[INFO] [stderr]    Compiling tinyvec v1.3.1
[INFO] [stderr]    Compiling ryu v1.0.5
[INFO] [stderr]    Compiling num-bigint v0.3.2
[INFO] [stderr]    Compiling crossbeam-queue v0.3.2
[INFO] [stderr]    Compiling whoami v1.1.2
[INFO] [stderr]    Compiling crc v1.8.1
[INFO] [stderr]    Compiling tracing-core v0.1.18
[INFO] [stderr]    Compiling time v0.1.43
[INFO] [stderr]    Compiling arrayvec v0.5.2
[INFO] [stderr]    Compiling num-bigint-dig v0.7.0
[INFO] [stderr]    Compiling tap v1.0.1
[INFO] [stderr]     Checking bitflags v1.3.1
[INFO] [stderr]    Compiling funty v1.1.0
[INFO] [stderr]    Compiling matches v0.1.9
[INFO] [stderr]    Compiling wyz v0.2.0
[INFO] [stderr]    Compiling unicode-bidi v0.3.6
[INFO] [stderr]    Compiling static_assertions v1.1.0
[INFO] [stderr]    Compiling zeroize_derive v1.1.0
[INFO] [stderr]    Compiling tracing v0.1.26
[INFO] [stderr]    Compiling crossbeam-utils v0.8.5
[INFO] [stderr]    Compiling unicode-normalization v0.1.19
[INFO] [stderr]     Checking stringprep v0.1.2
[INFO] [stderr]    Compiling thiserror v1.0.26
[INFO] [stderr]     Checking md-5 v0.9.1
[INFO] [stderr]    Compiling bitvec v0.19.5
[INFO] [stderr]    Compiling ring v0.16.20
[INFO] [stderr]    Compiling libsqlite3-sys v0.22.2
[INFO] [stderr]    Compiling byteorder v1.4.3
[INFO] [stderr]    Compiling form_urlencoded v1.0.1
[INFO] [stderr]    Compiling pem v0.8.3
[INFO] [stderr]    Compiling dirs-sys v0.3.6
[INFO] [stderr]    Compiling maplit v1.0.2
[INFO] [stderr]     Checking fallible-iterator v0.2.0
[INFO] [stderr]    Compiling unicode_categories v0.1.1
[INFO] [stderr]    Compiling idna v0.2.3
[INFO] [stderr]    Compiling zeroize v1.3.0
[INFO] [stderr]    Compiling dirs v3.0.2
[INFO] [stderr]    Compiling atoi v0.4.0
[INFO] [stderr]    Compiling crossbeam-channel v0.5.1
[INFO] [stderr]     Checking chrono v0.4.19
[INFO] [stderr]    Compiling url v2.2.2
[INFO] [stderr]    Compiling sha-1 v0.9.7
[INFO] [stderr]     Checking hashlink v0.7.0
[INFO] [stdout] error[E0308]: mismatched types
[INFO] [stdout]   --> /opt/rustwide/cargo-home/registry/src/index.crates.io-6f17d22bba15001f/num-bigint-0.4.0/src/biguint/convert.rs:70:19
[INFO] [stdout]    |
[INFO] [stdout] 70 |         .div_ceil(&big_digit::BITS.into())
[INFO] [stdout]    |          -------- ^^^^^^^^^^^^^^^^^^^^^^^ expected `u64`, found `&_`
[INFO] [stdout]    |          |
[INFO] [stdout]    |          arguments to this method are incorrect
[INFO] [stdout]    |
[INFO] [stdout]    = note:   expected type `u64`
[INFO] [stdout]            found reference `&_`
[INFO] [stdout] note: method defined here
[INFO] [stdout]   --> /rustc/82e1608dfa6e0b5569232559e3d385fea5a93112/library/core/src/num/mod.rs:1169:5
[INFO] [stdout]    = note: this error originates in the macro `uint_impl` (in Nightly builds, run with -Z macro-backtrace for more info)
[INFO] [stdout] help: consider removing the borrow
[INFO] [stdout]    |
[INFO] [stdout] 70 -         .div_ceil(&big_digit::BITS.into())
[INFO] [stdout] 70 +         .div_ceil(big_digit::BITS.into())
[INFO] [stdout]    |
[INFO] [stdout] 
[INFO] [stdout] 
[INFO] [stdout] error[E0308]: mismatched types
[INFO] [stdout]    --> /opt/rustwide/cargo-home/registry/src/index.crates.io-6f17d22bba15001f/num-bigint-0.4.0/src/biguint/convert.rs:585:19
[INFO] [stdout]     |
[INFO] [stdout] 585 |         .div_ceil(&u64::from(bits))
[INFO] [stdout]     |          -------- ^^^^^^^^^^^^^^^^ expected `u64`, found `&u64`
[INFO] [stdout]     |          |
[INFO] [stdout]     |          arguments to this method are incorrect
[INFO] [stdout]     |
[INFO] [stdout] note: method defined here
[INFO] [stdout]    --> /rustc/82e1608dfa6e0b5569232559e3d385fea5a93112/library/core/src/num/mod.rs:1169:5
[INFO] [stdout]     = note: this error originates in the macro `uint_impl` (in Nightly builds, run with -Z macro-backtrace for more info)
[INFO] [stdout] help: consider removing the borrow
[INFO] [stdout]     |
[INFO] [stdout] 585 -         .div_ceil(&u64::from(bits))
[INFO] [stdout] 585 +         .div_ceil(u64::from(bits))
[INFO] [stdout]     |
[INFO] [stdout] 
[INFO] [stdout] 
[INFO] [stdout] error[E0308]: mismatched types
[INFO] [stdout]    --> /opt/rustwide/cargo-home/registry/src/index.crates.io-6f17d22bba15001f/num-bigint-0.4.0/src/biguint/convert.rs:613:19
[INFO] [stdout]     |
[INFO] [stdout] 613 |         .div_ceil(&u64::from(bits))
[INFO] [stdout]     |          -------- ^^^^^^^^^^^^^^^^ expected `u64`, found `&u64`
[INFO] [stdout]     |          |
[INFO] [stdout]     |          arguments to this method are incorrect
[INFO] [stdout]     |
[INFO] [stdout] note: method defined here
[INFO] [stdout]    --> /rustc/82e1608dfa6e0b5569232559e3d385fea5a93112/library/core/src/num/mod.rs:1169:5
[INFO] [stdout]     = note: this error originates in the macro `uint_impl` (in Nightly builds, run with -Z macro-backtrace for more info)
[INFO] [stdout] help: consider removing the borrow
[INFO] [stdout]     |
[INFO] [stdout] 613 -         .div_ceil(&u64::from(bits))
[INFO] [stdout] 613 +         .div_ceil(u64::from(bits))
[INFO] [stdout]     |
[INFO] [stdout] 
[INFO] [stdout] 
[INFO] [stdout] error: aborting due to 3 previous errors
[INFO] [stdout] 
[INFO] [stdout] 
[INFO] [stdout] For more information about this error, try `rustc --explain E0308`.
[INFO] [stdout] 
[INFO] [stderr] error: could not compile `num-bigint` (lib) due to 4 previous errors
[INFO] [stderr] warning: build failed, waiting for other jobs to finish...
[INFO] [stdout] error[E0308]: mismatched types
[INFO] [stdout]   --> /opt/rustwide/cargo-home/registry/src/index.crates.io-6f17d22bba15001f/num-bigint-0.4.0/src/biguint/convert.rs:70:19
[INFO] [stdout]    |
[INFO] [stdout] 70 |         .div_ceil(&big_digit::BITS.into())
[INFO] [stdout]    |          -------- ^^^^^^^^^^^^^^^^^^^^^^^ expected `u64`, found `&_`
[INFO] [stdout]    |          |
[INFO] [stdout]    |          arguments to this method are incorrect
[INFO] [stdout]    |
[INFO] [stdout]    = note:   expected type `u64`
[INFO] [stdout]            found reference `&_`
[INFO] [stdout] note: method defined here
[INFO] [stdout]   --> /rustc/82e1608dfa6e0b5569232559e3d385fea5a93112/library/core/src/num/mod.rs:1169:5
[INFO] [stdout]    = note: this error originates in the macro `uint_impl` (in Nightly builds, run with -Z macro-backtrace for more info)
[INFO] [stdout] help: consider removing the borrow
[INFO] [stdout]    |
[INFO] [stdout] 70 -         .div_ceil(&big_digit::BITS.into())
[INFO] [stdout] 70 +         .div_ceil(big_digit::BITS.into())
[INFO] [stdout]    |
[INFO] [stdout] 
[INFO] [stdout] 
[INFO] [stdout] error[E0308]: mismatched types
[INFO] [stdout]    --> /opt/rustwide/cargo-home/registry/src/index.crates.io-6f17d22bba15001f/num-bigint-0.4.0/src/biguint/convert.rs:585:19
[INFO] [stdout]     |
[INFO] [stdout] 585 |         .div_ceil(&u64::from(bits))
[INFO] [stdout]     |          -------- ^^^^^^^^^^^^^^^^ expected `u64`, found `&u64`
[INFO] [stdout]     |          |
[INFO] [stdout]     |          arguments to this method are incorrect
[INFO] [stdout]     |
[INFO] [stdout] note: method defined here
[INFO] [stdout]    --> /rustc/82e1608dfa6e0b5569232559e3d385fea5a93112/library/core/src/num/mod.rs:1169:5
[INFO] [stdout]     = note: this error originates in the macro `uint_impl` (in Nightly builds, run with -Z macro-backtrace for more info)
[INFO] [stdout] help: consider removing the borrow
[INFO] [stdout]     |
[INFO] [stdout] 585 -         .div_ceil(&u64::from(bits))
[INFO] [stdout] 585 +         .div_ceil(u64::from(bits))
[INFO] [stdout]     |
[INFO] [stdout] 
[INFO] [stdout] 
[INFO] [stdout] error[E0308]: mismatched types
[INFO] [stdout]    --> /opt/rustwide/cargo-home/registry/src/index.crates.io-6f17d22bba15001f/num-bigint-0.4.0/src/biguint/convert.rs:613:19
[INFO] [stdout]     |
[INFO] [stdout] 613 |         .div_ceil(&u64::from(bits))
[INFO] [stdout]     |          -------- ^^^^^^^^^^^^^^^^ expected `u64`, found `&u64`
[INFO] [stdout]     |          |
[INFO] [stdout]     |          arguments to this method are incorrect
[INFO] [stdout]     |
[INFO] [stdout] note: method defined here
[INFO] [stdout]    --> /rustc/82e1608dfa6e0b5569232559e3d385fea5a93112/library/core/src/num/mod.rs:1169:5
[INFO] [stdout]     = note: this error originates in the macro `uint_impl` (in Nightly builds, run with -Z macro-backtrace for more info)
[INFO] [stdout] help: consider removing the borrow
[INFO] [stdout]     |
[INFO] [stdout] 613 -         .div_ceil(&u64::from(bits))
[INFO] [stdout] 613 +         .div_ceil(u64::from(bits))
[INFO] [stdout]     |
[INFO] [stdout] 
[INFO] [stdout] 
[INFO] [stdout] error: aborting due to 3 previous errors
[INFO] [stdout] 
[INFO] [stdout] 
[INFO] [stdout] For more information about this error, try `rustc --explain E0308`.
[INFO] [stdout] 
[INFO] [stderr] error: could not compile `num-bigint` (lib) due to 4 previous errors
[INFO] [stdout] error[E0308]: mismatched types
[INFO] [stdout]   --> /opt/rustwide/cargo-home/registry/src/index.crates.io-6f17d22bba15001f/num-bigint-0.3.2/src/biguint/convert.rs:70:19
[INFO] [stdout]    |
[INFO] [stdout] 70 |         .div_ceil(&big_digit::BITS.into())
[INFO] [stdout]    |          -------- ^^^^^^^^^^^^^^^^^^^^^^^ expected `u64`, found `&_`
[INFO] [stdout]    |          |
[INFO] [stdout]    |          arguments to this method are incorrect
[INFO] [stdout]    |
[INFO] [stdout]    = note:   expected type `u64`
[INFO] [stdout]            found reference `&_`
[INFO] [stdout] note: method defined here
[INFO] [stdout]   --> /rustc/82e1608dfa6e0b5569232559e3d385fea5a93112/library/core/src/num/mod.rs:1169:5
[INFO] [stdout]    = note: this error originates in the macro `uint_impl` (in Nightly builds, run with -Z macro-backtrace for more info)
[INFO] [stdout] help: consider removing the borrow
[INFO] [stdout]    |
[INFO] [stdout] 70 -         .div_ceil(&big_digit::BITS.into())
[INFO] [stdout] 70 +         .div_ceil(big_digit::BITS.into())
[INFO] [stdout]    |
[INFO] [stdout] 
[INFO] [stdout] 
[INFO] [stdout] error[E0308]: mismatched types
[INFO] [stdout]    --> /opt/rustwide/cargo-home/registry/src/index.crates.io-6f17d22bba15001f/num-bigint-0.3.2/src/biguint/convert.rs:585:19
[INFO] [stdout]     |
[INFO] [stdout] 585 |         .div_ceil(&u64::from(bits))
[INFO] [stdout]     |          -------- ^^^^^^^^^^^^^^^^ expected `u64`, found `&u64`
[INFO] [stdout]     |          |
[INFO] [stdout]     |          arguments to this method are incorrect
[INFO] [stdout]     |
[INFO] [stdout] note: method defined here
[INFO] [stdout]    --> /rustc/82e1608dfa6e0b5569232559e3d385fea5a93112/library/core/src/num/mod.rs:1169:5
[INFO] [stdout]     = note: this error originates in the macro `uint_impl` (in Nightly builds, run with -Z macro-backtrace for more info)
[INFO] [stdout] help: consider removing the borrow
[INFO] [stdout]     |
[INFO] [stdout] 585 -         .div_ceil(&u64::from(bits))
[INFO] [stdout] 585 +         .div_ceil(u64::from(bits))
[INFO] [stdout]     |
[INFO] [stdout] 
[INFO] [stdout] 
[INFO] [stdout] error[E0308]: mismatched types
[INFO] [stdout]    --> /opt/rustwide/cargo-home/registry/src/index.crates.io-6f17d22bba15001f/num-bigint-0.3.2/src/biguint/convert.rs:613:19
[INFO] [stdout]     |
[INFO] [stdout] 613 |         .div_ceil(&u64::from(bits))
[INFO] [stdout]     |          -------- ^^^^^^^^^^^^^^^^ expected `u64`, found `&u64`
[INFO] [stdout]     |          |
[INFO] [stdout]     |          arguments to this method are incorrect
[INFO] [stdout]     |
[INFO] [stdout] note: method defined here
[INFO] [stdout]    --> /rustc/82e1608dfa6e0b5569232559e3d385fea5a93112/library/core/src/num/mod.rs:1169:5
[INFO] [stdout]     = note: this error originates in the macro `uint_impl` (in Nightly builds, run with -Z macro-backtrace for more info)
[INFO] [stdout] help: consider removing the borrow
[INFO] [stdout]     |
[INFO] [stdout] 613 -         .div_ceil(&u64::from(bits))
[INFO] [stdout] 613 +         .div_ceil(u64::from(bits))
[INFO] [stdout]     |
[INFO] [stdout] 
[INFO] [stdout] 
[INFO] [stdout] error[E0308]: mismatched types
[INFO] [stdout]    --> /opt/rustwide/cargo-home/registry/src/index.crates.io-6f17d22bba15001f/num-bigint-0.3.2/src/biguint.rs:393:54
[INFO] [stdout]     |
[INFO] [stdout] 393 |                 let root_scale = extra_bits.div_ceil(&n64);
[INFO] [stdout]     |                                             -------- ^^^^ expected `u64`, found `&u64`
[INFO] [stdout]     |                                             |
[INFO] [stdout]     |                                             arguments to this method are incorrect
[INFO] [stdout]     |
[INFO] [stdout] note: method defined here
[INFO] [stdout]    --> /rustc/82e1608dfa6e0b5569232559e3d385fea5a93112/library/core/src/num/mod.rs:1169:5
[INFO] [stdout]     = note: this error originates in the macro `uint_impl` (in Nightly builds, run with -Z macro-backtrace for more info)
[INFO] [stdout] help: consider removing the borrow
[INFO] [stdout]     |
[INFO] [stdout] 393 -                 let root_scale = extra_bits.div_ceil(&n64);
[INFO] [stdout] 393 +                 let root_scale = extra_bits.div_ceil(n64);
[INFO] [stdout]     |
[INFO] [stdout] 
[INFO] [stdout] 
[INFO] [stdout] error: aborting due to 4 previous errors
[INFO] [stdout] 
[INFO] [stdout] 
[INFO] [stdout] For more information about this error, try `rustc --explain E0308`.
[INFO] [stdout] 
[INFO] [stderr] error: could not compile `num-bigint` (lib) due to 5 previous errors
[INFO] running `Command { std: "docker" "inspect" "fbb8809b00ace91ff7535b3777bacfd84a8bf944df22ccb34958fbe6de9af88c", kill_on_drop: false }`
[INFO] running `Command { std: "docker" "rm" "-f" "fbb8809b00ace91ff7535b3777bacfd84a8bf944df22ccb34958fbe6de9af88c", kill_on_drop: false }`
[INFO] [stdout] fbb8809b00ace91ff7535b3777bacfd84a8bf944df22ccb34958fbe6de9af88c
