[INFO] fetching crate rocket-governor-derive 0.0.1-rc.4...
[INFO] documenting rocket-governor-derive-0.0.1-rc.4 against 1.75.0 for beta-1.76-rustdoc-1
[INFO] extracting crate rocket-governor-derive 0.0.1-rc.4 into /workspace/builds/worker-2-tc1/source
[INFO] validating manifest of crates.io crate rocket-governor-derive 0.0.1-rc.4 on toolchain 1.75.0
[INFO] running `Command { std: CARGO_HOME="/workspace/cargo-home" RUSTUP_HOME="/workspace/rustup-home" "/workspace/cargo-home/bin/cargo" "+1.75.0" "metadata" "--manifest-path" "Cargo.toml" "--no-deps", kill_on_drop: false }`
[INFO] started tweaking crates.io crate rocket-governor-derive 0.0.1-rc.4
[INFO] finished tweaking crates.io crate rocket-governor-derive 0.0.1-rc.4
[INFO] tweaked toml for crates.io crate rocket-governor-derive 0.0.1-rc.4 written to /workspace/builds/worker-2-tc1/source/Cargo.toml
[INFO] running `Command { std: CARGO_HOME="/workspace/cargo-home" RUSTUP_HOME="/workspace/rustup-home" "/workspace/cargo-home/bin/cargo" "+1.75.0" "generate-lockfile" "--manifest-path" "Cargo.toml", kill_on_drop: false }`
[INFO] [stderr]     Updating crates.io index
[INFO] running `Command { std: CARGO_HOME="/workspace/cargo-home" RUSTUP_HOME="/workspace/rustup-home" "/workspace/cargo-home/bin/cargo" "+1.75.0" "fetch" "--manifest-path" "Cargo.toml", kill_on_drop: false }`
[INFO] [stderr]  Downloading crates ...
[INFO] [stderr]   Downloaded rocket-governor v0.0.1-rc.9
[INFO] running `Command { std: "docker" "create" "-v" "/var/lib/crater-agent-workspace/builds/worker-2-tc1/target:/opt/rustwide/target:rw,Z" "-v" "/var/lib/crater-agent-workspace/builds/worker-2-tc1/source:/opt/rustwide/workdir:ro,Z" "-v" "/var/lib/crater-agent-workspace/cargo-home:/opt/rustwide/cargo-home:ro,Z" "-v" "/var/lib/crater-agent-workspace/rustup-home:/opt/rustwide/rustup-home:ro,Z" "-e" "SOURCE_DIR=/opt/rustwide/workdir" "-e" "CARGO_TARGET_DIR=/opt/rustwide/target" "-e" "CARGO_HOME=/opt/rustwide/cargo-home" "-e" "RUSTUP_HOME=/opt/rustwide/rustup-home" "-w" "/opt/rustwide/workdir" "-m" "1610612736" "--user" "0:0" "--network" "none" "ghcr.io/rust-lang/crates-build-env/linux@sha256:2788e3201cd34a07e3172128adcd8b3090168a8e3bcc40d7c032b9dda1df7d1c" "/opt/rustwide/cargo-home/bin/cargo" "+1.75.0" "metadata" "--no-deps" "--format-version=1", kill_on_drop: false }`
[INFO] [stdout] 2f63902e1e6d23b5417ae524e64d868c2833b3e95f1fc3402ae6b6f4927ce77c
[INFO] running `Command { std: "docker" "start" "-a" "2f63902e1e6d23b5417ae524e64d868c2833b3e95f1fc3402ae6b6f4927ce77c", kill_on_drop: false }`
[INFO] running `Command { std: "docker" "inspect" "2f63902e1e6d23b5417ae524e64d868c2833b3e95f1fc3402ae6b6f4927ce77c", kill_on_drop: false }`
[INFO] running `Command { std: "docker" "rm" "-f" "2f63902e1e6d23b5417ae524e64d868c2833b3e95f1fc3402ae6b6f4927ce77c", kill_on_drop: false }`
[INFO] [stdout] 2f63902e1e6d23b5417ae524e64d868c2833b3e95f1fc3402ae6b6f4927ce77c
[INFO] running `Command { std: "docker" "create" "-v" "/var/lib/crater-agent-workspace/builds/worker-2-tc1/target:/opt/rustwide/target:rw,Z" "-v" "/var/lib/crater-agent-workspace/builds/worker-2-tc1/source:/opt/rustwide/workdir:ro,Z" "-v" "/var/lib/crater-agent-workspace/cargo-home:/opt/rustwide/cargo-home:ro,Z" "-v" "/var/lib/crater-agent-workspace/rustup-home:/opt/rustwide/rustup-home:ro,Z" "-e" "SOURCE_DIR=/opt/rustwide/workdir" "-e" "CARGO_TARGET_DIR=/opt/rustwide/target" "-e" "CARGO_INCREMENTAL=0" "-e" "RUST_BACKTRACE=full" "-e" "RUSTFLAGS=--cap-lints=warn" "-e" "RUSTDOCFLAGS=--cap-lints=warn" "-e" "CARGO_HOME=/opt/rustwide/cargo-home" "-e" "RUSTUP_HOME=/opt/rustwide/rustup-home" "-w" "/opt/rustwide/workdir" "-m" "1610612736" "--user" "0:0" "--network" "none" "ghcr.io/rust-lang/crates-build-env/linux@sha256:2788e3201cd34a07e3172128adcd8b3090168a8e3bcc40d7c032b9dda1df7d1c" "/opt/rustwide/cargo-home/bin/cargo" "+1.75.0" "doc" "--frozen" "--no-deps" "--document-private-items" "--message-format=json", kill_on_drop: false }`
[INFO] [stdout] e9666731aaadb6be75710eb46cc99fbe9bb0b19cbff86972e608f2c72b51b6ad
[INFO] running `Command { std: "docker" "start" "-a" "e9666731aaadb6be75710eb46cc99fbe9bb0b19cbff86972e608f2c72b51b6ad", kill_on_drop: false }`
[INFO] [stderr]    Compiling proc-macro2 v1.0.76
[INFO] [stderr]    Compiling libc v0.2.151
[INFO] [stderr]    Compiling serde v1.0.195
[INFO] [stderr]    Compiling rustix v0.38.28
[INFO] [stderr]    Compiling proc-macro2-diagnostics v0.10.1
[INFO] [stderr]     Checking futures-channel v0.3.30
[INFO] [stderr]     Checking futures-io v0.3.30
[INFO] [stderr]     Checking futures-task v0.3.30
[INFO] [stderr]    Compiling time-macros v0.2.16
[INFO] [stderr]    Compiling slab v0.4.9
[INFO] [stderr]    Compiling uncased v0.9.9
[INFO] [stderr]     Checking linux-raw-sys v0.4.12
[INFO] [stderr]    Compiling tracing-core v0.1.32
[INFO] [stderr]    Compiling quote v1.0.35
[INFO] [stderr]    Compiling syn v2.0.48
[INFO] [stderr]    Compiling cookie v0.18.0
[INFO] [stderr]     Checking smallvec v1.11.2
[INFO] [stderr]    Compiling ref-cast v1.0.22
[INFO] [stderr]    Compiling lock_api v0.4.11
[INFO] [stderr]     Checking scopeguard v1.2.0
[INFO] [stderr]     Checking num_cpus v1.16.0
[INFO] [stderr]     Checking socket2 v0.5.5
[INFO] [stderr]     Checking mio v0.8.10
[INFO] [stderr]     Checking signal-hook-registry v1.4.1
[INFO] [stderr]     Checking getrandom v0.2.11
[INFO] [stderr]     Checking deranged v0.3.11
[INFO] [stderr]    Compiling time v0.3.31
[INFO] [stderr]     Checking rand_core v0.6.4
[INFO] [stderr]    Compiling is-terminal v0.4.10
[INFO] [stderr]    Compiling yansi v1.0.0-rc.1
[INFO] [stderr]    Compiling httparse v1.8.0
[INFO] [stderr]    Compiling hashbrown v0.8.2
[INFO] [stderr]    Compiling inlinable_string v0.1.15
[INFO] [stderr]    Compiling parking_lot_core v0.9.9
[INFO] [stderr]     Checking winnow v0.5.33
[INFO] [stderr]    Compiling parking_lot_core v0.8.6
[INFO] [stderr]     Checking rand_chacha v0.3.1
[INFO] [stderr]    Compiling stable-pattern v0.1.0
[INFO] [stderr]     Checking instant v0.1.12
[INFO] [stderr]    Compiling figment v0.10.13
[INFO] [stderr]    Compiling multer v2.1.0
[INFO] [stderr]    Compiling either v1.9.0
[INFO] [stderr]    Compiling state v0.6.0
[INFO] [stderr]    Compiling log v0.4.20
[INFO] [stderr]     Checking ahash v0.3.8
[INFO] [stderr]    Compiling async-trait v0.1.77
[INFO] [stderr]     Checking rand v0.8.5
[INFO] [stderr]    Compiling devise_core v0.4.1
[INFO] [stderr]    Compiling rocket v0.5.0
[INFO] [stderr]    Compiling unicode-xid v0.2.4
[INFO] [stderr]     Checking spin v0.9.8
[INFO] [stderr]     Checking tempfile v3.9.0
[INFO] [stderr]     Checking no-std-compat v0.4.1
[INFO] [stderr]     Checking parking_lot v0.12.1
[INFO] [stderr]     Checking parking_lot v0.11.2
[INFO] [stderr]     Checking dashmap v4.0.2
[INFO] [stderr]     Checking quanta v0.4.1
[INFO] [stderr]     Checking atomic v0.5.3
[INFO] [stderr]     Checking nonzero_ext v0.2.0
[INFO] [stderr]     Checking binascii v0.1.4
[INFO] [stderr]     Checking futures-timer v3.0.2
[INFO] [stderr]    Compiling serde_derive v1.0.195
[INFO] [stderr]    Compiling futures-macro v0.3.30
[INFO] [stderr]    Compiling tokio-macros v2.2.0
[INFO] [stderr]    Compiling tracing-attributes v0.1.27
[INFO] [stderr]    Compiling pear_codegen v0.2.8
[INFO] [stderr]    Compiling ref-cast-impl v1.0.22
[INFO] [stderr]    Compiling devise_codegen v0.4.1
[INFO] [stderr]    Compiling async-stream-impl v0.3.5
[INFO] [stderr]     Checking async-stream v0.3.5
[INFO] [stderr]    Compiling devise v0.4.1
[INFO] [stderr]     Checking tokio v1.35.1
[INFO] [stderr]     Checking futures-util v0.3.30
[INFO] [stderr]    Compiling pear v0.2.8
[INFO] [stderr]     Checking tracing v0.1.40
[INFO] [stderr]     Checking futures-executor v0.3.30
[INFO] [stderr]     Checking futures v0.3.30
[INFO] [stderr]     Checking governor v0.3.2
[INFO] [stderr]     Checking tokio-util v0.7.10
[INFO] [stderr]     Checking tokio-stream v0.1.14
[INFO] [stderr]     Checking indexmap v2.1.0
[INFO] [stderr]     Checking serde_spanned v0.6.5
[INFO] [stderr]     Checking toml_datetime v0.6.5
[INFO] [stderr]     Checking ubyte v0.10.4
[INFO] [stderr]     Checking h2 v0.3.22
[INFO] [stderr]     Checking toml_edit v0.21.0
[INFO] [stderr]     Checking toml v0.8.8
[INFO] [stderr]     Checking hyper v0.14.28
[INFO] [stderr]     Checking rocket_http v0.5.0
[INFO] [stderr]    Compiling rocket_codegen v0.5.0
[INFO] [stderr]     Checking rocket-governor v0.0.1-rc.9
[INFO] [stdout] error[E0599]: no variant or associated item named `Failure` found for enum `Outcome` in the current scope
[INFO] [stdout]    --> /opt/rustwide/cargo-home/registry/src/index.crates.io-6f17d22bba15001f/rocket-governor-0.0.1-rc.9/src/lib.rs:193:60
[INFO] [stdout]     |
[INFO] [stdout] 193 |                 LimitError::GovernedRequest(_) => Outcome::Failure((Status::TooManyRequests, e)),
[INFO] [stdout]     |                                                            ^^^^^^^ variant or associated item not found in `Outcome<_, (Status, _), Status>`
[INFO] [stdout] 
[INFO] [stdout] 
[INFO] [stdout] error[E0599]: no variant or associated item named `Failure` found for enum `Outcome` in the current scope
[INFO] [stdout]    --> /opt/rustwide/cargo-home/registry/src/index.crates.io-6f17d22bba15001f/rocket-governor-0.0.1-rc.9/src/lib.rs:194:31
[INFO] [stdout]     |
[INFO] [stdout] 194 |                 _ => Outcome::Failure((Status::BadRequest, e)),
[INFO] [stdout]     |                               ^^^^^^^ variant or associated item not found in `Outcome<_, (Status, _), Status>`
[INFO] [stdout] 
[INFO] [stdout] 
[INFO] [stdout] error: aborting due to 2 previous errors
[INFO] [stdout] 
[INFO] [stdout] 
[INFO] [stdout] For more information about this error, try `rustc --explain E0599`.
[INFO] [stdout] 
[INFO] [stderr] error: could not compile `rocket-governor` (lib) due to 3 previous errors
[INFO] running `Command { std: "docker" "inspect" "e9666731aaadb6be75710eb46cc99fbe9bb0b19cbff86972e608f2c72b51b6ad", kill_on_drop: false }`
[INFO] running `Command { std: "docker" "rm" "-f" "e9666731aaadb6be75710eb46cc99fbe9bb0b19cbff86972e608f2c72b51b6ad", kill_on_drop: false }`
[INFO] [stdout] e9666731aaadb6be75710eb46cc99fbe9bb0b19cbff86972e608f2c72b51b6ad
[INFO] documenting rocket-governor-derive-0.0.1-rc.4 against beta-2023-12-22 for beta-1.76-rustdoc-1
[INFO] extracting crate rocket-governor-derive 0.0.1-rc.4 into /workspace/builds/worker-2-tc2/source
[INFO] validating manifest of crates.io crate rocket-governor-derive 0.0.1-rc.4 on toolchain beta-2023-12-22
[INFO] running `Command { std: CARGO_HOME="/workspace/cargo-home" RUSTUP_HOME="/workspace/rustup-home" "/workspace/cargo-home/bin/cargo" "+beta-2023-12-22" "metadata" "--manifest-path" "Cargo.toml" "--no-deps", kill_on_drop: false }`
[INFO] started tweaking crates.io crate rocket-governor-derive 0.0.1-rc.4
[INFO] finished tweaking crates.io crate rocket-governor-derive 0.0.1-rc.4
[INFO] tweaked toml for crates.io crate rocket-governor-derive 0.0.1-rc.4 written to /workspace/builds/worker-2-tc2/source/Cargo.toml
[INFO] running `Command { std: CARGO_HOME="/workspace/cargo-home" RUSTUP_HOME="/workspace/rustup-home" "/workspace/cargo-home/bin/cargo" "+beta-2023-12-22" "generate-lockfile" "--manifest-path" "Cargo.toml", kill_on_drop: false }`
[INFO] [stderr]     Updating crates.io index
[INFO] running `Command { std: CARGO_HOME="/workspace/cargo-home" RUSTUP_HOME="/workspace/rustup-home" "/workspace/cargo-home/bin/cargo" "+beta-2023-12-22" "fetch" "--manifest-path" "Cargo.toml", kill_on_drop: false }`
[INFO] [stderr]     Blocking waiting for file lock on package cache
[INFO] running `Command { std: "docker" "create" "-v" "/var/lib/crater-agent-workspace/builds/worker-2-tc2/target:/opt/rustwide/target:rw,Z" "-v" "/var/lib/crater-agent-workspace/builds/worker-2-tc2/source:/opt/rustwide/workdir:ro,Z" "-v" "/var/lib/crater-agent-workspace/cargo-home:/opt/rustwide/cargo-home:ro,Z" "-v" "/var/lib/crater-agent-workspace/rustup-home:/opt/rustwide/rustup-home:ro,Z" "-e" "SOURCE_DIR=/opt/rustwide/workdir" "-e" "CARGO_TARGET_DIR=/opt/rustwide/target" "-e" "CARGO_HOME=/opt/rustwide/cargo-home" "-e" "RUSTUP_HOME=/opt/rustwide/rustup-home" "-w" "/opt/rustwide/workdir" "-m" "1610612736" "--user" "0:0" "--network" "none" "ghcr.io/rust-lang/crates-build-env/linux@sha256:2788e3201cd34a07e3172128adcd8b3090168a8e3bcc40d7c032b9dda1df7d1c" "/opt/rustwide/cargo-home/bin/cargo" "+beta-2023-12-22" "metadata" "--no-deps" "--format-version=1", kill_on_drop: false }`
[INFO] [stdout] 7a7505a53fe4208ab5ca020647dec71ec6ce0450ab8ca73c9f24cd42f5adb264
[INFO] running `Command { std: "docker" "start" "-a" "7a7505a53fe4208ab5ca020647dec71ec6ce0450ab8ca73c9f24cd42f5adb264", kill_on_drop: false }`
[INFO] running `Command { std: "docker" "inspect" "7a7505a53fe4208ab5ca020647dec71ec6ce0450ab8ca73c9f24cd42f5adb264", kill_on_drop: false }`
[INFO] running `Command { std: "docker" "rm" "-f" "7a7505a53fe4208ab5ca020647dec71ec6ce0450ab8ca73c9f24cd42f5adb264", kill_on_drop: false }`
[INFO] [stdout] 7a7505a53fe4208ab5ca020647dec71ec6ce0450ab8ca73c9f24cd42f5adb264
[INFO] running `Command { std: "docker" "create" "-v" "/var/lib/crater-agent-workspace/builds/worker-2-tc2/target:/opt/rustwide/target:rw,Z" "-v" "/var/lib/crater-agent-workspace/builds/worker-2-tc2/source:/opt/rustwide/workdir:ro,Z" "-v" "/var/lib/crater-agent-workspace/cargo-home:/opt/rustwide/cargo-home:ro,Z" "-v" "/var/lib/crater-agent-workspace/rustup-home:/opt/rustwide/rustup-home:ro,Z" "-e" "SOURCE_DIR=/opt/rustwide/workdir" "-e" "CARGO_TARGET_DIR=/opt/rustwide/target" "-e" "CARGO_INCREMENTAL=0" "-e" "RUST_BACKTRACE=full" "-e" "RUSTFLAGS=--cap-lints=warn" "-e" "RUSTDOCFLAGS=--cap-lints=warn" "-e" "CARGO_HOME=/opt/rustwide/cargo-home" "-e" "RUSTUP_HOME=/opt/rustwide/rustup-home" "-w" "/opt/rustwide/workdir" "-m" "1610612736" "--user" "0:0" "--network" "none" "ghcr.io/rust-lang/crates-build-env/linux@sha256:2788e3201cd34a07e3172128adcd8b3090168a8e3bcc40d7c032b9dda1df7d1c" "/opt/rustwide/cargo-home/bin/cargo" "+beta-2023-12-22" "doc" "--frozen" "--no-deps" "--document-private-items" "--message-format=json", kill_on_drop: false }`
[INFO] [stdout] 7b5679e9d1d0cb2b894f0e85b609136c9f604758f20750a2a391756bf239790c
[INFO] running `Command { std: "docker" "start" "-a" "7b5679e9d1d0cb2b894f0e85b609136c9f604758f20750a2a391756bf239790c", kill_on_drop: false }`
[INFO] [stderr]    Compiling proc-macro2 v1.0.76
[INFO] [stderr]    Compiling libc v0.2.151
[INFO] [stderr]    Compiling serde v1.0.195
[INFO] [stderr]    Compiling rustix v0.38.28
[INFO] [stderr]    Compiling proc-macro2-diagnostics v0.10.1
[INFO] [stderr]     Checking futures-channel v0.3.30
[INFO] [stderr]     Checking futures-task v0.3.30
[INFO] [stderr]     Checking futures-io v0.3.30
[INFO] [stderr]    Compiling time-macros v0.2.16
[INFO] [stderr]    Compiling slab v0.4.9
[INFO] [stderr]    Compiling uncased v0.9.9
[INFO] [stderr]     Checking linux-raw-sys v0.4.12
[INFO] [stderr]     Checking tracing-core v0.1.32
[INFO] [stderr]    Compiling cookie v0.18.0
[INFO] [stderr]    Compiling quote v1.0.35
[INFO] [stderr]    Compiling syn v2.0.48
[INFO] [stderr]    Compiling ref-cast v1.0.22
[INFO] [stderr]     Checking smallvec v1.11.2
[INFO] [stderr]    Compiling lock_api v0.4.11
[INFO] [stderr]     Checking scopeguard v1.2.0
[INFO] [stderr]     Checking deranged v0.3.11
[INFO] [stderr]    Compiling httparse v1.8.0
[INFO] [stderr]    Compiling hashbrown v0.8.2
[INFO] [stderr]     Checking num_cpus v1.16.0
[INFO] [stderr]     Checking socket2 v0.5.5
[INFO] [stderr]     Checking signal-hook-registry v1.4.1
[INFO] [stderr]     Checking mio v0.8.10
[INFO] [stderr]     Checking getrandom v0.2.11
[INFO] [stderr]     Checking rand_core v0.6.4
[INFO] [stderr]     Checking inlinable_string v0.1.15
[INFO] [stderr]    Compiling time v0.3.31
[INFO] [stderr]    Compiling parking_lot_core v0.9.9
[INFO] [stderr]     Checking winnow v0.5.33
[INFO] [stderr]    Compiling is-terminal v0.4.10
[INFO] [stderr]    Compiling yansi v1.0.0-rc.1
[INFO] [stderr]    Compiling parking_lot_core v0.8.6
[INFO] [stderr]     Checking rand_chacha v0.3.1
[INFO] [stderr]    Compiling stable-pattern v0.1.0
[INFO] [stderr]     Checking instant v0.1.12
[INFO] [stderr]    Compiling multer v2.1.0
[INFO] [stderr]    Compiling figment v0.10.13
[INFO] [stderr]    Compiling either v1.9.0
[INFO] [stderr]     Checking log v0.4.20
[INFO] [stderr]    Compiling state v0.6.0
[INFO] [stderr]     Checking ahash v0.3.8
[INFO] [stderr]    Compiling async-trait v0.1.77
[INFO] [stderr]     Checking rand v0.8.5
[INFO] [stderr]    Compiling rocket v0.5.0
[INFO] [stderr]    Compiling unicode-xid v0.2.4
[INFO] [stderr]     Checking spin v0.9.8
[INFO] [stderr]     Checking no-std-compat v0.4.1
[INFO] [stderr]     Checking tempfile v3.9.0
[INFO] [stderr]     Checking parking_lot v0.12.1
[INFO] [stderr]     Checking parking_lot v0.11.2
[INFO] [stderr]     Checking dashmap v4.0.2
[INFO] [stderr]     Checking quanta v0.4.1
[INFO] [stderr]     Checking futures-timer v3.0.2
[INFO] [stderr]     Checking nonzero_ext v0.2.0
[INFO] [stderr]     Checking atomic v0.5.3
[INFO] [stderr]     Checking binascii v0.1.4
[INFO] [stderr]    Compiling devise_core v0.4.1
[INFO] [stderr]    Compiling serde_derive v1.0.195
[INFO] [stderr]    Compiling futures-macro v0.3.30
[INFO] [stderr]    Compiling tokio-macros v2.2.0
[INFO] [stderr]    Compiling tracing-attributes v0.1.27
[INFO] [stderr]    Compiling pear_codegen v0.2.8
[INFO] [stderr]    Compiling ref-cast-impl v1.0.22
[INFO] [stderr]    Compiling async-stream-impl v0.3.5
[INFO] [stderr]    Compiling devise_codegen v0.4.1
[INFO] [stderr]     Checking tokio v1.35.1
[INFO] [stderr]    Compiling devise v0.4.1
[INFO] [stderr]     Checking async-stream v0.3.5
[INFO] [stderr]     Checking futures-util v0.3.30
[INFO] [stderr]     Checking pear v0.2.8
[INFO] [stderr]     Checking tracing v0.1.40
[INFO] [stderr]     Checking futures-executor v0.3.30
[INFO] [stderr]     Checking futures v0.3.30
[INFO] [stderr]     Checking governor v0.3.2
[INFO] [stderr]     Checking tokio-util v0.7.10
[INFO] [stderr]     Checking tokio-stream v0.1.14
[INFO] [stderr]     Checking indexmap v2.1.0
[INFO] [stderr]     Checking serde_spanned v0.6.5
[INFO] [stderr]     Checking toml_datetime v0.6.5
[INFO] [stderr]     Checking ubyte v0.10.4
[INFO] [stderr]     Checking h2 v0.3.22
[INFO] [stderr]     Checking toml_edit v0.21.0
[INFO] [stderr]     Checking toml v0.8.8
[INFO] [stderr]     Checking hyper v0.14.28
[INFO] [stderr]     Checking rocket_http v0.5.0
[INFO] [stderr]    Compiling rocket_codegen v0.5.0
[INFO] [stderr]     Checking rocket-governor v0.0.1-rc.9
[INFO] [stdout] error[E0599]: no variant or associated item named `Failure` found for enum `Outcome` in the current scope
[INFO] [stdout]    --> /opt/rustwide/cargo-home/registry/src/index.crates.io-6f17d22bba15001f/rocket-governor-0.0.1-rc.9/src/lib.rs:193:60
[INFO] [stdout]     |
[INFO] [stdout] 193 |                 LimitError::GovernedRequest(_) => Outcome::Failure((Status::TooManyRequests, e)),
[INFO] [stdout]     |                                                            ^^^^^^^ variant or associated item not found in `Outcome<_, (Status, _), Status>`
[INFO] [stdout] 
[INFO] [stdout] 
[INFO] [stdout] error[E0599]: no variant or associated item named `Failure` found for enum `Outcome` in the current scope
[INFO] [stdout]    --> /opt/rustwide/cargo-home/registry/src/index.crates.io-6f17d22bba15001f/rocket-governor-0.0.1-rc.9/src/lib.rs:194:31
[INFO] [stdout]     |
[INFO] [stdout] 194 |                 _ => Outcome::Failure((Status::BadRequest, e)),
[INFO] [stdout]     |                               ^^^^^^^ variant or associated item not found in `Outcome<_, (Status, _), Status>`
[INFO] [stdout] 
[INFO] [stdout] 
[INFO] [stdout] error: aborting due to 2 previous errors
[INFO] [stdout] 
[INFO] [stdout] 
[INFO] [stdout] For more information about this error, try `rustc --explain E0599`.
[INFO] [stdout] 
[INFO] [stderr] error: could not compile `rocket-governor` (lib) due to 3 previous errors
[INFO] running `Command { std: "docker" "inspect" "7b5679e9d1d0cb2b894f0e85b609136c9f604758f20750a2a391756bf239790c", kill_on_drop: false }`
[INFO] running `Command { std: "docker" "rm" "-f" "7b5679e9d1d0cb2b894f0e85b609136c9f604758f20750a2a391756bf239790c", kill_on_drop: false }`
[INFO] [stdout] 7b5679e9d1d0cb2b894f0e85b609136c9f604758f20750a2a391756bf239790c
