[INFO] fetching crate rio-backend 0.0.28...
[INFO] documenting rio-backend-0.0.28 against 1.75.0 for beta-1.76-rustdoc-1
[INFO] extracting crate rio-backend 0.0.28 into /workspace/builds/worker-6-tc1/source
[INFO] validating manifest of crates.io crate rio-backend 0.0.28 on toolchain 1.75.0
[INFO] running `Command { std: CARGO_HOME="/workspace/cargo-home" RUSTUP_HOME="/workspace/rustup-home" "/workspace/cargo-home/bin/cargo" "+1.75.0" "metadata" "--manifest-path" "Cargo.toml" "--no-deps", kill_on_drop: false }`
[INFO] started tweaking crates.io crate rio-backend 0.0.28
[INFO] finished tweaking crates.io crate rio-backend 0.0.28
[INFO] tweaked toml for crates.io crate rio-backend 0.0.28 written to /workspace/builds/worker-6-tc1/source/Cargo.toml
[INFO] running `Command { std: CARGO_HOME="/workspace/cargo-home" RUSTUP_HOME="/workspace/rustup-home" "/workspace/cargo-home/bin/cargo" "+1.75.0" "generate-lockfile" "--manifest-path" "Cargo.toml", kill_on_drop: false }`
[INFO] [stderr]     Updating crates.io index
[INFO] running `Command { std: CARGO_HOME="/workspace/cargo-home" RUSTUP_HOME="/workspace/rustup-home" "/workspace/cargo-home/bin/cargo" "+1.75.0" "fetch" "--manifest-path" "Cargo.toml", kill_on_drop: false }`
[INFO] [stderr]  Downloading crates ...
[INFO] [stderr]   Downloaded rio-proc-macros v0.0.28
[INFO] [stderr]   Downloaded copypasta v0.10.0
[INFO] [stderr]   Downloaded smithay-clipboard v0.7.0
[INFO] [stderr]   Downloaded corcovado v0.0.28
[INFO] [stderr]   Downloaded fontconfig-parser v0.5.3
[INFO] [stderr]   Downloaded x11-clipboard v0.8.1
[INFO] [stderr]   Downloaded naga v0.14.2
[INFO] [stderr]   Downloaded copa v0.0.28
[INFO] [stderr]   Downloaded teletypewriter v0.0.28
[INFO] [stderr]   Downloaded sugarloaf v0.0.28
[INFO] running `Command { std: "docker" "create" "-v" "/var/lib/crater-agent-workspace/builds/worker-6-tc1/target:/opt/rustwide/target:rw,Z" "-v" "/var/lib/crater-agent-workspace/builds/worker-6-tc1/source:/opt/rustwide/workdir:ro,Z" "-v" "/var/lib/crater-agent-workspace/cargo-home:/opt/rustwide/cargo-home:ro,Z" "-v" "/var/lib/crater-agent-workspace/rustup-home:/opt/rustwide/rustup-home:ro,Z" "-e" "SOURCE_DIR=/opt/rustwide/workdir" "-e" "CARGO_TARGET_DIR=/opt/rustwide/target" "-e" "CARGO_HOME=/opt/rustwide/cargo-home" "-e" "RUSTUP_HOME=/opt/rustwide/rustup-home" "-w" "/opt/rustwide/workdir" "-m" "1610612736" "--user" "0:0" "--network" "none" "ghcr.io/rust-lang/crates-build-env/linux@sha256:2788e3201cd34a07e3172128adcd8b3090168a8e3bcc40d7c032b9dda1df7d1c" "/opt/rustwide/cargo-home/bin/cargo" "+1.75.0" "metadata" "--no-deps" "--format-version=1", kill_on_drop: false }`
[INFO] [stdout] f8f60b61ac11e64eae7ace85717655a51e44ce38274ed89a2743fc796576ed44
[INFO] running `Command { std: "docker" "start" "-a" "f8f60b61ac11e64eae7ace85717655a51e44ce38274ed89a2743fc796576ed44", kill_on_drop: false }`
[INFO] running `Command { std: "docker" "inspect" "f8f60b61ac11e64eae7ace85717655a51e44ce38274ed89a2743fc796576ed44", kill_on_drop: false }`
[INFO] running `Command { std: "docker" "rm" "-f" "f8f60b61ac11e64eae7ace85717655a51e44ce38274ed89a2743fc796576ed44", kill_on_drop: false }`
[INFO] [stdout] f8f60b61ac11e64eae7ace85717655a51e44ce38274ed89a2743fc796576ed44
[INFO] running `Command { std: "docker" "create" "-v" "/var/lib/crater-agent-workspace/builds/worker-6-tc1/target:/opt/rustwide/target:rw,Z" "-v" "/var/lib/crater-agent-workspace/builds/worker-6-tc1/source:/opt/rustwide/workdir:ro,Z" "-v" "/var/lib/crater-agent-workspace/cargo-home:/opt/rustwide/cargo-home:ro,Z" "-v" "/var/lib/crater-agent-workspace/rustup-home:/opt/rustwide/rustup-home:ro,Z" "-e" "SOURCE_DIR=/opt/rustwide/workdir" "-e" "CARGO_TARGET_DIR=/opt/rustwide/target" "-e" "CARGO_INCREMENTAL=0" "-e" "RUST_BACKTRACE=full" "-e" "RUSTFLAGS=--cap-lints=warn" "-e" "RUSTDOCFLAGS=--cap-lints=warn" "-e" "CARGO_HOME=/opt/rustwide/cargo-home" "-e" "RUSTUP_HOME=/opt/rustwide/rustup-home" "-w" "/opt/rustwide/workdir" "-m" "1610612736" "--user" "0:0" "--network" "none" "ghcr.io/rust-lang/crates-build-env/linux@sha256:2788e3201cd34a07e3172128adcd8b3090168a8e3bcc40d7c032b9dda1df7d1c" "/opt/rustwide/cargo-home/bin/cargo" "+1.75.0" "doc" "--frozen" "--no-deps" "--document-private-items" "--message-format=json", kill_on_drop: false }`
[INFO] [stdout] de0f3cf8f0bd5149e62dc8ce969654f72d5e1ca57129a1ac221e312423b10a38
[INFO] running `Command { std: "docker" "start" "-a" "de0f3cf8f0bd5149e62dc8ce969654f72d5e1ca57129a1ac221e312423b10a38", kill_on_drop: false }`
[INFO] [stderr]    Compiling libc v0.2.151
[INFO] [stderr]     Checking libloading v0.8.1
[INFO] [stderr]    Compiling pkg-config v0.3.28
[INFO] [stderr]    Compiling proc-macro2 v1.0.76
[INFO] [stderr]    Compiling num-traits v0.2.17
[INFO] [stderr]    Compiling thiserror v1.0.56
[INFO] [stderr]     Checking downcast-rs v1.2.0
[INFO] [stderr]    Compiling memchr v2.7.1
[INFO] [stderr]     Checking scoped-tls v1.0.1
[INFO] [stderr]    Compiling rustix v0.38.28
[INFO] [stderr]     Checking ahash v0.8.7
[INFO] [stderr]     Checking linux-raw-sys v0.4.12
[INFO] [stderr]     Checking tracing-core v0.1.32
[INFO] [stderr]    Compiling khronos-egl v6.0.0
[INFO] [stderr]    Compiling ash v0.37.3+1.3.251
[INFO] [stderr]     Checking simd-adler32 v0.3.7
[INFO] [stderr]     Checking unicode-width v0.1.11
[INFO] [stderr]     Checking bit-vec v0.6.3
[INFO] [stderr]     Checking dlib v0.5.2
[INFO] [stderr]     Checking codespan-reporting v0.11.1
[INFO] [stderr]     Checking gpu-alloc-types v0.3.0
[INFO] [stderr]     Checking bit-set v0.5.3
[INFO] [stderr]     Checking gpu-descriptor-types v0.1.2
[INFO] [stderr]     Checking hashbrown v0.14.3
[INFO] [stderr]     Checking libloading v0.7.4
[INFO] [stderr]     Checking xkeysym v0.2.0
[INFO] [stderr]     Checking raw-window-handle v0.5.2
[INFO] [stderr]     Checking arrayvec v0.7.4
[INFO] [stderr]     Checking hexf-parse v0.2.1
[INFO] [stderr]     Checking tracing v0.1.40
[INFO] [stderr]     Checking cursor-icon v1.1.0
[INFO] [stderr]     Checking miniz_oxide v0.7.1
[INFO] [stderr]    Compiling quote v1.0.35
[INFO] [stderr]    Compiling quick-xml v0.30.0
[INFO] [stderr]     Checking gpu-alloc v0.6.0
[INFO] [stderr]     Checking wgpu-types v0.18.0
[INFO] [stderr]    Compiling x11rb v0.12.0
[INFO] [stderr]    Compiling syn v2.0.48
[INFO] [stderr]    Compiling cc v1.0.83
[INFO] [stderr]    Compiling wayland-sys v0.31.1
[INFO] [stderr]     Checking xcursor v0.3.5
[INFO] [stderr]     Checking indexmap v2.1.0
[INFO] [stderr]     Checking gpu-descriptor v0.2.4
[INFO] [stderr]     Checking profiling v1.0.13
[INFO] [stderr]     Checking renderdoc-sys v1.0.0
[INFO] [stderr]     Checking glow v0.13.0
[INFO] [stderr]    Compiling smithay-client-toolkit v0.18.0
[INFO] [stderr]     Checking flate2 v1.0.28
[INFO] [stderr]     Checking fdeflate v0.3.3
[INFO] [stderr]    Compiling slotmap v1.0.7
[INFO] [stderr]     Checking futures-sink v0.3.30
[INFO] [stderr]     Checking futures-core v0.3.30
[INFO] [stderr]     Checking xmlparser v0.13.6
[INFO] [stderr]    Compiling cfg_aliases v0.1.1
[INFO] [stderr]     Checking ttf-parser v0.20.0
[INFO] [stderr]     Checking cfg-if v0.1.10
[INFO] [stderr]     Checking option-ext v0.2.0
[INFO] [stderr]    Compiling signal-hook v0.3.17
[INFO] [stderr]     Checking png v0.17.10
[INFO] [stderr]    Compiling winit v0.29.9
[INFO] [stderr]     Checking winnow v0.5.33
[INFO] [stderr]     Checking ab_glyph_rasterizer v0.1.8
[INFO] [stderr]    Compiling wayland-scanner v0.31.0
[INFO] [stderr]     Checking roxmltree v0.18.1
[INFO] [stderr]     Checking tinyvec_macros v0.1.1
[INFO] [stderr]     Checking spirv v0.2.0+1.5.4
[INFO] [stderr]     Checking num-integer v0.1.45
[INFO] [stderr]     Checking euclid v0.22.9
[INFO] [stderr]     Checking byteorder v1.5.0
[INFO] [stderr]     Checking either v1.9.0
[INFO] [stderr]     Checking nix v0.26.4
[INFO] [stderr]     Checking getrandom v0.2.11
[INFO] [stderr]     Checking parking_lot_core v0.9.9
[INFO] [stderr]     Checking gethostname v0.3.0
[INFO] [stderr]     Checking rand_core v0.6.4
[INFO] [stderr]     Checking nanorand v0.7.0
[INFO] [stderr]     Checking memmap2 v0.9.3
[INFO] [stderr]     Checking parking_lot v0.12.1
[INFO] [stderr]     Checking rand_chacha v0.3.1
[INFO] [stderr]     Checking num-rational v0.4.1
[INFO] [stderr]    Compiling wayland-backend v0.3.2
[INFO] [stderr]     Checking iovec v0.1.4
[INFO] [stderr]     Checking net2 v0.2.39
[INFO] [stderr]     Checking dirs-sys v0.4.1
[INFO] [stderr]     Checking flume v0.11.0
[INFO] [stderr]     Checking signal-hook-registry v1.4.1
[INFO] [stderr]     Checking rand v0.8.5
[INFO] [stderr]     Checking svg_fmt v0.4.1
[INFO] [stderr]     Checking rayon v1.8.0
[INFO] [stderr]     Checking dirs v5.0.1
[INFO] [stderr]     Checking guillotiere v0.6.2
[INFO] [stderr]     Checking corcovado v0.0.28
[INFO] [stderr]     Checking memmap2 v0.7.1
[INFO] [stderr]     Checking fontconfig-parser v0.5.3
[INFO] [stderr]     Checking tinyvec v1.6.0
[INFO] [stderr]     Checking ordered-float v4.2.0
[INFO] [stderr]     Checking approx v0.5.1
[INFO] [stderr]     Checking xkbcommon-dl v0.4.1
[INFO] [stderr]    Compiling rio-proc-macros v0.0.28
[INFO] [stderr]     Checking crossbeam-channel v0.5.10
[INFO] [stderr]     Checking linked-hash-map v0.5.6
[INFO] [stderr]     Checking xi-unicode v0.3.0
[INFO] [stderr]     Checking ttf-parser v0.19.2
[INFO] [stderr]     Checking teletypewriter v0.0.28
[INFO] [stderr]     Checking twox-hash v1.6.3
[INFO] [stderr]     Checking base64 v0.21.5
[INFO] [stderr]     Checking owned_ttf_parser v0.20.0
[INFO] [stderr]     Checking copa v0.0.28
[INFO] [stderr]     Checking ab_glyph v0.2.23
[INFO] [stderr]     Checking x11rb-protocol v0.12.0
[INFO] [stderr]    Compiling thiserror-impl v1.0.56
[INFO] [stderr]    Compiling serde_derive v1.0.195
[INFO] [stderr]    Compiling bytemuck_derive v1.5.0
[INFO] [stderr]     Checking wayland-client v0.31.1
[INFO] [stderr]     Checking wayland-csd-frame v0.3.0
[INFO] [stderr]     Checking polling v3.3.1
[INFO] [stderr]     Checking bytemuck v1.14.0
[INFO] [stderr]     Checking image v0.24.7
[INFO] [stderr]     Checking calloop v0.12.3
[INFO] [stderr]     Checking naga v0.14.2
[INFO] [stderr]     Checking wayland-protocols v0.31.0
[INFO] [stderr]     Checking wayland-cursor v0.31.0
[INFO] [stderr]     Checking calloop-wayland-source v0.2.0
[INFO] [stdout] error: The platform you're compiling for is not supported by winit
[INFO] [stdout]   --> /opt/rustwide/cargo-home/registry/src/index.crates.io-6f17d22bba15001f/winit-0.29.9/src/platform_impl/mod.rs:67:1
[INFO] [stdout]    |
[INFO] [stdout] 67 | compile_error!("The platform you're compiling for is not supported by winit");
[INFO] [stdout]    | ^^^^^^^^^^^^^^^^^^^^^^^^^^^^^^^^^^^^^^^^^^^^^^^^^^^^^^^^^^^^^^^^^^^^^^^^^^^^^
[INFO] [stdout] 
[INFO] [stdout] 
[INFO] [stdout] error[E0432]: unresolved import `self::platform`
[INFO] [stdout]   --> /opt/rustwide/cargo-home/registry/src/index.crates.io-6f17d22bba15001f/winit-0.29.9/src/platform_impl/mod.rs:26:15
[INFO] [stdout]    |
[INFO] [stdout] 26 | pub use self::platform::*;
[INFO] [stdout]    |               ^^^^^^^^ could not find `platform` in `self`
[INFO] [stdout] 
[INFO] [stdout] 
[INFO] [stdout] error[E0432]: unresolved import `crate::platform_impl::PlatformIcon`
[INFO] [stdout]  --> /opt/rustwide/cargo-home/registry/src/index.crates.io-6f17d22bba15001f/winit-0.29.9/src/icon.rs:1:5
[INFO] [stdout]   |
[INFO] [stdout] 1 | use crate::platform_impl::PlatformIcon;
[INFO] [stdout]   |     ^^^^^^^^^^^^^^^^^^^^^^^^^^^^^^^^^^ no `PlatformIcon` in `platform_impl`
[INFO] [stdout] 
[INFO] [stdout] 
[INFO] [stdout] error[E0433]: failed to resolve: could not find `DeviceId` in `platform_impl`
[INFO] [stdout]    --> /opt/rustwide/cargo-home/registry/src/index.crates.io-6f17d22bba15001f/winit-0.29.9/src/event.rs:616:42
[INFO] [stdout]     |
[INFO] [stdout] 616 |         DeviceId(unsafe { platform_impl::DeviceId::dummy() })
[INFO] [stdout]     |                                          ^^^^^^^^ could not find `DeviceId` in `platform_impl`
[INFO] [stdout] 
[INFO] [stdout] 
[INFO] [stdout] error[E0433]: failed to resolve: could not find `WindowId` in `platform_impl`
[INFO] [stdout]   --> /opt/rustwide/cargo-home/registry/src/index.crates.io-6f17d22bba15001f/winit-0.29.9/src/window.rs:99:42
[INFO] [stdout]    |
[INFO] [stdout] 99 |         WindowId(unsafe { platform_impl::WindowId::dummy() })
[INFO] [stdout]    |                                          ^^^^^^^^ could not find `WindowId` in `platform_impl`
[INFO] [stdout] 
[INFO] [stdout] 
[INFO] [stdout] error[E0433]: failed to resolve: could not find `Window` in `platform_impl`
[INFO] [stdout]    --> /opt/rustwide/cargo-home/registry/src/index.crates.io-6f17d22bba15001f/winit-0.29.9/src/window.rs:513:28
[INFO] [stdout]     |
[INFO] [stdout] 513 |             platform_impl::Window::new(&window_target.p, self.window, self.platform_specific)?;
[INFO] [stdout]     |                            ^^^^^^ could not find `Window` in `platform_impl`
[INFO] [stdout] 
[INFO] [stdout] 
[INFO] [stdout] error[E0412]: cannot find type `OsError` in module `platform_impl`
[INFO] [stdout]   --> /opt/rustwide/cargo-home/registry/src/index.crates.io-6f17d22bba15001f/winit-0.29.9/src/error.rs:28:27
[INFO] [stdout]    |
[INFO] [stdout] 28 |     error: platform_impl::OsError,
[INFO] [stdout]    |                           ^^^^^^^ not found in `platform_impl`
[INFO] [stdout]    |
[INFO] [stdout] help: there is an enum variant `crate::window::BadIcon::OsError`; try using the variant's enum
[INFO] [stdout]    |
[INFO] [stdout] 28 |     error: crate::window::BadIcon,
[INFO] [stdout]    |            ~~~~~~~~~~~~~~~~~~~~~~
[INFO] [stdout] 
[INFO] [stdout] 
[INFO] [stdout] error[E0412]: cannot find type `OsError` in module `platform_impl`
[INFO] [stdout]   --> /opt/rustwide/cargo-home/registry/src/index.crates.io-6f17d22bba15001f/winit-0.29.9/src/error.rs:62:76
[INFO] [stdout]    |
[INFO] [stdout] 62 |     pub(crate) fn new(line: u32, file: &'static str, error: platform_impl::OsError) -> OsError {
[INFO] [stdout]    |                                                                            ^^^^^^^ not found in `platform_impl`
[INFO] [stdout]    |
[INFO] [stdout] help: there is an enum variant `crate::window::BadIcon::OsError`; try using the variant's enum
[INFO] [stdout]    |
[INFO] [stdout] 62 |     pub(crate) fn new(line: u32, file: &'static str, error: crate::window::BadIcon) -> OsError {
[INFO] [stdout]    |                                                             ~~~~~~~~~~~~~~~~~~~~~~
[INFO] [stdout] 
[INFO] [stdout] 
[INFO] [stdout] error[E0412]: cannot find type `DeviceId` in module `platform_impl`
[INFO] [stdout]    --> /opt/rustwide/cargo-home/registry/src/index.crates.io-6f17d22bba15001f/winit-0.29.9/src/event.rs:602:47
[INFO] [stdout]     |
[INFO] [stdout] 602 | pub struct DeviceId(pub(crate) platform_impl::DeviceId);
[INFO] [stdout]     |                                               ^^^^^^^^ not found in `platform_impl`
[INFO] [stdout] 
[INFO] [stdout] 
[INFO] [stdout] error[E0412]: cannot find type `KeyEventExtra` in module `platform_impl`
[INFO] [stdout]    --> /opt/rustwide/cargo-home/registry/src/index.crates.io-6f17d22bba15001f/winit-0.29.9/src/event.rs:787:50
[INFO] [stdout]     |
[INFO] [stdout] 787 |     pub(crate) platform_specific: platform_impl::KeyEventExtra,
[INFO] [stdout]     |                                                  ^^^^^^^^^^^^^ not found in `platform_impl`
[INFO] [stdout] 
[INFO] [stdout] 
[INFO] [stdout] error[E0412]: cannot find type `EventLoop` in module `platform_impl`
[INFO] [stdout]   --> /opt/rustwide/cargo-home/registry/src/index.crates.io-6f17d22bba15001f/winit-0.29.9/src/event_loop.rs:41:43
[INFO] [stdout]    |
[INFO] [stdout] 41 |     pub(crate) event_loop: platform_impl::EventLoop<T>,
[INFO] [stdout]    |                                           ^^^^^^^^^ not found in `platform_impl`
[INFO] [stdout]    |
[INFO] [stdout] help: consider importing this struct
[INFO] [stdout]    |
[INFO] [stdout] 10 + use calloop::EventLoop;
[INFO] [stdout]    |
[INFO] [stdout] help: if you import `EventLoop`, refer to it directly
[INFO] [stdout]    |
[INFO] [stdout] 41 -     pub(crate) event_loop: platform_impl::EventLoop<T>,
[INFO] [stdout] 41 +     pub(crate) event_loop: EventLoop<T>,
[INFO] [stdout]    |
[INFO] [stdout] 
[INFO] [stdout] 
[INFO] [stdout] error[E0412]: cannot find type `EventLoopWindowTarget` in module `platform_impl`
[INFO] [stdout]   --> /opt/rustwide/cargo-home/registry/src/index.crates.io-6f17d22bba15001f/winit-0.29.9/src/event_loop.rs:52:34
[INFO] [stdout]    |
[INFO] [stdout] 52 |     pub(crate) p: platform_impl::EventLoopWindowTarget<T>,
[INFO] [stdout]    |                                  ^^^^^^^^^^^^^^^^^^^^^ not found in `platform_impl`
[INFO] [stdout] 
[INFO] [stdout] 
[INFO] [stdout] error[E0412]: cannot find type `PlatformSpecificEventLoopAttributes` in module `platform_impl`
[INFO] [stdout]   --> /opt/rustwide/cargo-home/registry/src/index.crates.io-6f17d22bba15001f/winit-0.29.9/src/event_loop.rs:62:50
[INFO] [stdout]    |
[INFO] [stdout] 62 |     pub(crate) platform_specific: platform_impl::PlatformSpecificEventLoopAttributes,
[INFO] [stdout]    |                                                  ^^^^^^^^^^^^^^^^^^^^^^^^^^^^^^^^^^^ not found in `platform_impl`
[INFO] [stdout] 
[INFO] [stdout] 
[INFO] [stdout] error[E0433]: failed to resolve: could not find `EventLoop` in `platform_impl`
[INFO] [stdout]    --> /opt/rustwide/cargo-home/registry/src/index.crates.io-6f17d22bba15001f/winit-0.29.9/src/event_loop.rs:128:40
[INFO] [stdout]     |
[INFO] [stdout] 128 |             event_loop: platform_impl::EventLoop::new(&mut self.platform_specific)?,
[INFO] [stdout]     |                                        ^^^^^^^^^ could not find `EventLoop` in `platform_impl`
[INFO] [stdout]     |
[INFO] [stdout] help: consider importing this struct
[INFO] [stdout]     |
[INFO] [stdout] 10  + use calloop::EventLoop;
[INFO] [stdout]     |
[INFO] [stdout] help: if you import `EventLoop`, refer to it directly
[INFO] [stdout]     |
[INFO] [stdout] 128 -             event_loop: platform_impl::EventLoop::new(&mut self.platform_specific)?,
[INFO] [stdout] 128 +             event_loop: EventLoop::new(&mut self.platform_specific)?,
[INFO] [stdout]     |
[INFO] [stdout] 
[INFO] [stdout] 
[INFO] [stdout] error[E0412]: cannot find type `EventLoopProxy` in module `platform_impl`
[INFO] [stdout]    --> /opt/rustwide/cargo-home/registry/src/index.crates.io-6f17d22bba15001f/winit-0.29.9/src/event_loop.rs:394:38
[INFO] [stdout]     |
[INFO] [stdout] 394 |     event_loop_proxy: platform_impl::EventLoopProxy<T>,
[INFO] [stdout]     |                                      ^^^^^^^^^^^^^^ not found in `platform_impl`
[INFO] [stdout] 
[INFO] [stdout] 
[INFO] [stdout] error[E0412]: cannot find type `VideoMode` in module `platform_impl`
[INFO] [stdout]   --> /opt/rustwide/cargo-home/registry/src/index.crates.io-6f17d22bba15001f/winit-0.29.9/src/monitor.rs:18:43
[INFO] [stdout]    |
[INFO] [stdout] 18 |     pub(crate) video_mode: platform_impl::VideoMode,
[INFO] [stdout]    |                                           ^^^^^^^^^ not found in `platform_impl`
[INFO] [stdout] 
[INFO] [stdout] 
[INFO] [stdout] error[E0412]: cannot find type `MonitorHandle` in module `platform_impl`
[INFO] [stdout]    --> /opt/rustwide/cargo-home/registry/src/index.crates.io-6f17d22bba15001f/winit-0.29.9/src/monitor.rs:104:38
[INFO] [stdout]     |
[INFO] [stdout] 104 |     pub(crate) inner: platform_impl::MonitorHandle,
[INFO] [stdout]     |                                      ^^^^^^^^^^^^^ not found in `platform_impl`
[INFO] [stdout] 
[INFO] [stdout] 
[INFO] [stdout] error[E0412]: cannot find type `VideoMode` in this scope
[INFO] [stdout]   --> /opt/rustwide/cargo-home/registry/src/index.crates.io-6f17d22bba15001f/winit-0.29.9/src/platform_impl/mod.rs:31:15
[INFO] [stdout]    |
[INFO] [stdout] 31 |     Exclusive(VideoMode),
[INFO] [stdout]    |               ^^^^^^^^^ not found in this scope
[INFO] [stdout]    |
[INFO] [stdout] help: consider importing this struct
[INFO] [stdout]    |
[INFO] [stdout] 1  + use crate::monitor::VideoMode;
[INFO] [stdout]    |
[INFO] [stdout] 
[INFO] [stdout] 
[INFO] [stdout] error[E0412]: cannot find type `MonitorHandle` in this scope
[INFO] [stdout]    --> /opt/rustwide/cargo-home/registry/src/index.crates.io-6f17d22bba15001f/winit-0.29.9/src/platform_impl/mod.rs:32:23
[INFO] [stdout]     |
[INFO] [stdout] 32  |     Borderless(Option<MonitorHandle>),
[INFO] [stdout]     |                       ^^^^^^^^^^^^^
[INFO] [stdout]     |
[INFO] [stdout]    ::: /opt/rustwide/cargo-home/registry/src/index.crates.io-6f17d22bba15001f/winit-0.29.9/src/monitor.rs:103:1
[INFO] [stdout]     |
[INFO] [stdout] 103 | pub struct MonitorHandle {
[INFO] [stdout]     | ------------------------ similarly named struct `RootMonitorHandle` defined here
[INFO] [stdout]     |
[INFO] [stdout] help: a struct with a similar name exists
[INFO] [stdout]     |
[INFO] [stdout] 32  |     Borderless(Option<RootMonitorHandle>),
[INFO] [stdout]     |                       ~~~~~~~~~~~~~~~~~
[INFO] [stdout] help: consider importing this struct
[INFO] [stdout]     |
[INFO] [stdout] 1   + use crate::monitor::MonitorHandle;
[INFO] [stdout]     |
[INFO] [stdout] 
[INFO] [stdout] 
[INFO] [stdout] error[E0412]: cannot find type `Window` in module `platform_impl`
[INFO] [stdout]   --> /opt/rustwide/cargo-home/registry/src/index.crates.io-6f17d22bba15001f/winit-0.29.9/src/window.rs:55:39
[INFO] [stdout]    |
[INFO] [stdout] 55 |     pub(crate) window: platform_impl::Window,
[INFO] [stdout]    |                                       ^^^^^^ not found in `platform_impl`
[INFO] [stdout] 
[INFO] [stdout] 
[INFO] [stdout] error[E0412]: cannot find type `WindowId` in module `platform_impl`
[INFO] [stdout]   --> /opt/rustwide/cargo-home/registry/src/index.crates.io-6f17d22bba15001f/winit-0.29.9/src/window.rs:85:47
[INFO] [stdout]    |
[INFO] [stdout] 85 | pub struct WindowId(pub(crate) platform_impl::WindowId);
[INFO] [stdout]    |                                               ^^^^^^^^ not found in `platform_impl`
[INFO] [stdout] 
[INFO] [stdout] 
[INFO] [stdout] error[E0412]: cannot find type `PlatformSpecificWindowBuilderAttributes` in module `platform_impl`
[INFO] [stdout]    --> /opt/rustwide/cargo-home/registry/src/index.crates.io-6f17d22bba15001f/winit-0.29.9/src/window.rs:123:50
[INFO] [stdout]     |
[INFO] [stdout] 123 |     pub(crate) platform_specific: platform_impl::PlatformSpecificWindowBuilderAttributes,
[INFO] [stdout]     |                                                  ^^^^^^^^^^^^^^^^^^^^^^^^^^^^^^^^^^^^^^^ not found in `platform_impl`
[INFO] [stdout] 
[INFO] [stdout] 
[INFO] [stdout] error[E0282]: type annotations needed
[INFO] [stdout]    --> /opt/rustwide/cargo-home/registry/src/index.crates.io-6f17d22bba15001f/winit-0.29.9/src/window.rs:537:17
[INFO] [stdout]     |
[INFO] [stdout] 537 |         builder.build(event_loop)
[INFO] [stdout]     |                 ^^^^^ cannot infer type of the type parameter `T` declared on the method `build`
[INFO] [stdout]     |
[INFO] [stdout] help: consider specifying the generic argument
[INFO] [stdout]     |
[INFO] [stdout] 537 |         builder.build::<T>(event_loop)
[INFO] [stdout]     |                      +++++
[INFO] [stdout] 
[INFO] [stdout] 
[INFO] [stdout] error: aborting due to 23 previous errors
[INFO] [stdout] 
[INFO] [stdout] 
[INFO] [stdout] Some errors have detailed explanations: E0282, E0412, E0432, E0433.
[INFO] [stdout] 
[INFO] [stdout] For more information about an error, try `rustc --explain E0282`.
[INFO] [stdout] 
[INFO] [stderr] error: could not compile `winit` (lib) due to 24 previous errors
[INFO] [stderr] warning: build failed, waiting for other jobs to finish...
[INFO] running `Command { std: "docker" "inspect" "de0f3cf8f0bd5149e62dc8ce969654f72d5e1ca57129a1ac221e312423b10a38", kill_on_drop: false }`
[INFO] running `Command { std: "docker" "rm" "-f" "de0f3cf8f0bd5149e62dc8ce969654f72d5e1ca57129a1ac221e312423b10a38", kill_on_drop: false }`
[INFO] [stdout] de0f3cf8f0bd5149e62dc8ce969654f72d5e1ca57129a1ac221e312423b10a38
[INFO] documenting rio-backend-0.0.28 against beta-2023-12-22 for beta-1.76-rustdoc-1
[INFO] extracting crate rio-backend 0.0.28 into /workspace/builds/worker-6-tc2/source
[INFO] validating manifest of crates.io crate rio-backend 0.0.28 on toolchain beta-2023-12-22
[INFO] running `Command { std: CARGO_HOME="/workspace/cargo-home" RUSTUP_HOME="/workspace/rustup-home" "/workspace/cargo-home/bin/cargo" "+beta-2023-12-22" "metadata" "--manifest-path" "Cargo.toml" "--no-deps", kill_on_drop: false }`
[INFO] started tweaking crates.io crate rio-backend 0.0.28
[INFO] finished tweaking crates.io crate rio-backend 0.0.28
[INFO] tweaked toml for crates.io crate rio-backend 0.0.28 written to /workspace/builds/worker-6-tc2/source/Cargo.toml
[INFO] running `Command { std: CARGO_HOME="/workspace/cargo-home" RUSTUP_HOME="/workspace/rustup-home" "/workspace/cargo-home/bin/cargo" "+beta-2023-12-22" "generate-lockfile" "--manifest-path" "Cargo.toml", kill_on_drop: false }`
[INFO] [stderr]     Updating crates.io index
[INFO] running `Command { std: CARGO_HOME="/workspace/cargo-home" RUSTUP_HOME="/workspace/rustup-home" "/workspace/cargo-home/bin/cargo" "+beta-2023-12-22" "fetch" "--manifest-path" "Cargo.toml", kill_on_drop: false }`
[INFO] running `Command { std: "docker" "create" "-v" "/var/lib/crater-agent-workspace/builds/worker-6-tc2/target:/opt/rustwide/target:rw,Z" "-v" "/var/lib/crater-agent-workspace/builds/worker-6-tc2/source:/opt/rustwide/workdir:ro,Z" "-v" "/var/lib/crater-agent-workspace/cargo-home:/opt/rustwide/cargo-home:ro,Z" "-v" "/var/lib/crater-agent-workspace/rustup-home:/opt/rustwide/rustup-home:ro,Z" "-e" "SOURCE_DIR=/opt/rustwide/workdir" "-e" "CARGO_TARGET_DIR=/opt/rustwide/target" "-e" "CARGO_HOME=/opt/rustwide/cargo-home" "-e" "RUSTUP_HOME=/opt/rustwide/rustup-home" "-w" "/opt/rustwide/workdir" "-m" "1610612736" "--user" "0:0" "--network" "none" "ghcr.io/rust-lang/crates-build-env/linux@sha256:2788e3201cd34a07e3172128adcd8b3090168a8e3bcc40d7c032b9dda1df7d1c" "/opt/rustwide/cargo-home/bin/cargo" "+beta-2023-12-22" "metadata" "--no-deps" "--format-version=1", kill_on_drop: false }`
[INFO] [stdout] 417d2358950d2cc55a1751088f7a763c599f02584baadcf752abcfef635e8f96
[INFO] running `Command { std: "docker" "start" "-a" "417d2358950d2cc55a1751088f7a763c599f02584baadcf752abcfef635e8f96", kill_on_drop: false }`
[INFO] running `Command { std: "docker" "inspect" "417d2358950d2cc55a1751088f7a763c599f02584baadcf752abcfef635e8f96", kill_on_drop: false }`
[INFO] running `Command { std: "docker" "rm" "-f" "417d2358950d2cc55a1751088f7a763c599f02584baadcf752abcfef635e8f96", kill_on_drop: false }`
[INFO] [stdout] 417d2358950d2cc55a1751088f7a763c599f02584baadcf752abcfef635e8f96
[INFO] running `Command { std: "docker" "create" "-v" "/var/lib/crater-agent-workspace/builds/worker-6-tc2/target:/opt/rustwide/target:rw,Z" "-v" "/var/lib/crater-agent-workspace/builds/worker-6-tc2/source:/opt/rustwide/workdir:ro,Z" "-v" "/var/lib/crater-agent-workspace/cargo-home:/opt/rustwide/cargo-home:ro,Z" "-v" "/var/lib/crater-agent-workspace/rustup-home:/opt/rustwide/rustup-home:ro,Z" "-e" "SOURCE_DIR=/opt/rustwide/workdir" "-e" "CARGO_TARGET_DIR=/opt/rustwide/target" "-e" "CARGO_INCREMENTAL=0" "-e" "RUST_BACKTRACE=full" "-e" "RUSTFLAGS=--cap-lints=warn" "-e" "RUSTDOCFLAGS=--cap-lints=warn" "-e" "CARGO_HOME=/opt/rustwide/cargo-home" "-e" "RUSTUP_HOME=/opt/rustwide/rustup-home" "-w" "/opt/rustwide/workdir" "-m" "1610612736" "--user" "0:0" "--network" "none" "ghcr.io/rust-lang/crates-build-env/linux@sha256:2788e3201cd34a07e3172128adcd8b3090168a8e3bcc40d7c032b9dda1df7d1c" "/opt/rustwide/cargo-home/bin/cargo" "+beta-2023-12-22" "doc" "--frozen" "--no-deps" "--document-private-items" "--message-format=json", kill_on_drop: false }`
[INFO] [stdout] 9d87de7d8808000f709054d8b16cd3533c1dce0bf9fde62fa771adb812935fd5
[INFO] running `Command { std: "docker" "start" "-a" "9d87de7d8808000f709054d8b16cd3533c1dce0bf9fde62fa771adb812935fd5", kill_on_drop: false }`
[INFO] [stderr]    Compiling libc v0.2.151
[INFO] [stderr]     Checking libloading v0.8.1
[INFO] [stderr]    Compiling pkg-config v0.3.28
[INFO] [stderr]    Compiling memchr v2.7.1
[INFO] [stderr]    Compiling proc-macro2 v1.0.76
[INFO] [stderr]    Compiling num-traits v0.2.17
[INFO] [stderr]    Compiling thiserror v1.0.56
[INFO] [stderr]     Checking scoped-tls v1.0.1
[INFO] [stderr]     Checking downcast-rs v1.2.0
[INFO] [stderr]    Compiling rustix v0.38.28
[INFO] [stderr]     Checking tracing-core v0.1.32
[INFO] [stderr]     Checking ahash v0.8.7
[INFO] [stderr]     Checking linux-raw-sys v0.4.12
[INFO] [stderr]     Checking bit-vec v0.6.3
[INFO] [stderr]    Compiling ash v0.37.3+1.3.251
[INFO] [stderr]    Compiling khronos-egl v6.0.0
[INFO] [stderr]     Checking unicode-width v0.1.11
[INFO] [stderr]     Checking simd-adler32 v0.3.7
[INFO] [stderr]     Checking dlib v0.5.2
[INFO] [stderr]     Checking codespan-reporting v0.11.1
[INFO] [stderr]     Checking gpu-alloc-types v0.3.0
[INFO] [stderr]     Checking gpu-descriptor-types v0.1.2
[INFO] [stderr]     Checking bit-set v0.5.3
[INFO] [stderr]     Checking hashbrown v0.14.3
[INFO] [stderr]     Checking libloading v0.7.4
[INFO] [stderr]     Checking raw-window-handle v0.5.2
[INFO] [stderr]     Checking xkeysym v0.2.0
[INFO] [stderr]     Checking cursor-icon v1.1.0
[INFO] [stderr]     Checking hexf-parse v0.2.1
[INFO] [stderr]     Checking tracing v0.1.40
[INFO] [stderr]     Checking arrayvec v0.7.4
[INFO] [stderr]     Checking miniz_oxide v0.7.1
[INFO] [stderr]     Checking gpu-alloc v0.6.0
[INFO] [stderr]     Checking wgpu-types v0.18.0
[INFO] [stderr]    Compiling quote v1.0.35
[INFO] [stderr]    Compiling smithay-client-toolkit v0.18.0
[INFO] [stderr]    Compiling quick-xml v0.30.0
[INFO] [stderr]    Compiling syn v2.0.48
[INFO] [stderr]    Compiling wayland-sys v0.31.1
[INFO] [stderr]    Compiling cc v1.0.83
[INFO] [stderr]     Checking xcursor v0.3.5
[INFO] [stderr]     Checking glow v0.13.0
[INFO] [stderr]     Checking indexmap v2.1.0
[INFO] [stderr]     Checking gpu-descriptor v0.2.4
[INFO] [stderr]     Checking renderdoc-sys v1.0.0
[INFO] [stderr]    Compiling x11rb v0.12.0
[INFO] [stderr]     Checking profiling v1.0.13
[INFO] [stderr]     Checking flate2 v1.0.28
[INFO] [stderr]     Checking fdeflate v0.3.3
[INFO] [stderr]    Compiling slotmap v1.0.7
[INFO] [stderr]     Checking futures-sink v0.3.30
[INFO] [stderr]     Checking xmlparser v0.13.6
[INFO] [stderr]    Compiling signal-hook v0.3.17
[INFO] [stderr]     Checking cfg-if v0.1.10
[INFO] [stderr]     Checking futures-core v0.3.30
[INFO] [stderr]    Compiling cfg_aliases v0.1.1
[INFO] [stderr]     Checking ttf-parser v0.20.0
[INFO] [stderr]     Checking option-ext v0.2.0
[INFO] [stderr]    Compiling winit v0.29.9
[INFO] [stderr]     Checking png v0.17.10
[INFO] [stderr]     Checking byteorder v1.5.0
[INFO] [stderr]     Checking spirv v0.2.0+1.5.4
[INFO] [stderr]     Checking num-integer v0.1.45
[INFO] [stderr]     Checking euclid v0.22.9
[INFO] [stderr]     Checking either v1.9.0
[INFO] [stderr]     Checking roxmltree v0.18.1
[INFO] [stderr]    Compiling wayland-scanner v0.31.0
[INFO] [stderr]     Checking ab_glyph_rasterizer v0.1.8
[INFO] [stderr]     Checking tinyvec_macros v0.1.1
[INFO] [stderr]     Checking svg_fmt v0.4.1
[INFO] [stderr]     Checking num-rational v0.4.1
[INFO] [stderr]     Checking winnow v0.5.33
[INFO] [stderr]     Checking fontconfig-parser v0.5.3
[INFO] [stderr]     Checking nix v0.26.4
[INFO] [stderr]     Checking getrandom v0.2.11
[INFO] [stderr]     Checking parking_lot_core v0.9.9
[INFO] [stderr]     Checking rand_core v0.6.4
[INFO] [stderr]     Checking parking_lot v0.12.1
[INFO] [stderr]     Checking nanorand v0.7.0
[INFO] [stderr]     Checking gethostname v0.3.0
[INFO] [stderr]     Checking memmap2 v0.9.3
[INFO] [stderr]     Checking rand_chacha v0.3.1
[INFO] [stderr]     Checking dirs-sys v0.4.1
[INFO] [stderr]     Checking net2 v0.2.39
[INFO] [stderr]     Checking flume v0.11.0
[INFO] [stderr]    Compiling wayland-backend v0.3.2
[INFO] [stderr]     Checking iovec v0.1.4
[INFO] [stderr]     Checking signal-hook-registry v1.4.1
[INFO] [stderr]     Checking dirs v5.0.1
[INFO] [stderr]     Checking guillotiere v0.6.2
[INFO] [stderr]     Checking memmap2 v0.7.1
[INFO] [stderr]     Checking tinyvec v1.6.0
[INFO] [stderr]     Checking rand v0.8.5
[INFO] [stderr]     Checking corcovado v0.0.28
[INFO] [stderr]     Checking rayon v1.8.0
[INFO] [stderr]     Checking approx v0.5.1
[INFO] [stderr]     Checking ordered-float v4.2.0
[INFO] [stderr]     Checking xkbcommon-dl v0.4.1
[INFO] [stderr]    Compiling rio-proc-macros v0.0.28
[INFO] [stderr]     Checking crossbeam-channel v0.5.10
[INFO] [stderr]     Checking linked-hash-map v0.5.6
[INFO] [stderr]     Checking ttf-parser v0.19.2
[INFO] [stderr]     Checking xi-unicode v0.3.0
[INFO] [stderr]     Checking teletypewriter v0.0.28
[INFO] [stderr]     Checking base64 v0.21.5
[INFO] [stderr]     Checking twox-hash v1.6.3
[INFO] [stderr]     Checking copa v0.0.28
[INFO] [stderr]     Checking owned_ttf_parser v0.20.0
[INFO] [stderr]     Checking ab_glyph v0.2.23
[INFO] [stderr]     Checking x11rb-protocol v0.12.0
[INFO] [stderr]    Compiling thiserror-impl v1.0.56
[INFO] [stderr]    Compiling serde_derive v1.0.195
[INFO] [stderr]    Compiling bytemuck_derive v1.5.0
[INFO] [stderr]     Checking wayland-client v0.31.1
[INFO] [stderr]     Checking polling v3.3.1
[INFO] [stderr]     Checking wayland-csd-frame v0.3.0
[INFO] [stderr]     Checking calloop v0.12.3
[INFO] [stderr]     Checking naga v0.14.2
[INFO] [stderr]     Checking bytemuck v1.14.0
[INFO] [stderr]     Checking image v0.24.7
[INFO] [stdout] error: The platform you're compiling for is not supported by winit
[INFO] [stdout]   --> /opt/rustwide/cargo-home/registry/src/index.crates.io-6f17d22bba15001f/winit-0.29.9/src/platform_impl/mod.rs:67:1
[INFO] [stdout]    |
[INFO] [stdout] 67 | compile_error!("The platform you're compiling for is not supported by winit");
[INFO] [stdout]    | ^^^^^^^^^^^^^^^^^^^^^^^^^^^^^^^^^^^^^^^^^^^^^^^^^^^^^^^^^^^^^^^^^^^^^^^^^^^^^
[INFO] [stdout] 
[INFO] [stdout] 
[INFO] [stdout] error[E0432]: unresolved import `self::platform`
[INFO] [stdout]   --> /opt/rustwide/cargo-home/registry/src/index.crates.io-6f17d22bba15001f/winit-0.29.9/src/platform_impl/mod.rs:26:15
[INFO] [stdout]    |
[INFO] [stdout] 26 | pub use self::platform::*;
[INFO] [stdout]    |               ^^^^^^^^ could not find `platform` in `self`
[INFO] [stdout] 
[INFO] [stdout] 
[INFO] [stdout] error[E0432]: unresolved import `crate::platform_impl::PlatformIcon`
[INFO] [stdout]  --> /opt/rustwide/cargo-home/registry/src/index.crates.io-6f17d22bba15001f/winit-0.29.9/src/icon.rs:1:5
[INFO] [stdout]   |
[INFO] [stdout] 1 | use crate::platform_impl::PlatformIcon;
[INFO] [stdout]   |     ^^^^^^^^^^^^^^^^^^^^^^^^^^^^^^^^^^ no `PlatformIcon` in `platform_impl`
[INFO] [stdout] 
[INFO] [stdout] 
[INFO] [stdout] error[E0433]: failed to resolve: could not find `DeviceId` in `platform_impl`
[INFO] [stdout]    --> /opt/rustwide/cargo-home/registry/src/index.crates.io-6f17d22bba15001f/winit-0.29.9/src/event.rs:616:42
[INFO] [stdout]     |
[INFO] [stdout] 616 |         DeviceId(unsafe { platform_impl::DeviceId::dummy() })
[INFO] [stdout]     |                                          ^^^^^^^^ could not find `DeviceId` in `platform_impl`
[INFO] [stdout] 
[INFO] [stdout] 
[INFO] [stdout] error[E0433]: failed to resolve: could not find `WindowId` in `platform_impl`
[INFO] [stdout]   --> /opt/rustwide/cargo-home/registry/src/index.crates.io-6f17d22bba15001f/winit-0.29.9/src/window.rs:99:42
[INFO] [stdout]    |
[INFO] [stdout] 99 |         WindowId(unsafe { platform_impl::WindowId::dummy() })
[INFO] [stdout]    |                                          ^^^^^^^^ could not find `WindowId` in `platform_impl`
[INFO] [stdout] 
[INFO] [stdout] 
[INFO] [stdout] error[E0433]: failed to resolve: could not find `Window` in `platform_impl`
[INFO] [stdout]    --> /opt/rustwide/cargo-home/registry/src/index.crates.io-6f17d22bba15001f/winit-0.29.9/src/window.rs:513:28
[INFO] [stdout]     |
[INFO] [stdout] 513 |             platform_impl::Window::new(&window_target.p, self.window, self.platform_specific)?;
[INFO] [stdout]     |                            ^^^^^^ could not find `Window` in `platform_impl`
[INFO] [stdout] 
[INFO] [stdout] 
[INFO] [stdout] error[E0412]: cannot find type `OsError` in module `platform_impl`
[INFO] [stdout]   --> /opt/rustwide/cargo-home/registry/src/index.crates.io-6f17d22bba15001f/winit-0.29.9/src/error.rs:28:27
[INFO] [stdout]    |
[INFO] [stdout] 28 |     error: platform_impl::OsError,
[INFO] [stdout]    |                           ^^^^^^^ not found in `platform_impl`
[INFO] [stdout]    |
[INFO] [stdout] help: there is an enum variant `crate::window::BadIcon::OsError`; try using the variant's enum
[INFO] [stdout]    |
[INFO] [stdout] 28 |     error: crate::window::BadIcon,
[INFO] [stdout]    |            ~~~~~~~~~~~~~~~~~~~~~~
[INFO] [stdout] 
[INFO] [stdout] 
[INFO] [stdout] error[E0412]: cannot find type `OsError` in module `platform_impl`
[INFO] [stdout]   --> /opt/rustwide/cargo-home/registry/src/index.crates.io-6f17d22bba15001f/winit-0.29.9/src/error.rs:62:76
[INFO] [stdout]    |
[INFO] [stdout] 62 |     pub(crate) fn new(line: u32, file: &'static str, error: platform_impl::OsError) -> OsError {
[INFO] [stdout]    |                                                                            ^^^^^^^ not found in `platform_impl`
[INFO] [stdout]    |
[INFO] [stdout] help: there is an enum variant `crate::window::BadIcon::OsError`; try using the variant's enum
[INFO] [stdout]    |
[INFO] [stdout] 62 |     pub(crate) fn new(line: u32, file: &'static str, error: crate::window::BadIcon) -> OsError {
[INFO] [stdout]    |                                                             ~~~~~~~~~~~~~~~~~~~~~~
[INFO] [stdout] 
[INFO] [stdout] 
[INFO] [stdout] error[E0412]: cannot find type `DeviceId` in module `platform_impl`
[INFO] [stdout]    --> /opt/rustwide/cargo-home/registry/src/index.crates.io-6f17d22bba15001f/winit-0.29.9/src/event.rs:602:47
[INFO] [stdout]     |
[INFO] [stdout] 602 | pub struct DeviceId(pub(crate) platform_impl::DeviceId);
[INFO] [stdout]     |                                               ^^^^^^^^ not found in `platform_impl`
[INFO] [stdout] 
[INFO] [stdout] 
[INFO] [stdout] error[E0412]: cannot find type `KeyEventExtra` in module `platform_impl`
[INFO] [stdout]    --> /opt/rustwide/cargo-home/registry/src/index.crates.io-6f17d22bba15001f/winit-0.29.9/src/event.rs:787:50
[INFO] [stdout]     |
[INFO] [stdout] 787 |     pub(crate) platform_specific: platform_impl::KeyEventExtra,
[INFO] [stdout]     |                                                  ^^^^^^^^^^^^^ not found in `platform_impl`
[INFO] [stdout] 
[INFO] [stdout] 
[INFO] [stdout] error[E0412]: cannot find type `EventLoop` in module `platform_impl`
[INFO] [stdout]   --> /opt/rustwide/cargo-home/registry/src/index.crates.io-6f17d22bba15001f/winit-0.29.9/src/event_loop.rs:41:43
[INFO] [stdout]    |
[INFO] [stdout] 41 |     pub(crate) event_loop: platform_impl::EventLoop<T>,
[INFO] [stdout]    |                                           ^^^^^^^^^ not found in `platform_impl`
[INFO] [stdout]    |
[INFO] [stdout] help: consider importing this struct
[INFO] [stdout]    |
[INFO] [stdout] 10 + use calloop::EventLoop;
[INFO] [stdout]    |
[INFO] [stdout] help: if you import `EventLoop`, refer to it directly
[INFO] [stdout]    |
[INFO] [stdout] 41 -     pub(crate) event_loop: platform_impl::EventLoop<T>,
[INFO] [stdout] 41 +     pub(crate) event_loop: EventLoop<T>,
[INFO] [stdout]    |
[INFO] [stdout] 
[INFO] [stdout] 
[INFO] [stdout] error[E0412]: cannot find type `EventLoopWindowTarget` in module `platform_impl`
[INFO] [stdout]   --> /opt/rustwide/cargo-home/registry/src/index.crates.io-6f17d22bba15001f/winit-0.29.9/src/event_loop.rs:52:34
[INFO] [stdout]    |
[INFO] [stdout] 52 |     pub(crate) p: platform_impl::EventLoopWindowTarget<T>,
[INFO] [stdout]    |                                  ^^^^^^^^^^^^^^^^^^^^^ not found in `platform_impl`
[INFO] [stdout] 
[INFO] [stdout] 
[INFO] [stdout] error[E0412]: cannot find type `PlatformSpecificEventLoopAttributes` in module `platform_impl`
[INFO] [stdout]   --> /opt/rustwide/cargo-home/registry/src/index.crates.io-6f17d22bba15001f/winit-0.29.9/src/event_loop.rs:62:50
[INFO] [stdout]    |
[INFO] [stdout] 62 |     pub(crate) platform_specific: platform_impl::PlatformSpecificEventLoopAttributes,
[INFO] [stdout]    |                                                  ^^^^^^^^^^^^^^^^^^^^^^^^^^^^^^^^^^^ not found in `platform_impl`
[INFO] [stdout] 
[INFO] [stdout] 
[INFO] [stdout] error[E0433]: failed to resolve: could not find `EventLoop` in `platform_impl`
[INFO] [stdout]    --> /opt/rustwide/cargo-home/registry/src/index.crates.io-6f17d22bba15001f/winit-0.29.9/src/event_loop.rs:128:40
[INFO] [stdout]     |
[INFO] [stdout] 128 |             event_loop: platform_impl::EventLoop::new(&mut self.platform_specific)?,
[INFO] [stdout]     |                                        ^^^^^^^^^ could not find `EventLoop` in `platform_impl`
[INFO] [stdout]     |
[INFO] [stdout] help: consider importing this struct
[INFO] [stdout]     |
[INFO] [stdout] 10  + use calloop::EventLoop;
[INFO] [stdout]     |
[INFO] [stdout] help: if you import `EventLoop`, refer to it directly
[INFO] [stdout]     |
[INFO] [stdout] 128 -             event_loop: platform_impl::EventLoop::new(&mut self.platform_specific)?,
[INFO] [stdout] 128 +             event_loop: EventLoop::new(&mut self.platform_specific)?,
[INFO] [stdout]     |
[INFO] [stdout] 
[INFO] [stdout] 
[INFO] [stdout] error[E0412]: cannot find type `EventLoopProxy` in module `platform_impl`
[INFO] [stdout]    --> /opt/rustwide/cargo-home/registry/src/index.crates.io-6f17d22bba15001f/winit-0.29.9/src/event_loop.rs:394:38
[INFO] [stdout]     |
[INFO] [stdout] 394 |     event_loop_proxy: platform_impl::EventLoopProxy<T>,
[INFO] [stdout]     |                                      ^^^^^^^^^^^^^^ not found in `platform_impl`
[INFO] [stdout] 
[INFO] [stdout] 
[INFO] [stdout] error[E0412]: cannot find type `VideoMode` in module `platform_impl`
[INFO] [stdout]   --> /opt/rustwide/cargo-home/registry/src/index.crates.io-6f17d22bba15001f/winit-0.29.9/src/monitor.rs:18:43
[INFO] [stdout]    |
[INFO] [stdout] 18 |     pub(crate) video_mode: platform_impl::VideoMode,
[INFO] [stdout]    |                                           ^^^^^^^^^ not found in `platform_impl`
[INFO] [stdout] 
[INFO] [stdout] 
[INFO] [stdout] error[E0412]: cannot find type `MonitorHandle` in module `platform_impl`
[INFO] [stdout]    --> /opt/rustwide/cargo-home/registry/src/index.crates.io-6f17d22bba15001f/winit-0.29.9/src/monitor.rs:104:38
[INFO] [stdout]     |
[INFO] [stdout] 104 |     pub(crate) inner: platform_impl::MonitorHandle,
[INFO] [stdout]     |                                      ^^^^^^^^^^^^^ not found in `platform_impl`
[INFO] [stdout] 
[INFO] [stdout] 
[INFO] [stdout] error[E0412]: cannot find type `VideoMode` in this scope
[INFO] [stdout]   --> /opt/rustwide/cargo-home/registry/src/index.crates.io-6f17d22bba15001f/winit-0.29.9/src/platform_impl/mod.rs:31:15
[INFO] [stdout]    |
[INFO] [stdout] 31 |     Exclusive(VideoMode),
[INFO] [stdout]    |               ^^^^^^^^^ not found in this scope
[INFO] [stdout]    |
[INFO] [stdout] help: consider importing this struct
[INFO] [stdout]    |
[INFO] [stdout] 1  + use crate::monitor::VideoMode;
[INFO] [stdout]    |
[INFO] [stdout] 
[INFO] [stdout] 
[INFO] [stdout] error[E0412]: cannot find type `MonitorHandle` in this scope
[INFO] [stdout]    --> /opt/rustwide/cargo-home/registry/src/index.crates.io-6f17d22bba15001f/winit-0.29.9/src/platform_impl/mod.rs:32:23
[INFO] [stdout]     |
[INFO] [stdout] 32  |     Borderless(Option<MonitorHandle>),
[INFO] [stdout]     |                       ^^^^^^^^^^^^^
[INFO] [stdout]     |
[INFO] [stdout]    ::: /opt/rustwide/cargo-home/registry/src/index.crates.io-6f17d22bba15001f/winit-0.29.9/src/monitor.rs:103:1
[INFO] [stdout]     |
[INFO] [stdout] 103 | pub struct MonitorHandle {
[INFO] [stdout]     | ------------------------ similarly named struct `RootMonitorHandle` defined here
[INFO] [stdout]     |
[INFO] [stdout] help: a struct with a similar name exists
[INFO] [stdout]     |
[INFO] [stdout] 32  |     Borderless(Option<RootMonitorHandle>),
[INFO] [stdout]     |                       ~~~~~~~~~~~~~~~~~
[INFO] [stdout] help: consider importing this struct
[INFO] [stdout]     |
[INFO] [stdout] 1   + use crate::monitor::MonitorHandle;
[INFO] [stdout]     |
[INFO] [stdout] 
[INFO] [stdout] 
[INFO] [stdout] error[E0412]: cannot find type `Window` in module `platform_impl`
[INFO] [stdout]   --> /opt/rustwide/cargo-home/registry/src/index.crates.io-6f17d22bba15001f/winit-0.29.9/src/window.rs:55:39
[INFO] [stdout]    |
[INFO] [stdout] 55 |     pub(crate) window: platform_impl::Window,
[INFO] [stdout]    |                                       ^^^^^^ not found in `platform_impl`
[INFO] [stdout] 
[INFO] [stdout] 
[INFO] [stdout] error[E0412]: cannot find type `WindowId` in module `platform_impl`
[INFO] [stdout]   --> /opt/rustwide/cargo-home/registry/src/index.crates.io-6f17d22bba15001f/winit-0.29.9/src/window.rs:85:47
[INFO] [stdout]    |
[INFO] [stdout] 85 | pub struct WindowId(pub(crate) platform_impl::WindowId);
[INFO] [stdout]    |                                               ^^^^^^^^ not found in `platform_impl`
[INFO] [stdout] 
[INFO] [stdout] 
[INFO] [stdout] error[E0412]: cannot find type `PlatformSpecificWindowBuilderAttributes` in module `platform_impl`
[INFO] [stdout]    --> /opt/rustwide/cargo-home/registry/src/index.crates.io-6f17d22bba15001f/winit-0.29.9/src/window.rs:123:50
[INFO] [stdout]     |
[INFO] [stdout] 123 |     pub(crate) platform_specific: platform_impl::PlatformSpecificWindowBuilderAttributes,
[INFO] [stdout]     |                                                  ^^^^^^^^^^^^^^^^^^^^^^^^^^^^^^^^^^^^^^^ not found in `platform_impl`
[INFO] [stdout] 
[INFO] [stdout] 
[INFO] [stderr]     Checking wayland-protocols v0.31.0
[INFO] [stderr]     Checking wayland-cursor v0.31.0
[INFO] [stderr]     Checking calloop-wayland-source v0.2.0
[INFO] [stdout] error[E0282]: type annotations needed
[INFO] [stdout]    --> /opt/rustwide/cargo-home/registry/src/index.crates.io-6f17d22bba15001f/winit-0.29.9/src/window.rs:537:17
[INFO] [stdout]     |
[INFO] [stdout] 537 |         builder.build(event_loop)
[INFO] [stdout]     |                 ^^^^^ cannot infer type of the type parameter `T` declared on the method `build`
[INFO] [stdout]     |
[INFO] [stdout] help: consider specifying the generic argument
[INFO] [stdout]     |
[INFO] [stdout] 537 |         builder.build::<T>(event_loop)
[INFO] [stdout]     |                      +++++
[INFO] [stdout] 
[INFO] [stdout] 
[INFO] [stdout] error: aborting due to 23 previous errors
[INFO] [stdout] 
[INFO] [stdout] 
[INFO] [stdout] Some errors have detailed explanations: E0282, E0412, E0432, E0433.
[INFO] [stdout] 
[INFO] [stdout] For more information about an error, try `rustc --explain E0282`.
[INFO] [stdout] 
[INFO] [stderr] error: could not compile `winit` (lib) due to 24 previous errors
[INFO] [stderr] warning: build failed, waiting for other jobs to finish...
[INFO] running `Command { std: "docker" "inspect" "9d87de7d8808000f709054d8b16cd3533c1dce0bf9fde62fa771adb812935fd5", kill_on_drop: false }`
[INFO] running `Command { std: "docker" "rm" "-f" "9d87de7d8808000f709054d8b16cd3533c1dce0bf9fde62fa771adb812935fd5", kill_on_drop: false }`
[INFO] [stdout] 9d87de7d8808000f709054d8b16cd3533c1dce0bf9fde62fa771adb812935fd5
