[INFO] fetching crate ricq-guild 0.1.0...
[INFO] documenting ricq-guild-0.1.0 against 1.75.0 for beta-1.76-rustdoc-1
[INFO] extracting crate ricq-guild 0.1.0 into /workspace/builds/worker-5-tc1/source
[INFO] validating manifest of crates.io crate ricq-guild 0.1.0 on toolchain 1.75.0
[INFO] running `Command { std: CARGO_HOME="/workspace/cargo-home" RUSTUP_HOME="/workspace/rustup-home" "/workspace/cargo-home/bin/cargo" "+1.75.0" "metadata" "--manifest-path" "Cargo.toml" "--no-deps", kill_on_drop: false }`
[INFO] started tweaking crates.io crate ricq-guild 0.1.0
[INFO] finished tweaking crates.io crate ricq-guild 0.1.0
[INFO] tweaked toml for crates.io crate ricq-guild 0.1.0 written to /workspace/builds/worker-5-tc1/source/Cargo.toml
[INFO] running `Command { std: CARGO_HOME="/workspace/cargo-home" RUSTUP_HOME="/workspace/rustup-home" "/workspace/cargo-home/bin/cargo" "+1.75.0" "generate-lockfile" "--manifest-path" "Cargo.toml", kill_on_drop: false }`
[INFO] [stderr]     Updating crates.io index
[INFO] running `Command { std: CARGO_HOME="/workspace/cargo-home" RUSTUP_HOME="/workspace/rustup-home" "/workspace/cargo-home/bin/cargo" "+1.75.0" "fetch" "--manifest-path" "Cargo.toml", kill_on_drop: false }`
[INFO] [stderr]     Blocking waiting for file lock on package cache
[INFO] [stderr]     Blocking waiting for file lock on package cache
[INFO] [stderr]  Downloading crates ...
[INFO] [stderr]   Downloaded jcers_proc v0.1.0
[INFO] [stderr]   Downloaded jcers v0.1.2
[INFO] [stderr]   Downloaded p256 v0.10.1
[INFO] [stderr]   Downloaded cached v0.35.0
[INFO] [stderr]   Downloaded ricq v0.1.19
[INFO] [stderr]   Downloaded ricq-core v0.1.19
[INFO] [stderr]   Downloaded dynamic-protobuf v0.1.1
[INFO] running `Command { std: "docker" "create" "-v" "/var/lib/crater-agent-workspace/builds/worker-5-tc1/target:/opt/rustwide/target:rw,Z" "-v" "/var/lib/crater-agent-workspace/builds/worker-5-tc1/source:/opt/rustwide/workdir:ro,Z" "-v" "/var/lib/crater-agent-workspace/cargo-home:/opt/rustwide/cargo-home:ro,Z" "-v" "/var/lib/crater-agent-workspace/rustup-home:/opt/rustwide/rustup-home:ro,Z" "-e" "SOURCE_DIR=/opt/rustwide/workdir" "-e" "CARGO_TARGET_DIR=/opt/rustwide/target" "-e" "CARGO_HOME=/opt/rustwide/cargo-home" "-e" "RUSTUP_HOME=/opt/rustwide/rustup-home" "-w" "/opt/rustwide/workdir" "-m" "1610612736" "--user" "0:0" "--network" "none" "ghcr.io/rust-lang/crates-build-env/linux@sha256:2788e3201cd34a07e3172128adcd8b3090168a8e3bcc40d7c032b9dda1df7d1c" "/opt/rustwide/cargo-home/bin/cargo" "+1.75.0" "metadata" "--no-deps" "--format-version=1", kill_on_drop: false }`
[INFO] [stdout] b4a982797269cbccead88cbd1ab5050603df9ba205de466c150d661ecb4ea017
[INFO] running `Command { std: "docker" "start" "-a" "b4a982797269cbccead88cbd1ab5050603df9ba205de466c150d661ecb4ea017", kill_on_drop: false }`
[INFO] running `Command { std: "docker" "inspect" "b4a982797269cbccead88cbd1ab5050603df9ba205de466c150d661ecb4ea017", kill_on_drop: false }`
[INFO] running `Command { std: "docker" "rm" "-f" "b4a982797269cbccead88cbd1ab5050603df9ba205de466c150d661ecb4ea017", kill_on_drop: false }`
[INFO] [stdout] b4a982797269cbccead88cbd1ab5050603df9ba205de466c150d661ecb4ea017
[INFO] running `Command { std: "docker" "create" "-v" "/var/lib/crater-agent-workspace/builds/worker-5-tc1/target:/opt/rustwide/target:rw,Z" "-v" "/var/lib/crater-agent-workspace/builds/worker-5-tc1/source:/opt/rustwide/workdir:ro,Z" "-v" "/var/lib/crater-agent-workspace/cargo-home:/opt/rustwide/cargo-home:ro,Z" "-v" "/var/lib/crater-agent-workspace/rustup-home:/opt/rustwide/rustup-home:ro,Z" "-e" "SOURCE_DIR=/opt/rustwide/workdir" "-e" "CARGO_TARGET_DIR=/opt/rustwide/target" "-e" "CARGO_INCREMENTAL=0" "-e" "RUST_BACKTRACE=full" "-e" "RUSTFLAGS=--cap-lints=warn" "-e" "RUSTDOCFLAGS=--cap-lints=warn" "-e" "CARGO_HOME=/opt/rustwide/cargo-home" "-e" "RUSTUP_HOME=/opt/rustwide/rustup-home" "-w" "/opt/rustwide/workdir" "-m" "1610612736" "--user" "0:0" "--network" "none" "ghcr.io/rust-lang/crates-build-env/linux@sha256:2788e3201cd34a07e3172128adcd8b3090168a8e3bcc40d7c032b9dda1df7d1c" "/opt/rustwide/cargo-home/bin/cargo" "+1.75.0" "doc" "--frozen" "--no-deps" "--document-private-items" "--message-format=json", kill_on_drop: false }`
[INFO] [stdout] 2e64b5c7a3f38a41df8e2209e5412cfc980f3f4220a32e665da9a2201501e48d
[INFO] running `Command { std: "docker" "start" "-a" "2e64b5c7a3f38a41df8e2209e5412cfc980f3f4220a32e665da9a2201501e48d", kill_on_drop: false }`
[INFO] [stderr]    Compiling proc-macro2 v1.0.76
[INFO] [stderr]    Compiling libc v0.2.151
[INFO] [stderr]    Compiling syn v1.0.109
[INFO] [stderr]    Compiling either v1.9.0
[INFO] [stderr]    Compiling anyhow v1.0.79
[INFO] [stderr]    Compiling rustix v0.38.28
[INFO] [stderr]    Compiling linux-raw-sys v0.4.12
[INFO] [stderr]    Compiling bitflags v2.4.1
[INFO] [stderr]    Compiling itertools v0.10.5
[INFO] [stderr]    Compiling home v0.5.9
[INFO] [stderr]    Compiling memchr v2.7.1
[INFO] [stderr]    Compiling regex-syntax v0.8.2
[INFO] [stderr]    Compiling quote v1.0.35
[INFO] [stderr]    Compiling syn v2.0.48
[INFO] [stderr]    Compiling aho-corasick v1.1.2
[INFO] [stderr]     Checking getrandom v0.2.11
[INFO] [stderr]    Compiling bytes v1.5.0
[INFO] [stderr]     Checking rand_core v0.6.4
[INFO] [stderr]    Compiling equivalent v1.0.1
[INFO] [stderr]    Compiling hashbrown v0.14.3
[INFO] [stderr]    Compiling typenum v1.17.0
[INFO] [stderr]    Compiling fixedbitset v0.4.2
[INFO] [stderr]    Compiling cfg-if v1.0.0
[INFO] [stderr]    Compiling fastrand v2.0.1
[INFO] [stderr]    Compiling which v4.4.2
[INFO] [stderr]    Compiling regex-automata v0.4.3
[INFO] [stderr]    Compiling indexmap v2.1.0
[INFO] [stderr]    Compiling prost-build v0.9.0
[INFO] [stderr]    Compiling unicode-segmentation v1.10.1
[INFO] [stderr]     Checking subtle v2.5.0
[INFO] [stderr]    Compiling petgraph v0.6.4
[INFO] [stderr]    Compiling heck v0.3.3
[INFO] [stderr]    Compiling tempfile v3.9.0
[INFO] [stderr]    Compiling multimap v0.8.3
[INFO] [stderr]    Compiling lazy_static v1.4.0
[INFO] [stderr]    Compiling log v0.4.20
[INFO] [stderr]     Checking zeroize v1.7.0
[INFO] [stderr]     Checking const-oid v0.7.1
[INFO] [stderr]     Checking generic-array v0.14.7
[INFO] [stderr]     Checking der v0.5.1
[INFO] [stderr]     Checking ff v0.11.1
[INFO] [stderr]    Compiling thiserror v1.0.56
[INFO] [stderr]     Checking group v0.11.0
[INFO] [stderr]    Compiling slab v0.4.9
[INFO] [stderr]     Checking ppv-lite86 v0.2.17
[INFO] [stderr]    Compiling serde v1.0.195
[INFO] [stderr]     Checking crypto-bigint v0.3.2
[INFO] [stderr]     Checking base16ct v0.1.1
[INFO] [stderr]     Checking tracing-core v0.1.32
[INFO] [stderr]     Checking rand_chacha v0.3.1
[INFO] [stderr]     Checking mio v0.8.10
[INFO] [stderr]     Checking socket2 v0.5.5
[INFO] [stderr]     Checking sec1 v0.2.1
[INFO] [stderr]    Compiling async-trait v0.1.77
[INFO] [stderr]    Compiling prost-derive v0.9.0
[INFO] [stderr]    Compiling regex v1.10.2
[INFO] [stderr]    Compiling jcers_proc v0.1.0
[INFO] [stderr]     Checking elliptic-curve v0.11.12
[INFO] [stderr]     Checking futures-sink v0.3.30
[INFO] [stderr]    Compiling derivative v2.2.0
[INFO] [stderr]     Checking rand v0.8.5
[INFO] [stderr]     Checking p256 v0.10.1
[INFO] [stderr]     Checking hashbrown v0.12.3
[INFO] [stderr]     Checking jcers v0.1.2
[INFO] [stderr]     Checking futures-task v0.3.30
[INFO] [stderr]     Checking byteorder v1.5.0
[INFO] [stderr]     Checking md5 v0.7.0
[INFO] [stderr]     Checking dynamic-protobuf v0.1.1
[INFO] [stderr]    Compiling thiserror-impl v1.0.56
[INFO] [stderr]    Compiling tracing-attributes v0.1.27
[INFO] [stderr]    Compiling serde_derive v1.0.195
[INFO] [stderr]    Compiling tokio-macros v2.2.0
[INFO] [stderr]    Compiling futures-macro v0.3.30
[INFO] [stderr]    Compiling prost v0.9.0
[INFO] [stderr]    Compiling prost-types v0.9.0
[INFO] [stderr]     Checking tokio v1.35.1
[INFO] [stderr]     Checking futures-util v0.3.30
[INFO] [stderr]     Checking cached v0.35.0
[INFO] [stderr]     Checking tracing v0.1.40
[INFO] [stderr]    Compiling ricq-core v0.1.19
[INFO] [stderr]    Compiling ricq-guild v0.1.0 (/opt/rustwide/workdir)
[INFO] [stderr]     Checking tokio-util v0.7.10
[INFO] [stdout] error[E0554]: `#![feature]` may not be used on the stable release channel
[INFO] [stdout]  --> /opt/rustwide/cargo-home/registry/src/index.crates.io-6f17d22bba15001f/ricq-core-0.1.19/src/lib.rs:1:1
[INFO] [stdout]   |
[INFO] [stdout] 1 | #![feature(type_alias_impl_trait)]
[INFO] [stdout]   | ^^^^^^^^^^^^^^^^^^^^^^^^^^^^^^^^^^
[INFO] [stdout] 
[INFO] [stdout] 
[INFO] [stdout] error[E0658]: `impl Trait` in associated types is unstable
[INFO] [stdout]    --> /opt/rustwide/cargo-home/registry/src/index.crates.io-6f17d22bba15001f/ricq-core-0.1.19/src/msg/mod.rs:100:21
[INFO] [stdout]     |
[INFO] [stdout] 100 |     type IntoIter = impl Iterator<Item = RQElem> + 'static;
[INFO] [stdout]     |                     ^^^^^^^^^^^^^^^^^^^^^^^^^^^^^^^^^^^^^^
[INFO] [stdout]     |
[INFO] [stdout]     = note: see issue #63063 <https://github.com/rust-lang/rust/issues/63063> for more information
[INFO] [stdout] 
[INFO] [stdout] 
[INFO] [stdout] error: aborting due to 2 previous errors
[INFO] [stdout] 
[INFO] [stdout] 
[INFO] [stdout] Some errors have detailed explanations: E0554, E0658.
[INFO] [stdout] 
[INFO] [stdout] For more information about an error, try `rustc --explain E0554`.
[INFO] [stdout] 
[INFO] [stderr] error: could not compile `ricq-core` (lib) due to 3 previous errors
[INFO] running `Command { std: "docker" "inspect" "2e64b5c7a3f38a41df8e2209e5412cfc980f3f4220a32e665da9a2201501e48d", kill_on_drop: false }`
[INFO] running `Command { std: "docker" "rm" "-f" "2e64b5c7a3f38a41df8e2209e5412cfc980f3f4220a32e665da9a2201501e48d", kill_on_drop: false }`
[INFO] [stdout] 2e64b5c7a3f38a41df8e2209e5412cfc980f3f4220a32e665da9a2201501e48d
[INFO] documenting ricq-guild-0.1.0 against beta-2023-12-22 for beta-1.76-rustdoc-1
[INFO] extracting crate ricq-guild 0.1.0 into /workspace/builds/worker-5-tc2/source
[INFO] validating manifest of crates.io crate ricq-guild 0.1.0 on toolchain beta-2023-12-22
[INFO] running `Command { std: CARGO_HOME="/workspace/cargo-home" RUSTUP_HOME="/workspace/rustup-home" "/workspace/cargo-home/bin/cargo" "+beta-2023-12-22" "metadata" "--manifest-path" "Cargo.toml" "--no-deps", kill_on_drop: false }`
[INFO] started tweaking crates.io crate ricq-guild 0.1.0
[INFO] finished tweaking crates.io crate ricq-guild 0.1.0
[INFO] tweaked toml for crates.io crate ricq-guild 0.1.0 written to /workspace/builds/worker-5-tc2/source/Cargo.toml
[INFO] running `Command { std: CARGO_HOME="/workspace/cargo-home" RUSTUP_HOME="/workspace/rustup-home" "/workspace/cargo-home/bin/cargo" "+beta-2023-12-22" "generate-lockfile" "--manifest-path" "Cargo.toml", kill_on_drop: false }`
[INFO] [stderr]     Updating crates.io index
[INFO] running `Command { std: CARGO_HOME="/workspace/cargo-home" RUSTUP_HOME="/workspace/rustup-home" "/workspace/cargo-home/bin/cargo" "+beta-2023-12-22" "fetch" "--manifest-path" "Cargo.toml", kill_on_drop: false }`
[INFO] running `Command { std: "docker" "create" "-v" "/var/lib/crater-agent-workspace/builds/worker-5-tc2/target:/opt/rustwide/target:rw,Z" "-v" "/var/lib/crater-agent-workspace/builds/worker-5-tc2/source:/opt/rustwide/workdir:ro,Z" "-v" "/var/lib/crater-agent-workspace/cargo-home:/opt/rustwide/cargo-home:ro,Z" "-v" "/var/lib/crater-agent-workspace/rustup-home:/opt/rustwide/rustup-home:ro,Z" "-e" "SOURCE_DIR=/opt/rustwide/workdir" "-e" "CARGO_TARGET_DIR=/opt/rustwide/target" "-e" "CARGO_HOME=/opt/rustwide/cargo-home" "-e" "RUSTUP_HOME=/opt/rustwide/rustup-home" "-w" "/opt/rustwide/workdir" "-m" "1610612736" "--user" "0:0" "--network" "none" "ghcr.io/rust-lang/crates-build-env/linux@sha256:2788e3201cd34a07e3172128adcd8b3090168a8e3bcc40d7c032b9dda1df7d1c" "/opt/rustwide/cargo-home/bin/cargo" "+beta-2023-12-22" "metadata" "--no-deps" "--format-version=1", kill_on_drop: false }`
[INFO] [stdout] e2235f733eb8ce5751014cfb4dba477b0b51e8c53c3c79ed1d0a9d6c15ce4ae5
[INFO] running `Command { std: "docker" "start" "-a" "e2235f733eb8ce5751014cfb4dba477b0b51e8c53c3c79ed1d0a9d6c15ce4ae5", kill_on_drop: false }`
[INFO] running `Command { std: "docker" "inspect" "e2235f733eb8ce5751014cfb4dba477b0b51e8c53c3c79ed1d0a9d6c15ce4ae5", kill_on_drop: false }`
[INFO] running `Command { std: "docker" "rm" "-f" "e2235f733eb8ce5751014cfb4dba477b0b51e8c53c3c79ed1d0a9d6c15ce4ae5", kill_on_drop: false }`
[INFO] [stdout] e2235f733eb8ce5751014cfb4dba477b0b51e8c53c3c79ed1d0a9d6c15ce4ae5
[INFO] running `Command { std: "docker" "create" "-v" "/var/lib/crater-agent-workspace/builds/worker-5-tc2/target:/opt/rustwide/target:rw,Z" "-v" "/var/lib/crater-agent-workspace/builds/worker-5-tc2/source:/opt/rustwide/workdir:ro,Z" "-v" "/var/lib/crater-agent-workspace/cargo-home:/opt/rustwide/cargo-home:ro,Z" "-v" "/var/lib/crater-agent-workspace/rustup-home:/opt/rustwide/rustup-home:ro,Z" "-e" "SOURCE_DIR=/opt/rustwide/workdir" "-e" "CARGO_TARGET_DIR=/opt/rustwide/target" "-e" "CARGO_INCREMENTAL=0" "-e" "RUST_BACKTRACE=full" "-e" "RUSTFLAGS=--cap-lints=warn" "-e" "RUSTDOCFLAGS=--cap-lints=warn" "-e" "CARGO_HOME=/opt/rustwide/cargo-home" "-e" "RUSTUP_HOME=/opt/rustwide/rustup-home" "-w" "/opt/rustwide/workdir" "-m" "1610612736" "--user" "0:0" "--network" "none" "ghcr.io/rust-lang/crates-build-env/linux@sha256:2788e3201cd34a07e3172128adcd8b3090168a8e3bcc40d7c032b9dda1df7d1c" "/opt/rustwide/cargo-home/bin/cargo" "+beta-2023-12-22" "doc" "--frozen" "--no-deps" "--document-private-items" "--message-format=json", kill_on_drop: false }`
[INFO] [stdout] d8a3ad99ef090a0f109006cbc12fc091337494a205229dd1b7a0f806cec88605
[INFO] running `Command { std: "docker" "start" "-a" "d8a3ad99ef090a0f109006cbc12fc091337494a205229dd1b7a0f806cec88605", kill_on_drop: false }`
[INFO] [stderr]    Compiling proc-macro2 v1.0.76
[INFO] [stderr]    Compiling syn v1.0.109
[INFO] [stderr]    Compiling libc v0.2.151
[INFO] [stderr]    Compiling either v1.9.0
[INFO] [stderr]    Compiling anyhow v1.0.79
[INFO] [stderr]    Compiling rustix v0.38.28
[INFO] [stderr]    Compiling linux-raw-sys v0.4.12
[INFO] [stderr]    Compiling bitflags v2.4.1
[INFO] [stderr]    Compiling itertools v0.10.5
[INFO] [stderr]    Compiling home v0.5.9
[INFO] [stderr]    Compiling memchr v2.7.1
[INFO] [stderr]    Compiling equivalent v1.0.1
[INFO] [stderr]    Compiling bytes v1.5.0
[INFO] [stderr]    Compiling regex-syntax v0.8.2
[INFO] [stderr]    Compiling quote v1.0.35
[INFO] [stderr]    Compiling syn v2.0.48
[INFO] [stderr]    Compiling aho-corasick v1.1.2
[INFO] [stderr]     Checking getrandom v0.2.11
[INFO] [stderr]    Compiling typenum v1.17.0
[INFO] [stderr]     Checking rand_core v0.6.4
[INFO] [stderr]    Compiling hashbrown v0.14.3
[INFO] [stderr]     Checking subtle v2.5.0
[INFO] [stderr]    Compiling cfg-if v1.0.0
[INFO] [stderr]    Compiling unicode-segmentation v1.10.1
[INFO] [stderr]    Compiling fixedbitset v0.4.2
[INFO] [stderr]    Compiling indexmap v2.1.0
[INFO] [stderr]    Compiling fastrand v2.0.1
[INFO] [stderr]    Compiling regex-automata v0.4.3
[INFO] [stderr]    Compiling heck v0.3.3
[INFO] [stderr]    Compiling petgraph v0.6.4
[INFO] [stderr]    Compiling which v4.4.2
[INFO] [stderr]    Compiling tempfile v3.9.0
[INFO] [stderr]    Compiling prost-build v0.9.0
[INFO] [stderr]    Compiling lazy_static v1.4.0
[INFO] [stderr]    Compiling log v0.4.20
[INFO] [stderr]    Compiling multimap v0.8.3
[INFO] [stderr]     Checking generic-array v0.14.7
[INFO] [stderr]     Checking zeroize v1.7.0
[INFO] [stderr]     Checking const-oid v0.7.1
[INFO] [stderr]     Checking ff v0.11.1
[INFO] [stderr]    Compiling slab v0.4.9
[INFO] [stderr]    Compiling thiserror v1.0.56
[INFO] [stderr]     Checking der v0.5.1
[INFO] [stderr]     Checking group v0.11.0
[INFO] [stderr]     Checking base16ct v0.1.1
[INFO] [stderr]    Compiling serde v1.0.195
[INFO] [stderr]     Checking crypto-bigint v0.3.2
[INFO] [stderr]     Checking ppv-lite86 v0.2.17
[INFO] [stderr]     Checking tracing-core v0.1.32
[INFO] [stderr]     Checking rand_chacha v0.3.1
[INFO] [stderr]     Checking sec1 v0.2.1
[INFO] [stderr]     Checking socket2 v0.5.5
[INFO] [stderr]     Checking mio v0.8.10
[INFO] [stderr]     Checking futures-sink v0.3.30
[INFO] [stderr]    Compiling regex v1.10.2
[INFO] [stderr]    Compiling async-trait v0.1.77
[INFO] [stderr]     Checking rand v0.8.5
[INFO] [stderr]     Checking elliptic-curve v0.11.12
[INFO] [stderr]    Compiling prost-derive v0.9.0
[INFO] [stderr]    Compiling jcers_proc v0.1.0
[INFO] [stderr]     Checking p256 v0.10.1
[INFO] [stderr]    Compiling derivative v2.2.0
[INFO] [stderr]     Checking md5 v0.7.0
[INFO] [stderr]     Checking hashbrown v0.12.3
[INFO] [stderr]     Checking futures-task v0.3.30
[INFO] [stderr]     Checking byteorder v1.5.0
[INFO] [stderr]     Checking dynamic-protobuf v0.1.1
[INFO] [stderr]     Checking jcers v0.1.2
[INFO] [stderr]    Compiling thiserror-impl v1.0.56
[INFO] [stderr]    Compiling tracing-attributes v0.1.27
[INFO] [stderr]    Compiling tokio-macros v2.2.0
[INFO] [stderr]    Compiling serde_derive v1.0.195
[INFO] [stderr]    Compiling futures-macro v0.3.30
[INFO] [stderr]    Compiling prost v0.9.0
[INFO] [stderr]    Compiling prost-types v0.9.0
[INFO] [stderr]     Checking tokio v1.35.1
[INFO] [stderr]     Checking futures-util v0.3.30
[INFO] [stderr]     Checking cached v0.35.0
[INFO] [stderr]     Checking tracing v0.1.40
[INFO] [stderr]    Compiling ricq-core v0.1.19
[INFO] [stderr]    Compiling ricq-guild v0.1.0 (/opt/rustwide/workdir)
[INFO] [stderr]     Checking tokio-util v0.7.10
[INFO] [stdout] error[E0554]: `#![feature]` may not be used on the beta release channel
[INFO] [stdout]  --> /opt/rustwide/cargo-home/registry/src/index.crates.io-6f17d22bba15001f/ricq-core-0.1.19/src/lib.rs:1:1
[INFO] [stdout]   |
[INFO] [stdout] 1 | #![feature(type_alias_impl_trait)]
[INFO] [stdout]   | ^^^^^^^^^^^^^^^^^^^^^^^^^^^^^^^^^^
[INFO] [stdout] 
[INFO] [stdout] 
[INFO] [stdout] error[E0658]: `impl Trait` in associated types is unstable
[INFO] [stdout]    --> /opt/rustwide/cargo-home/registry/src/index.crates.io-6f17d22bba15001f/ricq-core-0.1.19/src/msg/mod.rs:100:21
[INFO] [stdout]     |
[INFO] [stdout] 100 |     type IntoIter = impl Iterator<Item = RQElem> + 'static;
[INFO] [stdout]     |                     ^^^^^^^^^^^^^^^^^^^^^^^^^^^^^^^^^^^^^^
[INFO] [stdout]     |
[INFO] [stdout]     = note: see issue #63063 <https://github.com/rust-lang/rust/issues/63063> for more information
[INFO] [stdout] 
[INFO] [stdout] 
[INFO] [stdout] error: aborting due to 2 previous errors
[INFO] [stdout] 
[INFO] [stdout] 
[INFO] [stdout] Some errors have detailed explanations: E0554, E0658.
[INFO] [stdout] 
[INFO] [stdout] For more information about an error, try `rustc --explain E0554`.
[INFO] [stdout] 
[INFO] [stderr] error: could not compile `ricq-core` (lib) due to 3 previous errors
[INFO] running `Command { std: "docker" "inspect" "d8a3ad99ef090a0f109006cbc12fc091337494a205229dd1b7a0f806cec88605", kill_on_drop: false }`
[INFO] running `Command { std: "docker" "rm" "-f" "d8a3ad99ef090a0f109006cbc12fc091337494a205229dd1b7a0f806cec88605", kill_on_drop: false }`
[INFO] [stdout] d8a3ad99ef090a0f109006cbc12fc091337494a205229dd1b7a0f806cec88605
