[INFO] fetching crate ribir 0.0.1-alpha.5...
[INFO] documenting ribir-0.0.1-alpha.5 against 1.75.0 for beta-1.76-rustdoc-1
[INFO] extracting crate ribir 0.0.1-alpha.5 into /workspace/builds/worker-6-tc1/source
[INFO] validating manifest of crates.io crate ribir 0.0.1-alpha.5 on toolchain 1.75.0
[INFO] running `Command { std: CARGO_HOME="/workspace/cargo-home" RUSTUP_HOME="/workspace/rustup-home" "/workspace/cargo-home/bin/cargo" "+1.75.0" "metadata" "--manifest-path" "Cargo.toml" "--no-deps", kill_on_drop: false }`
[INFO] started tweaking crates.io crate ribir 0.0.1-alpha.5
[INFO] removed 0 missing tests
[INFO] finished tweaking crates.io crate ribir 0.0.1-alpha.5
[INFO] tweaked toml for crates.io crate ribir 0.0.1-alpha.5 written to /workspace/builds/worker-6-tc1/source/Cargo.toml
[INFO] running `Command { std: CARGO_HOME="/workspace/cargo-home" RUSTUP_HOME="/workspace/rustup-home" "/workspace/cargo-home/bin/cargo" "+1.75.0" "generate-lockfile" "--manifest-path" "Cargo.toml", kill_on_drop: false }`
[INFO] [stderr]     Updating crates.io index
[INFO] running `Command { std: CARGO_HOME="/workspace/cargo-home" RUSTUP_HOME="/workspace/rustup-home" "/workspace/cargo-home/bin/cargo" "+1.75.0" "fetch" "--manifest-path" "Cargo.toml", kill_on_drop: false }`
[INFO] [stderr]  Downloading crates ...
[INFO] [stderr]   Downloaded lyon_algorithms v1.0.4
[INFO] [stderr]   Downloaded usvg-parser v0.33.0
[INFO] [stderr]   Downloaded usvg-tree v0.33.0
[INFO] [stderr]   Downloaded ribir_macros v0.0.1-alpha.5
[INFO] [stderr]   Downloaded tiny-skia-path v0.11.3
[INFO] [stderr]   Downloaded usvg v0.33.0
[INFO] [stderr]   Downloaded indextree v4.6.0
[INFO] [stderr]   Downloaded ribir_core v0.0.1-alpha.5
[INFO] [stderr]   Downloaded rustybuzz v0.7.0
[INFO] [stderr]   Downloaded ribir_builtin v0.0.1-alpha.5
[INFO] [stderr]   Downloaded ribir_geom v0.0.1-alpha.5
[INFO] [stderr]   Downloaded ribir_algo v0.0.1-alpha.5
[INFO] [stderr]   Downloaded ribir_painter v0.0.1-alpha.5
[INFO] [stderr]   Downloaded material-color-utilities-rs v0.2.1
[INFO] [stderr]   Downloaded rosvgtree v0.3.0
[INFO] [stderr]   Downloaded ribir_widgets v0.0.1-alpha.5
[INFO] [stderr]   Downloaded ribir_gpu v0.0.1-alpha.5
[INFO] [stderr]   Downloaded rxrust v1.0.0-beta.7
[INFO] [stderr]   Downloaded ribir_material v0.0.1-alpha.5
[INFO] [stderr]   Downloaded ribir_text v0.0.1-alpha.5
[INFO] running `Command { std: "docker" "create" "-v" "/var/lib/crater-agent-workspace/builds/worker-6-tc1/target:/opt/rustwide/target:rw,Z" "-v" "/var/lib/crater-agent-workspace/builds/worker-6-tc1/source:/opt/rustwide/workdir:ro,Z" "-v" "/var/lib/crater-agent-workspace/cargo-home:/opt/rustwide/cargo-home:ro,Z" "-v" "/var/lib/crater-agent-workspace/rustup-home:/opt/rustwide/rustup-home:ro,Z" "-e" "SOURCE_DIR=/opt/rustwide/workdir" "-e" "CARGO_TARGET_DIR=/opt/rustwide/target" "-e" "CARGO_HOME=/opt/rustwide/cargo-home" "-e" "RUSTUP_HOME=/opt/rustwide/rustup-home" "-w" "/opt/rustwide/workdir" "-m" "1610612736" "--user" "0:0" "--network" "none" "ghcr.io/rust-lang/crates-build-env/linux@sha256:2788e3201cd34a07e3172128adcd8b3090168a8e3bcc40d7c032b9dda1df7d1c" "/opt/rustwide/cargo-home/bin/cargo" "+1.75.0" "metadata" "--no-deps" "--format-version=1", kill_on_drop: false }`
[INFO] [stdout] 87fb2d088d2dc12694be9361a4a4524e8a98ec723a5886168eff279c12a29668
[INFO] running `Command { std: "docker" "start" "-a" "87fb2d088d2dc12694be9361a4a4524e8a98ec723a5886168eff279c12a29668", kill_on_drop: false }`
[INFO] running `Command { std: "docker" "inspect" "87fb2d088d2dc12694be9361a4a4524e8a98ec723a5886168eff279c12a29668", kill_on_drop: false }`
[INFO] running `Command { std: "docker" "rm" "-f" "87fb2d088d2dc12694be9361a4a4524e8a98ec723a5886168eff279c12a29668", kill_on_drop: false }`
[INFO] [stdout] 87fb2d088d2dc12694be9361a4a4524e8a98ec723a5886168eff279c12a29668
[INFO] running `Command { std: "docker" "create" "-v" "/var/lib/crater-agent-workspace/builds/worker-6-tc1/target:/opt/rustwide/target:rw,Z" "-v" "/var/lib/crater-agent-workspace/builds/worker-6-tc1/source:/opt/rustwide/workdir:ro,Z" "-v" "/var/lib/crater-agent-workspace/cargo-home:/opt/rustwide/cargo-home:ro,Z" "-v" "/var/lib/crater-agent-workspace/rustup-home:/opt/rustwide/rustup-home:ro,Z" "-e" "SOURCE_DIR=/opt/rustwide/workdir" "-e" "CARGO_TARGET_DIR=/opt/rustwide/target" "-e" "CARGO_INCREMENTAL=0" "-e" "RUST_BACKTRACE=full" "-e" "RUSTFLAGS=--cap-lints=warn" "-e" "RUSTDOCFLAGS=--cap-lints=warn" "-e" "CARGO_HOME=/opt/rustwide/cargo-home" "-e" "RUSTUP_HOME=/opt/rustwide/rustup-home" "-w" "/opt/rustwide/workdir" "-m" "1610612736" "--user" "0:0" "--network" "none" "ghcr.io/rust-lang/crates-build-env/linux@sha256:2788e3201cd34a07e3172128adcd8b3090168a8e3bcc40d7c032b9dda1df7d1c" "/opt/rustwide/cargo-home/bin/cargo" "+1.75.0" "doc" "--frozen" "--no-deps" "--document-private-items" "--message-format=json", kill_on_drop: false }`
[INFO] [stdout] f8a21005fad5afd5108b9e6dbf246b400c4836ac21d591789c59f17013cf478c
[INFO] running `Command { std: "docker" "start" "-a" "f8a21005fad5afd5108b9e6dbf246b400c4836ac21d591789c59f17013cf478c", kill_on_drop: false }`
[INFO] [stderr]    Compiling libm v0.2.8
[INFO] [stderr]    Compiling num-traits v0.2.17
[INFO] [stderr]     Checking log v0.4.20
[INFO] [stderr]     Checking arrayvec v0.7.4
[INFO] [stderr]    Compiling num-bigint v0.4.4
[INFO] [stderr]    Compiling proc-macro2 v1.0.76
[INFO] [stderr]     Checking smallvec v1.11.2
[INFO] [stderr]    Compiling num-rational v0.4.1
[INFO] [stderr]     Checking byteorder v1.5.0
[INFO] [stderr]    Compiling libc v0.2.151
[INFO] [stderr]    Compiling pkg-config v0.3.28
[INFO] [stderr]     Checking libloading v0.8.1
[INFO] [stderr]     Checking getrandom v0.2.11
[INFO] [stderr]    Compiling num-iter v0.1.43
[INFO] [stderr]    Compiling xml-rs v0.8.19
[INFO] [stderr]     Checking simd-adler32 v0.3.7
[INFO] [stderr]    Compiling thiserror v1.0.56
[INFO] [stderr]     Checking bitflags v2.4.1
[INFO] [stderr]     Checking kurbo v0.9.5
[INFO] [stderr]     Checking zerocopy v0.7.32
[INFO] [stderr]     Checking miniz_oxide v0.7.1
[INFO] [stderr]     Checking float-cmp v0.9.0
[INFO] [stderr]    Compiling syn v1.0.109
[INFO] [stderr]     Checking strict-num v0.1.1
[INFO] [stderr]     Checking dlib v0.5.2
[INFO] [stderr]    Compiling slotmap v1.0.7
[INFO] [stderr]    Compiling slab v0.4.9
[INFO] [stderr]    Compiling quote v1.0.35
[INFO] [stderr]     Checking xmlparser v0.13.6
[INFO] [stderr]     Checking bytemuck v1.14.0
[INFO] [stderr]     Checking flate2 v1.0.28
[INFO] [stderr]    Compiling wayland-sys v0.29.5
[INFO] [stderr]    Compiling syn v2.0.48
[INFO] [stderr]    Compiling wayland-scanner v0.29.5
[INFO] [stderr]     Checking svgtypes v0.11.0
[INFO] [stderr]     Checking roxmltree v0.18.1
[INFO] [stderr]     Checking parking_lot_core v0.9.9
[INFO] [stderr]     Checking ahash v0.8.7
[INFO] [stderr]     Checking fdeflate v0.3.3
[INFO] [stderr]     Checking nix v0.24.3
[INFO] [stderr]     Checking rand_core v0.6.4
[INFO] [stderr]     Checking simplecss v0.2.1
[INFO] [stderr]    Compiling adler v1.0.2
[INFO] [stderr]     Checking rctree v0.5.0
[INFO] [stderr]     Checking futures-sink v0.3.30
[INFO] [stderr]     Checking futures-core v0.3.30
[INFO] [stderr]     Checking usvg-tree v0.33.0
[INFO] [stderr]     Checking rand_chacha v0.3.1
[INFO] [stderr]     Checking rosvgtree v0.3.0
[INFO] [stderr]     Checking png v0.17.10
[INFO] [stderr]     Checking futures-channel v0.3.30
[INFO] [stderr]     Checking parking_lot v0.12.1
[INFO] [stderr]    Compiling crc32fast v1.3.2
[INFO] [stderr]    Compiling memchr v2.7.1
[INFO] [stderr]     Checking data-url v0.2.0
[INFO] [stderr]     Checking num-integer v0.1.45
[INFO] [stderr]     Checking num-complex v0.4.4
[INFO] [stderr]     Checking pin-project-lite v0.2.13
[INFO] [stderr]     Checking imagesize v0.12.0
[INFO] [stderr]     Checking color_quant v1.1.0
[INFO] [stderr]     Checking raw-window-handle v0.5.2
[INFO] [stderr]     Checking futures-io v0.3.30
[INFO] [stderr]    Compiling once_cell v1.19.0
[INFO] [stderr]     Checking futures-task v0.3.30
[INFO] [stderr]    Compiling ppv-lite86 v0.2.17
[INFO] [stderr]    Compiling wayland-client v0.29.5
[INFO] [stderr]    Compiling wayland-protocols v0.29.5
[INFO] [stderr]     Checking usvg-parser v0.33.0
[INFO] [stderr]    Compiling aho-corasick v1.1.2
[INFO] [stderr]     Checking wayland-commons v0.29.5
[INFO] [stderr]     Checking rand v0.8.5
[INFO] [stderr]     Checking num_cpus v1.16.0
[INFO] [stderr]     Checking xmlwriter v0.1.0
[INFO] [stderr]     Checking percent-encoding v2.3.1
[INFO] [stderr]     Checking float_next_after v1.0.0
[INFO] [stderr]     Checking unicode-bidi v0.3.14
[INFO] [stderr]    Compiling regex-syntax v0.8.2
[INFO] [stderr]     Checking pico-args v0.5.0
[INFO] [stderr]     Checking usvg v0.33.0
[INFO] [stderr]     Checking nix v0.26.4
[INFO] [stderr]     Checking tiny-skia-path v0.11.3
[INFO] [stderr]    Compiling cc v1.0.83
[INFO] [stderr]    Compiling x11-dl v2.21.0
[INFO] [stderr]    Compiling smithay-client-toolkit v0.16.1
[INFO] [stderr]     Checking nix v0.25.1
[INFO] [stderr]     Checking image v0.24.7
[INFO] [stderr]     Checking num v0.4.1
[INFO] [stderr]     Checking material-color-utilities-rs v0.2.1
[INFO] [stderr]    Compiling x11rb v0.12.0
[INFO] [stderr]    Compiling itoa v1.0.10
[INFO] [stderr]     Checking allocator-api2 v0.2.16
[INFO] [stderr]    Compiling khronos-egl v4.1.0
[INFO] [stderr]    Compiling base64 v0.21.5
[INFO] [stderr]     Checking bit-vec v0.6.3
[INFO] [stderr]    Compiling ash v0.37.3+1.3.251
[INFO] [stderr]    Compiling arrayref v0.3.7
[INFO] [stderr]    Compiling ryu v1.0.16
[INFO] [stderr]     Checking termcolor v1.4.0
[INFO] [stderr]     Checking xcursor v0.3.5
[INFO] [stderr]     Checking x11rb-protocol v0.12.0
[INFO] [stderr]     Checking bit-set v0.5.3
[INFO] [stderr]     Checking hashbrown v0.14.3
[INFO] [stderr]     Checking codespan-reporting v0.11.1
[INFO] [stderr]     Checking rayon v1.8.0
[INFO] [stderr]    Compiling blake3 v1.5.0
[INFO] [stderr]    Compiling winit v0.28.7
[INFO] [stderr]     Checking spirv v0.2.0+1.5.4
[INFO] [stderr]     Checking gpu-descriptor-types v0.1.2
[INFO] [stderr]     Checking memmap2 v0.6.2
[INFO] [stderr]    Compiling regex-automata v0.4.3
[INFO] [stderr]     Checking gethostname v0.3.0
[INFO] [stderr]     Checking gpu-alloc-types v0.2.0
[INFO] [stderr]     Checking ttf-parser v0.19.2
[INFO] [stderr]     Checking hexf-parse v0.2.1
[INFO] [stderr]     Checking ttf-parser v0.18.1
[INFO] [stderr]    Compiling convert_case v0.4.0
[INFO] [stderr]     Checking unicode-xid v0.2.4
[INFO] [stderr]     Checking gpu-descriptor v0.2.4
[INFO] [stderr]     Checking gpu-alloc v0.5.4
[INFO] [stderr]     Checking idna v0.5.0
[INFO] [stderr]     Checking form_urlencoded v1.2.1
[INFO] [stderr]     Checking wayland-cursor v0.29.5
[INFO] [stderr]     Checking ordered-float v3.9.2
[INFO] [stderr]    Compiling serde_derive v1.0.195
[INFO] [stderr]    Compiling thiserror-impl v1.0.56
[INFO] [stderr]    Compiling futures-macro v0.3.30
[INFO] [stderr]     Checking wgpu-types v0.16.1
[INFO] [stderr]     Checking mio v0.8.10
[INFO] [stderr]     Checking instant v0.1.12
[INFO] [stderr]     Checking unicode-segmentation v1.10.1
[INFO] [stderr]     Checking glow v0.12.3
[INFO] [stderr]     Checking profiling v1.0.13
[INFO] [stderr]     Checking renderdoc-sys v1.0.0
[INFO] [stderr]     Checking url v2.5.0
[INFO] [stderr]     Checking home v0.5.9
[INFO] [stderr]     Checking indextree v4.6.0
[INFO] [stderr]     Checking svg_fmt v0.4.1
[INFO] [stderr]     Checking fontdb v0.14.1
[INFO] [stderr]     Checking rustybuzz v0.7.0
[INFO] [stderr]     Checking webbrowser v0.8.12
[INFO] [stderr]     Checking futures-util v0.3.30
[INFO] [stderr]    Compiling ribir_builtin v0.0.1-alpha.5
[INFO] [stderr]    Compiling derive_more v0.99.17
[INFO] [stderr]    Compiling regex v1.10.2
[INFO] [stderr]     Checking calloop v0.10.6
[INFO] [stderr]    Compiling Inflector v0.11.4
[INFO] [stderr]     Checking naga v0.12.3
[INFO] [stderr]    Compiling ribir_macros v0.0.1-alpha.5
[INFO] [stderr]     Checking serde v1.0.195
[INFO] [stderr]     Checking arboard v3.3.0
[INFO] [stderr]     Checking futures-executor v0.3.30
[INFO] [stderr]     Checking futures v0.3.30
[INFO] [stderr]     Checking rxrust v1.0.0-beta.7
[INFO] [stderr]     Checking euclid v0.22.9
[INFO] [stderr]     Checking serde_json v1.0.111
[INFO] [stderr]     Checking ribir_algo v0.0.1-alpha.5
[INFO] [stderr]     Checking lyon_geom v1.0.5
[INFO] [stderr]     Checking ribir_geom v0.0.1-alpha.5
[INFO] [stderr]     Checking guillotiere v0.6.2
[INFO] [stderr]     Checking lyon_path v1.0.4
[INFO] [stderr]     Checking lyon_algorithms v1.0.4
[INFO] [stderr]     Checking lyon_tessellation v1.0.13
[INFO] [stderr]     Checking ribir_painter v0.0.1-alpha.5
[INFO] [stdout] error[E0433]: failed to resolve: could not find `AsBytes` in `zerocopy`
[INFO] [stdout]     --> /opt/rustwide/cargo-home/registry/src/index.crates.io-6f17d22bba15001f/ribir_painter-0.0.1-alpha.5/src/path.rs:109:40
[INFO] [stdout]      |
[INFO] [stdout] 109  | #[derive(Copy, Clone, Debug, zerocopy::AsBytes, Default)]
[INFO] [stdout]      |                                        ^^^^^^^ could not find `AsBytes` in `zerocopy`
[INFO] [stdout]      |
[INFO] [stdout] note: found an item that was configured out
[INFO] [stdout]     --> /opt/rustwide/cargo-home/registry/src/index.crates.io-6f17d22bba15001f/zerocopy-0.7.32/src/lib.rs:2578:26
[INFO] [stdout]      |
[INFO] [stdout] 2578 | pub use zerocopy_derive::AsBytes;
[INFO] [stdout]      |                          ^^^^^^^
[INFO] [stdout] 
[INFO] [stdout] 
[INFO] [stdout] error[E0554]: `#![feature]` may not be used on the stable release channel
[INFO] [stdout]  --> /opt/rustwide/cargo-home/registry/src/index.crates.io-6f17d22bba15001f/ribir_painter-0.0.1-alpha.5/src/lib.rs:1:1
[INFO] [stdout]   |
[INFO] [stdout] 1 | #![feature(const_fn_floating_point_arithmetic, test)]
[INFO] [stdout]   | ^^^^^^^^^^^^^^^^^^^^^^^^^^^^^^^^^^^^^^^^^^^^^^^^^^^^^
[INFO] [stdout] 
[INFO] [stdout] 
[INFO] [stdout] error[E0554]: `#![feature]` may not be used on the stable release channel
[INFO] [stdout]  --> /opt/rustwide/cargo-home/registry/src/index.crates.io-6f17d22bba15001f/ribir_painter-0.0.1-alpha.5/src/lib.rs:1:48
[INFO] [stdout]   |
[INFO] [stdout] 1 | #![feature(const_fn_floating_point_arithmetic, test)]
[INFO] [stdout]   |                                                ^^^^
[INFO] [stdout] 
[INFO] [stdout] 
[INFO] [stdout] error: aborting due to 3 previous errors
[INFO] [stdout] 
[INFO] [stdout] 
[INFO] [stdout] Some errors have detailed explanations: E0433, E0554.
[INFO] [stdout] 
[INFO] [stdout] For more information about an error, try `rustc --explain E0433`.
[INFO] [stdout] 
[INFO] [stderr] error: could not compile `ribir_painter` (lib) due to 4 previous errors
[INFO] [stderr] warning: build failed, waiting for other jobs to finish...
[INFO] [stdout] error[E0554]: `#![feature]` may not be used on the stable release channel
[INFO] [stdout]  --> /opt/rustwide/cargo-home/registry/src/index.crates.io-6f17d22bba15001f/ribir_painter-0.0.1-alpha.5/src/lib.rs:1:1
[INFO] [stdout]   |
[INFO] [stdout] 1 | #![feature(const_fn_floating_point_arithmetic, test)]
[INFO] [stdout]   | ^^^^^^^^^^^^^^^^^^^^^^^^^^^^^^^^^^^^^^^^^^^^^^^^^^^^^
[INFO] [stdout] 
[INFO] [stdout] 
[INFO] [stdout] error[E0554]: `#![feature]` may not be used on the stable release channel
[INFO] [stdout]  --> /opt/rustwide/cargo-home/registry/src/index.crates.io-6f17d22bba15001f/ribir_painter-0.0.1-alpha.5/src/lib.rs:1:48
[INFO] [stdout]   |
[INFO] [stdout] 1 | #![feature(const_fn_floating_point_arithmetic, test)]
[INFO] [stdout]   |                                                ^^^^
[INFO] [stdout] 
[INFO] [stdout] 
[INFO] [stdout] error: aborting due to 2 previous errors
[INFO] [stdout] 
[INFO] [stdout] 
[INFO] [stdout] For more information about this error, try `rustc --explain E0554`.
[INFO] [stdout] 
[INFO] [stderr] error: could not compile `ribir_painter` (lib) due to 3 previous errors
[INFO] running `Command { std: "docker" "inspect" "f8a21005fad5afd5108b9e6dbf246b400c4836ac21d591789c59f17013cf478c", kill_on_drop: false }`
[INFO] running `Command { std: "docker" "rm" "-f" "f8a21005fad5afd5108b9e6dbf246b400c4836ac21d591789c59f17013cf478c", kill_on_drop: false }`
[INFO] [stdout] f8a21005fad5afd5108b9e6dbf246b400c4836ac21d591789c59f17013cf478c
[INFO] documenting ribir-0.0.1-alpha.5 against beta-2023-12-22 for beta-1.76-rustdoc-1
[INFO] extracting crate ribir 0.0.1-alpha.5 into /workspace/builds/worker-6-tc2/source
[INFO] validating manifest of crates.io crate ribir 0.0.1-alpha.5 on toolchain beta-2023-12-22
[INFO] running `Command { std: CARGO_HOME="/workspace/cargo-home" RUSTUP_HOME="/workspace/rustup-home" "/workspace/cargo-home/bin/cargo" "+beta-2023-12-22" "metadata" "--manifest-path" "Cargo.toml" "--no-deps", kill_on_drop: false }`
[INFO] started tweaking crates.io crate ribir 0.0.1-alpha.5
[INFO] removed 0 missing tests
[INFO] finished tweaking crates.io crate ribir 0.0.1-alpha.5
[INFO] tweaked toml for crates.io crate ribir 0.0.1-alpha.5 written to /workspace/builds/worker-6-tc2/source/Cargo.toml
[INFO] running `Command { std: CARGO_HOME="/workspace/cargo-home" RUSTUP_HOME="/workspace/rustup-home" "/workspace/cargo-home/bin/cargo" "+beta-2023-12-22" "generate-lockfile" "--manifest-path" "Cargo.toml", kill_on_drop: false }`
[INFO] [stderr]     Updating crates.io index
[INFO] running `Command { std: CARGO_HOME="/workspace/cargo-home" RUSTUP_HOME="/workspace/rustup-home" "/workspace/cargo-home/bin/cargo" "+beta-2023-12-22" "fetch" "--manifest-path" "Cargo.toml", kill_on_drop: false }`
[INFO] running `Command { std: "docker" "create" "-v" "/var/lib/crater-agent-workspace/builds/worker-6-tc2/target:/opt/rustwide/target:rw,Z" "-v" "/var/lib/crater-agent-workspace/builds/worker-6-tc2/source:/opt/rustwide/workdir:ro,Z" "-v" "/var/lib/crater-agent-workspace/cargo-home:/opt/rustwide/cargo-home:ro,Z" "-v" "/var/lib/crater-agent-workspace/rustup-home:/opt/rustwide/rustup-home:ro,Z" "-e" "SOURCE_DIR=/opt/rustwide/workdir" "-e" "CARGO_TARGET_DIR=/opt/rustwide/target" "-e" "CARGO_HOME=/opt/rustwide/cargo-home" "-e" "RUSTUP_HOME=/opt/rustwide/rustup-home" "-w" "/opt/rustwide/workdir" "-m" "1610612736" "--user" "0:0" "--network" "none" "ghcr.io/rust-lang/crates-build-env/linux@sha256:2788e3201cd34a07e3172128adcd8b3090168a8e3bcc40d7c032b9dda1df7d1c" "/opt/rustwide/cargo-home/bin/cargo" "+beta-2023-12-22" "metadata" "--no-deps" "--format-version=1", kill_on_drop: false }`
[INFO] [stdout] ba0f10ab8bc4394b2d3129b0caa07c85d44b2c32fbb99e2d256300fe1efe8482
[INFO] running `Command { std: "docker" "start" "-a" "ba0f10ab8bc4394b2d3129b0caa07c85d44b2c32fbb99e2d256300fe1efe8482", kill_on_drop: false }`
[INFO] running `Command { std: "docker" "inspect" "ba0f10ab8bc4394b2d3129b0caa07c85d44b2c32fbb99e2d256300fe1efe8482", kill_on_drop: false }`
[INFO] running `Command { std: "docker" "rm" "-f" "ba0f10ab8bc4394b2d3129b0caa07c85d44b2c32fbb99e2d256300fe1efe8482", kill_on_drop: false }`
[INFO] [stdout] ba0f10ab8bc4394b2d3129b0caa07c85d44b2c32fbb99e2d256300fe1efe8482
[INFO] running `Command { std: "docker" "create" "-v" "/var/lib/crater-agent-workspace/builds/worker-6-tc2/target:/opt/rustwide/target:rw,Z" "-v" "/var/lib/crater-agent-workspace/builds/worker-6-tc2/source:/opt/rustwide/workdir:ro,Z" "-v" "/var/lib/crater-agent-workspace/cargo-home:/opt/rustwide/cargo-home:ro,Z" "-v" "/var/lib/crater-agent-workspace/rustup-home:/opt/rustwide/rustup-home:ro,Z" "-e" "SOURCE_DIR=/opt/rustwide/workdir" "-e" "CARGO_TARGET_DIR=/opt/rustwide/target" "-e" "CARGO_INCREMENTAL=0" "-e" "RUST_BACKTRACE=full" "-e" "RUSTFLAGS=--cap-lints=warn" "-e" "RUSTDOCFLAGS=--cap-lints=warn" "-e" "CARGO_HOME=/opt/rustwide/cargo-home" "-e" "RUSTUP_HOME=/opt/rustwide/rustup-home" "-w" "/opt/rustwide/workdir" "-m" "1610612736" "--user" "0:0" "--network" "none" "ghcr.io/rust-lang/crates-build-env/linux@sha256:2788e3201cd34a07e3172128adcd8b3090168a8e3bcc40d7c032b9dda1df7d1c" "/opt/rustwide/cargo-home/bin/cargo" "+beta-2023-12-22" "doc" "--frozen" "--no-deps" "--document-private-items" "--message-format=json", kill_on_drop: false }`
[INFO] [stdout] 5cd820f73fb81c6232005266fc569a4c1860b466028770c58d391979fd888799
[INFO] running `Command { std: "docker" "start" "-a" "5cd820f73fb81c6232005266fc569a4c1860b466028770c58d391979fd888799", kill_on_drop: false }`
[INFO] [stderr]    Compiling libm v0.2.8
[INFO] [stderr]    Compiling num-traits v0.2.17
[INFO] [stderr]     Checking log v0.4.20
[INFO] [stderr]     Checking arrayvec v0.7.4
[INFO] [stderr]    Compiling num-bigint v0.4.4
[INFO] [stderr]    Compiling proc-macro2 v1.0.76
[INFO] [stderr]     Checking smallvec v1.11.2
[INFO] [stderr]    Compiling num-rational v0.4.1
[INFO] [stderr]    Compiling pkg-config v0.3.28
[INFO] [stderr]    Compiling libc v0.2.151
[INFO] [stderr]     Checking byteorder v1.5.0
[INFO] [stderr]     Checking libloading v0.8.1
[INFO] [stderr]     Checking getrandom v0.2.11
[INFO] [stderr]    Compiling num-iter v0.1.43
[INFO] [stderr]    Compiling xml-rs v0.8.19
[INFO] [stderr]     Checking simd-adler32 v0.3.7
[INFO] [stderr]    Compiling thiserror v1.0.56
[INFO] [stderr]     Checking bitflags v2.4.1
[INFO] [stderr]     Checking kurbo v0.9.5
[INFO] [stderr]     Checking miniz_oxide v0.7.1
[INFO] [stderr]     Checking zerocopy v0.7.32
[INFO] [stderr]     Checking float-cmp v0.9.0
[INFO] [stderr]    Compiling syn v1.0.109
[INFO] [stderr]     Checking strict-num v0.1.1
[INFO] [stderr]     Checking dlib v0.5.2
[INFO] [stderr]    Compiling quote v1.0.35
[INFO] [stderr]    Compiling slotmap v1.0.7
[INFO] [stderr]    Compiling slab v0.4.9
[INFO] [stderr]    Compiling syn v2.0.48
[INFO] [stderr]    Compiling wayland-scanner v0.29.5
[INFO] [stderr]     Checking flate2 v1.0.28
[INFO] [stderr]    Compiling wayland-sys v0.29.5
[INFO] [stderr]     Checking bytemuck v1.14.0
[INFO] [stderr]     Checking xmlparser v0.13.6
[INFO] [stderr]     Checking svgtypes v0.11.0
[INFO] [stderr]     Checking ahash v0.8.7
[INFO] [stderr]     Checking parking_lot_core v0.9.9
[INFO] [stderr]     Checking fdeflate v0.3.3
[INFO] [stderr]     Checking roxmltree v0.18.1
[INFO] [stderr]     Checking nix v0.24.3
[INFO] [stderr]     Checking simplecss v0.2.1
[INFO] [stderr]     Checking rand_core v0.6.4
[INFO] [stderr]     Checking futures-core v0.3.30
[INFO] [stderr]     Checking futures-sink v0.3.30
[INFO] [stderr]     Checking rctree v0.5.0
[INFO] [stderr]    Compiling adler v1.0.2
[INFO] [stderr]     Checking png v0.17.10
[INFO] [stderr]     Checking rosvgtree v0.3.0
[INFO] [stderr]     Checking parking_lot v0.12.1
[INFO] [stderr]     Checking futures-channel v0.3.30
[INFO] [stderr]     Checking usvg-tree v0.33.0
[INFO] [stderr]     Checking rand_chacha v0.3.1
[INFO] [stderr]     Checking num-integer v0.1.45
[INFO] [stderr]     Checking num-complex v0.4.4
[INFO] [stderr]    Compiling crc32fast v1.3.2
[INFO] [stderr]    Compiling memchr v2.7.1
[INFO] [stderr]     Checking color_quant v1.1.0
[INFO] [stderr]     Checking imagesize v0.12.0
[INFO] [stderr]     Checking raw-window-handle v0.5.2
[INFO] [stderr]     Checking futures-io v0.3.30
[INFO] [stderr]    Compiling ppv-lite86 v0.2.17
[INFO] [stderr]     Checking data-url v0.2.0
[INFO] [stderr]    Compiling wayland-client v0.29.5
[INFO] [stderr]     Checking pin-project-lite v0.2.13
[INFO] [stderr]    Compiling once_cell v1.19.0
[INFO] [stderr]     Checking futures-task v0.3.30
[INFO] [stderr]     Checking usvg-parser v0.33.0
[INFO] [stderr]    Compiling wayland-protocols v0.29.5
[INFO] [stderr]    Compiling aho-corasick v1.1.2
[INFO] [stderr]     Checking wayland-commons v0.29.5
[INFO] [stderr]     Checking rand v0.8.5
[INFO] [stderr]     Checking num_cpus v1.16.0
[INFO] [stderr]     Checking unicode-bidi v0.3.14
[INFO] [stderr]     Checking percent-encoding v2.3.1
[INFO] [stderr]     Checking float_next_after v1.0.0
[INFO] [stderr]     Checking pico-args v0.5.0
[INFO] [stderr]     Checking xmlwriter v0.1.0
[INFO] [stderr]    Compiling regex-syntax v0.8.2
[INFO] [stderr]     Checking nix v0.26.4
[INFO] [stderr]     Checking usvg v0.33.0
[INFO] [stderr]     Checking tiny-skia-path v0.11.3
[INFO] [stderr]     Checking image v0.24.7
[INFO] [stderr]     Checking num v0.4.1
[INFO] [stderr]    Compiling x11-dl v2.21.0
[INFO] [stderr]     Checking material-color-utilities-rs v0.2.1
[INFO] [stderr]    Compiling smithay-client-toolkit v0.16.1
[INFO] [stderr]    Compiling cc v1.0.83
[INFO] [stderr]     Checking nix v0.25.1
[INFO] [stderr]     Checking termcolor v1.4.0
[INFO] [stderr]     Checking xcursor v0.3.5
[INFO] [stderr]    Compiling itoa v1.0.10
[INFO] [stderr]     Checking bit-vec v0.6.3
[INFO] [stderr]    Compiling arrayref v0.3.7
[INFO] [stderr]    Compiling ryu v1.0.16
[INFO] [stderr]     Checking allocator-api2 v0.2.16
[INFO] [stderr]    Compiling ash v0.37.3+1.3.251
[INFO] [stderr]    Compiling base64 v0.21.5
[INFO] [stderr]    Compiling x11rb v0.12.0
[INFO] [stderr]    Compiling khronos-egl v4.1.0
[INFO] [stderr]    Compiling winit v0.28.7
[INFO] [stderr]     Checking x11rb-protocol v0.12.0
[INFO] [stderr]     Checking hashbrown v0.14.3
[INFO] [stderr]     Checking bit-set v0.5.3
[INFO] [stderr]     Checking codespan-reporting v0.11.1
[INFO] [stderr]     Checking rayon v1.8.0
[INFO] [stderr]     Checking spirv v0.2.0+1.5.4
[INFO] [stderr]     Checking gpu-descriptor-types v0.1.2
[INFO] [stderr]    Compiling blake3 v1.5.0
[INFO] [stderr]    Compiling regex-automata v0.4.3
[INFO] [stderr]     Checking memmap2 v0.6.2
[INFO] [stderr]     Checking gethostname v0.3.0
[INFO] [stderr]     Checking gpu-alloc-types v0.2.0
[INFO] [stderr]     Checking unicode-xid v0.2.4
[INFO] [stderr]     Checking hexf-parse v0.2.1
[INFO] [stderr]     Checking ttf-parser v0.18.1
[INFO] [stderr]     Checking ttf-parser v0.19.2
[INFO] [stderr]    Compiling convert_case v0.4.0
[INFO] [stderr]     Checking gpu-alloc v0.5.4
[INFO] [stderr]     Checking gpu-descriptor v0.2.4
[INFO] [stderr]    Compiling serde_derive v1.0.195
[INFO] [stderr]    Compiling thiserror-impl v1.0.56
[INFO] [stderr]    Compiling futures-macro v0.3.30
[INFO] [stderr]     Checking wayland-cursor v0.29.5
[INFO] [stderr]     Checking idna v0.5.0
[INFO] [stderr]     Checking form_urlencoded v1.2.1
[INFO] [stderr]     Checking ordered-float v3.9.2
[INFO] [stderr]     Checking wgpu-types v0.16.1
[INFO] [stderr]     Checking mio v0.8.10
[INFO] [stderr]     Checking instant v0.1.12
[INFO] [stderr]     Checking glow v0.12.3
[INFO] [stderr]     Checking profiling v1.0.13
[INFO] [stderr]     Checking unicode-segmentation v1.10.1
[INFO] [stderr]     Checking renderdoc-sys v1.0.0
[INFO] [stderr]     Checking rustybuzz v0.7.0
[INFO] [stderr]     Checking url v2.5.0
[INFO] [stderr]     Checking fontdb v0.14.1
[INFO] [stderr]     Checking futures-util v0.3.30
[INFO] [stderr]     Checking indextree v4.6.0
[INFO] [stderr]    Compiling regex v1.10.2
[INFO] [stderr]     Checking home v0.5.9
[INFO] [stderr]     Checking svg_fmt v0.4.1
[INFO] [stderr]    Compiling ribir_builtin v0.0.1-alpha.5
[INFO] [stderr]    Compiling derive_more v0.99.17
[INFO] [stderr]     Checking webbrowser v0.8.12
[INFO] [stderr]     Checking calloop v0.10.6
[INFO] [stderr]     Checking naga v0.12.3
[INFO] [stderr]    Compiling Inflector v0.11.4
[INFO] [stderr]    Compiling ribir_macros v0.0.1-alpha.5
[INFO] [stderr]     Checking serde v1.0.195
[INFO] [stderr]     Checking arboard v3.3.0
[INFO] [stderr]     Checking futures-executor v0.3.30
[INFO] [stderr]     Checking futures v0.3.30
[INFO] [stderr]     Checking rxrust v1.0.0-beta.7
[INFO] [stderr]     Checking euclid v0.22.9
[INFO] [stderr]     Checking ribir_algo v0.0.1-alpha.5
[INFO] [stderr]     Checking serde_json v1.0.111
[INFO] [stderr]     Checking lyon_geom v1.0.5
[INFO] [stderr]     Checking ribir_geom v0.0.1-alpha.5
[INFO] [stderr]     Checking guillotiere v0.6.2
[INFO] [stderr]     Checking lyon_path v1.0.4
[INFO] [stderr]     Checking lyon_tessellation v1.0.13
[INFO] [stderr]     Checking lyon_algorithms v1.0.4
[INFO] [stderr]     Checking ribir_painter v0.0.1-alpha.5
[INFO] [stdout] error[E0433]: failed to resolve: could not find `AsBytes` in `zerocopy`
[INFO] [stdout]     --> /opt/rustwide/cargo-home/registry/src/index.crates.io-6f17d22bba15001f/ribir_painter-0.0.1-alpha.5/src/path.rs:109:40
[INFO] [stdout]      |
[INFO] [stdout] 109  | #[derive(Copy, Clone, Debug, zerocopy::AsBytes, Default)]
[INFO] [stdout]      |                                        ^^^^^^^ could not find `AsBytes` in `zerocopy`
[INFO] [stdout]      |
[INFO] [stdout] note: found an item that was configured out
[INFO] [stdout]     --> /opt/rustwide/cargo-home/registry/src/index.crates.io-6f17d22bba15001f/zerocopy-0.7.32/src/lib.rs:2578:26
[INFO] [stdout]      |
[INFO] [stdout] 2578 | pub use zerocopy_derive::AsBytes;
[INFO] [stdout]      |                          ^^^^^^^
[INFO] [stdout] 
[INFO] [stdout] 
[INFO] [stdout] error[E0554]: `#![feature]` may not be used on the beta release channel
[INFO] [stdout]  --> /opt/rustwide/cargo-home/registry/src/index.crates.io-6f17d22bba15001f/ribir_painter-0.0.1-alpha.5/src/lib.rs:1:1
[INFO] [stdout]   |
[INFO] [stdout] 1 | #![feature(const_fn_floating_point_arithmetic, test)]
[INFO] [stdout]   | ^^^^^^^^^^^^^^^^^^^^^^^^^^^^^^^^^^^^^^^^^^^^^^^^^^^^^
[INFO] [stdout] 
[INFO] [stdout] 
[INFO] [stdout] error[E0554]: `#![feature]` may not be used on the beta release channel
[INFO] [stdout]  --> /opt/rustwide/cargo-home/registry/src/index.crates.io-6f17d22bba15001f/ribir_painter-0.0.1-alpha.5/src/lib.rs:1:48
[INFO] [stdout]   |
[INFO] [stdout] 1 | #![feature(const_fn_floating_point_arithmetic, test)]
[INFO] [stdout]   |                                                ^^^^
[INFO] [stdout] 
[INFO] [stdout] 
[INFO] [stdout] error[E0554]: `#![feature]` may not be used on the beta release channel
[INFO] [stdout]  --> /opt/rustwide/cargo-home/registry/src/index.crates.io-6f17d22bba15001f/ribir_painter-0.0.1-alpha.5/src/lib.rs:1:1
[INFO] [stdout]   |
[INFO] [stdout] 1 | #![feature(const_fn_floating_point_arithmetic, test)]
[INFO] [stdout]   | ^^^^^^^^^^^^^^^^^^^^^^^^^^^^^^^^^^^^^^^^^^^^^^^^^^^^^
[INFO] [stdout] 
[INFO] [stdout] 
[INFO] [stdout] error[E0554]: `#![feature]` may not be used on the beta release channel
[INFO] [stdout]  --> /opt/rustwide/cargo-home/registry/src/index.crates.io-6f17d22bba15001f/ribir_painter-0.0.1-alpha.5/src/lib.rs:1:48
[INFO] [stdout]   |
[INFO] [stdout] 1 | #![feature(const_fn_floating_point_arithmetic, test)]
[INFO] [stdout]   |                                                ^^^^
[INFO] [stdout] 
[INFO] [stdout] 
[INFO] [stdout] error: aborting due to 3 previous errors
[INFO] [stdout] 
[INFO] [stdout] 
[INFO] [stdout] Some errors have detailed explanations: E0433, E0554.
[INFO] [stdout] 
[INFO] [stdout] For more information about an error, try `rustc --explain E0433`.
[INFO] [stdout] 
[INFO] [stderr] error: could not compile `ribir_painter` (lib) due to 4 previous errors
[INFO] [stderr] warning: build failed, waiting for other jobs to finish...
[INFO] [stdout] error: aborting due to 2 previous errors
[INFO] [stdout] 
[INFO] [stdout] 
[INFO] [stdout] For more information about this error, try `rustc --explain E0554`.
[INFO] [stdout] 
[INFO] [stderr] error: could not compile `ribir_painter` (lib) due to 3 previous errors
[INFO] running `Command { std: "docker" "inspect" "5cd820f73fb81c6232005266fc569a4c1860b466028770c58d391979fd888799", kill_on_drop: false }`
[INFO] running `Command { std: "docker" "rm" "-f" "5cd820f73fb81c6232005266fc569a4c1860b466028770c58d391979fd888799", kill_on_drop: false }`
[INFO] [stdout] 5cd820f73fb81c6232005266fc569a4c1860b466028770c58d391979fd888799
