[INFO] fetching crate reverie-zk 0.3.2...
[INFO] documenting reverie-zk-0.3.2 against 1.75.0 for beta-1.76-rustdoc-1
[INFO] extracting crate reverie-zk 0.3.2 into /workspace/builds/worker-7-tc1/source
[INFO] validating manifest of crates.io crate reverie-zk 0.3.2 on toolchain 1.75.0
[INFO] running `Command { std: CARGO_HOME="/workspace/cargo-home" RUSTUP_HOME="/workspace/rustup-home" "/workspace/cargo-home/bin/cargo" "+1.75.0" "metadata" "--manifest-path" "Cargo.toml" "--no-deps", kill_on_drop: false }`
[INFO] removed /workspace/builds/worker-7-tc1/source/.cargo/config.toml
[INFO] removed /workspace/builds/worker-7-tc1/source/rust-toolchain
[INFO] started tweaking crates.io crate reverie-zk 0.3.2
[INFO] finished tweaking crates.io crate reverie-zk 0.3.2
[INFO] tweaked toml for crates.io crate reverie-zk 0.3.2 written to /workspace/builds/worker-7-tc1/source/Cargo.toml
[INFO] crate crates.io crate reverie-zk 0.3.2 already has a lockfile, it will not be regenerated
[INFO] running `Command { std: CARGO_HOME="/workspace/cargo-home" RUSTUP_HOME="/workspace/rustup-home" "/workspace/cargo-home/bin/cargo" "+1.75.0" "fetch" "--manifest-path" "Cargo.toml", kill_on_drop: false }`
[INFO] [stderr]     Updating crates.io index
[INFO] [stderr]  Downloading crates ...
[INFO] [stderr]   Downloaded chacha v0.3.0
[INFO] [stderr]   Downloaded lexpr-macros v0.2.1
[INFO] [stderr]   Downloaded keystream v1.0.0
[INFO] [stderr]   Downloaded mcircuit v0.1.10
[INFO] [stderr]   Downloaded async-channel v1.7.1
[INFO] [stderr]   Downloaded built v0.5.1
[INFO] [stderr]   Downloaded concurrent-queue v1.2.4
[INFO] [stderr]   Downloaded async-io v1.10.0
[INFO] [stderr]   Downloaded polling v2.4.0
[INFO] [stderr]   Downloaded cargo-lock v7.1.0
[INFO] [stderr]   Downloaded lexpr v0.2.6
[INFO] running `Command { std: "docker" "create" "-v" "/var/lib/crater-agent-workspace/builds/worker-7-tc1/target:/opt/rustwide/target:rw,Z" "-v" "/var/lib/crater-agent-workspace/builds/worker-7-tc1/source:/opt/rustwide/workdir:ro,Z" "-v" "/var/lib/crater-agent-workspace/cargo-home:/opt/rustwide/cargo-home:ro,Z" "-v" "/var/lib/crater-agent-workspace/rustup-home:/opt/rustwide/rustup-home:ro,Z" "-e" "SOURCE_DIR=/opt/rustwide/workdir" "-e" "CARGO_TARGET_DIR=/opt/rustwide/target" "-e" "CARGO_HOME=/opt/rustwide/cargo-home" "-e" "RUSTUP_HOME=/opt/rustwide/rustup-home" "-w" "/opt/rustwide/workdir" "-m" "1610612736" "--user" "0:0" "--network" "none" "ghcr.io/rust-lang/crates-build-env/linux@sha256:2788e3201cd34a07e3172128adcd8b3090168a8e3bcc40d7c032b9dda1df7d1c" "/opt/rustwide/cargo-home/bin/cargo" "+1.75.0" "metadata" "--no-deps" "--format-version=1", kill_on_drop: false }`
[INFO] [stdout] 0b12b47799a07bb281bcf7996352c8f2e1ed7c89492541c838c1f5b37c8b8826
[INFO] running `Command { std: "docker" "start" "-a" "0b12b47799a07bb281bcf7996352c8f2e1ed7c89492541c838c1f5b37c8b8826", kill_on_drop: false }`
[INFO] running `Command { std: "docker" "inspect" "0b12b47799a07bb281bcf7996352c8f2e1ed7c89492541c838c1f5b37c8b8826", kill_on_drop: false }`
[INFO] running `Command { std: "docker" "rm" "-f" "0b12b47799a07bb281bcf7996352c8f2e1ed7c89492541c838c1f5b37c8b8826", kill_on_drop: false }`
[INFO] [stdout] 0b12b47799a07bb281bcf7996352c8f2e1ed7c89492541c838c1f5b37c8b8826
[INFO] running `Command { std: "docker" "create" "-v" "/var/lib/crater-agent-workspace/builds/worker-7-tc1/target:/opt/rustwide/target:rw,Z" "-v" "/var/lib/crater-agent-workspace/builds/worker-7-tc1/source:/opt/rustwide/workdir:ro,Z" "-v" "/var/lib/crater-agent-workspace/cargo-home:/opt/rustwide/cargo-home:ro,Z" "-v" "/var/lib/crater-agent-workspace/rustup-home:/opt/rustwide/rustup-home:ro,Z" "-e" "SOURCE_DIR=/opt/rustwide/workdir" "-e" "CARGO_TARGET_DIR=/opt/rustwide/target" "-e" "CARGO_INCREMENTAL=0" "-e" "RUST_BACKTRACE=full" "-e" "RUSTFLAGS=--cap-lints=warn" "-e" "RUSTDOCFLAGS=--cap-lints=warn" "-e" "CARGO_HOME=/opt/rustwide/cargo-home" "-e" "RUSTUP_HOME=/opt/rustwide/rustup-home" "-w" "/opt/rustwide/workdir" "-m" "1610612736" "--user" "0:0" "--network" "none" "ghcr.io/rust-lang/crates-build-env/linux@sha256:2788e3201cd34a07e3172128adcd8b3090168a8e3bcc40d7c032b9dda1df7d1c" "/opt/rustwide/cargo-home/bin/cargo" "+1.75.0" "doc" "--frozen" "--no-deps" "--document-private-items" "--message-format=json", kill_on_drop: false }`
[INFO] [stdout] 04bf6d47b97b4a6c54f9e9e4828e3bf208b378840185513facecaa41b25fcc6b
[INFO] running `Command { std: "docker" "start" "-a" "04bf6d47b97b4a6c54f9e9e4828e3bf208b378840185513facecaa41b25fcc6b", kill_on_drop: false }`
[INFO] [stderr]    Compiling libc v0.2.137
[INFO] [stderr]    Compiling proc-macro2 v1.0.47
[INFO] [stderr]    Compiling quote v1.0.21
[INFO] [stderr]    Compiling unicode-ident v1.0.5
[INFO] [stderr]    Compiling syn v1.0.103
[INFO] [stderr]    Compiling serde_derive v1.0.147
[INFO] [stderr]    Compiling serde v1.0.147
[INFO] [stderr]    Compiling typenum v1.15.0
[INFO] [stderr]    Compiling memchr v2.5.0
[INFO] [stderr]    Compiling tinyvec_macros v0.1.0
[INFO] [stderr]    Compiling num-traits v0.2.15
[INFO] [stderr]    Compiling generic-array v0.14.6
[INFO] [stderr]    Compiling semver v1.0.14
[INFO] [stderr]    Compiling crossbeam-utils v0.8.12
[INFO] [stderr]    Compiling percent-encoding v2.2.0
[INFO] [stderr]     Checking cache-padded v1.2.0
[INFO] [stderr]    Compiling tinyvec v1.6.0
[INFO] [stderr]    Compiling unicode-bidi v0.3.8
[INFO] [stderr]     Checking concurrent-queue v1.2.4
[INFO] [stderr]    Compiling form_urlencoded v1.1.0
[INFO] [stderr]    Compiling memoffset v0.6.5
[INFO] [stderr]    Compiling crossbeam-epoch v0.9.11
[INFO] [stderr]    Compiling polling v2.4.0
[INFO] [stderr]    Compiling proc-macro-hack v0.5.19
[INFO] [stderr]    Compiling async-io v1.10.0
[INFO] [stderr]    Compiling iana-time-zone v0.1.53
[INFO] [stderr]    Compiling rayon-core v1.9.3
[INFO] [stderr]     Checking idna v0.3.0
[INFO] [stderr]     Checking async-channel v1.7.1
[INFO] [stderr]     Checking ryu v1.0.11
[INFO] [stderr]     Checking atomic-waker v1.0.0
[INFO] [stderr]    Compiling serde_json v1.0.87
[INFO] [stderr]     Checking ppv-lite86 v0.2.16
[INFO] [stderr]     Checking crossbeam-channel v0.5.6
[INFO] [stderr]    Compiling rayon v1.5.3
[INFO] [stderr]     Checking futures-lite v1.12.0
[INFO] [stderr]     Checking itoa v1.0.4
[INFO] [stderr]     Checking os_str_bytes v6.3.1
[INFO] [stderr]     Checking crossbeam-deque v0.8.2
[INFO] [stderr]    Compiling unicode-normalization v0.1.22
[INFO] [stderr]     Checking url v2.3.1
[INFO] [stderr]     Checking clap_lex v0.3.0
[INFO] [stderr]     Checking constant_time_eq v0.1.5
[INFO] [stderr]    Compiling jobserver v0.1.25
[INFO] [stderr]    Compiling time v0.1.44
[INFO] [stderr]     Checking byteorder v1.4.3
[INFO] [stderr]     Checking getrandom v0.2.8
[INFO] [stderr]     Checking socket2 v0.4.7
[INFO] [stderr]     Checking num_cpus v1.13.1
[INFO] [stderr]    Compiling cc v1.0.74
[INFO] [stderr]     Checking rand_core v0.6.4
[INFO] [stderr]     Checking atty v0.2.14
[INFO] [stderr]     Checking either v1.8.0
[INFO] [stderr]     Checking keystream v1.0.0
[INFO] [stderr]     Checking arrayvec v0.7.2
[INFO] [stderr]     Checking num-integer v0.1.45
[INFO] [stderr]     Checking rand_chacha v0.3.1
[INFO] [stderr]     Checking arrayref v0.3.6
[INFO] [stderr]     Checking clap v4.0.18
[INFO] [stderr]     Checking async-lock v2.6.0
[INFO] [stderr]     Checking blocking v1.2.0
[INFO] [stderr]     Checking async-executor v1.4.1
[INFO] [stderr]     Checking chacha v0.3.0
[INFO] [stderr]     Checking rand v0.8.5
[INFO] [stderr]     Checking chrono v0.4.22
[INFO] [stderr]    Compiling lexpr-macros v0.2.1
[INFO] [stderr]    Compiling libz-sys v1.1.8
[INFO] [stderr]    Compiling libgit2-sys v0.12.26+1.3.0
[INFO] [stderr]    Compiling blake3 v1.3.1
[INFO] [stderr]     Checking crypto-common v0.1.6
[INFO] [stderr]     Checking inout v0.1.3
[INFO] [stderr]     Checking block-buffer v0.10.3
[INFO] [stderr]     Checking lexpr v0.2.6
[INFO] [stderr]     Checking digest v0.10.5
[INFO] [stderr]     Checking cipher v0.4.3
[INFO] [stderr]     Checking ctr v0.9.2
[INFO] [stderr]     Checking aes v0.8.2
[INFO] [stderr]    Compiling ctor v0.1.26
[INFO] [stderr]    Compiling variant_count v1.1.0
[INFO] [stderr]     Checking value-bag v1.0.0-alpha.9
[INFO] [stderr]     Checking log v0.4.17
[INFO] [stderr]     Checking kv-log-macro v1.0.7
[INFO] [stderr]     Checking git2 v0.13.25
[INFO] [stderr]     Checking async-global-executor v2.3.1
[INFO] [stderr]     Checking async-std v1.12.0
[INFO] [stderr]     Checking toml v0.5.9
[INFO] [stderr]     Checking bincode v1.3.3
[INFO] [stderr]     Checking mcircuit v0.1.10
[INFO] [stderr]     Checking cargo-lock v7.1.0
[INFO] [stderr]     Checking built v0.5.1
[INFO] [stderr]    Compiling reverie-zk v0.3.2 (/opt/rustwide/workdir)
[INFO] [stderr]  Documenting reverie-zk v0.3.2 (/opt/rustwide/workdir)
[INFO] [stdout] error[E0554]: `#![feature]` may not be used on the stable release channel
[INFO] [stdout]  --> src/lib.rs:1:12
[INFO] [stdout]   |
[INFO] [stdout] 1 | #![feature(test)]
[INFO] [stdout]   |            ^^^^
[INFO] [stdout] 
[INFO] [stdout] 
[INFO] [stdout] error[E0554]: `#![feature]` may not be used on the stable release channel
[INFO] [stdout]  --> src/lib.rs:1:12
[INFO] [stdout]   |
[INFO] [stdout] 1 | #![feature(test)]
[INFO] [stdout]   |            ^^^^
[INFO] [stdout] 
[INFO] [stdout] 
[INFO] [stdout] warning: unresolved link to `i`
[INFO] [stdout]   --> src/transcript/prover.rs:56:33
[INFO] [stdout]    |
[INFO] [stdout] 56 |     ///              If players[i] == PLAYERS, the preprocessing is opened instead.
[INFO] [stdout]    |                                 ^ no item named `i` in scope
[INFO] [stdout]    |
[INFO] [stdout]    = help: to escape `[` and `]` characters, add '\' before them like `\[` or `\]`
[INFO] [stdout]    = note: `#[warn(rustdoc::broken_intra_doc_links)]` on by default
[INFO] [stdout] 
[INFO] [stdout] 
[INFO] [stdout] error: aborting due to previous error; 1 warning emitted
[INFO] [stdout] 
[INFO] [stdout] 
[INFO] [stdout] For more information about this error, try `rustc --explain E0554`.
[INFO] [stdout] 
[INFO] [stderr] error: could not document `reverie-zk`
[INFO] [stderr] 
[INFO] [stderr] Caused by:
[INFO] [stderr]   process didn't exit successfully: `/opt/rustwide/rustup-home/toolchains/1.75.0-x86_64-unknown-linux-gnu/bin/rustdoc --edition=2018 --crate-type lib --crate-name reverie src/lib.rs -o /opt/rustwide/target/doc --error-format=json --json=diagnostic-rendered-ansi,artifacts,future-incompat --document-private-items -C metadata=af765e800cdd5a09 -L dependency=/opt/rustwide/target/debug/deps --extern aes=/opt/rustwide/target/debug/deps/libaes-e8ca946aa1abe53a.rmeta --extern async_std=/opt/rustwide/target/debug/deps/libasync_std-270af25f9079afd1.rmeta --extern bincode=/opt/rustwide/target/debug/deps/libbincode-c957c76fc78cc8ec.rmeta --extern blake3=/opt/rustwide/target/debug/deps/libblake3-2b92bad430fa8822.rmeta --extern built=/opt/rustwide/target/debug/deps/libbuilt-cb435b5040558d68.rmeta --extern chacha=/opt/rustwide/target/debug/deps/libchacha-bb167b59aafecb9d.rmeta --extern clap=/opt/rustwide/target/debug/deps/libclap-fa8d6fdbb2608cba.rmeta --extern ctr=/opt/rustwide/target/debug/deps/libctr-1911c765f754d534.rmeta --extern mcircuit=/opt/rustwide/target/debug/deps/libmcircuit-7f881542b6e9b462.rmeta --extern num_traits=/opt/rustwide/target/debug/deps/libnum_traits-6e6d03c61507ed6a.rmeta --extern rand=/opt/rustwide/target/debug/deps/librand-1df4cca9db00ed49.rmeta --extern rayon=/opt/rustwide/target/debug/deps/librayon-4fbeb1a7f5fb1244.rmeta --extern serde=/opt/rustwide/target/debug/deps/libserde-fb173169d89a9a95.rmeta --cap-lints=warn --crate-version 0.3.2` (exit status: 1)
[INFO] [stderr] warning: build failed, waiting for other jobs to finish...
[INFO] [stdout] error: aborting due to previous error
[INFO] [stdout] 
[INFO] [stdout] 
[INFO] [stdout] For more information about this error, try `rustc --explain E0554`.
[INFO] [stdout] 
[INFO] [stderr] error: could not compile `reverie-zk` (lib) due to 2 previous errors
[INFO] running `Command { std: "docker" "inspect" "04bf6d47b97b4a6c54f9e9e4828e3bf208b378840185513facecaa41b25fcc6b", kill_on_drop: false }`
[INFO] running `Command { std: "docker" "rm" "-f" "04bf6d47b97b4a6c54f9e9e4828e3bf208b378840185513facecaa41b25fcc6b", kill_on_drop: false }`
[INFO] [stdout] 04bf6d47b97b4a6c54f9e9e4828e3bf208b378840185513facecaa41b25fcc6b
[INFO] documenting reverie-zk-0.3.2 against beta-2023-12-22 for beta-1.76-rustdoc-1
[INFO] extracting crate reverie-zk 0.3.2 into /workspace/builds/worker-7-tc2/source
[INFO] validating manifest of crates.io crate reverie-zk 0.3.2 on toolchain beta-2023-12-22
[INFO] running `Command { std: CARGO_HOME="/workspace/cargo-home" RUSTUP_HOME="/workspace/rustup-home" "/workspace/cargo-home/bin/cargo" "+beta-2023-12-22" "metadata" "--manifest-path" "Cargo.toml" "--no-deps", kill_on_drop: false }`
[INFO] removed /workspace/builds/worker-7-tc2/source/.cargo/config.toml
[INFO] removed /workspace/builds/worker-7-tc2/source/rust-toolchain
[INFO] started tweaking crates.io crate reverie-zk 0.3.2
[INFO] finished tweaking crates.io crate reverie-zk 0.3.2
[INFO] tweaked toml for crates.io crate reverie-zk 0.3.2 written to /workspace/builds/worker-7-tc2/source/Cargo.toml
[INFO] crate crates.io crate reverie-zk 0.3.2 already has a lockfile, it will not be regenerated
[INFO] running `Command { std: CARGO_HOME="/workspace/cargo-home" RUSTUP_HOME="/workspace/rustup-home" "/workspace/cargo-home/bin/cargo" "+beta-2023-12-22" "fetch" "--manifest-path" "Cargo.toml", kill_on_drop: false }`
[INFO] [stderr]     Blocking waiting for file lock on package cache
[INFO] running `Command { std: "docker" "create" "-v" "/var/lib/crater-agent-workspace/builds/worker-7-tc2/target:/opt/rustwide/target:rw,Z" "-v" "/var/lib/crater-agent-workspace/builds/worker-7-tc2/source:/opt/rustwide/workdir:ro,Z" "-v" "/var/lib/crater-agent-workspace/cargo-home:/opt/rustwide/cargo-home:ro,Z" "-v" "/var/lib/crater-agent-workspace/rustup-home:/opt/rustwide/rustup-home:ro,Z" "-e" "SOURCE_DIR=/opt/rustwide/workdir" "-e" "CARGO_TARGET_DIR=/opt/rustwide/target" "-e" "CARGO_HOME=/opt/rustwide/cargo-home" "-e" "RUSTUP_HOME=/opt/rustwide/rustup-home" "-w" "/opt/rustwide/workdir" "-m" "1610612736" "--user" "0:0" "--network" "none" "ghcr.io/rust-lang/crates-build-env/linux@sha256:2788e3201cd34a07e3172128adcd8b3090168a8e3bcc40d7c032b9dda1df7d1c" "/opt/rustwide/cargo-home/bin/cargo" "+beta-2023-12-22" "metadata" "--no-deps" "--format-version=1", kill_on_drop: false }`
[INFO] [stdout] ce3069137d43079ea854d515bc025151d35a48de6a3e0e69fb6eab4a4de76e46
[INFO] running `Command { std: "docker" "start" "-a" "ce3069137d43079ea854d515bc025151d35a48de6a3e0e69fb6eab4a4de76e46", kill_on_drop: false }`
[INFO] running `Command { std: "docker" "inspect" "ce3069137d43079ea854d515bc025151d35a48de6a3e0e69fb6eab4a4de76e46", kill_on_drop: false }`
[INFO] running `Command { std: "docker" "rm" "-f" "ce3069137d43079ea854d515bc025151d35a48de6a3e0e69fb6eab4a4de76e46", kill_on_drop: false }`
[INFO] [stdout] ce3069137d43079ea854d515bc025151d35a48de6a3e0e69fb6eab4a4de76e46
[INFO] running `Command { std: "docker" "create" "-v" "/var/lib/crater-agent-workspace/builds/worker-7-tc2/target:/opt/rustwide/target:rw,Z" "-v" "/var/lib/crater-agent-workspace/builds/worker-7-tc2/source:/opt/rustwide/workdir:ro,Z" "-v" "/var/lib/crater-agent-workspace/cargo-home:/opt/rustwide/cargo-home:ro,Z" "-v" "/var/lib/crater-agent-workspace/rustup-home:/opt/rustwide/rustup-home:ro,Z" "-e" "SOURCE_DIR=/opt/rustwide/workdir" "-e" "CARGO_TARGET_DIR=/opt/rustwide/target" "-e" "CARGO_INCREMENTAL=0" "-e" "RUST_BACKTRACE=full" "-e" "RUSTFLAGS=--cap-lints=warn" "-e" "RUSTDOCFLAGS=--cap-lints=warn" "-e" "CARGO_HOME=/opt/rustwide/cargo-home" "-e" "RUSTUP_HOME=/opt/rustwide/rustup-home" "-w" "/opt/rustwide/workdir" "-m" "1610612736" "--user" "0:0" "--network" "none" "ghcr.io/rust-lang/crates-build-env/linux@sha256:2788e3201cd34a07e3172128adcd8b3090168a8e3bcc40d7c032b9dda1df7d1c" "/opt/rustwide/cargo-home/bin/cargo" "+beta-2023-12-22" "doc" "--frozen" "--no-deps" "--document-private-items" "--message-format=json", kill_on_drop: false }`
[INFO] [stdout] 72d3b752492faf77118611a7b25e0b864cc0e95872ae1bed02b25680636df673
[INFO] running `Command { std: "docker" "start" "-a" "72d3b752492faf77118611a7b25e0b864cc0e95872ae1bed02b25680636df673", kill_on_drop: false }`
[INFO] [stderr]    Compiling libc v0.2.137
[INFO] [stderr]    Compiling proc-macro2 v1.0.47
[INFO] [stderr]    Compiling unicode-ident v1.0.5
[INFO] [stderr]    Compiling quote v1.0.21
[INFO] [stderr]    Compiling syn v1.0.103
[INFO] [stderr]    Compiling serde_derive v1.0.147
[INFO] [stderr]    Compiling serde v1.0.147
[INFO] [stderr]    Compiling typenum v1.15.0
[INFO] [stderr]    Compiling semver v1.0.14
[INFO] [stderr]    Compiling tinyvec_macros v0.1.0
[INFO] [stderr]    Compiling num-traits v0.2.15
[INFO] [stderr]    Compiling generic-array v0.14.6
[INFO] [stderr]    Compiling memchr v2.5.0
[INFO] [stderr]    Compiling crossbeam-utils v0.8.12
[INFO] [stderr]    Compiling percent-encoding v2.2.0
[INFO] [stderr]    Compiling unicode-bidi v0.3.8
[INFO] [stderr]    Compiling tinyvec v1.6.0
[INFO] [stderr]     Checking cache-padded v1.2.0
[INFO] [stderr]     Checking concurrent-queue v1.2.4
[INFO] [stderr]    Compiling form_urlencoded v1.1.0
[INFO] [stderr]    Compiling memoffset v0.6.5
[INFO] [stderr]    Compiling crossbeam-epoch v0.9.11
[INFO] [stderr]    Compiling polling v2.4.0
[INFO] [stderr]    Compiling proc-macro-hack v0.5.19
[INFO] [stderr]    Compiling async-io v1.10.0
[INFO] [stderr]    Compiling iana-time-zone v0.1.53
[INFO] [stderr]    Compiling rayon-core v1.9.3
[INFO] [stderr]     Checking idna v0.3.0
[INFO] [stderr]     Checking async-channel v1.7.1
[INFO] [stderr]     Checking ppv-lite86 v0.2.16
[INFO] [stderr]     Checking ryu v1.0.11
[INFO] [stderr]     Checking atomic-waker v1.0.0
[INFO] [stderr]    Compiling serde_json v1.0.87
[INFO] [stderr]     Checking crossbeam-channel v0.5.6
[INFO] [stderr]    Compiling rayon v1.5.3
[INFO] [stderr]     Checking futures-lite v1.12.0
[INFO] [stderr]    Compiling unicode-normalization v0.1.22
[INFO] [stderr]     Checking itoa v1.0.4
[INFO] [stderr]     Checking crossbeam-deque v0.8.2
[INFO] [stderr]     Checking os_str_bytes v6.3.1
[INFO] [stderr]     Checking url v2.3.1
[INFO] [stderr]    Compiling jobserver v0.1.25
[INFO] [stderr]     Checking getrandom v0.2.8
[INFO] [stderr]    Compiling time v0.1.44
[INFO] [stderr]     Checking socket2 v0.4.7
[INFO] [stderr]     Checking num_cpus v1.13.1
[INFO] [stderr]     Checking clap_lex v0.3.0
[INFO] [stderr]     Checking rand_core v0.6.4
[INFO] [stderr]    Compiling cc v1.0.74
[INFO] [stderr]     Checking atty v0.2.14
[INFO] [stderr]     Checking byteorder v1.4.3
[INFO] [stderr]     Checking rand_chacha v0.3.1
[INFO] [stderr]     Checking keystream v1.0.0
[INFO] [stderr]    Compiling num-integer v0.1.45
[INFO] [stderr]     Checking constant_time_eq v0.1.5
[INFO] [stderr]     Checking arrayref v0.3.6
[INFO] [stderr]     Checking async-lock v2.6.0
[INFO] [stderr]     Checking async-executor v1.4.1
[INFO] [stderr]     Checking blocking v1.2.0
[INFO] [stderr]     Checking arrayvec v0.7.2
[INFO] [stderr]     Checking either v1.8.0
[INFO] [stderr]     Checking clap v4.0.18
[INFO] [stderr]     Checking rand v0.8.5
[INFO] [stderr]     Checking chacha v0.3.0
[INFO] [stderr]    Compiling lexpr-macros v0.2.1
[INFO] [stderr]    Compiling chrono v0.4.22
[INFO] [stderr]     Checking crypto-common v0.1.6
[INFO] [stderr]     Checking inout v0.1.3
[INFO] [stderr]     Checking block-buffer v0.10.3
[INFO] [stderr]    Compiling libz-sys v1.1.8
[INFO] [stderr]    Compiling libgit2-sys v0.12.26+1.3.0
[INFO] [stderr]    Compiling blake3 v1.3.1
[INFO] [stderr]     Checking digest v0.10.5
[INFO] [stderr]     Checking cipher v0.4.3
[INFO] [stderr]     Checking lexpr v0.2.6
[INFO] [stderr]     Checking ctr v0.9.2
[INFO] [stderr]     Checking aes v0.8.2
[INFO] [stderr]    Compiling ctor v0.1.26
[INFO] [stderr]    Compiling variant_count v1.1.0
[INFO] [stderr]     Checking value-bag v1.0.0-alpha.9
[INFO] [stderr]     Checking log v0.4.17
[INFO] [stderr]     Checking kv-log-macro v1.0.7
[INFO] [stderr]     Checking git2 v0.13.25
[INFO] [stderr]     Checking async-global-executor v2.3.1
[INFO] [stderr]     Checking async-std v1.12.0
[INFO] [stderr]     Checking toml v0.5.9
[INFO] [stderr]     Checking bincode v1.3.3
[INFO] [stderr]     Checking mcircuit v0.1.10
[INFO] [stderr]     Checking cargo-lock v7.1.0
[INFO] [stderr]     Checking built v0.5.1
[INFO] [stderr]    Compiling reverie-zk v0.3.2 (/opt/rustwide/workdir)
[INFO] [stderr]  Documenting reverie-zk v0.3.2 (/opt/rustwide/workdir)
[INFO] [stdout] error[E0554]: `#![feature]` may not be used on the beta release channel
[INFO] [stdout]  --> src/lib.rs:1:12
[INFO] [stdout]   |
[INFO] [stdout] 1 | #![feature(test)]
[INFO] [stdout]   |            ^^^^
[INFO] [stdout] 
[INFO] [stdout] 
[INFO] [stdout] error[E0554]: `#![feature]` may not be used on the beta release channel
[INFO] [stdout]  --> src/lib.rs:1:12
[INFO] [stdout]   |
[INFO] [stdout] 1 | #![feature(test)]
[INFO] [stdout]   |            ^^^^
[INFO] [stdout] 
[INFO] [stdout] 
[INFO] [stdout] warning: unresolved link to `i`
[INFO] [stdout]   --> src/transcript/prover.rs:56:33
[INFO] [stdout]    |
[INFO] [stdout] 56 |     ///              If players[i] == PLAYERS, the preprocessing is opened instead.
[INFO] [stdout]    |                                 ^ no item named `i` in scope
[INFO] [stdout]    |
[INFO] [stdout]    = help: to escape `[` and `]` characters, add '\' before them like `\[` or `\]`
[INFO] [stdout]    = note: `#[warn(rustdoc::broken_intra_doc_links)]` on by default
[INFO] [stdout] 
[INFO] [stdout] 
[INFO] [stdout] error: aborting due to 1 previous error; 1 warning emitted
[INFO] [stdout] 
[INFO] [stdout] 
[INFO] [stdout] For more information about this error, try `rustc --explain E0554`.
[INFO] [stdout] 
[INFO] [stderr] error: could not document `reverie-zk`
[INFO] [stderr] 
[INFO] [stderr] Caused by:
[INFO] [stderr]   process didn't exit successfully: `/opt/rustwide/rustup-home/toolchains/beta-2023-12-22-x86_64-unknown-linux-gnu/bin/rustdoc --edition=2018 --crate-type lib --crate-name reverie src/lib.rs -o /opt/rustwide/target/doc --error-format=json --json=diagnostic-rendered-ansi,artifacts,future-incompat --document-private-items -C metadata=13793d81ba06378e -L dependency=/opt/rustwide/target/debug/deps --extern aes=/opt/rustwide/target/debug/deps/libaes-21d0ba95a731f895.rmeta --extern async_std=/opt/rustwide/target/debug/deps/libasync_std-b00e6db272d2eb4b.rmeta --extern bincode=/opt/rustwide/target/debug/deps/libbincode-61532c9cb0fb63c9.rmeta --extern blake3=/opt/rustwide/target/debug/deps/libblake3-0735821f627aba84.rmeta --extern built=/opt/rustwide/target/debug/deps/libbuilt-18689712ee1e86bf.rmeta --extern chacha=/opt/rustwide/target/debug/deps/libchacha-4f7f581de03b7f54.rmeta --extern clap=/opt/rustwide/target/debug/deps/libclap-185a3085dee5bca0.rmeta --extern ctr=/opt/rustwide/target/debug/deps/libctr-c103fb9e0a629db3.rmeta --extern mcircuit=/opt/rustwide/target/debug/deps/libmcircuit-01090e2ba3f9daef.rmeta --extern num_traits=/opt/rustwide/target/debug/deps/libnum_traits-fb092f062ef58d9d.rmeta --extern rand=/opt/rustwide/target/debug/deps/librand-616eea87d54b5705.rmeta --extern rayon=/opt/rustwide/target/debug/deps/librayon-6aed07c2ccc31823.rmeta --extern serde=/opt/rustwide/target/debug/deps/libserde-e779a14f142938c5.rmeta --cap-lints=warn --crate-version 0.3.2` (exit status: 1)
[INFO] [stderr] warning: build failed, waiting for other jobs to finish...
[INFO] [stdout] error: aborting due to 1 previous error
[INFO] [stdout] 
[INFO] [stdout] 
[INFO] [stdout] For more information about this error, try `rustc --explain E0554`.
[INFO] [stdout] 
[INFO] [stderr] error: could not compile `reverie-zk` (lib) due to 2 previous errors
[INFO] running `Command { std: "docker" "inspect" "72d3b752492faf77118611a7b25e0b864cc0e95872ae1bed02b25680636df673", kill_on_drop: false }`
[INFO] running `Command { std: "docker" "rm" "-f" "72d3b752492faf77118611a7b25e0b864cc0e95872ae1bed02b25680636df673", kill_on_drop: false }`
[INFO] [stdout] 72d3b752492faf77118611a7b25e0b864cc0e95872ae1bed02b25680636df673
