[INFO] fetching crate reqwless 0.9.1...
[INFO] documenting reqwless-0.9.1 against 1.75.0 for beta-1.76-rustdoc-1
[INFO] extracting crate reqwless 0.9.1 into /workspace/builds/worker-7-tc1/source
[INFO] validating manifest of crates.io crate reqwless 0.9.1 on toolchain 1.75.0
[INFO] running `Command { std: CARGO_HOME="/workspace/cargo-home" RUSTUP_HOME="/workspace/rustup-home" "/workspace/cargo-home/bin/cargo" "+1.75.0" "metadata" "--manifest-path" "Cargo.toml" "--no-deps", kill_on_drop: false }`
[INFO] removed /workspace/builds/worker-7-tc1/source/rust-toolchain.toml
[INFO] started tweaking crates.io crate reqwless 0.9.1
[INFO] finished tweaking crates.io crate reqwless 0.9.1
[INFO] tweaked toml for crates.io crate reqwless 0.9.1 written to /workspace/builds/worker-7-tc1/source/Cargo.toml
[INFO] running `Command { std: CARGO_HOME="/workspace/cargo-home" RUSTUP_HOME="/workspace/rustup-home" "/workspace/cargo-home/bin/cargo" "+1.75.0" "generate-lockfile" "--manifest-path" "Cargo.toml", kill_on_drop: false }`
[INFO] [stderr]     Updating crates.io index
[INFO] running `Command { std: CARGO_HOME="/workspace/cargo-home" RUSTUP_HOME="/workspace/rustup-home" "/workspace/cargo-home/bin/cargo" "+1.75.0" "fetch" "--manifest-path" "Cargo.toml", kill_on_drop: false }`
[INFO] [stderr]  Downloading crates ...
[INFO] [stderr]   Downloaded embedded-nal v0.7.0
[INFO] [stderr]   Downloaded nourl v0.1.1
[INFO] [stderr]   Downloaded embedded-nal-async v0.6.0
[INFO] [stderr]   Downloaded embedded-io-adapters v0.6.1
[INFO] [stderr]   Downloaded buffered-io v0.4.3
[INFO] [stderr]   Downloaded embedded-tls v0.16.3
[INFO] running `Command { std: "docker" "create" "-v" "/var/lib/crater-agent-workspace/builds/worker-7-tc1/target:/opt/rustwide/target:rw,Z" "-v" "/var/lib/crater-agent-workspace/builds/worker-7-tc1/source:/opt/rustwide/workdir:ro,Z" "-v" "/var/lib/crater-agent-workspace/cargo-home:/opt/rustwide/cargo-home:ro,Z" "-v" "/var/lib/crater-agent-workspace/rustup-home:/opt/rustwide/rustup-home:ro,Z" "-e" "SOURCE_DIR=/opt/rustwide/workdir" "-e" "CARGO_TARGET_DIR=/opt/rustwide/target" "-e" "CARGO_HOME=/opt/rustwide/cargo-home" "-e" "RUSTUP_HOME=/opt/rustwide/rustup-home" "-w" "/opt/rustwide/workdir" "-m" "1610612736" "--user" "0:0" "--network" "none" "ghcr.io/rust-lang/crates-build-env/linux@sha256:2788e3201cd34a07e3172128adcd8b3090168a8e3bcc40d7c032b9dda1df7d1c" "/opt/rustwide/cargo-home/bin/cargo" "+1.75.0" "metadata" "--no-deps" "--format-version=1", kill_on_drop: false }`
[INFO] [stdout] 7a47099b881833651f2be5be4794aeb59add7897d83c524d09222b95ce13884a
[INFO] running `Command { std: "docker" "start" "-a" "7a47099b881833651f2be5be4794aeb59add7897d83c524d09222b95ce13884a", kill_on_drop: false }`
[INFO] running `Command { std: "docker" "inspect" "7a47099b881833651f2be5be4794aeb59add7897d83c524d09222b95ce13884a", kill_on_drop: false }`
[INFO] running `Command { std: "docker" "rm" "-f" "7a47099b881833651f2be5be4794aeb59add7897d83c524d09222b95ce13884a", kill_on_drop: false }`
[INFO] [stdout] 7a47099b881833651f2be5be4794aeb59add7897d83c524d09222b95ce13884a
[INFO] running `Command { std: "docker" "create" "-v" "/var/lib/crater-agent-workspace/builds/worker-7-tc1/target:/opt/rustwide/target:rw,Z" "-v" "/var/lib/crater-agent-workspace/builds/worker-7-tc1/source:/opt/rustwide/workdir:ro,Z" "-v" "/var/lib/crater-agent-workspace/cargo-home:/opt/rustwide/cargo-home:ro,Z" "-v" "/var/lib/crater-agent-workspace/rustup-home:/opt/rustwide/rustup-home:ro,Z" "-e" "SOURCE_DIR=/opt/rustwide/workdir" "-e" "CARGO_TARGET_DIR=/opt/rustwide/target" "-e" "CARGO_INCREMENTAL=0" "-e" "RUST_BACKTRACE=full" "-e" "RUSTFLAGS=--cap-lints=warn" "-e" "RUSTDOCFLAGS=--cap-lints=warn" "-e" "CARGO_HOME=/opt/rustwide/cargo-home" "-e" "RUSTUP_HOME=/opt/rustwide/rustup-home" "-w" "/opt/rustwide/workdir" "-m" "1610612736" "--user" "0:0" "--network" "none" "ghcr.io/rust-lang/crates-build-env/linux@sha256:2788e3201cd34a07e3172128adcd8b3090168a8e3bcc40d7c032b9dda1df7d1c" "/opt/rustwide/cargo-home/bin/cargo" "+1.75.0" "doc" "--frozen" "--no-deps" "--document-private-items" "--message-format=json", kill_on_drop: false }`
[INFO] [stdout] 466a2e208d6b56ec7a02cf312dc9992070edbc016473d680f8263449e682ab6b
[INFO] running `Command { std: "docker" "start" "-a" "466a2e208d6b56ec7a02cf312dc9992070edbc016473d680f8263449e682ab6b", kill_on_drop: false }`
[INFO] [stderr]    Compiling typenum v1.17.0
[INFO] [stderr]     Checking zeroize v1.7.0
[INFO] [stderr]     Checking subtle v2.5.0
[INFO] [stderr]    Compiling semver v1.0.21
[INFO] [stderr]     Checking rand_core v0.6.4
[INFO] [stderr]     Checking byteorder v1.5.0
[INFO] [stderr]    Compiling generic-array v0.14.7
[INFO] [stderr]    Compiling lock_api v0.4.11
[INFO] [stderr]     Checking cpufeatures v0.2.12
[INFO] [stderr]     Checking const-oid v0.9.6
[INFO] [stderr]     Checking scopeguard v1.2.0
[INFO] [stderr]     Checking cfg-if v1.0.0
[INFO] [stderr]     Checking stable_deref_trait v1.2.0
[INFO] [stderr]     Checking ff v0.13.0
[INFO] [stderr]    Compiling embedded-io-async v0.6.1
[INFO] [stderr]     Checking der v0.7.8
[INFO] [stderr]     Checking base16ct v0.2.0
[INFO] [stderr]     Checking group v0.13.0
[INFO] [stderr]     Checking hash32 v0.2.1
[INFO] [stderr]     Checking embedded-io v0.6.1
[INFO] [stderr]     Checking opaque-debug v0.3.0
[INFO] [stderr]    Compiling heapless v0.6.1
[INFO] [stderr]    Compiling atomic-polyfill v1.0.3
[INFO] [stderr]     Checking hash32 v0.1.1
[INFO] [stderr]     Checking spin v0.9.8
[INFO] [stderr]    Compiling httparse v1.8.0
[INFO] [stderr]    Compiling rustc_version v0.4.0
[INFO] [stderr]     Checking no-std-net v0.6.0
[INFO] [stderr]     Checking nb v1.1.0
[INFO] [stderr]     Checking critical-section v1.1.2
[INFO] [stderr]     Checking ppv-lite86 v0.2.17
[INFO] [stderr]     Checking buffered-io v0.4.3
[INFO] [stdout] error[E0554]: `#![feature]` may not be used on the stable release channel
[INFO] [stdout]  --> /opt/rustwide/cargo-home/registry/src/index.crates.io-6f17d22bba15001f/buffered-io-0.4.3/src/lib.rs:3:1
[INFO] [stdout]   |
[INFO] [stdout] 3 | #![feature(impl_trait_projections)]
[INFO] [stdout]   | ^^^^^^^^^^^^^^^^^^^^^^^^^^^^^^^^^^^ help: remove the attribute
[INFO] [stdout]   |
[INFO] [stdout]   = help: the feature `impl_trait_projections` has been stable since `1.74.0` and no longer requires an attribute to enable
[INFO] [stdout] 
[INFO] [stdout] 
[INFO] [stdout] error[E0554]: `#![feature]` may not be used on the stable release channel
[INFO] [stdout]  --> /opt/rustwide/cargo-home/registry/src/index.crates.io-6f17d22bba15001f/buffered-io-0.4.3/src/lib.rs:4:1
[INFO] [stdout]   |
[INFO] [stdout] 4 | #![feature(async_fn_in_trait)]
[INFO] [stdout]   | ^^^^^^^^^^^^^^^^^^^^^^^^^^^^^^ help: remove the attribute
[INFO] [stdout]   |
[INFO] [stdout]   = help: the feature `async_fn_in_trait` has been stable since `1.75.0` and no longer requires an attribute to enable
[INFO] [stdout] 
[INFO] [stdout] 
[INFO] [stderr]     Checking hex v0.4.3
[INFO] [stdout] error: aborting due to 2 previous errors
[INFO] [stdout] 
[INFO] [stdout] 
[INFO] [stdout] For more information about this error, try `rustc --explain E0554`.
[INFO] [stdout] 
[INFO] [stderr] error: could not compile `buffered-io` (lib) due to 3 previous errors
[INFO] [stderr] warning: build failed, waiting for other jobs to finish...
[INFO] running `Command { std: "docker" "inspect" "466a2e208d6b56ec7a02cf312dc9992070edbc016473d680f8263449e682ab6b", kill_on_drop: false }`
[INFO] running `Command { std: "docker" "rm" "-f" "466a2e208d6b56ec7a02cf312dc9992070edbc016473d680f8263449e682ab6b", kill_on_drop: false }`
[INFO] [stdout] 466a2e208d6b56ec7a02cf312dc9992070edbc016473d680f8263449e682ab6b
[INFO] documenting reqwless-0.9.1 against beta-2023-12-22 for beta-1.76-rustdoc-1
[INFO] extracting crate reqwless 0.9.1 into /workspace/builds/worker-7-tc2/source
[INFO] validating manifest of crates.io crate reqwless 0.9.1 on toolchain beta-2023-12-22
[INFO] running `Command { std: CARGO_HOME="/workspace/cargo-home" RUSTUP_HOME="/workspace/rustup-home" "/workspace/cargo-home/bin/cargo" "+beta-2023-12-22" "metadata" "--manifest-path" "Cargo.toml" "--no-deps", kill_on_drop: false }`
[INFO] removed /workspace/builds/worker-7-tc2/source/rust-toolchain.toml
[INFO] started tweaking crates.io crate reqwless 0.9.1
[INFO] finished tweaking crates.io crate reqwless 0.9.1
[INFO] tweaked toml for crates.io crate reqwless 0.9.1 written to /workspace/builds/worker-7-tc2/source/Cargo.toml
[INFO] running `Command { std: CARGO_HOME="/workspace/cargo-home" RUSTUP_HOME="/workspace/rustup-home" "/workspace/cargo-home/bin/cargo" "+beta-2023-12-22" "generate-lockfile" "--manifest-path" "Cargo.toml", kill_on_drop: false }`
[INFO] [stderr]     Updating crates.io index
[INFO] running `Command { std: CARGO_HOME="/workspace/cargo-home" RUSTUP_HOME="/workspace/rustup-home" "/workspace/cargo-home/bin/cargo" "+beta-2023-12-22" "fetch" "--manifest-path" "Cargo.toml", kill_on_drop: false }`
[INFO] running `Command { std: "docker" "create" "-v" "/var/lib/crater-agent-workspace/builds/worker-7-tc2/target:/opt/rustwide/target:rw,Z" "-v" "/var/lib/crater-agent-workspace/builds/worker-7-tc2/source:/opt/rustwide/workdir:ro,Z" "-v" "/var/lib/crater-agent-workspace/cargo-home:/opt/rustwide/cargo-home:ro,Z" "-v" "/var/lib/crater-agent-workspace/rustup-home:/opt/rustwide/rustup-home:ro,Z" "-e" "SOURCE_DIR=/opt/rustwide/workdir" "-e" "CARGO_TARGET_DIR=/opt/rustwide/target" "-e" "CARGO_HOME=/opt/rustwide/cargo-home" "-e" "RUSTUP_HOME=/opt/rustwide/rustup-home" "-w" "/opt/rustwide/workdir" "-m" "1610612736" "--user" "0:0" "--network" "none" "ghcr.io/rust-lang/crates-build-env/linux@sha256:2788e3201cd34a07e3172128adcd8b3090168a8e3bcc40d7c032b9dda1df7d1c" "/opt/rustwide/cargo-home/bin/cargo" "+beta-2023-12-22" "metadata" "--no-deps" "--format-version=1", kill_on_drop: false }`
[INFO] [stdout] fd9b994fa670e6ddb5afe719f8d94fe9c5ba6042ec5e08ac966330f4744c7f3b
[INFO] running `Command { std: "docker" "start" "-a" "fd9b994fa670e6ddb5afe719f8d94fe9c5ba6042ec5e08ac966330f4744c7f3b", kill_on_drop: false }`
[INFO] running `Command { std: "docker" "inspect" "fd9b994fa670e6ddb5afe719f8d94fe9c5ba6042ec5e08ac966330f4744c7f3b", kill_on_drop: false }`
[INFO] running `Command { std: "docker" "rm" "-f" "fd9b994fa670e6ddb5afe719f8d94fe9c5ba6042ec5e08ac966330f4744c7f3b", kill_on_drop: false }`
[INFO] [stdout] fd9b994fa670e6ddb5afe719f8d94fe9c5ba6042ec5e08ac966330f4744c7f3b
[INFO] running `Command { std: "docker" "create" "-v" "/var/lib/crater-agent-workspace/builds/worker-7-tc2/target:/opt/rustwide/target:rw,Z" "-v" "/var/lib/crater-agent-workspace/builds/worker-7-tc2/source:/opt/rustwide/workdir:ro,Z" "-v" "/var/lib/crater-agent-workspace/cargo-home:/opt/rustwide/cargo-home:ro,Z" "-v" "/var/lib/crater-agent-workspace/rustup-home:/opt/rustwide/rustup-home:ro,Z" "-e" "SOURCE_DIR=/opt/rustwide/workdir" "-e" "CARGO_TARGET_DIR=/opt/rustwide/target" "-e" "CARGO_INCREMENTAL=0" "-e" "RUST_BACKTRACE=full" "-e" "RUSTFLAGS=--cap-lints=warn" "-e" "RUSTDOCFLAGS=--cap-lints=warn" "-e" "CARGO_HOME=/opt/rustwide/cargo-home" "-e" "RUSTUP_HOME=/opt/rustwide/rustup-home" "-w" "/opt/rustwide/workdir" "-m" "1610612736" "--user" "0:0" "--network" "none" "ghcr.io/rust-lang/crates-build-env/linux@sha256:2788e3201cd34a07e3172128adcd8b3090168a8e3bcc40d7c032b9dda1df7d1c" "/opt/rustwide/cargo-home/bin/cargo" "+beta-2023-12-22" "doc" "--frozen" "--no-deps" "--document-private-items" "--message-format=json", kill_on_drop: false }`
[INFO] [stdout] c346dc24f3a8814f57c83e18101b39be0dc2c5aff92bf5fd1875f80e5008d4d9
[INFO] running `Command { std: "docker" "start" "-a" "c346dc24f3a8814f57c83e18101b39be0dc2c5aff92bf5fd1875f80e5008d4d9", kill_on_drop: false }`
[INFO] [stderr]    Compiling typenum v1.17.0
[INFO] [stderr]     Checking zeroize v1.7.0
[INFO] [stderr]     Checking subtle v2.5.0
[INFO] [stderr]    Compiling semver v1.0.21
[INFO] [stderr]     Checking rand_core v0.6.4
[INFO] [stderr]    Compiling generic-array v0.14.7
[INFO] [stderr]     Checking byteorder v1.5.0
[INFO] [stderr]    Compiling lock_api v0.4.11
[INFO] [stderr]     Checking cpufeatures v0.2.12
[INFO] [stderr]     Checking cfg-if v1.0.0
[INFO] [stderr]     Checking scopeguard v1.2.0
[INFO] [stderr]     Checking stable_deref_trait v1.2.0
[INFO] [stderr]     Checking const-oid v0.9.6
[INFO] [stderr]     Checking ff v0.13.0
[INFO] [stderr]     Checking base16ct v0.2.0
[INFO] [stderr]    Compiling embedded-io-async v0.6.1
[INFO] [stderr]     Checking group v0.13.0
[INFO] [stderr]     Checking hash32 v0.2.1
[INFO] [stderr]     Checking embedded-io v0.6.1
[INFO] [stderr]     Checking der v0.7.8
[INFO] [stderr]     Checking opaque-debug v0.3.0
[INFO] [stderr]    Compiling heapless v0.6.1
[INFO] [stderr]    Compiling atomic-polyfill v1.0.3
[INFO] [stderr]     Checking hash32 v0.1.1
[INFO] [stderr]     Checking spin v0.9.8
[INFO] [stderr]    Compiling httparse v1.8.0
[INFO] [stderr]    Compiling rustc_version v0.4.0
[INFO] [stderr]     Checking critical-section v1.1.2
[INFO] [stderr]     Checking no-std-net v0.6.0
[INFO] [stderr]     Checking nb v1.1.0
[INFO] [stderr]     Checking ppv-lite86 v0.2.17
[INFO] [stderr]     Checking buffered-io v0.4.3
[INFO] [stderr]     Checking hex v0.4.3
[INFO] [stdout] error[E0554]: `#![feature]` may not be used on the beta release channel
[INFO] [stdout]  --> /opt/rustwide/cargo-home/registry/src/index.crates.io-6f17d22bba15001f/buffered-io-0.4.3/src/lib.rs:3:1
[INFO] [stdout]   |
[INFO] [stdout] 3 | #![feature(impl_trait_projections)]
[INFO] [stdout]   | ^^^^^^^^^^^^^^^^^^^^^^^^^^^^^^^^^^^ help: remove the attribute
[INFO] [stdout]   |
[INFO] [stdout]   = help: the feature `impl_trait_projections` has been stable since `1.74.0` and no longer requires an attribute to enable
[INFO] [stdout] 
[INFO] [stdout] 
[INFO] [stdout] error[E0554]: `#![feature]` may not be used on the beta release channel
[INFO] [stdout]  --> /opt/rustwide/cargo-home/registry/src/index.crates.io-6f17d22bba15001f/buffered-io-0.4.3/src/lib.rs:4:1
[INFO] [stdout]   |
[INFO] [stdout] 4 | #![feature(async_fn_in_trait)]
[INFO] [stdout]   | ^^^^^^^^^^^^^^^^^^^^^^^^^^^^^^ help: remove the attribute
[INFO] [stdout]   |
[INFO] [stdout]   = help: the feature `async_fn_in_trait` has been stable since `1.75.0` and no longer requires an attribute to enable
[INFO] [stdout] 
[INFO] [stdout] 
[INFO] [stdout] error: aborting due to 2 previous errors
[INFO] [stdout] 
[INFO] [stdout] 
[INFO] [stdout] For more information about this error, try `rustc --explain E0554`.
[INFO] [stdout] 
[INFO] [stderr] error: could not compile `buffered-io` (lib) due to 3 previous errors
[INFO] [stderr] warning: build failed, waiting for other jobs to finish...
[INFO] running `Command { std: "docker" "inspect" "c346dc24f3a8814f57c83e18101b39be0dc2c5aff92bf5fd1875f80e5008d4d9", kill_on_drop: false }`
[INFO] running `Command { std: "docker" "rm" "-f" "c346dc24f3a8814f57c83e18101b39be0dc2c5aff92bf5fd1875f80e5008d4d9", kill_on_drop: false }`
[INFO] [stdout] c346dc24f3a8814f57c83e18101b39be0dc2c5aff92bf5fd1875f80e5008d4d9
