[INFO] fetching crate reqwest-impersonate 0.11.30...
[INFO] documenting reqwest-impersonate-0.11.30 against 1.75.0 for beta-1.76-rustdoc-1
[INFO] extracting crate reqwest-impersonate 0.11.30 into /workspace/builds/worker-1-tc1/source
[INFO] validating manifest of crates.io crate reqwest-impersonate 0.11.30 on toolchain 1.75.0
[INFO] running `Command { std: CARGO_HOME="/workspace/cargo-home" RUSTUP_HOME="/workspace/rustup-home" "/workspace/cargo-home/bin/cargo" "+1.75.0" "metadata" "--manifest-path" "Cargo.toml" "--no-deps", kill_on_drop: false }`
[INFO] started tweaking crates.io crate reqwest-impersonate 0.11.30
[INFO] removed 0 missing examples
[INFO] removed 0 missing tests
[INFO] finished tweaking crates.io crate reqwest-impersonate 0.11.30
[INFO] tweaked toml for crates.io crate reqwest-impersonate 0.11.30 written to /workspace/builds/worker-1-tc1/source/Cargo.toml
[INFO] crate crates.io crate reqwest-impersonate 0.11.30 already has a lockfile, it will not be regenerated
[INFO] running `Command { std: CARGO_HOME="/workspace/cargo-home" RUSTUP_HOME="/workspace/rustup-home" "/workspace/cargo-home/bin/cargo" "+1.75.0" "fetch" "--manifest-path" "Cargo.toml", kill_on_drop: false }`
[INFO] [stderr]     Updating crates.io index
[INFO] [stderr]  Downloading crates ...
[INFO] [stderr]   Downloaded wasm-bindgen-test-macro v0.3.37
[INFO] [stderr]   Downloaded libflate_lz77 v2.0.0
[INFO] [stderr]   Downloaded wasm-bindgen-test v0.3.37
[INFO] [stderr]   Downloaded tokio-boring-imp v2.1.5
[INFO] [stderr]   Downloaded h3-quinn v0.0.3
[INFO] [stderr]   Downloaded dary_heap v0.3.6
[INFO] [stderr]   Downloaded cookie_store v0.20.0
[INFO] [stderr]   Downloaded libflate v2.0.0
[INFO] [stderr]   Downloaded trust-dns-resolver v0.23.1
[INFO] [stderr]   Downloaded brotli-decompressor v2.5.0
[INFO] [stderr]   Downloaded rustix v0.38.19
[INFO] [stderr]   Downloaded trust-dns-proto v0.23.1
[INFO] [stderr]   Downloaded boring-sys-imp v2.0.1
[INFO] [stderr]   Downloaded hyper-boring-imp v2.1.4
[INFO] [stderr]   Downloaded boring-imp v2.0.1
[INFO] [stderr]   Downloaded openssl-src v300.1.5+3.1.3
[INFO] [stderr]   Downloaded rustls-webpki v0.101.6
[INFO] [stderr]   Downloaded hyper_imp v0.14.29
[INFO] [stderr]   Downloaded quinn-proto v0.10.5
[INFO] [stderr]   Downloaded h2_imp v0.3.21
[INFO] [stderr]   Downloaded h3 v0.0.2
[INFO] [stderr]   Downloaded async-compression v0.4.4
[INFO] [stderr]   Downloaded tracing v0.1.39
[INFO] running `Command { std: "docker" "create" "-v" "/var/lib/crater-agent-workspace/builds/worker-1-tc1/target:/opt/rustwide/target:rw,Z" "-v" "/var/lib/crater-agent-workspace/builds/worker-1-tc1/source:/opt/rustwide/workdir:ro,Z" "-v" "/var/lib/crater-agent-workspace/cargo-home:/opt/rustwide/cargo-home:ro,Z" "-v" "/var/lib/crater-agent-workspace/rustup-home:/opt/rustwide/rustup-home:ro,Z" "-e" "SOURCE_DIR=/opt/rustwide/workdir" "-e" "CARGO_TARGET_DIR=/opt/rustwide/target" "-e" "CARGO_HOME=/opt/rustwide/cargo-home" "-e" "RUSTUP_HOME=/opt/rustwide/rustup-home" "-w" "/opt/rustwide/workdir" "-m" "1610612736" "--user" "0:0" "--network" "none" "ghcr.io/rust-lang/crates-build-env/linux@sha256:2788e3201cd34a07e3172128adcd8b3090168a8e3bcc40d7c032b9dda1df7d1c" "/opt/rustwide/cargo-home/bin/cargo" "+1.75.0" "metadata" "--no-deps" "--format-version=1", kill_on_drop: false }`
[INFO] [stdout] 5ee68e94ea426a40b38fbaebf541b6c6e0a1624c4d0934dce7c096eba9b9b47f
[INFO] running `Command { std: "docker" "start" "-a" "5ee68e94ea426a40b38fbaebf541b6c6e0a1624c4d0934dce7c096eba9b9b47f", kill_on_drop: false }`
[INFO] running `Command { std: "docker" "inspect" "5ee68e94ea426a40b38fbaebf541b6c6e0a1624c4d0934dce7c096eba9b9b47f", kill_on_drop: false }`
[INFO] running `Command { std: "docker" "rm" "-f" "5ee68e94ea426a40b38fbaebf541b6c6e0a1624c4d0934dce7c096eba9b9b47f", kill_on_drop: false }`
[INFO] [stdout] 5ee68e94ea426a40b38fbaebf541b6c6e0a1624c4d0934dce7c096eba9b9b47f
[INFO] running `Command { std: "docker" "create" "-v" "/var/lib/crater-agent-workspace/builds/worker-1-tc1/target:/opt/rustwide/target:rw,Z" "-v" "/var/lib/crater-agent-workspace/builds/worker-1-tc1/source:/opt/rustwide/workdir:ro,Z" "-v" "/var/lib/crater-agent-workspace/cargo-home:/opt/rustwide/cargo-home:ro,Z" "-v" "/var/lib/crater-agent-workspace/rustup-home:/opt/rustwide/rustup-home:ro,Z" "-e" "SOURCE_DIR=/opt/rustwide/workdir" "-e" "CARGO_TARGET_DIR=/opt/rustwide/target" "-e" "CARGO_INCREMENTAL=0" "-e" "RUST_BACKTRACE=full" "-e" "RUSTFLAGS=--cap-lints=warn" "-e" "RUSTDOCFLAGS=--cap-lints=warn" "-e" "CARGO_HOME=/opt/rustwide/cargo-home" "-e" "RUSTUP_HOME=/opt/rustwide/rustup-home" "-w" "/opt/rustwide/workdir" "-m" "1610612736" "--user" "0:0" "--network" "none" "ghcr.io/rust-lang/crates-build-env/linux@sha256:2788e3201cd34a07e3172128adcd8b3090168a8e3bcc40d7c032b9dda1df7d1c" "/opt/rustwide/cargo-home/bin/cargo" "+1.75.0" "doc" "--frozen" "--no-deps" "--document-private-items" "--message-format=json", kill_on_drop: false }`
[INFO] [stdout] 76a206b7b50b14b23b0b5d998a60b9cc6449d114d36a15f0bc290dc83c4cc9fb
[INFO] running `Command { std: "docker" "start" "-a" "76a206b7b50b14b23b0b5d998a60b9cc6449d114d36a15f0bc290dc83c4cc9fb", kill_on_drop: false }`
[INFO] [stderr]    Compiling libc v0.2.149
[INFO] [stderr]    Compiling memchr v2.6.4
[INFO] [stderr]    Compiling glob v0.3.1
[INFO] [stderr]    Compiling regex-syntax v0.8.2
[INFO] [stderr]    Compiling futures-core v0.3.28
[INFO] [stderr]    Compiling bindgen v0.60.1
[INFO] [stderr]    Compiling lazycell v1.3.0
[INFO] [stderr]    Compiling peeking_take_while v0.1.2
[INFO] [stderr]     Checking alloc-no-stdlib v2.0.4
[INFO] [stderr]    Compiling proc-macro2 v1.0.69
[INFO] [stderr]    Compiling libloading v0.7.4
[INFO] [stderr]    Compiling rustc-hash v1.1.0
[INFO] [stderr]    Compiling shlex v1.2.0
[INFO] [stderr]     Checking once_cell v1.18.0
[INFO] [stderr]    Compiling futures-task v0.3.28
[INFO] [stderr]    Compiling futures-util v0.3.28
[INFO] [stderr]     Checking http v0.2.9
[INFO] [stderr]     Checking alloc-stdlib v0.2.2
[INFO] [stderr]     Checking futures-sink v0.3.28
[INFO] [stderr]    Compiling futures-channel v0.3.28
[INFO] [stderr]     Checking hashbrown v0.14.1
[INFO] [stderr]     Checking brotli-decompressor v2.5.0
[INFO] [stderr]     Checking foreign-types-shared v0.3.1
[INFO] [stderr]     Checking tracing-core v0.1.32
[INFO] [stderr]    Compiling serde v1.0.189
[INFO] [stderr]     Checking linked-hash-map v0.5.6
[INFO] [stderr]     Checking flate2 v1.0.28
[INFO] [stderr]     Checking antidote v1.0.0
[INFO] [stderr]     Checking tower-layer v0.3.2
[INFO] [stderr]     Checking linked_hash_set v0.1.4
[INFO] [stderr]     Checking log v0.4.20
[INFO] [stderr]    Compiling quote v1.0.33
[INFO] [stderr]    Compiling clang-sys v1.6.1
[INFO] [stderr]     Checking tracing v0.1.39
[INFO] [stderr]     Checking base64 v0.21.4
[INFO] [stderr]     Checking ipnet v2.8.0
[INFO] [stderr]    Compiling aho-corasick v1.1.2
[INFO] [stderr]    Compiling nom v7.1.3
[INFO] [stderr]    Compiling syn v2.0.38
[INFO] [stderr]     Checking indexmap v2.0.2
[INFO] [stderr]     Checking http-body v0.4.5
[INFO] [stderr]     Checking brotli v3.4.0
[INFO] [stderr]    Compiling cc v1.0.83
[INFO] [stderr]     Checking mio v0.8.8
[INFO] [stderr]     Checking num_cpus v1.16.0
[INFO] [stderr]     Checking socket2 v0.5.4
[INFO] [stderr]    Compiling regex-automata v0.4.2
[INFO] [stderr]    Compiling cmake v0.1.50
[INFO] [stderr]    Compiling cexpr v0.6.0
[INFO] [stderr]    Compiling tokio-macros v2.1.0
[INFO] [stderr]    Compiling foreign-types-macros v0.2.3
[INFO] [stderr]    Compiling serde_derive v1.0.189
[INFO] [stderr]    Compiling regex v1.10.1
[INFO] [stderr]     Checking foreign-types v0.5.0
[INFO] [stderr]     Checking tokio v1.33.0
[INFO] [stderr]     Checking tokio-util v0.7.9
[INFO] [stderr]     Checking async-compression v0.4.4
[INFO] [stderr]    Compiling boring-sys-imp v2.0.1
[INFO] [stderr]     Checking h2_imp v0.3.21
[INFO] [stderr]     Checking serde_urlencoded v0.7.1
[INFO] [stderr]     Checking hyper_imp v0.14.29
[INFO] [stderr] error: could not compile `hyper_imp` (lib)
[INFO] [stderr] 
[INFO] [stderr] Caused by:
[INFO] [stderr]   process didn't exit successfully: `/opt/rustwide/rustup-home/toolchains/1.75.0-x86_64-unknown-linux-gnu/bin/rustc --crate-name hyper_imp --edition=2018 /opt/rustwide/cargo-home/registry/src/index.crates.io-6f17d22bba15001f/hyper_imp-0.14.29/src/lib.rs --error-format=json --json=diagnostic-rendered-ansi,artifacts,future-incompat --crate-type lib --emit=dep-info,metadata -C embed-bitcode=no -C debuginfo=2 --cfg 'feature="client"' --cfg 'feature="h2"' --cfg 'feature="http1"' --cfg 'feature="http2"' --cfg 'feature="runtime"' --cfg 'feature="server"' --cfg 'feature="socket2"' --cfg 'feature="stream"' --cfg 'feature="tcp"' -C metadata=5d785cfe3f397262 -C extra-filename=-5d785cfe3f397262 --out-dir /opt/rustwide/target/debug/deps -L dependency=/opt/rustwide/target/debug/deps --extern bytes=/opt/rustwide/target/debug/deps/libbytes-19782e77171d7466.rmeta --extern futures_channel=/opt/rustwide/target/debug/deps/libfutures_channel-770ebc38d0817861.rmeta --extern futures_core=/opt/rustwide/target/debug/deps/libfutures_core-d748fbf360b066d2.rmeta --extern futures_util=/opt/rustwide/target/debug/deps/libfutures_util-e9a0cfc734922213.rmeta --extern h2=/opt/rustwide/target/debug/deps/libh2_imp-37796452a87c72b3.rmeta --extern http=/opt/rustwide/target/debug/deps/libhttp-e44613714aeb5a6e.rmeta --extern http_body=/opt/rustwide/target/debug/deps/libhttp_body-bdf815611bd09a50.rmeta --extern httparse=/opt/rustwide/target/debug/deps/libhttparse-7c8a2d6bbc52db7d.rmeta --extern httpdate=/opt/rustwide/target/debug/deps/libhttpdate-1431e6f2580f9490.rmeta --extern itoa=/opt/rustwide/target/debug/deps/libitoa-6b2afc0870c26959.rmeta --extern pin_project_lite=/opt/rustwide/target/debug/deps/libpin_project_lite-a52591f63adb7509.rmeta --extern socket2=/opt/rustwide/target/debug/deps/libsocket2-230ef1127140fcdd.rmeta --extern tokio=/opt/rustwide/target/debug/deps/libtokio-9df296cea990004f.rmeta --extern tower_service=/opt/rustwide/target/debug/deps/libtower_service-f0feaf64c8970dba.rmeta --extern tracing=/opt/rustwide/target/debug/deps/libtracing-2bc42f25fdfbfec5.rmeta --extern want=/opt/rustwide/target/debug/deps/libwant-d8acb5b4af3d015c.rmeta --cap-lints allow --cap-lints=warn` (signal: 9, SIGKILL: kill)
[INFO] [stderr] warning: build failed, waiting for other jobs to finish...
[INFO] [stderr] error: failed to run custom build command for `boring-sys-imp v2.0.1`
[INFO] [stderr] note: To improve backtraces for build dependencies, set the CARGO_PROFILE_DEV_BUILD_OVERRIDE_DEBUG=true environment variable to enable debug information generation.
[INFO] [stderr] 
[INFO] [stderr] Caused by:
[INFO] [stderr]   process didn't exit successfully: `/opt/rustwide/target/debug/build/boring-sys-imp-f72dab09036f721d/build-script-build` (exit status: 101)
[INFO] [stderr]   --- stdout
[INFO] [stderr]   cargo:rerun-if-env-changed=BORING_BSSL_PATH
[INFO] [stderr]   CMAKE_TOOLCHAIN_FILE_x86_64-unknown-linux-gnu = None
[INFO] [stderr]   CMAKE_TOOLCHAIN_FILE_x86_64_unknown_linux_gnu = None
[INFO] [stderr]   HOST_CMAKE_TOOLCHAIN_FILE = None
[INFO] [stderr]   CMAKE_TOOLCHAIN_FILE = None
[INFO] [stderr]   CMAKE_GENERATOR_x86_64-unknown-linux-gnu = None
[INFO] [stderr]   CMAKE_GENERATOR_x86_64_unknown_linux_gnu = None
[INFO] [stderr]   HOST_CMAKE_GENERATOR = None
[INFO] [stderr]   CMAKE_GENERATOR = None
[INFO] [stderr]   CMAKE_PREFIX_PATH_x86_64-unknown-linux-gnu = None
[INFO] [stderr]   CMAKE_PREFIX_PATH_x86_64_unknown_linux_gnu = None
[INFO] [stderr]   HOST_CMAKE_PREFIX_PATH = None
[INFO] [stderr]   CMAKE_PREFIX_PATH = None
[INFO] [stderr]   CMAKE_x86_64-unknown-linux-gnu = None
[INFO] [stderr]   CMAKE_x86_64_unknown_linux_gnu = None
[INFO] [stderr]   HOST_CMAKE = None
[INFO] [stderr]   CMAKE = None
[INFO] [stderr]   running: cd "/opt/rustwide/target/debug/build/boring-sys-imp-7f4e8bd3b611a402/out/build" && CMAKE_PREFIX_PATH="" "cmake" "/opt/rustwide/cargo-home/registry/src/index.crates.io-6f17d22bba15001f/boring-sys-imp-2.0.1/deps/boringssl" "-DCMAKE_INSTALL_PREFIX=/opt/rustwide/target/debug/build/boring-sys-imp-7f4e8bd3b611a402/out" "-DCMAKE_C_FLAGS= -ffunction-sections -fdata-sections -fPIC -m64" "-DCMAKE_C_COMPILER=/usr/bin/cc" "-DCMAKE_CXX_FLAGS= -ffunction-sections -fdata-sections -fPIC -m64" "-DCMAKE_CXX_COMPILER=/usr/bin/c++" "-DCMAKE_ASM_FLAGS= -ffunction-sections -fdata-sections -fPIC -m64" "-DCMAKE_ASM_COMPILER=/usr/bin/cc" "-DCMAKE_BUILD_TYPE=Debug"
[INFO] [stderr]   -- The C compiler identification is GNU 11.4.0
[INFO] [stderr]   -- The CXX compiler identification is GNU 11.4.0
[INFO] [stderr]   -- Detecting C compiler ABI info
[INFO] [stderr]   -- Detecting C compiler ABI info - done
[INFO] [stderr]   -- Check for working C compiler: /usr/bin/cc - skipped
[INFO] [stderr]   -- Detecting C compile features
[INFO] [stderr]   -- Detecting C compile features - done
[INFO] [stderr]   -- Detecting CXX compiler ABI info
[INFO] [stderr]   -- Detecting CXX compiler ABI info - done
[INFO] [stderr]   -- Check for working CXX compiler: /usr/bin/c++ - skipped
[INFO] [stderr]   -- Detecting CXX compile features
[INFO] [stderr]   -- Detecting CXX compile features - done
[INFO] [stderr]   -- The ASM compiler identification is GNU
[INFO] [stderr]   -- Found assembler: /usr/bin/cc
[INFO] [stderr]   -- Configuring done
[INFO] [stderr]   -- Generating done
[INFO] [stderr]   -- Build files have been written to: /opt/rustwide/target/debug/build/boring-sys-imp-7f4e8bd3b611a402/out/build
[INFO] [stderr]   running: cd "/opt/rustwide/target/debug/build/boring-sys-imp-7f4e8bd3b611a402/out/build" && MAKEFLAGS="-j --jobserver-fds=7,8 --jobserver-auth=7,8" "cmake" "--build" "." "--target" "ssl" "--config" "Debug"
[INFO] [stderr]   [  7%] Building CXX object CMakeFiles/ssl.dir/src/ssl/bio_ssl.cc.o
[INFO] [stderr]   [  7%] Building CXX object CMakeFiles/ssl.dir/src/ssl/d1_both.cc.o
[INFO] [stderr]   [  7%] Building CXX object CMakeFiles/ssl.dir/src/ssl/dtls_method.cc.o
[INFO] [stderr]   [  7%] Building CXX object CMakeFiles/ssl.dir/src/ssl/d1_pkt.cc.o
[INFO] [stderr]   [ 15%] Building CXX object CMakeFiles/ssl.dir/src/ssl/d1_lib.cc.o
[INFO] [stderr]   [ 15%] Building CXX object CMakeFiles/ssl.dir/src/ssl/d1_srtp.cc.o
[INFO] [stderr]   [ 15%] Building CXX object CMakeFiles/ssl.dir/src/ssl/dtls_record.cc.o
[INFO] [stderr]   [ 23%] Building CXX object CMakeFiles/ssl.dir/src/ssl/encrypted_client_hello.cc.o
[INFO] [stderr]   [ 23%] Building CXX object CMakeFiles/ssl.dir/src/ssl/extensions.cc.o
[INFO] [stderr]   [ 23%] Building CXX object CMakeFiles/ssl.dir/src/ssl/handoff.cc.o
[INFO] [stderr]   [ 23%] Building CXX object CMakeFiles/ssl.dir/src/ssl/handshake_client.cc.o
[INFO] [stderr]   [ 30%] Building CXX object CMakeFiles/ssl.dir/src/ssl/handshake_server.cc.o
[INFO] [stderr]   [ 30%] Building CXX object CMakeFiles/ssl.dir/src/ssl/handshake.cc.o
[INFO] [stderr]   [ 38%] Building CXX object CMakeFiles/ssl.dir/src/ssl/s3_both.cc.o
[INFO] [stderr]   [ 38%] Building CXX object CMakeFiles/ssl.dir/src/ssl/s3_lib.cc.o
[INFO] [stderr]   [ 38%] Building CXX object CMakeFiles/ssl.dir/src/ssl/s3_pkt.cc.o
[INFO] [stderr]   [ 46%] Building CXX object CMakeFiles/ssl.dir/src/ssl/ssl_aead_ctx.cc.o
[INFO] [stderr] 
[INFO] [stderr]   --- stderr
[INFO] [stderr]   c++: fatal error: Killed signal terminated program cc1plus
[INFO] [stderr]   compilation terminated.
[INFO] [stderr]   gmake[3]: *** [CMakeFiles/ssl.dir/build.make:104: CMakeFiles/ssl.dir/src/ssl/d1_lib.cc.o] Error 1
[INFO] [stderr]   gmake[3]: *** Waiting for unfinished jobs....
[INFO] [stderr]   gmake[2]: *** [CMakeFiles/Makefile2:113: CMakeFiles/ssl.dir/all] Error 2
[INFO] [stderr]   gmake[1]: *** [CMakeFiles/Makefile2:120: CMakeFiles/ssl.dir/rule] Error 2
[INFO] [stderr]   gmake: *** [Makefile:137: ssl] Error 2
[INFO] [stderr]   thread 'main' panicked at /opt/rustwide/cargo-home/registry/src/index.crates.io-6f17d22bba15001f/cmake-0.1.50/src/lib.rs:1098:5:
[INFO] [stderr] 
[INFO] [stderr]   command did not execute successfully, got: exit status: 2
[INFO] [stderr] 
[INFO] [stderr]   build script failed, must exit now
[INFO] [stderr]   stack backtrace:
[INFO] [stderr]      0:     0x55a84792db8c - std::backtrace_rs::backtrace::libunwind::trace::ha637c64ce894333a
[INFO] [stderr]                                  at /rustc/82e1608dfa6e0b5569232559e3d385fea5a93112/library/std/src/../../backtrace/src/backtrace/libunwind.rs:104:5
[INFO] [stderr]      1:     0x55a84792db8c - std::backtrace_rs::backtrace::trace_unsynchronized::h47f62dea28e0c88d
[INFO] [stderr]                                  at /rustc/82e1608dfa6e0b5569232559e3d385fea5a93112/library/std/src/../../backtrace/src/backtrace/mod.rs:66:5
[INFO] [stderr]      2:     0x55a84792db8c - std::sys_common::backtrace::_print_fmt::h9eef0abe20ede486
[INFO] [stderr]                                  at /rustc/82e1608dfa6e0b5569232559e3d385fea5a93112/library/std/src/sys_common/backtrace.rs:67:5
[INFO] [stderr]      3:     0x55a84792db8c - <std::sys_common::backtrace::_print::DisplayBacktrace as core::fmt::Display>::fmt::hed7f999df88cc644
[INFO] [stderr]                                  at /rustc/82e1608dfa6e0b5569232559e3d385fea5a93112/library/std/src/sys_common/backtrace.rs:44:22
[INFO] [stderr]      4:     0x55a847959a00 - core::fmt::rt::Argument::fmt::h1539a9308b8d058d
[INFO] [stderr]                                  at /rustc/82e1608dfa6e0b5569232559e3d385fea5a93112/library/core/src/fmt/rt.rs:142:9
[INFO] [stderr]      5:     0x55a847959a00 - core::fmt::write::h3a39390d8560d9c9
[INFO] [stderr]                                  at /rustc/82e1608dfa6e0b5569232559e3d385fea5a93112/library/core/src/fmt/mod.rs:1120:17
[INFO] [stderr]      6:     0x55a84792aeef - std::io::Write::write_fmt::h5fc9997dfe05f882
[INFO] [stderr]                                  at /rustc/82e1608dfa6e0b5569232559e3d385fea5a93112/library/std/src/io/mod.rs:1762:15
[INFO] [stderr]      7:     0x55a84792d974 - std::sys_common::backtrace::_print::h894006fb5c6f3d45
[INFO] [stderr]                                  at /rustc/82e1608dfa6e0b5569232559e3d385fea5a93112/library/std/src/sys_common/backtrace.rs:47:5
[INFO] [stderr]      8:     0x55a84792d974 - std::sys_common::backtrace::print::h23a2d212c6fff936
[INFO] [stderr]                                  at /rustc/82e1608dfa6e0b5569232559e3d385fea5a93112/library/std/src/sys_common/backtrace.rs:34:9
[INFO] [stderr]      9:     0x55a84792f187 - std::panicking::default_hook::{{closure}}::h8a1d2ee00185001a
[INFO] [stderr]     10:     0x55a84792eeef - std::panicking::default_hook::h6038f2eba384e475
[INFO] [stderr]                                  at /rustc/82e1608dfa6e0b5569232559e3d385fea5a93112/library/std/src/panicking.rs:292:9
[INFO] [stderr]     11:     0x55a84792f608 - std::panicking::rust_panic_with_hook::h2b5517d590cab22e
[INFO] [stderr]                                  at /rustc/82e1608dfa6e0b5569232559e3d385fea5a93112/library/std/src/panicking.rs:779:13
[INFO] [stderr]     12:     0x55a84792f4ee - std::panicking::begin_panic_handler::{{closure}}::h233112c06e0ef43e
[INFO] [stderr]                                  at /rustc/82e1608dfa6e0b5569232559e3d385fea5a93112/library/std/src/panicking.rs:657:13
[INFO] [stderr]     13:     0x55a84792e056 - std::sys_common::backtrace::__rust_end_short_backtrace::h6e893f24d7ebbff8
[INFO] [stderr]                                  at /rustc/82e1608dfa6e0b5569232559e3d385fea5a93112/library/std/src/sys_common/backtrace.rs:170:18
[INFO] [stderr]     14:     0x55a84792f252 - rust_begin_unwind
[INFO] [stderr]                                  at /rustc/82e1608dfa6e0b5569232559e3d385fea5a93112/library/std/src/panicking.rs:645:5
[INFO] [stderr]     15:     0x55a84739b7b5 - core::panicking::panic_fmt::hbf0e066aabfa482c
[INFO] [stderr]                                  at /rustc/82e1608dfa6e0b5569232559e3d385fea5a93112/library/core/src/panicking.rs:72:14
[INFO] [stderr]     16:     0x55a8478c2ec1 - cmake::fail::h5587fa9acc2bc01f
[INFO] [stderr]     17:     0x55a8478c2647 - cmake::run::h96a6d4eedef2a02c
[INFO] [stderr]     18:     0x55a8478bef61 - cmake::Config::build::h7cdc028db868e276
[INFO] [stderr]     19:     0x55a8473a5b0c - build_script_build::main::{{closure}}::hc1103ad7bdef93d3
[INFO] [stderr]     20:     0x55a84739dc2e - core::result::Result<T,E>::unwrap_or_else::ha26dde8870017acd
[INFO] [stderr]     21:     0x55a8473a4418 - build_script_build::main::ha9b28f10f2da9b0d
[INFO] [stderr]     22:     0x55a84739d0a3 - core::ops::function::FnOnce::call_once::h197943169616a465
[INFO] [stderr]     23:     0x55a84739c216 - std::sys_common::backtrace::__rust_begin_short_backtrace::he04bd0375ec57f9a
[INFO] [stderr]     24:     0x55a84739c8f9 - std::rt::lang_start::{{closure}}::h4f8aecaefddf70b2
[INFO] [stderr]     25:     0x55a8479266b7 - core::ops::function::impls::<impl core::ops::function::FnOnce<A> for &F>::call_once::hd95060ecd5e1ca24
[INFO] [stderr]                                  at /rustc/82e1608dfa6e0b5569232559e3d385fea5a93112/library/core/src/ops/function.rs:284:13
[INFO] [stderr]     26:     0x55a8479266b7 - std::panicking::try::do_call::h6e8cf51db32a6e4b
[INFO] [stderr]                                  at /rustc/82e1608dfa6e0b5569232559e3d385fea5a93112/library/std/src/panicking.rs:552:40
[INFO] [stderr]     27:     0x55a8479266b7 - std::panicking::try::h3a52eefe24fe3c29
[INFO] [stderr]                                  at /rustc/82e1608dfa6e0b5569232559e3d385fea5a93112/library/std/src/panicking.rs:516:19
[INFO] [stderr]     28:     0x55a8479266b7 - std::panic::catch_unwind::h24c28c23c02c3841
[INFO] [stderr]                                  at /rustc/82e1608dfa6e0b5569232559e3d385fea5a93112/library/std/src/panic.rs:142:14
[INFO] [stderr]     29:     0x55a8479266b7 - std::rt::lang_start_internal::{{closure}}::h705d3c9cbc06ef47
[INFO] [stderr]                                  at /rustc/82e1608dfa6e0b5569232559e3d385fea5a93112/library/std/src/rt.rs:148:48
[INFO] [stderr]     30:     0x55a8479266b7 - std::panicking::try::do_call::ha21f52ba13158470
[INFO] [stderr]                                  at /rustc/82e1608dfa6e0b5569232559e3d385fea5a93112/library/std/src/panicking.rs:552:40
[INFO] [stderr]     31:     0x55a8479266b7 - std::panicking::try::h5581346bf6aeb1f8
[INFO] [stderr]                                  at /rustc/82e1608dfa6e0b5569232559e3d385fea5a93112/library/std/src/panicking.rs:516:19
[INFO] [stderr]     32:     0x55a8479266b7 - std::panic::catch_unwind::h7919645a6b72e25b
[INFO] [stderr]                                  at /rustc/82e1608dfa6e0b5569232559e3d385fea5a93112/library/std/src/panic.rs:142:14
[INFO] [stderr]     33:     0x55a8479266b7 - std::rt::lang_start_internal::h12de51168669836e
[INFO] [stderr]                                  at /rustc/82e1608dfa6e0b5569232559e3d385fea5a93112/library/std/src/rt.rs:148:20
[INFO] [stderr]     34:     0x55a84739c8d7 - std::rt::lang_start::h27562f3ebb91007e
[INFO] [stderr]     35:     0x55a8473a5e85 - main
[INFO] [stderr]     36:     0x7f8d2c0b7d90 - <unknown>
[INFO] [stderr]     37:     0x7f8d2c0b7e40 - __libc_start_main
[INFO] [stderr]     38:     0x55a84739c085 - _start
[INFO] [stderr]     39:                0x0 - <unknown>
[INFO] running `Command { std: "docker" "inspect" "76a206b7b50b14b23b0b5d998a60b9cc6449d114d36a15f0bc290dc83c4cc9fb", kill_on_drop: false }`
[INFO] running `Command { std: "docker" "rm" "-f" "76a206b7b50b14b23b0b5d998a60b9cc6449d114d36a15f0bc290dc83c4cc9fb", kill_on_drop: false }`
[INFO] [stdout] 76a206b7b50b14b23b0b5d998a60b9cc6449d114d36a15f0bc290dc83c4cc9fb
[INFO] documenting reqwest-impersonate-0.11.30 against beta-2023-12-22 for beta-1.76-rustdoc-1
[INFO] extracting crate reqwest-impersonate 0.11.30 into /workspace/builds/worker-1-tc2/source
[INFO] validating manifest of crates.io crate reqwest-impersonate 0.11.30 on toolchain beta-2023-12-22
[INFO] running `Command { std: CARGO_HOME="/workspace/cargo-home" RUSTUP_HOME="/workspace/rustup-home" "/workspace/cargo-home/bin/cargo" "+beta-2023-12-22" "metadata" "--manifest-path" "Cargo.toml" "--no-deps", kill_on_drop: false }`
[INFO] started tweaking crates.io crate reqwest-impersonate 0.11.30
[INFO] removed 0 missing examples
[INFO] removed 0 missing tests
[INFO] finished tweaking crates.io crate reqwest-impersonate 0.11.30
[INFO] tweaked toml for crates.io crate reqwest-impersonate 0.11.30 written to /workspace/builds/worker-1-tc2/source/Cargo.toml
[INFO] crate crates.io crate reqwest-impersonate 0.11.30 already has a lockfile, it will not be regenerated
[INFO] running `Command { std: CARGO_HOME="/workspace/cargo-home" RUSTUP_HOME="/workspace/rustup-home" "/workspace/cargo-home/bin/cargo" "+beta-2023-12-22" "fetch" "--manifest-path" "Cargo.toml", kill_on_drop: false }`
[INFO] running `Command { std: "docker" "create" "-v" "/var/lib/crater-agent-workspace/builds/worker-1-tc2/target:/opt/rustwide/target:rw,Z" "-v" "/var/lib/crater-agent-workspace/builds/worker-1-tc2/source:/opt/rustwide/workdir:ro,Z" "-v" "/var/lib/crater-agent-workspace/cargo-home:/opt/rustwide/cargo-home:ro,Z" "-v" "/var/lib/crater-agent-workspace/rustup-home:/opt/rustwide/rustup-home:ro,Z" "-e" "SOURCE_DIR=/opt/rustwide/workdir" "-e" "CARGO_TARGET_DIR=/opt/rustwide/target" "-e" "CARGO_HOME=/opt/rustwide/cargo-home" "-e" "RUSTUP_HOME=/opt/rustwide/rustup-home" "-w" "/opt/rustwide/workdir" "-m" "1610612736" "--user" "0:0" "--network" "none" "ghcr.io/rust-lang/crates-build-env/linux@sha256:2788e3201cd34a07e3172128adcd8b3090168a8e3bcc40d7c032b9dda1df7d1c" "/opt/rustwide/cargo-home/bin/cargo" "+beta-2023-12-22" "metadata" "--no-deps" "--format-version=1", kill_on_drop: false }`
[INFO] [stdout] 25c730f8aa9c62578f189d4a379ed9677cbaeb01cf8ea730ed93b2f0fbee4736
[INFO] running `Command { std: "docker" "start" "-a" "25c730f8aa9c62578f189d4a379ed9677cbaeb01cf8ea730ed93b2f0fbee4736", kill_on_drop: false }`
[INFO] running `Command { std: "docker" "inspect" "25c730f8aa9c62578f189d4a379ed9677cbaeb01cf8ea730ed93b2f0fbee4736", kill_on_drop: false }`
[INFO] running `Command { std: "docker" "rm" "-f" "25c730f8aa9c62578f189d4a379ed9677cbaeb01cf8ea730ed93b2f0fbee4736", kill_on_drop: false }`
[INFO] [stdout] 25c730f8aa9c62578f189d4a379ed9677cbaeb01cf8ea730ed93b2f0fbee4736
[INFO] running `Command { std: "docker" "create" "-v" "/var/lib/crater-agent-workspace/builds/worker-1-tc2/target:/opt/rustwide/target:rw,Z" "-v" "/var/lib/crater-agent-workspace/builds/worker-1-tc2/source:/opt/rustwide/workdir:ro,Z" "-v" "/var/lib/crater-agent-workspace/cargo-home:/opt/rustwide/cargo-home:ro,Z" "-v" "/var/lib/crater-agent-workspace/rustup-home:/opt/rustwide/rustup-home:ro,Z" "-e" "SOURCE_DIR=/opt/rustwide/workdir" "-e" "CARGO_TARGET_DIR=/opt/rustwide/target" "-e" "CARGO_INCREMENTAL=0" "-e" "RUST_BACKTRACE=full" "-e" "RUSTFLAGS=--cap-lints=warn" "-e" "RUSTDOCFLAGS=--cap-lints=warn" "-e" "CARGO_HOME=/opt/rustwide/cargo-home" "-e" "RUSTUP_HOME=/opt/rustwide/rustup-home" "-w" "/opt/rustwide/workdir" "-m" "1610612736" "--user" "0:0" "--network" "none" "ghcr.io/rust-lang/crates-build-env/linux@sha256:2788e3201cd34a07e3172128adcd8b3090168a8e3bcc40d7c032b9dda1df7d1c" "/opt/rustwide/cargo-home/bin/cargo" "+beta-2023-12-22" "doc" "--frozen" "--no-deps" "--document-private-items" "--message-format=json", kill_on_drop: false }`
[INFO] [stdout] 15725c6821970e8d81a2901a8458190e206e55c6d680408c9eaa4b0065736a98
[INFO] running `Command { std: "docker" "start" "-a" "15725c6821970e8d81a2901a8458190e206e55c6d680408c9eaa4b0065736a98", kill_on_drop: false }`
[INFO] [stderr]    Compiling libc v0.2.149
[INFO] [stderr]    Compiling memchr v2.6.4
[INFO] [stderr]    Compiling glob v0.3.1
[INFO] [stderr]    Compiling regex-syntax v0.8.2
[INFO] [stderr]    Compiling futures-core v0.3.28
[INFO] [stderr]    Compiling bindgen v0.60.1
[INFO] [stderr]    Compiling shlex v1.2.0
[INFO] [stderr]    Compiling lazycell v1.3.0
[INFO] [stderr]    Compiling rustc-hash v1.1.0
[INFO] [stderr]     Checking alloc-no-stdlib v2.0.4
[INFO] [stderr]    Compiling proc-macro2 v1.0.69
[INFO] [stderr]    Compiling libloading v0.7.4
[INFO] [stderr]    Compiling peeking_take_while v0.1.2
[INFO] [stderr]     Checking once_cell v1.18.0
[INFO] [stderr]    Compiling futures-task v0.3.28
[INFO] [stderr]    Compiling futures-util v0.3.28
[INFO] [stderr]     Checking http v0.2.9
[INFO] [stderr]     Checking futures-sink v0.3.28
[INFO] [stderr]     Checking foreign-types-shared v0.3.1
[INFO] [stderr]     Checking alloc-stdlib v0.2.2
[INFO] [stderr]    Compiling futures-channel v0.3.28
[INFO] [stderr]     Checking hashbrown v0.14.1
[INFO] [stderr]     Checking tracing-core v0.1.32
[INFO] [stderr]    Compiling serde v1.0.189
[INFO] [stderr]     Checking brotli-decompressor v2.5.0
[INFO] [stderr]     Checking linked-hash-map v0.5.6
[INFO] [stderr]     Checking flate2 v1.0.28
[INFO] [stderr]     Checking antidote v1.0.0
[INFO] [stderr]     Checking tower-layer v0.3.2
[INFO] [stderr]     Checking linked_hash_set v0.1.4
[INFO] [stderr]    Compiling clang-sys v1.6.1
[INFO] [stderr]    Compiling quote v1.0.33
[INFO] [stderr]     Checking ipnet v2.8.0
[INFO] [stderr]     Checking log v0.4.20
[INFO] [stderr]     Checking tracing v0.1.39
[INFO] [stderr]    Compiling syn v2.0.38
[INFO] [stderr]    Compiling aho-corasick v1.1.2
[INFO] [stderr]    Compiling nom v7.1.3
[INFO] [stderr]     Checking base64 v0.21.4
[INFO] [stderr]     Checking http-body v0.4.5
[INFO] [stderr]     Checking indexmap v2.0.2
[INFO] [stderr]     Checking brotli v3.4.0
[INFO] [stderr]     Checking mio v0.8.8
[INFO] [stderr]     Checking socket2 v0.5.4
[INFO] [stderr]     Checking num_cpus v1.16.0
[INFO] [stderr]    Compiling regex-automata v0.4.2
[INFO] [stderr]    Compiling cc v1.0.83
[INFO] [stderr]    Compiling cexpr v0.6.0
[INFO] [stderr]    Compiling cmake v0.1.50
[INFO] [stderr]    Compiling tokio-macros v2.1.0
[INFO] [stderr]    Compiling foreign-types-macros v0.2.3
[INFO] [stderr]    Compiling serde_derive v1.0.189
[INFO] [stderr]    Compiling regex v1.10.1
[INFO] [stderr]     Checking foreign-types v0.5.0
[INFO] [stderr]     Checking tokio v1.33.0
[INFO] [stderr]     Checking tokio-util v0.7.9
[INFO] [stderr]     Checking async-compression v0.4.4
[INFO] [stderr]     Checking h2_imp v0.3.21
[INFO] [stderr]    Compiling boring-sys-imp v2.0.1
[INFO] [stderr]     Checking serde_urlencoded v0.7.1
[INFO] [stderr]     Checking hyper_imp v0.14.29
[INFO] [stderr] error: could not compile `hyper_imp` (lib)
[INFO] [stderr] 
[INFO] [stderr] Caused by:
[INFO] [stderr]   process didn't exit successfully: `/opt/rustwide/rustup-home/toolchains/beta-2023-12-22-x86_64-unknown-linux-gnu/bin/rustc --crate-name hyper_imp --edition=2018 /opt/rustwide/cargo-home/registry/src/index.crates.io-6f17d22bba15001f/hyper_imp-0.14.29/src/lib.rs --error-format=json --json=diagnostic-rendered-ansi,artifacts,future-incompat --crate-type lib --emit=dep-info,metadata -C embed-bitcode=no -C debuginfo=2 --cfg 'feature="client"' --cfg 'feature="h2"' --cfg 'feature="http1"' --cfg 'feature="http2"' --cfg 'feature="runtime"' --cfg 'feature="server"' --cfg 'feature="socket2"' --cfg 'feature="stream"' --cfg 'feature="tcp"' -C metadata=38438fd40224a948 -C extra-filename=-38438fd40224a948 --out-dir /opt/rustwide/target/debug/deps -L dependency=/opt/rustwide/target/debug/deps --extern bytes=/opt/rustwide/target/debug/deps/libbytes-c0a5d3e6d3fe5695.rmeta --extern futures_channel=/opt/rustwide/target/debug/deps/libfutures_channel-3cd951fa20e41b8a.rmeta --extern futures_core=/opt/rustwide/target/debug/deps/libfutures_core-bc27e94254811b20.rmeta --extern futures_util=/opt/rustwide/target/debug/deps/libfutures_util-b7b5767882fde922.rmeta --extern h2=/opt/rustwide/target/debug/deps/libh2_imp-848ac0a2dc414566.rmeta --extern http=/opt/rustwide/target/debug/deps/libhttp-fadf270250701bf0.rmeta --extern http_body=/opt/rustwide/target/debug/deps/libhttp_body-6efe5286b4661b04.rmeta --extern httparse=/opt/rustwide/target/debug/deps/libhttparse-ce6e43cd12e8169a.rmeta --extern httpdate=/opt/rustwide/target/debug/deps/libhttpdate-917845beda89cbcb.rmeta --extern itoa=/opt/rustwide/target/debug/deps/libitoa-97436e533035bfca.rmeta --extern pin_project_lite=/opt/rustwide/target/debug/deps/libpin_project_lite-58221c951513ab43.rmeta --extern socket2=/opt/rustwide/target/debug/deps/libsocket2-f3d9faa68fdb1ce0.rmeta --extern tokio=/opt/rustwide/target/debug/deps/libtokio-5489d5d2bc1aaaa0.rmeta --extern tower_service=/opt/rustwide/target/debug/deps/libtower_service-d1848352b0a7a30a.rmeta --extern tracing=/opt/rustwide/target/debug/deps/libtracing-000a1e850833d9ba.rmeta --extern want=/opt/rustwide/target/debug/deps/libwant-72a911e31705b535.rmeta --cap-lints allow --cap-lints=warn` (signal: 9, SIGKILL: kill)
[INFO] [stderr] warning: build failed, waiting for other jobs to finish...
[INFO] running `Command { std: "docker" "inspect" "15725c6821970e8d81a2901a8458190e206e55c6d680408c9eaa4b0065736a98", kill_on_drop: false }`
[INFO] running `Command { std: "docker" "rm" "-f" "15725c6821970e8d81a2901a8458190e206e55c6d680408c9eaa4b0065736a98", kill_on_drop: false }`
[INFO] [stdout] 15725c6821970e8d81a2901a8458190e206e55c6d680408c9eaa4b0065736a98
