[INFO] fetching crate requiem-http-test 1.0.0-r1...
[INFO] documenting requiem-http-test-1.0.0-r1 against 1.75.0 for beta-1.76-rustdoc-1
[INFO] extracting crate requiem-http-test 1.0.0-r1 into /workspace/builds/worker-6-tc1/source
[INFO] validating manifest of crates.io crate requiem-http-test 1.0.0-r1 on toolchain 1.75.0
[INFO] running `Command { std: CARGO_HOME="/workspace/cargo-home" RUSTUP_HOME="/workspace/rustup-home" "/workspace/cargo-home/bin/cargo" "+1.75.0" "metadata" "--manifest-path" "Cargo.toml" "--no-deps", kill_on_drop: false }`
[INFO] started tweaking crates.io crate requiem-http-test 1.0.0-r1
[INFO] finished tweaking crates.io crate requiem-http-test 1.0.0-r1
[INFO] tweaked toml for crates.io crate requiem-http-test 1.0.0-r1 written to /workspace/builds/worker-6-tc1/source/Cargo.toml
[INFO] running `Command { std: CARGO_HOME="/workspace/cargo-home" RUSTUP_HOME="/workspace/rustup-home" "/workspace/cargo-home/bin/cargo" "+1.75.0" "generate-lockfile" "--manifest-path" "Cargo.toml", kill_on_drop: false }`
[INFO] [stderr]     Updating crates.io index
[INFO] running `Command { std: CARGO_HOME="/workspace/cargo-home" RUSTUP_HOME="/workspace/rustup-home" "/workspace/cargo-home/bin/cargo" "+1.75.0" "fetch" "--manifest-path" "Cargo.toml", kill_on_drop: false }`
[INFO] [stderr]  Downloading crates ...
[INFO] [stderr]   Downloaded trust-dns-resolver v0.18.0-alpha.2
[INFO] [stderr]   Downloaded requiem-macros v0.1.1
[INFO] [stderr]   Downloaded tokio-openssl v0.4.0
[INFO] [stderr]   Downloaded bytestring v0.1.5
[INFO] [stderr]   Downloaded trust-dns-proto v0.18.0-alpha.2
[INFO] [stderr]   Downloaded requiem-codec v0.2.0
[INFO] [stderr]   Downloaded requiem-threadpool v0.3.1
[INFO] [stderr]   Downloaded requiem-rt v1.0.0
[INFO] [stderr]   Downloaded requiem-web-codegen v0.2.0
[INFO] [stderr]   Downloaded requiem-tls v1.0.0
[INFO] [stderr]   Downloaded requiem-connect v1.0.2
[INFO] [stderr]   Downloaded requiem-testing v1.0.0
[INFO] [stderr]   Downloaded requiem-router v0.2.4
[INFO] [stderr]   Downloaded requiem-utils v1.0.6
[INFO] [stderr]   Downloaded requiem-service v1.0.5
[INFO] [stderr]   Downloaded requiem-wc v1.0.1
[INFO] [stderr]   Downloaded requiem-server v1.0.1
[INFO] [stderr]   Downloaded requiem-web v2.0.0-r2
[INFO] [stderr]   Downloaded requiem-http v1.0.1
[INFO] running `Command { std: "docker" "create" "-v" "/var/lib/crater-agent-workspace/builds/worker-6-tc1/target:/opt/rustwide/target:rw,Z" "-v" "/var/lib/crater-agent-workspace/builds/worker-6-tc1/source:/opt/rustwide/workdir:ro,Z" "-v" "/var/lib/crater-agent-workspace/cargo-home:/opt/rustwide/cargo-home:ro,Z" "-v" "/var/lib/crater-agent-workspace/rustup-home:/opt/rustwide/rustup-home:ro,Z" "-e" "SOURCE_DIR=/opt/rustwide/workdir" "-e" "CARGO_TARGET_DIR=/opt/rustwide/target" "-e" "CARGO_HOME=/opt/rustwide/cargo-home" "-e" "RUSTUP_HOME=/opt/rustwide/rustup-home" "-w" "/opt/rustwide/workdir" "-m" "1610612736" "--user" "0:0" "--network" "none" "ghcr.io/rust-lang/crates-build-env/linux@sha256:2788e3201cd34a07e3172128adcd8b3090168a8e3bcc40d7c032b9dda1df7d1c" "/opt/rustwide/cargo-home/bin/cargo" "+1.75.0" "metadata" "--no-deps" "--format-version=1", kill_on_drop: false }`
[INFO] [stdout] ceee335d772dbe0c967d2a93d5496fbd4df45df24a12c34f216e81a522deabd3
[INFO] running `Command { std: "docker" "start" "-a" "ceee335d772dbe0c967d2a93d5496fbd4df45df24a12c34f216e81a522deabd3", kill_on_drop: false }`
[INFO] running `Command { std: "docker" "inspect" "ceee335d772dbe0c967d2a93d5496fbd4df45df24a12c34f216e81a522deabd3", kill_on_drop: false }`
[INFO] running `Command { std: "docker" "rm" "-f" "ceee335d772dbe0c967d2a93d5496fbd4df45df24a12c34f216e81a522deabd3", kill_on_drop: false }`
[INFO] [stdout] ceee335d772dbe0c967d2a93d5496fbd4df45df24a12c34f216e81a522deabd3
[INFO] running `Command { std: "docker" "create" "-v" "/var/lib/crater-agent-workspace/builds/worker-6-tc1/target:/opt/rustwide/target:rw,Z" "-v" "/var/lib/crater-agent-workspace/builds/worker-6-tc1/source:/opt/rustwide/workdir:ro,Z" "-v" "/var/lib/crater-agent-workspace/cargo-home:/opt/rustwide/cargo-home:ro,Z" "-v" "/var/lib/crater-agent-workspace/rustup-home:/opt/rustwide/rustup-home:ro,Z" "-e" "SOURCE_DIR=/opt/rustwide/workdir" "-e" "CARGO_TARGET_DIR=/opt/rustwide/target" "-e" "CARGO_INCREMENTAL=0" "-e" "RUST_BACKTRACE=full" "-e" "RUSTFLAGS=--cap-lints=warn" "-e" "RUSTDOCFLAGS=--cap-lints=warn" "-e" "CARGO_HOME=/opt/rustwide/cargo-home" "-e" "RUSTUP_HOME=/opt/rustwide/rustup-home" "-w" "/opt/rustwide/workdir" "-m" "1610612736" "--user" "0:0" "--network" "none" "ghcr.io/rust-lang/crates-build-env/linux@sha256:2788e3201cd34a07e3172128adcd8b3090168a8e3bcc40d7c032b9dda1df7d1c" "/opt/rustwide/cargo-home/bin/cargo" "+1.75.0" "doc" "--frozen" "--no-deps" "--document-private-items" "--message-format=json", kill_on_drop: false }`
[INFO] [stdout] adff86d82f4d4024226a2c2840cfffc054753d416b564a805e80c4b3b6f762b4
[INFO] running `Command { std: "docker" "start" "-a" "adff86d82f4d4024226a2c2840cfffc054753d416b564a805e80c4b3b6f762b4", kill_on_drop: false }`
[INFO] [stderr]    Compiling libc v0.2.151
[INFO] [stderr]    Compiling syn v1.0.109
[INFO] [stderr]    Compiling proc-macro2 v1.0.76
[INFO] [stderr]     Checking futures-channel v0.3.30
[INFO] [stderr]     Checking bytes v0.5.6
[INFO] [stderr]     Checking pin-project-lite v0.1.12
[INFO] [stderr]    Compiling pin-project-internal v0.4.30
[INFO] [stderr]     Checking lock_api v0.3.4
[INFO] [stderr]     Checking miniz_oxide v0.7.1
[INFO] [stderr]     Checking copyless v0.1.5
[INFO] [stderr]    Compiling async-trait v0.1.77
[INFO] [stderr]     Checking generic-array v0.12.4
[INFO] [stderr]    Compiling num-traits v0.2.17
[INFO] [stderr]    Compiling indexmap v1.9.3
[INFO] [stderr]    Compiling crc32fast v1.3.2
[INFO] [stderr]    Compiling quote v1.0.35
[INFO] [stderr]     Checking byte-tools v0.3.1
[INFO] [stderr]    Compiling syn v2.0.48
[INFO] [stderr]     Checking block-padding v0.1.5
[INFO] [stderr]     Checking tracing v0.1.40
[INFO] [stderr]     Checking block-buffer v0.7.3
[INFO] [stderr]     Checking digest v0.8.1
[INFO] [stderr]     Checking itoa v0.4.8
[INFO] [stderr]     Checking fake-simd v0.1.2
[INFO] [stderr]     Checking iovec v0.1.4
[INFO] [stderr]     Checking net2 v0.2.39
[INFO] [stderr]     Checking signal-hook-registry v1.4.1
[INFO] [stderr]     Checking num_cpus v1.16.0
[INFO] [stderr]    Compiling cc v1.0.83
[INFO] [stderr]     Checking parking_lot_core v0.7.3
[INFO] [stderr]     Checking getrandom v0.1.16
[INFO] [stderr]     Checking mio v0.6.23
[INFO] [stderr]     Checking hostname v0.3.1
[INFO] [stderr]     Checking rand_core v0.5.1
[INFO] [stderr]     Checking socket2 v0.3.19
[INFO] [stderr]     Checking threadpool v1.8.1
[INFO] [stderr]     Checking rand_chacha v0.2.2
[INFO] [stderr]     Checking resolv-conf v0.6.3
[INFO] [stderr]     Checking parking_lot v0.10.2
[INFO] [stderr]     Checking rand v0.7.3
[INFO] [stderr]     Checking dtoa v0.4.8
[INFO] [stderr]     Checking opaque-debug v0.2.3
[INFO] [stderr]     Checking mio-uds v0.6.8
[INFO] [stderr]     Checking sha-1 v0.8.2
[INFO] [stderr]     Checking time v0.1.45
[INFO] [stderr]     Checking tokio v0.2.25
[INFO] [stderr]     Checking flate2 v1.0.28
[INFO] [stderr]     Checking base64 v0.11.0
[INFO] [stderr]     Checking atty v0.2.14
[INFO] [stderr]     Checking sha1_smol v1.0.0
[INFO] [stderr]     Checking sha1 v0.6.1
[INFO] [stderr]     Checking env_logger v0.6.2
[INFO] [stderr]     Checking chrono v0.4.31
[INFO] [stderr]    Compiling backtrace v0.3.69
[INFO] [stderr]    Compiling brotli-sys v0.3.2
[INFO] [stderr]    Compiling futures-macro v0.3.30
[INFO] [stderr]    Compiling pin-project-internal v1.1.3
[INFO] [stderr]    Compiling serde_derive v1.0.195
[INFO] [stderr]     Checking tokio-util v0.2.0
[INFO] [stderr]     Checking tokio-util v0.3.1
[INFO] [stderr]    Compiling synstructure v0.12.6
[INFO] [stderr]     Checking requiem-codec v0.2.0
[INFO] [stderr]     Checking futures-util v0.3.30
[INFO] [stderr]     Checking pin-project v1.1.3
[INFO] [stderr]     Checking tracing-futures v0.2.5
[INFO] [stderr]    Compiling derive_more v0.99.17
[INFO] [stderr]    Compiling requiem-macros v0.1.1
[INFO] [stderr]    Compiling failure_derive v0.1.8
[INFO] [stderr]    Compiling enum-as-inner v0.3.4
[INFO] [stderr]     Checking serde v1.0.195
[INFO] [stderr]     Checking failure v0.1.8
[INFO] [stderr]     Checking pin-project v0.4.30
[INFO] [stderr]     Checking futures-executor v0.3.30
[INFO] [stderr]     Checking requiem-service v1.0.5
[INFO] [stderr]     Checking h2 v0.2.7
[INFO] [stderr]     Checking futures v0.3.30
[INFO] [stderr]     Checking trust-dns-proto v0.18.0-alpha.2
[INFO] [stderr]     Checking brotli2 v0.3.2
[INFO] [stderr]     Checking requiem-threadpool v0.3.1
[INFO] [stderr]     Checking requiem-rt v1.0.0
[INFO] [stderr]     Checking trust-dns-resolver v0.18.0-alpha.2
[INFO] [stderr]     Checking requiem-utils v1.0.6
[INFO] [stderr]     Checking requiem-server v1.0.1
[INFO] [stderr]     Checking serde_urlencoded v0.6.1
[INFO] [stderr]     Checking serde_json v1.0.111
[INFO] [stderr]     Checking requiem-testing v1.0.0
[INFO] [stderr]     Checking requiem-connect v1.0.2
[INFO] [stderr]     Checking requiem-http v1.0.1
[INFO] [stdout] error[E0277]: cannot subtract `chrono::Duration` from `Tm`
[INFO] [stdout]    --> /opt/rustwide/cargo-home/registry/src/index.crates.io-6f17d22bba15001f/requiem-http-1.0.1/src/cookie/jar.rs:224:44
[INFO] [stdout]     |
[INFO] [stdout] 224 |             cookie.set_expires(time::now() - Duration::days(365));
[INFO] [stdout]     |                                            ^ no implementation for `Tm - chrono::Duration`
[INFO] [stdout]     |
[INFO] [stdout]     = help: the trait `Sub<chrono::Duration>` is not implemented for `Tm`
[INFO] [stdout]     = help: the following other types implement trait `Sub<Rhs>`:
[INFO] [stdout]               <Tm as Sub<time::Duration>>
[INFO] [stdout]               <Tm as Sub>
[INFO] [stdout] 
[INFO] [stdout] 
[INFO] [stdout] error[E0308]: mismatched types
[INFO] [stdout]    --> /opt/rustwide/cargo-home/registry/src/index.crates.io-6f17d22bba15001f/requiem-http-1.0.1/src/cookie/mod.rs:736:40
[INFO] [stdout]     |
[INFO] [stdout] 736 |         self.set_expires(time::now() + twenty_years);
[INFO] [stdout]     |                                        ^^^^^^^^^^^^ expected `time::Duration`, found `chrono::Duration`
[INFO] [stdout]     |
[INFO] [stdout]     = note: `chrono::Duration` and `time::Duration` have similar names, but are actually distinct types
[INFO] [stdout] note: `chrono::Duration` is defined in crate `chrono`
[INFO] [stdout]    --> /opt/rustwide/cargo-home/registry/src/index.crates.io-6f17d22bba15001f/chrono-0.4.31/src/duration.rs:55:1
[INFO] [stdout]     |
[INFO] [stdout] 55  | pub struct Duration {
[INFO] [stdout]     | ^^^^^^^^^^^^^^^^^^^
[INFO] [stdout] note: `time::Duration` is defined in crate `time`
[INFO] [stdout]    --> /opt/rustwide/cargo-home/registry/src/index.crates.io-6f17d22bba15001f/time-0.1.45/src/duration.rs:45:1
[INFO] [stdout]     |
[INFO] [stdout] 45  | pub struct Duration {
[INFO] [stdout]     | ^^^^^^^^^^^^^^^^^^^
[INFO] [stdout] 
[INFO] [stdout] 
[INFO] [stdout] error: aborting due to 2 previous errors
[INFO] [stdout] 
[INFO] [stdout] 
[INFO] [stdout] Some errors have detailed explanations: E0277, E0308.
[INFO] [stdout] 
[INFO] [stdout] For more information about an error, try `rustc --explain E0277`.
[INFO] [stdout] 
[INFO] [stderr] error: could not compile `requiem-http` (lib) due to 3 previous errors
[INFO] running `Command { std: "docker" "inspect" "adff86d82f4d4024226a2c2840cfffc054753d416b564a805e80c4b3b6f762b4", kill_on_drop: false }`
[INFO] running `Command { std: "docker" "rm" "-f" "adff86d82f4d4024226a2c2840cfffc054753d416b564a805e80c4b3b6f762b4", kill_on_drop: false }`
[INFO] [stdout] adff86d82f4d4024226a2c2840cfffc054753d416b564a805e80c4b3b6f762b4
[INFO] documenting requiem-http-test-1.0.0-r1 against beta-2023-12-22 for beta-1.76-rustdoc-1
[INFO] extracting crate requiem-http-test 1.0.0-r1 into /workspace/builds/worker-6-tc2/source
[INFO] validating manifest of crates.io crate requiem-http-test 1.0.0-r1 on toolchain beta-2023-12-22
[INFO] running `Command { std: CARGO_HOME="/workspace/cargo-home" RUSTUP_HOME="/workspace/rustup-home" "/workspace/cargo-home/bin/cargo" "+beta-2023-12-22" "metadata" "--manifest-path" "Cargo.toml" "--no-deps", kill_on_drop: false }`
[INFO] started tweaking crates.io crate requiem-http-test 1.0.0-r1
[INFO] finished tweaking crates.io crate requiem-http-test 1.0.0-r1
[INFO] tweaked toml for crates.io crate requiem-http-test 1.0.0-r1 written to /workspace/builds/worker-6-tc2/source/Cargo.toml
[INFO] running `Command { std: CARGO_HOME="/workspace/cargo-home" RUSTUP_HOME="/workspace/rustup-home" "/workspace/cargo-home/bin/cargo" "+beta-2023-12-22" "generate-lockfile" "--manifest-path" "Cargo.toml", kill_on_drop: false }`
[INFO] [stderr]     Updating crates.io index
[INFO] running `Command { std: CARGO_HOME="/workspace/cargo-home" RUSTUP_HOME="/workspace/rustup-home" "/workspace/cargo-home/bin/cargo" "+beta-2023-12-22" "fetch" "--manifest-path" "Cargo.toml", kill_on_drop: false }`
[INFO] running `Command { std: "docker" "create" "-v" "/var/lib/crater-agent-workspace/builds/worker-6-tc2/target:/opt/rustwide/target:rw,Z" "-v" "/var/lib/crater-agent-workspace/builds/worker-6-tc2/source:/opt/rustwide/workdir:ro,Z" "-v" "/var/lib/crater-agent-workspace/cargo-home:/opt/rustwide/cargo-home:ro,Z" "-v" "/var/lib/crater-agent-workspace/rustup-home:/opt/rustwide/rustup-home:ro,Z" "-e" "SOURCE_DIR=/opt/rustwide/workdir" "-e" "CARGO_TARGET_DIR=/opt/rustwide/target" "-e" "CARGO_HOME=/opt/rustwide/cargo-home" "-e" "RUSTUP_HOME=/opt/rustwide/rustup-home" "-w" "/opt/rustwide/workdir" "-m" "1610612736" "--user" "0:0" "--network" "none" "ghcr.io/rust-lang/crates-build-env/linux@sha256:2788e3201cd34a07e3172128adcd8b3090168a8e3bcc40d7c032b9dda1df7d1c" "/opt/rustwide/cargo-home/bin/cargo" "+beta-2023-12-22" "metadata" "--no-deps" "--format-version=1", kill_on_drop: false }`
[INFO] [stdout] b8067d07168a28e6bbbeb341a81a5ee2ef742a631380b43d31888dab47d778e5
[INFO] running `Command { std: "docker" "start" "-a" "b8067d07168a28e6bbbeb341a81a5ee2ef742a631380b43d31888dab47d778e5", kill_on_drop: false }`
[INFO] running `Command { std: "docker" "inspect" "b8067d07168a28e6bbbeb341a81a5ee2ef742a631380b43d31888dab47d778e5", kill_on_drop: false }`
[INFO] running `Command { std: "docker" "rm" "-f" "b8067d07168a28e6bbbeb341a81a5ee2ef742a631380b43d31888dab47d778e5", kill_on_drop: false }`
[INFO] [stdout] b8067d07168a28e6bbbeb341a81a5ee2ef742a631380b43d31888dab47d778e5
[INFO] running `Command { std: "docker" "create" "-v" "/var/lib/crater-agent-workspace/builds/worker-6-tc2/target:/opt/rustwide/target:rw,Z" "-v" "/var/lib/crater-agent-workspace/builds/worker-6-tc2/source:/opt/rustwide/workdir:ro,Z" "-v" "/var/lib/crater-agent-workspace/cargo-home:/opt/rustwide/cargo-home:ro,Z" "-v" "/var/lib/crater-agent-workspace/rustup-home:/opt/rustwide/rustup-home:ro,Z" "-e" "SOURCE_DIR=/opt/rustwide/workdir" "-e" "CARGO_TARGET_DIR=/opt/rustwide/target" "-e" "CARGO_INCREMENTAL=0" "-e" "RUST_BACKTRACE=full" "-e" "RUSTFLAGS=--cap-lints=warn" "-e" "RUSTDOCFLAGS=--cap-lints=warn" "-e" "CARGO_HOME=/opt/rustwide/cargo-home" "-e" "RUSTUP_HOME=/opt/rustwide/rustup-home" "-w" "/opt/rustwide/workdir" "-m" "1610612736" "--user" "0:0" "--network" "none" "ghcr.io/rust-lang/crates-build-env/linux@sha256:2788e3201cd34a07e3172128adcd8b3090168a8e3bcc40d7c032b9dda1df7d1c" "/opt/rustwide/cargo-home/bin/cargo" "+beta-2023-12-22" "doc" "--frozen" "--no-deps" "--document-private-items" "--message-format=json", kill_on_drop: false }`
[INFO] [stdout] a7dd14e3650437abed6178a27f70d916f441255e1d559ecd58c47756f88be9a5
[INFO] running `Command { std: "docker" "start" "-a" "a7dd14e3650437abed6178a27f70d916f441255e1d559ecd58c47756f88be9a5", kill_on_drop: false }`
[INFO] [stderr]    Compiling libc v0.2.151
[INFO] [stderr]    Compiling syn v1.0.109
[INFO] [stderr]    Compiling proc-macro2 v1.0.76
[INFO] [stderr]     Checking futures-channel v0.3.30
[INFO] [stderr]     Checking pin-project-lite v0.1.12
[INFO] [stderr]     Checking bytes v0.5.6
[INFO] [stderr]    Compiling pin-project-internal v0.4.30
[INFO] [stderr]     Checking lock_api v0.3.4
[INFO] [stderr]     Checking miniz_oxide v0.7.1
[INFO] [stderr]     Checking copyless v0.1.5
[INFO] [stderr]    Compiling async-trait v0.1.77
[INFO] [stderr]     Checking generic-array v0.12.4
[INFO] [stderr]    Compiling num-traits v0.2.17
[INFO] [stderr]    Compiling indexmap v1.9.3
[INFO] [stderr]    Compiling crc32fast v1.3.2
[INFO] [stderr]     Checking byte-tools v0.3.1
[INFO] [stderr]    Compiling quote v1.0.35
[INFO] [stderr]     Checking block-padding v0.1.5
[INFO] [stderr]     Checking tracing v0.1.40
[INFO] [stderr]    Compiling syn v2.0.48
[INFO] [stderr]     Checking block-buffer v0.7.3
[INFO] [stderr]     Checking digest v0.8.1
[INFO] [stderr]     Checking itoa v0.4.8
[INFO] [stderr]     Checking dtoa v0.4.8
[INFO] [stderr]     Checking fake-simd v0.1.2
[INFO] [stderr]     Checking iovec v0.1.4
[INFO] [stderr]     Checking net2 v0.2.39
[INFO] [stderr]     Checking signal-hook-registry v1.4.1
[INFO] [stderr]    Compiling cc v1.0.83
[INFO] [stderr]     Checking parking_lot_core v0.7.3
[INFO] [stderr]     Checking num_cpus v1.16.0
[INFO] [stderr]     Checking getrandom v0.1.16
[INFO] [stderr]     Checking mio v0.6.23
[INFO] [stderr]     Checking rand_core v0.5.1
[INFO] [stderr]     Checking threadpool v1.8.1
[INFO] [stderr]     Checking parking_lot v0.10.2
[INFO] [stderr]     Checking rand_chacha v0.2.2
[INFO] [stderr]     Checking hostname v0.3.1
[INFO] [stderr]     Checking socket2 v0.3.19
[INFO] [stderr]     Checking resolv-conf v0.6.3
[INFO] [stderr]     Checking rand v0.7.3
[INFO] [stderr]     Checking opaque-debug v0.2.3
[INFO] [stderr]     Checking chrono v0.4.31
[INFO] [stderr]     Checking mio-uds v0.6.8
[INFO] [stderr]     Checking sha-1 v0.8.2
[INFO] [stderr]     Checking time v0.1.45
[INFO] [stderr]     Checking tokio v0.2.25
[INFO] [stderr]     Checking flate2 v1.0.28
[INFO] [stderr]     Checking base64 v0.11.0
[INFO] [stderr]     Checking atty v0.2.14
[INFO] [stderr]     Checking sha1_smol v1.0.0
[INFO] [stderr]     Checking env_logger v0.6.2
[INFO] [stderr]     Checking sha1 v0.6.1
[INFO] [stderr]    Compiling backtrace v0.3.69
[INFO] [stderr]    Compiling brotli-sys v0.3.2
[INFO] [stderr]     Checking tokio-util v0.2.0
[INFO] [stderr]    Compiling synstructure v0.12.6
[INFO] [stderr]     Checking tokio-util v0.3.1
[INFO] [stderr]     Checking requiem-codec v0.2.0
[INFO] [stderr]    Compiling futures-macro v0.3.30
[INFO] [stderr]    Compiling pin-project-internal v1.1.3
[INFO] [stderr]    Compiling serde_derive v1.0.195
[INFO] [stderr]    Compiling derive_more v0.99.17
[INFO] [stderr]     Checking futures-util v0.3.30
[INFO] [stderr]    Compiling requiem-macros v0.1.1
[INFO] [stderr]    Compiling failure_derive v0.1.8
[INFO] [stderr]    Compiling enum-as-inner v0.3.4
[INFO] [stderr]     Checking pin-project v1.1.3
[INFO] [stderr]     Checking tracing-futures v0.2.5
[INFO] [stderr]     Checking failure v0.1.8
[INFO] [stderr]     Checking pin-project v0.4.30
[INFO] [stderr]     Checking brotli2 v0.3.2
[INFO] [stderr]     Checking serde v1.0.195
[INFO] [stderr]     Checking futures-executor v0.3.30
[INFO] [stderr]     Checking requiem-service v1.0.5
[INFO] [stderr]     Checking h2 v0.2.7
[INFO] [stderr]     Checking futures v0.3.30
[INFO] [stderr]     Checking trust-dns-proto v0.18.0-alpha.2
[INFO] [stderr]     Checking requiem-threadpool v0.3.1
[INFO] [stderr]     Checking requiem-rt v1.0.0
[INFO] [stderr]     Checking requiem-utils v1.0.6
[INFO] [stderr]     Checking requiem-server v1.0.1
[INFO] [stderr]     Checking trust-dns-resolver v0.18.0-alpha.2
[INFO] [stderr]     Checking requiem-testing v1.0.0
[INFO] [stderr]     Checking requiem-connect v1.0.2
[INFO] [stderr]     Checking serde_json v1.0.111
[INFO] [stderr]     Checking serde_urlencoded v0.6.1
[INFO] [stderr]     Checking requiem-http v1.0.1
[INFO] [stdout] error[E0277]: cannot subtract `chrono::Duration` from `Tm`
[INFO] [stdout]    --> /opt/rustwide/cargo-home/registry/src/index.crates.io-6f17d22bba15001f/requiem-http-1.0.1/src/cookie/jar.rs:224:44
[INFO] [stdout]     |
[INFO] [stdout] 224 |             cookie.set_expires(time::now() - Duration::days(365));
[INFO] [stdout]     |                                            ^ no implementation for `Tm - chrono::Duration`
[INFO] [stdout]     |
[INFO] [stdout]     = help: the trait `Sub<chrono::Duration>` is not implemented for `Tm`
[INFO] [stdout]     = help: the following other types implement trait `Sub<Rhs>`:
[INFO] [stdout]               <Tm as Sub<time::Duration>>
[INFO] [stdout]               <Tm as Sub>
[INFO] [stdout] 
[INFO] [stdout] 
[INFO] [stdout] error[E0308]: mismatched types
[INFO] [stdout]    --> /opt/rustwide/cargo-home/registry/src/index.crates.io-6f17d22bba15001f/requiem-http-1.0.1/src/cookie/mod.rs:736:40
[INFO] [stdout]     |
[INFO] [stdout] 736 |         self.set_expires(time::now() + twenty_years);
[INFO] [stdout]     |                                        ^^^^^^^^^^^^ expected `time::Duration`, found `chrono::Duration`
[INFO] [stdout]     |
[INFO] [stdout]     = note: `chrono::Duration` and `time::Duration` have similar names, but are actually distinct types
[INFO] [stdout] note: `chrono::Duration` is defined in crate `chrono`
[INFO] [stdout]    --> /opt/rustwide/cargo-home/registry/src/index.crates.io-6f17d22bba15001f/chrono-0.4.31/src/duration.rs:55:1
[INFO] [stdout]     |
[INFO] [stdout] 55  | pub struct Duration {
[INFO] [stdout]     | ^^^^^^^^^^^^^^^^^^^
[INFO] [stdout] note: `time::Duration` is defined in crate `time`
[INFO] [stdout]    --> /opt/rustwide/cargo-home/registry/src/index.crates.io-6f17d22bba15001f/time-0.1.45/src/duration.rs:45:1
[INFO] [stdout]     |
[INFO] [stdout] 45  | pub struct Duration {
[INFO] [stdout]     | ^^^^^^^^^^^^^^^^^^^
[INFO] [stdout] 
[INFO] [stdout] 
[INFO] [stdout] error: aborting due to 2 previous errors
[INFO] [stdout] 
[INFO] [stdout] 
[INFO] [stdout] Some errors have detailed explanations: E0277, E0308.
[INFO] [stdout] 
[INFO] [stdout] For more information about an error, try `rustc --explain E0277`.
[INFO] [stdout] 
[INFO] [stderr] error: could not compile `requiem-http` (lib) due to 3 previous errors
[INFO] running `Command { std: "docker" "inspect" "a7dd14e3650437abed6178a27f70d916f441255e1d559ecd58c47756f88be9a5", kill_on_drop: false }`
[INFO] running `Command { std: "docker" "rm" "-f" "a7dd14e3650437abed6178a27f70d916f441255e1d559ecd58c47756f88be9a5", kill_on_drop: false }`
[INFO] [stdout] a7dd14e3650437abed6178a27f70d916f441255e1d559ecd58c47756f88be9a5
