[INFO] fetching crate raphtory-pymodule 0.4.0...
[INFO] documenting raphtory-pymodule-0.4.0 against 1.75.0 for beta-1.76-rustdoc-1
[INFO] extracting crate raphtory-pymodule 0.4.0 into /workspace/builds/worker-3-tc1/source
[INFO] validating manifest of crates.io crate raphtory-pymodule 0.4.0 on toolchain 1.75.0
[INFO] running `Command { std: CARGO_HOME="/workspace/cargo-home" RUSTUP_HOME="/workspace/rustup-home" "/workspace/cargo-home/bin/cargo" "+1.75.0" "metadata" "--manifest-path" "Cargo.toml" "--no-deps", kill_on_drop: false }`
[INFO] started tweaking crates.io crate raphtory-pymodule 0.4.0
[INFO] finished tweaking crates.io crate raphtory-pymodule 0.4.0
[INFO] tweaked toml for crates.io crate raphtory-pymodule 0.4.0 written to /workspace/builds/worker-3-tc1/source/Cargo.toml
[INFO] running `Command { std: CARGO_HOME="/workspace/cargo-home" RUSTUP_HOME="/workspace/rustup-home" "/workspace/cargo-home/bin/cargo" "+1.75.0" "generate-lockfile" "--manifest-path" "Cargo.toml", kill_on_drop: false }`
[INFO] [stderr]     Updating crates.io index
[INFO] running `Command { std: CARGO_HOME="/workspace/cargo-home" RUSTUP_HOME="/workspace/rustup-home" "/workspace/cargo-home/bin/cargo" "+1.75.0" "fetch" "--manifest-path" "Cargo.toml", kill_on_drop: false }`
[INFO] [stderr]  Downloading crates ...
[INFO] [stderr]   Downloaded display-error-chain v0.1.1
[INFO] [stderr]   Downloaded ownedbytes v0.5.0
[INFO] [stderr]   Downloaded tantivy-query-grammar v0.20.0
[INFO] [stderr]   Downloaded tantivy-common v0.5.0
[INFO] [stderr]   Downloaded py-raphtory v0.4.0
[INFO] [stderr]   Downloaded neo4rs-macros v0.2.1
[INFO] [stderr]   Downloaded murmurhash32 v0.3.0
[INFO] [stderr]   Downloaded sketches-ddsketch v0.2.1
[INFO] [stderr]   Downloaded tantivy-columnar v0.1.0
[INFO] [stderr]   Downloaded roaring v0.10.2
[INFO] [stderr]   Downloaded tantivy-stacker v0.1.0
[INFO] [stderr]   Downloaded raphtory-io v0.4.0
[INFO] [stderr]   Downloaded tantivy-sstable v0.1.0
[INFO] [stderr]   Downloaded tantivy-tokenizer-api v0.1.1
[INFO] [stderr]   Downloaded sorted_vector_map v0.1.0
[INFO] [stderr]   Downloaded neo4rs v0.6.2
[INFO] [stderr]   Downloaded tantivy-bitpacker v0.4.0
[INFO] [stderr]   Downloaded raphtory v0.4.3
[INFO] [stderr]   Downloaded tantivy v0.20.2
[INFO] running `Command { std: "docker" "create" "-v" "/var/lib/crater-agent-workspace/builds/worker-3-tc1/target:/opt/rustwide/target:rw,Z" "-v" "/var/lib/crater-agent-workspace/builds/worker-3-tc1/source:/opt/rustwide/workdir:ro,Z" "-v" "/var/lib/crater-agent-workspace/cargo-home:/opt/rustwide/cargo-home:ro,Z" "-v" "/var/lib/crater-agent-workspace/rustup-home:/opt/rustwide/rustup-home:ro,Z" "-e" "SOURCE_DIR=/opt/rustwide/workdir" "-e" "CARGO_TARGET_DIR=/opt/rustwide/target" "-e" "CARGO_HOME=/opt/rustwide/cargo-home" "-e" "RUSTUP_HOME=/opt/rustwide/rustup-home" "-w" "/opt/rustwide/workdir" "-m" "1610612736" "--user" "0:0" "--network" "none" "ghcr.io/rust-lang/crates-build-env/linux@sha256:2788e3201cd34a07e3172128adcd8b3090168a8e3bcc40d7c032b9dda1df7d1c" "/opt/rustwide/cargo-home/bin/cargo" "+1.75.0" "metadata" "--no-deps" "--format-version=1", kill_on_drop: false }`
[INFO] [stdout] 841265f9d7c8b604fda3d20f1a4f8a25069616b8420b3c8f565d61e153985658
[INFO] running `Command { std: "docker" "start" "-a" "841265f9d7c8b604fda3d20f1a4f8a25069616b8420b3c8f565d61e153985658", kill_on_drop: false }`
[INFO] running `Command { std: "docker" "inspect" "841265f9d7c8b604fda3d20f1a4f8a25069616b8420b3c8f565d61e153985658", kill_on_drop: false }`
[INFO] running `Command { std: "docker" "rm" "-f" "841265f9d7c8b604fda3d20f1a4f8a25069616b8420b3c8f565d61e153985658", kill_on_drop: false }`
[INFO] [stdout] 841265f9d7c8b604fda3d20f1a4f8a25069616b8420b3c8f565d61e153985658
[INFO] running `Command { std: "docker" "create" "-v" "/var/lib/crater-agent-workspace/builds/worker-3-tc1/target:/opt/rustwide/target:rw,Z" "-v" "/var/lib/crater-agent-workspace/builds/worker-3-tc1/source:/opt/rustwide/workdir:ro,Z" "-v" "/var/lib/crater-agent-workspace/cargo-home:/opt/rustwide/cargo-home:ro,Z" "-v" "/var/lib/crater-agent-workspace/rustup-home:/opt/rustwide/rustup-home:ro,Z" "-e" "SOURCE_DIR=/opt/rustwide/workdir" "-e" "CARGO_TARGET_DIR=/opt/rustwide/target" "-e" "CARGO_INCREMENTAL=0" "-e" "RUST_BACKTRACE=full" "-e" "RUSTFLAGS=--cap-lints=warn" "-e" "RUSTDOCFLAGS=--cap-lints=warn" "-e" "CARGO_HOME=/opt/rustwide/cargo-home" "-e" "RUSTUP_HOME=/opt/rustwide/rustup-home" "-w" "/opt/rustwide/workdir" "-m" "1610612736" "--user" "0:0" "--network" "none" "ghcr.io/rust-lang/crates-build-env/linux@sha256:2788e3201cd34a07e3172128adcd8b3090168a8e3bcc40d7c032b9dda1df7d1c" "/opt/rustwide/cargo-home/bin/cargo" "+1.75.0" "doc" "--frozen" "--no-deps" "--document-private-items" "--message-format=json", kill_on_drop: false }`
[INFO] [stdout] 790bb66667c79db37a73856b3e5e80206545b0be95915ae4badfe85fea1eb02a
[INFO] running `Command { std: "docker" "start" "-a" "790bb66667c79db37a73856b3e5e80206545b0be95915ae4badfe85fea1eb02a", kill_on_drop: false }`
[INFO] [stderr]    Compiling serde v1.0.195
[INFO] [stderr]    Compiling syn v1.0.109
[INFO] [stderr]     Checking smallvec v1.11.2
[INFO] [stderr]    Compiling proc-macro2 v1.0.76
[INFO] [stderr]    Compiling lock_api v0.4.11
[INFO] [stderr]    Compiling libm v0.2.8
[INFO] [stderr]    Compiling num-traits v0.2.17
[INFO] [stderr]    Compiling target-lexicon v0.12.13
[INFO] [stderr]    Compiling jobserver v0.1.27
[INFO] [stderr]     Checking getrandom v0.2.11
[INFO] [stderr]     Checking socket2 v0.5.5
[INFO] [stderr]     Checking mio v0.8.10
[INFO] [stderr]     Checking signal-hook-registry v1.4.1
[INFO] [stderr]     Checking futures-channel v0.3.30
[INFO] [stderr]    Compiling crossbeam-utils v0.8.18
[INFO] [stderr]     Checking powerfmt v0.2.0
[INFO] [stderr]     Checking stable_deref_trait v1.2.0
[INFO] [stderr]     Checking parking_lot_core v0.9.9
[INFO] [stderr]     Checking rand_core v0.6.4
[INFO] [stderr]    Compiling zstd-safe v6.0.6
[INFO] [stderr]     Checking time-core v0.1.2
[INFO] [stderr]    Compiling crunchy v0.2.2
[INFO] [stderr]     Checking ownedbytes v0.5.0
[INFO] [stderr]    Compiling cc v1.0.83
[INFO] [stderr]    Compiling proc-macro-error-attr v0.4.12
[INFO] [stderr]     Checking rand_chacha v0.3.1
[INFO] [stderr]    Compiling ahash v0.8.7
[INFO] [stderr]     Checking tracing-core v0.1.32
[INFO] [stderr]    Compiling crc32fast v1.3.2
[INFO] [stderr]    Compiling openssl v0.10.62
[INFO] [stderr]    Compiling strsim v0.10.0
[INFO] [stderr]     Checking untrusted v0.9.0
[INFO] [stderr]    Compiling proc-macro-error v0.4.12
[INFO] [stderr]    Compiling quote v1.0.35
[INFO] [stderr]     Checking rand v0.8.5
[INFO] [stderr]    Compiling num-integer v0.1.45
[INFO] [stderr]     Checking utf8-ranges v1.0.5
[INFO] [stderr]    Compiling rayon-core v1.12.0
[INFO] [stderr]     Checking tantivy-fst v0.4.0
[INFO] [stderr]     Checking bitpacking v0.8.4
[INFO] [stderr]    Compiling syn v2.0.48
[INFO] [stderr]    Compiling rustls v0.21.10
[INFO] [stderr]     Checking untrusted v0.7.1
[INFO] [stderr]     Checking crossbeam-epoch v0.9.17
[INFO] [stderr]     Checking murmurhash32 v0.3.0
[INFO] [stderr]    Compiling openssl-src v300.2.1+3.2.0
[INFO] [stderr]     Checking spin v0.5.2
[INFO] [stderr]     Checking retain_mut v0.1.7
[INFO] [stderr]     Checking hashbrown v0.13.2
[INFO] [stderr]     Checking rand v0.7.3
[INFO] [stderr]     Checking env_logger v0.7.1
[INFO] [stderr]    Compiling pyo3-build-config v0.18.3
[INFO] [stderr]    Compiling num-bigint v0.4.4
[INFO] [stderr]     Checking combine v4.6.6
[INFO] [stderr]     Checking instant v0.1.12
[INFO] [stderr]     Checking crossbeam-deque v0.8.4
[INFO] [stderr]     Checking fastrand v2.0.1
[INFO] [stderr]     Checking fastdivide v0.4.0
[INFO] [stderr]     Checking miniz_oxide v0.7.1
[INFO] [stderr]     Checking fail v0.5.1
[INFO] [stderr]     Checking measure_time v0.8.2
[INFO] [stderr]     Checking crossbeam-channel v0.5.10
[INFO] [stderr]     Checking tempfile v3.9.0
[INFO] [stderr]     Checking fs4 v0.6.6
[INFO] [stderr]     Checking nanorand v0.7.0
[INFO] [stderr]     Checking lru v0.10.1
[INFO] [stderr]     Checking env_logger v0.8.4
[INFO] [stderr]     Checking rand v0.4.6
[INFO] [stderr]     Checking memmap2 v0.6.2
[INFO] [stderr]    Compiling num-iter v0.1.43
[INFO] [stderr]    Compiling num-rational v0.4.1
[INFO] [stderr]     Checking remove_dir_all v0.5.3
[INFO] [stderr]     Checking rayon v1.8.0
[INFO] [stderr]     Checking arc-swap v1.6.0
[INFO] [stderr]     Checking bytemuck v1.14.0
[INFO] [stderr]     Checking quickcheck v0.9.2
[INFO] [stderr]     Checking genawaiter-macro v0.99.1
[INFO] [stderr]     Checking deadpool-runtime v0.1.3
[INFO] [stderr]     Checking htmlescape v0.3.1
[INFO] [stderr]     Checking oneshot v0.1.6
[INFO] [stderr]     Checking levenshtein_automata v0.2.1
[INFO] [stderr]     Checking lz4_flex v0.10.0
[INFO] [stderr]     Checking rustc-hash v1.1.0
[INFO] [stderr]     Checking census v0.4.1
[INFO] [stderr]     Checking downcast-rs v1.2.0
[INFO] [stderr]     Checking twox-hash v1.6.3
[INFO] [stderr]     Checking quickcheck v1.0.3
[INFO] [stderr]     Checking rand_distr v0.4.3
[INFO] [stderr]     Checking flate2 v1.0.28
[INFO] [stderr]     Checking time v0.1.45
[INFO] [stderr]     Checking csv-core v0.1.11
[INFO] [stderr]    Compiling zstd-sys v2.0.9+zstd.1.5.5
[INFO] [stderr]    Compiling openssl-sys v0.9.98
[INFO] [stderr]    Compiling ring v0.17.7
[INFO] [stderr]    Compiling ring v0.16.20
[INFO] [stderr]    Compiling bzip2-sys v0.1.11+1.0.8
[INFO] [stderr]     Checking sorted_vector_map v0.1.0
[INFO] [stderr]     Checking tempdir v0.3.7
[INFO] [stderr]     Checking replace_with v0.1.7
[INFO] [stderr]     Checking num-complex v0.4.4
[INFO] [stderr]     Checking inventory v0.3.14
[INFO] [stderr]     Checking unindent v0.1.11
[INFO] [stderr]    Compiling indoc v1.0.9
[INFO] [stderr]     Checking display-error-chain v0.1.1
[INFO] [stderr]    Compiling pyo3-ffi v0.18.3
[INFO] [stderr]    Compiling pyo3 v0.18.3
[INFO] [stderr]    Compiling raphtory-pymodule v0.4.0 (/opt/rustwide/workdir)
[INFO] [stderr]     Checking tantivy-bitpacker v0.4.0
[INFO] [stderr]     Checking bzip2 v0.4.4
[INFO] [stderr]     Checking num v0.4.1
[INFO] [stderr]    Compiling syn-mid v0.5.4
[INFO] [stderr]    Compiling darling_core v0.13.4
[INFO] [stderr]    Compiling pyo3-macros-backend v0.18.3
[INFO] [stderr]    Compiling quickcheck_macros v1.0.0
[INFO] [stderr]    Compiling neo4rs-macros v0.2.1
[INFO] [stderr]     Checking tantivy-query-grammar v0.20.0
[INFO] [stderr]    Compiling serde_derive v1.0.195
[INFO] [stderr]    Compiling tokio-macros v2.2.0
[INFO] [stderr]    Compiling futures-macro v0.3.30
[INFO] [stderr]    Compiling async-trait v0.1.77
[INFO] [stderr]    Compiling tracing-attributes v0.1.27
[INFO] [stderr]    Compiling openssl-macros v0.1.1
[INFO] [stderr]    Compiling thiserror-impl v1.0.56
[INFO] [stderr]    Compiling pin-project-internal v1.1.3
[INFO] [stderr]     Checking rustls-webpki v0.100.3
[INFO] [stderr]    Compiling enum_dispatch v0.3.12
[INFO] [stderr]     Checking webpki-roots v0.23.1
[INFO] [stderr]    Compiling genawaiter-proc-macro v0.99.1
[INFO] [stderr]    Compiling darling_macro v0.13.4
[INFO] [stderr]     Checking futures-util v0.3.30
[INFO] [stderr]     Checking pin-project v1.1.3
[INFO] [stderr]    Compiling pyo3-macros v0.18.3
[INFO] [stderr]     Checking thiserror v1.0.56
[INFO] [stderr]     Checking zip v0.5.13
[INFO] [stderr]     Checking tracing v0.1.40
[INFO] [stderr]     Checking genawaiter v0.99.1
[INFO] [stderr]    Compiling darling v0.13.4
[INFO] [stderr]    Compiling serde_with_macros v1.5.2
[INFO] [stderr]     Checking zstd v0.12.4
[INFO] [stderr]     Checking futures-executor v0.3.30
[INFO] [stderr]     Checking futures v0.3.30
[INFO] [stderr]     Checking deranged v0.3.11
[INFO] [stderr]     Checking chrono v0.4.31
[INFO] [stderr]     Checking sketches-ddsketch v0.2.1
[INFO] [stderr]     Checking serde_json v1.0.111
[INFO] [stderr]     Checking rust-stemmers v1.2.0
[INFO] [stderr]     Checking tantivy-tokenizer-api v0.1.1
[INFO] [stderr]     Checking uuid v1.6.1
[INFO] [stderr]     Checking serde_urlencoded v0.7.1
[INFO] [stderr]     Checking roaring v0.10.2
[INFO] [stderr]     Checking bincode v1.3.3
[INFO] [stderr]     Checking serde_with v1.14.0
[INFO] [stderr]     Checking csv v1.3.0
[INFO] [stderr]     Checking parking_lot v0.12.1
[INFO] [stderr]     Checking spin v0.9.8
[INFO] [stderr]     Checking dashmap v5.5.3
[INFO] [stderr]     Checking flume v0.10.14
[INFO] [stderr]     Checking tokio v1.35.1
[INFO] [stderr]     Checking time v0.3.31
[INFO] [stderr]     Checking sct v0.7.1
[INFO] [stderr]     Checking rustls-webpki v0.101.7
[INFO] [stderr]     Checking tantivy-common v0.5.0
[INFO] [stderr]     Checking tantivy-sstable v0.1.0
[INFO] [stderr]     Checking tantivy-stacker v0.1.0
[INFO] [stderr]     Checking tantivy-columnar v0.1.0
[INFO] [stderr]     Checking tantivy v0.20.2
[INFO] [stderr]     Checking tokio-util v0.7.10
[INFO] [stderr]     Checking tokio-rustls v0.24.1
[INFO] [stderr]     Checking deadpool v0.9.5
[INFO] [stderr]     Checking neo4rs v0.6.2
[INFO] [stderr]     Checking h2 v0.3.22
[INFO] [stderr]     Checking hyper v0.14.28
[INFO] [stderr]     Checking raphtory v0.4.3
[INFO] [stderr]    Compiling native-tls v0.2.11
[INFO] [stderr]     Checking tokio-native-tls v0.3.1
[INFO] [stderr]     Checking hyper-tls v0.5.0
[INFO] [stderr]     Checking reqwest v0.11.23
[INFO] [stderr]     Checking raphtory-io v0.4.0
[INFO] [stdout] error[E0433]: failed to resolve: could not find `view_api` in `db`
[INFO] [stdout]  --> /opt/rustwide/cargo-home/registry/src/index.crates.io-6f17d22bba15001f/raphtory-io-0.4.0/src/graph_loader/example/company_house.rs:5:19
[INFO] [stdout]   |
[INFO] [stdout] 5 | use raphtory::db::view_api::internal::GraphViewInternalOps;
[INFO] [stdout]   |                   ^^^^^^^^ could not find `view_api` in `db`
[INFO] [stdout] 
[INFO] [stdout] 
[INFO] [stdout] error[E0432]: unresolved import `raphtory::db::graph::Graph`
[INFO] [stdout]  --> /opt/rustwide/cargo-home/registry/src/index.crates.io-6f17d22bba15001f/raphtory-io-0.4.0/src/graph_loader/example/company_house.rs:4:5
[INFO] [stdout]   |
[INFO] [stdout] 4 | use raphtory::db::graph::Graph;
[INFO] [stdout]   |     ^^^^^^^^^^^^^^^^^^^^^^^^^^ no `Graph` in `db::graph`
[INFO] [stdout]   |
[INFO] [stdout] help: a similar name exists in the module
[INFO] [stdout]   |
[INFO] [stdout] 4 | use raphtory::db::graph::graph;
[INFO] [stdout]   |                          ~~~~~
[INFO] [stdout] help: consider importing one of these items instead
[INFO] [stdout]   |
[INFO] [stdout] 4 | use crate::graph_loader::example::company_house::Prop::Graph;
[INFO] [stdout]   |     ~~~~~~~~~~~~~~~~~~~~~~~~~~~~~~~~~~~~~~~~~~~~~~~~~~~~~~~~
[INFO] [stdout] 4 | use neo4rs::Graph;
[INFO] [stdout]   |     ~~~~~~~~~~~~~
[INFO] [stdout] 4 | use raphtory::core::entities::properties::tprop::TProp::Graph;
[INFO] [stdout]   |     ~~~~~~~~~~~~~~~~~~~~~~~~~~~~~~~~~~~~~~~~~~~~~~~~~~~~~~~~~
[INFO] [stdout] 4 | use raphtory::prelude::Graph;
[INFO] [stdout]   |     ~~~~~~~~~~~~~~~~~~~~~~~~
[INFO] [stdout]     and 1 other candidate
[INFO] [stdout] 
[INFO] [stdout] 
[INFO] [stdout] error[E0432]: unresolved import `raphtory::db::view_api`
[INFO] [stdout]  --> /opt/rustwide/cargo-home/registry/src/index.crates.io-6f17d22bba15001f/raphtory-io-0.4.0/src/graph_loader/example/company_house.rs:6:19
[INFO] [stdout]   |
[INFO] [stdout] 6 | use raphtory::db::view_api::{GraphViewOps, VertexViewOps};
[INFO] [stdout]   |                   ^^^^^^^^ could not find `view_api` in `db`
[INFO] [stdout] 
[INFO] [stdout] 
[INFO] [stdout] error[E0432]: unresolved import `raphtory::db::graph::Graph`
[INFO] [stdout]   --> /opt/rustwide/cargo-home/registry/src/index.crates.io-6f17d22bba15001f/raphtory-io-0.4.0/src/graph_loader/example/lotr_graph.rs:25:5
[INFO] [stdout]    |
[INFO] [stdout] 25 | use raphtory::db::graph::Graph;
[INFO] [stdout]    |     ^^^^^^^^^^^^^^^^^^^^^^^^^^ no `Graph` in `db::graph`
[INFO] [stdout]    |
[INFO] [stdout] help: a similar name exists in the module
[INFO] [stdout]    |
[INFO] [stdout] 25 | use raphtory::db::graph::graph;
[INFO] [stdout]    |                          ~~~~~
[INFO] [stdout] help: consider importing one of these items instead
[INFO] [stdout]    |
[INFO] [stdout] 25 | use neo4rs::Graph;
[INFO] [stdout]    |     ~~~~~~~~~~~~~
[INFO] [stdout] 25 | use raphtory::core::entities::properties::tprop::TProp::Graph;
[INFO] [stdout]    |     ~~~~~~~~~~~~~~~~~~~~~~~~~~~~~~~~~~~~~~~~~~~~~~~~~~~~~~~~~
[INFO] [stdout] 25 | use raphtory::prelude::Graph;
[INFO] [stdout]    |     ~~~~~~~~~~~~~~~~~~~~~~~~
[INFO] [stdout] 25 | use raphtory::prelude::Prop::Graph;
[INFO] [stdout]    |     ~~~~~~~~~~~~~~~~~~~~~~~~~~~~~~
[INFO] [stdout] 
[INFO] [stdout] 
[INFO] [stdout] error[E0432]: unresolved import `raphtory::db::graph::Graph`
[INFO] [stdout]   --> /opt/rustwide/cargo-home/registry/src/index.crates.io-6f17d22bba15001f/raphtory-io-0.4.0/src/graph_loader/example/reddit_hyperlinks.rs:46:5
[INFO] [stdout]    |
[INFO] [stdout] 46 | use raphtory::db::graph::Graph;
[INFO] [stdout]    |     ^^^^^^^^^^^^^^^^^^^^^^^^^^ no `Graph` in `db::graph`
[INFO] [stdout]    |
[INFO] [stdout] help: a similar name exists in the module
[INFO] [stdout]    |
[INFO] [stdout] 46 | use raphtory::db::graph::graph;
[INFO] [stdout]    |                          ~~~~~
[INFO] [stdout] help: consider importing one of these items instead
[INFO] [stdout]    |
[INFO] [stdout] 46 | use crate::graph_loader::example::reddit_hyperlinks::Prop::Graph;
[INFO] [stdout]    |     ~~~~~~~~~~~~~~~~~~~~~~~~~~~~~~~~~~~~~~~~~~~~~~~~~~~~~~~~~~~~
[INFO] [stdout] 46 | use neo4rs::Graph;
[INFO] [stdout]    |     ~~~~~~~~~~~~~
[INFO] [stdout] 46 | use raphtory::core::entities::properties::tprop::TProp::Graph;
[INFO] [stdout]    |     ~~~~~~~~~~~~~~~~~~~~~~~~~~~~~~~~~~~~~~~~~~~~~~~~~~~~~~~~~
[INFO] [stdout] 46 | use raphtory::prelude::Graph;
[INFO] [stdout]    |     ~~~~~~~~~~~~~~~~~~~~~~~~
[INFO] [stdout]      and 1 other candidate
[INFO] [stdout] 
[INFO] [stdout] 
[INFO] [stdout] error[E0433]: failed to resolve: could not find `view_api` in `db`
[INFO] [stdout]  --> /opt/rustwide/cargo-home/registry/src/index.crates.io-6f17d22bba15001f/raphtory-io-0.4.0/src/graph_loader/example/stable_coins.rs:5:19
[INFO] [stdout]   |
[INFO] [stdout] 5 | use raphtory::db::view_api::internal::GraphViewInternalOps;
[INFO] [stdout]   |                   ^^^^^^^^ could not find `view_api` in `db`
[INFO] [stdout] 
[INFO] [stdout] 
[INFO] [stdout] error[E0432]: unresolved import `raphtory::db::graph::Graph`
[INFO] [stdout]  --> /opt/rustwide/cargo-home/registry/src/index.crates.io-6f17d22bba15001f/raphtory-io-0.4.0/src/graph_loader/example/stable_coins.rs:4:5
[INFO] [stdout]   |
[INFO] [stdout] 4 | use raphtory::db::graph::Graph;
[INFO] [stdout]   |     ^^^^^^^^^^^^^^^^^^^^^^^^^^ no `Graph` in `db::graph`
[INFO] [stdout]   |
[INFO] [stdout] help: a similar name exists in the module
[INFO] [stdout]   |
[INFO] [stdout] 4 | use raphtory::db::graph::graph;
[INFO] [stdout]   |                          ~~~~~
[INFO] [stdout] help: consider importing one of these items instead
[INFO] [stdout]   |
[INFO] [stdout] 4 | use crate::graph_loader::example::stable_coins::Prop::Graph;
[INFO] [stdout]   |     ~~~~~~~~~~~~~~~~~~~~~~~~~~~~~~~~~~~~~~~~~~~~~~~~~~~~~~~
[INFO] [stdout] 4 | use neo4rs::Graph;
[INFO] [stdout]   |     ~~~~~~~~~~~~~
[INFO] [stdout] 4 | use raphtory::core::entities::properties::tprop::TProp::Graph;
[INFO] [stdout]   |     ~~~~~~~~~~~~~~~~~~~~~~~~~~~~~~~~~~~~~~~~~~~~~~~~~~~~~~~~~
[INFO] [stdout] 4 | use raphtory::prelude::Graph;
[INFO] [stdout]   |     ~~~~~~~~~~~~~~~~~~~~~~~~
[INFO] [stdout]     and 1 other candidate
[INFO] [stdout] 
[INFO] [stdout] 
[INFO] [stdout] error[E0432]: unresolved import `raphtory::db::view_api`
[INFO] [stdout]  --> /opt/rustwide/cargo-home/registry/src/index.crates.io-6f17d22bba15001f/raphtory-io-0.4.0/src/graph_loader/example/stable_coins.rs:6:19
[INFO] [stdout]   |
[INFO] [stdout] 6 | use raphtory::db::view_api::GraphViewOps;
[INFO] [stdout]   |                   ^^^^^^^^ could not find `view_api` in `db`
[INFO] [stdout] 
[INFO] [stdout] 
[INFO] [stdout] error[E0433]: failed to resolve: could not find `tgraph_shard` in `core`
[INFO] [stdout]  --> /opt/rustwide/cargo-home/registry/src/index.crates.io-6f17d22bba15001f/raphtory-io-0.4.0/src/graph_loader/source/json_loader.rs:3:21
[INFO] [stdout]   |
[INFO] [stdout] 3 | use raphtory::core::tgraph_shard::errors::GraphError;
[INFO] [stdout]   |                     ^^^^^^^^^^^^ could not find `tgraph_shard` in `core`
[INFO] [stdout] 
[INFO] [stdout] 
[INFO] [stdout] error[E0432]: unresolved import `raphtory::db::graph::Graph`
[INFO] [stdout]   --> /opt/rustwide/cargo-home/registry/src/index.crates.io-6f17d22bba15001f/raphtory-io-0.4.0/src/graph_loader/example/sx_superuser_graph.rs:49:5
[INFO] [stdout]    |
[INFO] [stdout] 49 | use raphtory::db::graph::Graph;
[INFO] [stdout]    |     ^^^^^^^^^^^^^^^^^^^^^^^^^^ no `Graph` in `db::graph`
[INFO] [stdout]    |
[INFO] [stdout] help: a similar name exists in the module
[INFO] [stdout]    |
[INFO] [stdout] 49 | use raphtory::db::graph::graph;
[INFO] [stdout]    |                          ~~~~~
[INFO] [stdout] help: consider importing one of these items instead
[INFO] [stdout]    |
[INFO] [stdout] 49 | use neo4rs::Graph;
[INFO] [stdout]    |     ~~~~~~~~~~~~~
[INFO] [stdout] 49 | use raphtory::core::entities::properties::tprop::TProp::Graph;
[INFO] [stdout]    |     ~~~~~~~~~~~~~~~~~~~~~~~~~~~~~~~~~~~~~~~~~~~~~~~~~~~~~~~~~
[INFO] [stdout] 49 | use raphtory::prelude::Graph;
[INFO] [stdout]    |     ~~~~~~~~~~~~~~~~~~~~~~~~
[INFO] [stdout] 49 | use raphtory::prelude::Prop::Graph;
[INFO] [stdout]    |     ~~~~~~~~~~~~~~~~~~~~~~~~~~~~~~
[INFO] [stdout] 
[INFO] [stdout] 
[INFO] [stdout] error[E0412]: cannot find type `Graph` in module `rap`
[INFO] [stdout]  --> /opt/rustwide/cargo-home/registry/src/index.crates.io-6f17d22bba15001f/raphtory-io-0.4.0/src/graph_loader/example/neo4j_examples.rs:6:39
[INFO] [stdout]   |
[INFO] [stdout] 6 | fn load_movies(row: Row, graph: &rap::Graph) {
[INFO] [stdout]   |                                       ^^^^^ not found in `rap`
[INFO] [stdout]   |
[INFO] [stdout] help: consider importing one of these items
[INFO] [stdout]   |
[INFO] [stdout] 1 + use crate::graph_loader::example::neo4j_examples::rap::graph::Graph;
[INFO] [stdout]   |
[INFO] [stdout] 1 + use neo4rs::Graph;
[INFO] [stdout]   |
[INFO] [stdout] 1 + use raphtory::prelude::Graph;
[INFO] [stdout]   |
[INFO] [stdout] help: if you import `Graph`, refer to it directly
[INFO] [stdout]   |
[INFO] [stdout] 6 - fn load_movies(row: Row, graph: &rap::Graph) {
[INFO] [stdout] 6 + fn load_movies(row: Row, graph: &Graph) {
[INFO] [stdout]   |
[INFO] [stdout] 
[INFO] [stdout] 
[INFO] [stdout] error[E0412]: cannot find type `Graph` in module `rap`
[INFO] [stdout]   --> /opt/rustwide/cargo-home/registry/src/index.crates.io-6f17d22bba15001f/raphtory-io-0.4.0/src/graph_loader/example/neo4j_examples.rs:57:11
[INFO] [stdout]    |
[INFO] [stdout] 57 | ) -> rap::Graph {
[INFO] [stdout]    |           ^^^^^ not found in `rap`
[INFO] [stdout]    |
[INFO] [stdout] help: consider importing one of these items
[INFO] [stdout]    |
[INFO] [stdout] 1  + use crate::graph_loader::example::neo4j_examples::rap::graph::Graph;
[INFO] [stdout]    |
[INFO] [stdout] 1  + use neo4rs::Graph;
[INFO] [stdout]    |
[INFO] [stdout] 1  + use raphtory::prelude::Graph;
[INFO] [stdout]    |
[INFO] [stdout] help: if you import `Graph`, refer to it directly
[INFO] [stdout]    |
[INFO] [stdout] 57 - ) -> rap::Graph {
[INFO] [stdout] 57 + ) -> Graph {
[INFO] [stdout]    |
[INFO] [stdout] 
[INFO] [stdout] 
[INFO] [stdout] error[E0433]: failed to resolve: could not find `Graph` in `rap`
[INFO] [stdout]   --> /opt/rustwide/cargo-home/registry/src/index.crates.io-6f17d22bba15001f/raphtory-io-0.4.0/src/graph_loader/example/neo4j_examples.rs:58:18
[INFO] [stdout]    |
[INFO] [stdout] 58 |     let g = rap::Graph::new(shards);
[INFO] [stdout]    |                  ^^^^^ could not find `Graph` in `rap`
[INFO] [stdout]    |
[INFO] [stdout] help: consider importing one of these items
[INFO] [stdout]    |
[INFO] [stdout] 1  + use crate::graph_loader::example::neo4j_examples::rap::graph::Graph;
[INFO] [stdout]    |
[INFO] [stdout] 1  + use neo4rs::Graph;
[INFO] [stdout]    |
[INFO] [stdout] 1  + use raphtory::prelude::Graph;
[INFO] [stdout]    |
[INFO] [stdout] help: if you import `Graph`, refer to it directly
[INFO] [stdout]    |
[INFO] [stdout] 58 -     let g = rap::Graph::new(shards);
[INFO] [stdout] 58 +     let g = Graph::new(shards);
[INFO] [stdout]    |
[INFO] [stdout] 
[INFO] [stdout] 
[INFO] [stdout] error[E0412]: cannot find type `Graph` in module `rap`
[INFO] [stdout]   --> /opt/rustwide/cargo-home/registry/src/index.crates.io-6f17d22bba15001f/raphtory-io-0.4.0/src/graph_loader/source/neo4j_loader.rs:36:18
[INFO] [stdout]    |
[INFO] [stdout] 36 |         g: &rap::Graph,
[INFO] [stdout]    |                  ^^^^^ not found in `rap`
[INFO] [stdout]    |
[INFO] [stdout] help: consider importing one of these items
[INFO] [stdout]    |
[INFO] [stdout] 1  + use crate::graph_loader::source::neo4j_loader::rap::graph::Graph;
[INFO] [stdout]    |
[INFO] [stdout] 1  + use neo4rs::Graph;
[INFO] [stdout]    |
[INFO] [stdout] 1  + use raphtory::prelude::Graph;
[INFO] [stdout]    |
[INFO] [stdout] help: if you import `Graph`, refer to it directly
[INFO] [stdout]    |
[INFO] [stdout] 36 -         g: &rap::Graph,
[INFO] [stdout] 36 +         g: &Graph,
[INFO] [stdout]    |
[INFO] [stdout] 
[INFO] [stdout] 
[INFO] [stdout] error[E0412]: cannot find type `Graph` in module `rap`
[INFO] [stdout]   --> /opt/rustwide/cargo-home/registry/src/index.crates.io-6f17d22bba15001f/raphtory-io-0.4.0/src/graph_loader/source/neo4j_loader.rs:38:31
[INFO] [stdout]    |
[INFO] [stdout] 38 |         loader: fn(Row, &rap::Graph),
[INFO] [stdout]    |                               ^^^^^ not found in `rap`
[INFO] [stdout]    |
[INFO] [stdout] help: consider importing one of these items
[INFO] [stdout]    |
[INFO] [stdout] 1  + use crate::graph_loader::source::neo4j_loader::rap::graph::Graph;
[INFO] [stdout]    |
[INFO] [stdout] 1  + use neo4rs::Graph;
[INFO] [stdout]    |
[INFO] [stdout] 1  + use raphtory::prelude::Graph;
[INFO] [stdout]    |
[INFO] [stdout] help: if you import `Graph`, refer to it directly
[INFO] [stdout]    |
[INFO] [stdout] 38 -         loader: fn(Row, &rap::Graph),
[INFO] [stdout] 38 +         loader: fn(Row, &Graph),
[INFO] [stdout]    |
[INFO] [stdout] 
[INFO] [stdout] 
[INFO] [stdout] error[E0425]: cannot find function `config` in this scope
[INFO] [stdout]   --> /opt/rustwide/cargo-home/registry/src/index.crates.io-6f17d22bba15001f/raphtory-io-0.4.0/src/graph_loader/source/neo4j_loader.rs:16:22
[INFO] [stdout]    |
[INFO] [stdout] 16 |         let config = config()
[INFO] [stdout]    |                      ^^^^^^ not found in this scope
[INFO] [stdout] 
[INFO] [stdout] 
[INFO] [stdout] error: aborting due to 16 previous errors
[INFO] [stdout] 
[INFO] [stdout] 
[INFO] [stdout] Some errors have detailed explanations: E0412, E0425, E0432, E0433.
[INFO] [stdout] 
[INFO] [stdout] For more information about an error, try `rustc --explain E0412`.
[INFO] [stdout] 
[INFO] [stderr] error: could not compile `raphtory-io` (lib) due to 17 previous errors
[INFO] running `Command { std: "docker" "inspect" "790bb66667c79db37a73856b3e5e80206545b0be95915ae4badfe85fea1eb02a", kill_on_drop: false }`
[INFO] running `Command { std: "docker" "rm" "-f" "790bb66667c79db37a73856b3e5e80206545b0be95915ae4badfe85fea1eb02a", kill_on_drop: false }`
[INFO] [stdout] 790bb66667c79db37a73856b3e5e80206545b0be95915ae4badfe85fea1eb02a
[INFO] documenting raphtory-pymodule-0.4.0 against beta-2023-12-22 for beta-1.76-rustdoc-1
[INFO] extracting crate raphtory-pymodule 0.4.0 into /workspace/builds/worker-3-tc2/source
[INFO] validating manifest of crates.io crate raphtory-pymodule 0.4.0 on toolchain beta-2023-12-22
[INFO] running `Command { std: CARGO_HOME="/workspace/cargo-home" RUSTUP_HOME="/workspace/rustup-home" "/workspace/cargo-home/bin/cargo" "+beta-2023-12-22" "metadata" "--manifest-path" "Cargo.toml" "--no-deps", kill_on_drop: false }`
[INFO] started tweaking crates.io crate raphtory-pymodule 0.4.0
[INFO] finished tweaking crates.io crate raphtory-pymodule 0.4.0
[INFO] tweaked toml for crates.io crate raphtory-pymodule 0.4.0 written to /workspace/builds/worker-3-tc2/source/Cargo.toml
[INFO] running `Command { std: CARGO_HOME="/workspace/cargo-home" RUSTUP_HOME="/workspace/rustup-home" "/workspace/cargo-home/bin/cargo" "+beta-2023-12-22" "generate-lockfile" "--manifest-path" "Cargo.toml", kill_on_drop: false }`
[INFO] [stderr]     Updating crates.io index
[INFO] running `Command { std: CARGO_HOME="/workspace/cargo-home" RUSTUP_HOME="/workspace/rustup-home" "/workspace/cargo-home/bin/cargo" "+beta-2023-12-22" "fetch" "--manifest-path" "Cargo.toml", kill_on_drop: false }`
[INFO] running `Command { std: "docker" "create" "-v" "/var/lib/crater-agent-workspace/builds/worker-3-tc2/target:/opt/rustwide/target:rw,Z" "-v" "/var/lib/crater-agent-workspace/builds/worker-3-tc2/source:/opt/rustwide/workdir:ro,Z" "-v" "/var/lib/crater-agent-workspace/cargo-home:/opt/rustwide/cargo-home:ro,Z" "-v" "/var/lib/crater-agent-workspace/rustup-home:/opt/rustwide/rustup-home:ro,Z" "-e" "SOURCE_DIR=/opt/rustwide/workdir" "-e" "CARGO_TARGET_DIR=/opt/rustwide/target" "-e" "CARGO_HOME=/opt/rustwide/cargo-home" "-e" "RUSTUP_HOME=/opt/rustwide/rustup-home" "-w" "/opt/rustwide/workdir" "-m" "1610612736" "--user" "0:0" "--network" "none" "ghcr.io/rust-lang/crates-build-env/linux@sha256:2788e3201cd34a07e3172128adcd8b3090168a8e3bcc40d7c032b9dda1df7d1c" "/opt/rustwide/cargo-home/bin/cargo" "+beta-2023-12-22" "metadata" "--no-deps" "--format-version=1", kill_on_drop: false }`
[INFO] [stdout] 1bd92895c9e43eefca4cfc921feb5b55e2ab342720bf0564d04c084bedeeea7a
[INFO] running `Command { std: "docker" "start" "-a" "1bd92895c9e43eefca4cfc921feb5b55e2ab342720bf0564d04c084bedeeea7a", kill_on_drop: false }`
[INFO] running `Command { std: "docker" "inspect" "1bd92895c9e43eefca4cfc921feb5b55e2ab342720bf0564d04c084bedeeea7a", kill_on_drop: false }`
[INFO] running `Command { std: "docker" "rm" "-f" "1bd92895c9e43eefca4cfc921feb5b55e2ab342720bf0564d04c084bedeeea7a", kill_on_drop: false }`
[INFO] [stdout] 1bd92895c9e43eefca4cfc921feb5b55e2ab342720bf0564d04c084bedeeea7a
[INFO] running `Command { std: "docker" "create" "-v" "/var/lib/crater-agent-workspace/builds/worker-3-tc2/target:/opt/rustwide/target:rw,Z" "-v" "/var/lib/crater-agent-workspace/builds/worker-3-tc2/source:/opt/rustwide/workdir:ro,Z" "-v" "/var/lib/crater-agent-workspace/cargo-home:/opt/rustwide/cargo-home:ro,Z" "-v" "/var/lib/crater-agent-workspace/rustup-home:/opt/rustwide/rustup-home:ro,Z" "-e" "SOURCE_DIR=/opt/rustwide/workdir" "-e" "CARGO_TARGET_DIR=/opt/rustwide/target" "-e" "CARGO_INCREMENTAL=0" "-e" "RUST_BACKTRACE=full" "-e" "RUSTFLAGS=--cap-lints=warn" "-e" "RUSTDOCFLAGS=--cap-lints=warn" "-e" "CARGO_HOME=/opt/rustwide/cargo-home" "-e" "RUSTUP_HOME=/opt/rustwide/rustup-home" "-w" "/opt/rustwide/workdir" "-m" "1610612736" "--user" "0:0" "--network" "none" "ghcr.io/rust-lang/crates-build-env/linux@sha256:2788e3201cd34a07e3172128adcd8b3090168a8e3bcc40d7c032b9dda1df7d1c" "/opt/rustwide/cargo-home/bin/cargo" "+beta-2023-12-22" "doc" "--frozen" "--no-deps" "--document-private-items" "--message-format=json", kill_on_drop: false }`
[INFO] [stdout] 400b06d8adf951d1aa1e7f28aeca30f5051d768fa9dd91f597855b328fcb8315
[INFO] running `Command { std: "docker" "start" "-a" "400b06d8adf951d1aa1e7f28aeca30f5051d768fa9dd91f597855b328fcb8315", kill_on_drop: false }`
[INFO] [stderr]    Compiling serde v1.0.195
[INFO] [stderr]    Compiling syn v1.0.109
[INFO] [stderr]     Checking smallvec v1.11.2
[INFO] [stderr]    Compiling proc-macro2 v1.0.76
[INFO] [stderr]    Compiling lock_api v0.4.11
[INFO] [stderr]    Compiling libm v0.2.8
[INFO] [stderr]    Compiling num-traits v0.2.17
[INFO] [stderr]    Compiling target-lexicon v0.12.13
[INFO] [stderr]    Compiling jobserver v0.1.27
[INFO] [stderr]     Checking getrandom v0.2.11
[INFO] [stderr]     Checking signal-hook-registry v1.4.1
[INFO] [stderr]     Checking mio v0.8.10
[INFO] [stderr]     Checking socket2 v0.5.5
[INFO] [stderr]     Checking futures-channel v0.3.30
[INFO] [stderr]    Compiling crossbeam-utils v0.8.18
[INFO] [stderr]     Checking powerfmt v0.2.0
[INFO] [stderr]     Checking stable_deref_trait v1.2.0
[INFO] [stderr]     Checking parking_lot_core v0.9.9
[INFO] [stderr]     Checking time-core v0.1.2
[INFO] [stderr]     Checking rand_core v0.6.4
[INFO] [stderr]    Compiling zstd-safe v6.0.6
[INFO] [stderr]     Checking ownedbytes v0.5.0
[INFO] [stderr]    Compiling cc v1.0.83
[INFO] [stderr]    Compiling crunchy v0.2.2
[INFO] [stderr]    Compiling proc-macro-error-attr v0.4.12
[INFO] [stderr]    Compiling ahash v0.8.7
[INFO] [stderr]     Checking rand_chacha v0.3.1
[INFO] [stderr]     Checking tracing-core v0.1.32
[INFO] [stderr]    Compiling strsim v0.10.0
[INFO] [stderr]    Compiling crc32fast v1.3.2
[INFO] [stderr]    Compiling openssl v0.10.62
[INFO] [stderr]     Checking untrusted v0.9.0
[INFO] [stderr]    Compiling proc-macro-error v0.4.12
[INFO] [stderr]    Compiling num-integer v0.1.45
[INFO] [stderr]     Checking utf8-ranges v1.0.5
[INFO] [stderr]    Compiling quote v1.0.35
[INFO] [stderr]     Checking rand v0.8.5
[INFO] [stderr]    Compiling rayon-core v1.12.0
[INFO] [stderr]     Checking tantivy-fst v0.4.0
[INFO] [stderr]     Checking bitpacking v0.8.4
[INFO] [stderr]    Compiling syn v2.0.48
[INFO] [stderr]     Checking retain_mut v0.1.7
[INFO] [stderr]     Checking murmurhash32 v0.3.0
[INFO] [stderr]     Checking spin v0.5.2
[INFO] [stderr]    Compiling rustls v0.21.10
[INFO] [stderr]    Compiling openssl-src v300.2.1+3.2.0
[INFO] [stderr]     Checking untrusted v0.7.1
[INFO] [stderr]     Checking hashbrown v0.13.2
[INFO] [stderr]     Checking crossbeam-epoch v0.9.17
[INFO] [stderr]     Checking rand v0.7.3
[INFO] [stderr]     Checking env_logger v0.7.1
[INFO] [stderr]    Compiling num-bigint v0.4.4
[INFO] [stderr]     Checking instant v0.1.12
[INFO] [stderr]    Compiling pyo3-build-config v0.18.3
[INFO] [stderr]     Checking combine v4.6.6
[INFO] [stderr]     Checking fastdivide v0.4.0
[INFO] [stderr]     Checking crossbeam-deque v0.8.4
[INFO] [stderr]     Checking fastrand v2.0.1
[INFO] [stderr]     Checking miniz_oxide v0.7.1
[INFO] [stderr]     Checking measure_time v0.8.2
[INFO] [stderr]     Checking crossbeam-channel v0.5.10
[INFO] [stderr]     Checking fs4 v0.6.6
[INFO] [stderr]     Checking tempfile v3.9.0
[INFO] [stderr]     Checking fail v0.5.1
[INFO] [stderr]     Checking nanorand v0.7.0
[INFO] [stderr]     Checking lru v0.10.1
[INFO] [stderr]     Checking env_logger v0.8.4
[INFO] [stderr]     Checking memmap2 v0.6.2
[INFO] [stderr]     Checking rand v0.4.6
[INFO] [stderr]    Compiling num-rational v0.4.1
[INFO] [stderr]    Compiling num-iter v0.1.43
[INFO] [stderr]     Checking downcast-rs v1.2.0
[INFO] [stderr]     Checking htmlescape v0.3.1
[INFO] [stderr]     Checking census v0.4.1
[INFO] [stderr]     Checking deadpool-runtime v0.1.3
[INFO] [stderr]     Checking oneshot v0.1.6
[INFO] [stderr]     Checking quickcheck v0.9.2
[INFO] [stderr]     Checking rayon v1.8.0
[INFO] [stderr]     Checking genawaiter-macro v0.99.1
[INFO] [stderr]     Checking rustc-hash v1.1.0
[INFO] [stderr]     Checking levenshtein_automata v0.2.1
[INFO] [stderr]     Checking arc-swap v1.6.0
[INFO] [stderr]     Checking bytemuck v1.14.0
[INFO] [stderr]     Checking lz4_flex v0.10.0
[INFO] [stderr]     Checking remove_dir_all v0.5.3
[INFO] [stderr]    Compiling zstd-sys v2.0.9+zstd.1.5.5
[INFO] [stderr]    Compiling openssl-sys v0.9.98
[INFO] [stderr]    Compiling ring v0.17.7
[INFO] [stderr]    Compiling ring v0.16.20
[INFO] [stderr]    Compiling bzip2-sys v0.1.11+1.0.8
[INFO] [stderr]     Checking twox-hash v1.6.3
[INFO] [stderr]     Checking rand_distr v0.4.3
[INFO] [stderr]     Checking tempdir v0.3.7
[INFO] [stderr]     Checking quickcheck v1.0.3
[INFO] [stderr]     Checking sorted_vector_map v0.1.0
[INFO] [stderr]     Checking flate2 v1.0.28
[INFO] [stderr]     Checking time v0.1.45
[INFO] [stderr]     Checking csv-core v0.1.11
[INFO] [stderr]     Checking replace_with v0.1.7
[INFO] [stderr]     Checking num-complex v0.4.4
[INFO] [stderr]     Checking unindent v0.1.11
[INFO] [stderr]     Checking inventory v0.3.14
[INFO] [stderr]    Compiling indoc v1.0.9
[INFO] [stderr]     Checking display-error-chain v0.1.1
[INFO] [stderr]    Compiling pyo3-ffi v0.18.3
[INFO] [stderr]    Compiling pyo3 v0.18.3
[INFO] [stderr]    Compiling raphtory-pymodule v0.4.0 (/opt/rustwide/workdir)
[INFO] [stderr]     Checking num v0.4.1
[INFO] [stderr]     Checking bzip2 v0.4.4
[INFO] [stderr]     Checking tantivy-bitpacker v0.4.0
[INFO] [stderr]    Compiling darling_core v0.13.4
[INFO] [stderr]    Compiling syn-mid v0.5.4
[INFO] [stderr]    Compiling pyo3-macros-backend v0.18.3
[INFO] [stderr]    Compiling neo4rs-macros v0.2.1
[INFO] [stderr]    Compiling quickcheck_macros v1.0.0
[INFO] [stderr]     Checking tantivy-query-grammar v0.20.0
[INFO] [stderr]     Checking rustls-webpki v0.100.3
[INFO] [stderr]    Compiling serde_derive v1.0.195
[INFO] [stderr]    Compiling tokio-macros v2.2.0
[INFO] [stderr]    Compiling futures-macro v0.3.30
[INFO] [stderr]    Compiling async-trait v0.1.77
[INFO] [stderr]    Compiling tracing-attributes v0.1.27
[INFO] [stderr]    Compiling openssl-macros v0.1.1
[INFO] [stderr]    Compiling thiserror-impl v1.0.56
[INFO] [stderr]    Compiling pin-project-internal v1.1.3
[INFO] [stderr]     Checking webpki-roots v0.23.1
[INFO] [stderr]    Compiling enum_dispatch v0.3.12
[INFO] [stderr]    Compiling genawaiter-proc-macro v0.99.1
[INFO] [stderr]    Compiling darling_macro v0.13.4
[INFO] [stderr]     Checking futures-util v0.3.30
[INFO] [stderr]     Checking pin-project v1.1.3
[INFO] [stderr]    Compiling pyo3-macros v0.18.3
[INFO] [stderr]     Checking genawaiter v0.99.1
[INFO] [stderr]     Checking thiserror v1.0.56
[INFO] [stderr]     Checking zip v0.5.13
[INFO] [stderr]     Checking tracing v0.1.40
[INFO] [stderr]    Compiling darling v0.13.4
[INFO] [stderr]    Compiling serde_with_macros v1.5.2
[INFO] [stderr]     Checking zstd v0.12.4
[INFO] [stderr]     Checking futures-executor v0.3.30
[INFO] [stderr]     Checking futures v0.3.30
[INFO] [stderr]     Checking deranged v0.3.11
[INFO] [stderr]     Checking chrono v0.4.31
[INFO] [stderr]     Checking uuid v1.6.1
[INFO] [stderr]     Checking tantivy-tokenizer-api v0.1.1
[INFO] [stderr]     Checking serde_json v1.0.111
[INFO] [stderr]     Checking rust-stemmers v1.2.0
[INFO] [stderr]     Checking sketches-ddsketch v0.2.1
[INFO] [stderr]     Checking serde_urlencoded v0.7.1
[INFO] [stderr]     Checking serde_with v1.14.0
[INFO] [stderr]     Checking bincode v1.3.3
[INFO] [stderr]     Checking roaring v0.10.2
[INFO] [stderr]     Checking csv v1.3.0
[INFO] [stderr]     Checking parking_lot v0.12.1
[INFO] [stderr]     Checking spin v0.9.8
[INFO] [stderr]     Checking dashmap v5.5.3
[INFO] [stderr]     Checking flume v0.10.14
[INFO] [stderr]     Checking tokio v1.35.1
[INFO] [stderr]     Checking time v0.3.31
[INFO] [stderr]     Checking sct v0.7.1
[INFO] [stderr]     Checking rustls-webpki v0.101.7
[INFO] [stderr]     Checking tantivy-common v0.5.0
[INFO] [stderr]     Checking tantivy-sstable v0.1.0
[INFO] [stderr]     Checking tantivy-stacker v0.1.0
[INFO] [stderr]     Checking tantivy-columnar v0.1.0
[INFO] [stderr]     Checking tantivy v0.20.2
[INFO] [stderr]     Checking tokio-util v0.7.10
[INFO] [stderr]     Checking tokio-rustls v0.24.1
[INFO] [stderr]     Checking deadpool v0.9.5
[INFO] [stderr]     Checking neo4rs v0.6.2
[INFO] [stderr]     Checking h2 v0.3.22
[INFO] [stderr]     Checking hyper v0.14.28
[INFO] [stderr]     Checking raphtory v0.4.3
[INFO] [stderr]    Compiling native-tls v0.2.11
[INFO] [stderr]     Checking tokio-native-tls v0.3.1
[INFO] [stderr]     Checking hyper-tls v0.5.0
[INFO] [stderr]     Checking reqwest v0.11.23
[INFO] [stderr]     Checking raphtory-io v0.4.0
[INFO] [stdout] error[E0433]: failed to resolve: could not find `view_api` in `db`
[INFO] [stdout]  --> /opt/rustwide/cargo-home/registry/src/index.crates.io-6f17d22bba15001f/raphtory-io-0.4.0/src/graph_loader/example/company_house.rs:5:19
[INFO] [stdout]   |
[INFO] [stdout] 5 | use raphtory::db::view_api::internal::GraphViewInternalOps;
[INFO] [stdout]   |                   ^^^^^^^^ could not find `view_api` in `db`
[INFO] [stdout] 
[INFO] [stdout] 
[INFO] [stdout] error[E0432]: unresolved import `raphtory::db::graph::Graph`
[INFO] [stdout]  --> /opt/rustwide/cargo-home/registry/src/index.crates.io-6f17d22bba15001f/raphtory-io-0.4.0/src/graph_loader/example/company_house.rs:4:5
[INFO] [stdout]   |
[INFO] [stdout] 4 | use raphtory::db::graph::Graph;
[INFO] [stdout]   |     ^^^^^^^^^^^^^^^^^^^^^^^^^^ no `Graph` in `db::graph`
[INFO] [stdout]   |
[INFO] [stdout] help: a similar name exists in the module
[INFO] [stdout]   |
[INFO] [stdout] 4 | use raphtory::db::graph::graph;
[INFO] [stdout]   |                          ~~~~~
[INFO] [stdout] help: consider importing one of these items instead
[INFO] [stdout]   |
[INFO] [stdout] 4 | use crate::graph_loader::example::company_house::Prop::Graph;
[INFO] [stdout]   |     ~~~~~~~~~~~~~~~~~~~~~~~~~~~~~~~~~~~~~~~~~~~~~~~~~~~~~~~~
[INFO] [stdout] 4 | use neo4rs::Graph;
[INFO] [stdout]   |     ~~~~~~~~~~~~~
[INFO] [stdout] 4 | use raphtory::core::entities::properties::tprop::TProp::Graph;
[INFO] [stdout]   |     ~~~~~~~~~~~~~~~~~~~~~~~~~~~~~~~~~~~~~~~~~~~~~~~~~~~~~~~~~
[INFO] [stdout] 4 | use raphtory::prelude::Graph;
[INFO] [stdout]   |     ~~~~~~~~~~~~~~~~~~~~~~~~
[INFO] [stdout]     and 1 other candidate
[INFO] [stdout] 
[INFO] [stdout] 
[INFO] [stdout] error[E0432]: unresolved import `raphtory::db::view_api`
[INFO] [stdout]  --> /opt/rustwide/cargo-home/registry/src/index.crates.io-6f17d22bba15001f/raphtory-io-0.4.0/src/graph_loader/example/company_house.rs:6:19
[INFO] [stdout]   |
[INFO] [stdout] 6 | use raphtory::db::view_api::{GraphViewOps, VertexViewOps};
[INFO] [stdout]   |                   ^^^^^^^^ could not find `view_api` in `db`
[INFO] [stdout] 
[INFO] [stdout] 
[INFO] [stdout] error[E0432]: unresolved import `raphtory::db::graph::Graph`
[INFO] [stdout]   --> /opt/rustwide/cargo-home/registry/src/index.crates.io-6f17d22bba15001f/raphtory-io-0.4.0/src/graph_loader/example/lotr_graph.rs:25:5
[INFO] [stdout]    |
[INFO] [stdout] 25 | use raphtory::db::graph::Graph;
[INFO] [stdout]    |     ^^^^^^^^^^^^^^^^^^^^^^^^^^ no `Graph` in `db::graph`
[INFO] [stdout]    |
[INFO] [stdout] help: a similar name exists in the module
[INFO] [stdout]    |
[INFO] [stdout] 25 | use raphtory::db::graph::graph;
[INFO] [stdout]    |                          ~~~~~
[INFO] [stdout] help: consider importing one of these items instead
[INFO] [stdout]    |
[INFO] [stdout] 25 | use neo4rs::Graph;
[INFO] [stdout]    |     ~~~~~~~~~~~~~
[INFO] [stdout] 25 | use raphtory::core::entities::properties::tprop::TProp::Graph;
[INFO] [stdout]    |     ~~~~~~~~~~~~~~~~~~~~~~~~~~~~~~~~~~~~~~~~~~~~~~~~~~~~~~~~~
[INFO] [stdout] 25 | use raphtory::prelude::Graph;
[INFO] [stdout]    |     ~~~~~~~~~~~~~~~~~~~~~~~~
[INFO] [stdout] 25 | use raphtory::prelude::Prop::Graph;
[INFO] [stdout]    |     ~~~~~~~~~~~~~~~~~~~~~~~~~~~~~~
[INFO] [stdout] 
[INFO] [stdout] 
[INFO] [stdout] error[E0432]: unresolved import `raphtory::db::graph::Graph`
[INFO] [stdout]   --> /opt/rustwide/cargo-home/registry/src/index.crates.io-6f17d22bba15001f/raphtory-io-0.4.0/src/graph_loader/example/reddit_hyperlinks.rs:46:5
[INFO] [stdout]    |
[INFO] [stdout] 46 | use raphtory::db::graph::Graph;
[INFO] [stdout]    |     ^^^^^^^^^^^^^^^^^^^^^^^^^^ no `Graph` in `db::graph`
[INFO] [stdout]    |
[INFO] [stdout] help: a similar name exists in the module
[INFO] [stdout]    |
[INFO] [stdout] 46 | use raphtory::db::graph::graph;
[INFO] [stdout]    |                          ~~~~~
[INFO] [stdout] help: consider importing one of these items instead
[INFO] [stdout]    |
[INFO] [stdout] 46 | use crate::graph_loader::example::reddit_hyperlinks::Prop::Graph;
[INFO] [stdout]    |     ~~~~~~~~~~~~~~~~~~~~~~~~~~~~~~~~~~~~~~~~~~~~~~~~~~~~~~~~~~~~
[INFO] [stdout] 46 | use neo4rs::Graph;
[INFO] [stdout]    |     ~~~~~~~~~~~~~
[INFO] [stdout] 46 | use raphtory::core::entities::properties::tprop::TProp::Graph;
[INFO] [stdout]    |     ~~~~~~~~~~~~~~~~~~~~~~~~~~~~~~~~~~~~~~~~~~~~~~~~~~~~~~~~~
[INFO] [stdout] 46 | use raphtory::prelude::Graph;
[INFO] [stdout]    |     ~~~~~~~~~~~~~~~~~~~~~~~~
[INFO] [stdout]      and 1 other candidate
[INFO] [stdout] 
[INFO] [stdout] 
[INFO] [stdout] error[E0433]: failed to resolve: could not find `view_api` in `db`
[INFO] [stdout]  --> /opt/rustwide/cargo-home/registry/src/index.crates.io-6f17d22bba15001f/raphtory-io-0.4.0/src/graph_loader/example/stable_coins.rs:5:19
[INFO] [stdout]   |
[INFO] [stdout] 5 | use raphtory::db::view_api::internal::GraphViewInternalOps;
[INFO] [stdout]   |                   ^^^^^^^^ could not find `view_api` in `db`
[INFO] [stdout] 
[INFO] [stdout] 
[INFO] [stdout] error[E0432]: unresolved import `raphtory::db::graph::Graph`
[INFO] [stdout]  --> /opt/rustwide/cargo-home/registry/src/index.crates.io-6f17d22bba15001f/raphtory-io-0.4.0/src/graph_loader/example/stable_coins.rs:4:5
[INFO] [stdout]   |
[INFO] [stdout] 4 | use raphtory::db::graph::Graph;
[INFO] [stdout]   |     ^^^^^^^^^^^^^^^^^^^^^^^^^^ no `Graph` in `db::graph`
[INFO] [stdout]   |
[INFO] [stdout] help: a similar name exists in the module
[INFO] [stdout]   |
[INFO] [stdout] 4 | use raphtory::db::graph::graph;
[INFO] [stdout]   |                          ~~~~~
[INFO] [stdout] help: consider importing one of these items instead
[INFO] [stdout]   |
[INFO] [stdout] 4 | use crate::graph_loader::example::stable_coins::Prop::Graph;
[INFO] [stdout]   |     ~~~~~~~~~~~~~~~~~~~~~~~~~~~~~~~~~~~~~~~~~~~~~~~~~~~~~~~
[INFO] [stdout] 4 | use neo4rs::Graph;
[INFO] [stdout]   |     ~~~~~~~~~~~~~
[INFO] [stdout] 4 | use raphtory::core::entities::properties::tprop::TProp::Graph;
[INFO] [stdout]   |     ~~~~~~~~~~~~~~~~~~~~~~~~~~~~~~~~~~~~~~~~~~~~~~~~~~~~~~~~~
[INFO] [stdout] 4 | use raphtory::prelude::Graph;
[INFO] [stdout]   |     ~~~~~~~~~~~~~~~~~~~~~~~~
[INFO] [stdout]     and 1 other candidate
[INFO] [stdout] 
[INFO] [stdout] 
[INFO] [stdout] error[E0432]: unresolved import `raphtory::db::view_api`
[INFO] [stdout]  --> /opt/rustwide/cargo-home/registry/src/index.crates.io-6f17d22bba15001f/raphtory-io-0.4.0/src/graph_loader/example/stable_coins.rs:6:19
[INFO] [stdout]   |
[INFO] [stdout] 6 | use raphtory::db::view_api::GraphViewOps;
[INFO] [stdout]   |                   ^^^^^^^^ could not find `view_api` in `db`
[INFO] [stdout] 
[INFO] [stdout] 
[INFO] [stdout] error[E0433]: failed to resolve: could not find `tgraph_shard` in `core`
[INFO] [stdout]  --> /opt/rustwide/cargo-home/registry/src/index.crates.io-6f17d22bba15001f/raphtory-io-0.4.0/src/graph_loader/source/json_loader.rs:3:21
[INFO] [stdout]   |
[INFO] [stdout] 3 | use raphtory::core::tgraph_shard::errors::GraphError;
[INFO] [stdout]   |                     ^^^^^^^^^^^^ could not find `tgraph_shard` in `core`
[INFO] [stdout] 
[INFO] [stdout] 
[INFO] [stdout] error[E0432]: unresolved import `raphtory::db::graph::Graph`
[INFO] [stdout]   --> /opt/rustwide/cargo-home/registry/src/index.crates.io-6f17d22bba15001f/raphtory-io-0.4.0/src/graph_loader/example/sx_superuser_graph.rs:49:5
[INFO] [stdout]    |
[INFO] [stdout] 49 | use raphtory::db::graph::Graph;
[INFO] [stdout]    |     ^^^^^^^^^^^^^^^^^^^^^^^^^^ no `Graph` in `db::graph`
[INFO] [stdout]    |
[INFO] [stdout] help: a similar name exists in the module
[INFO] [stdout]    |
[INFO] [stdout] 49 | use raphtory::db::graph::graph;
[INFO] [stdout]    |                          ~~~~~
[INFO] [stdout] help: consider importing one of these items instead
[INFO] [stdout]    |
[INFO] [stdout] 49 | use neo4rs::Graph;
[INFO] [stdout]    |     ~~~~~~~~~~~~~
[INFO] [stdout] 49 | use raphtory::core::entities::properties::tprop::TProp::Graph;
[INFO] [stdout]    |     ~~~~~~~~~~~~~~~~~~~~~~~~~~~~~~~~~~~~~~~~~~~~~~~~~~~~~~~~~
[INFO] [stdout] 49 | use raphtory::prelude::Graph;
[INFO] [stdout]    |     ~~~~~~~~~~~~~~~~~~~~~~~~
[INFO] [stdout] 49 | use raphtory::prelude::Prop::Graph;
[INFO] [stdout]    |     ~~~~~~~~~~~~~~~~~~~~~~~~~~~~~~
[INFO] [stdout] 
[INFO] [stdout] 
[INFO] [stdout] error[E0412]: cannot find type `Graph` in module `rap`
[INFO] [stdout]  --> /opt/rustwide/cargo-home/registry/src/index.crates.io-6f17d22bba15001f/raphtory-io-0.4.0/src/graph_loader/example/neo4j_examples.rs:6:39
[INFO] [stdout]   |
[INFO] [stdout] 6 | fn load_movies(row: Row, graph: &rap::Graph) {
[INFO] [stdout]   |                                       ^^^^^ not found in `rap`
[INFO] [stdout]   |
[INFO] [stdout] help: consider importing one of these items
[INFO] [stdout]   |
[INFO] [stdout] 1 + use crate::graph_loader::example::neo4j_examples::rap::graph::Graph;
[INFO] [stdout]   |
[INFO] [stdout] 1 + use neo4rs::Graph;
[INFO] [stdout]   |
[INFO] [stdout] 1 + use raphtory::prelude::Graph;
[INFO] [stdout]   |
[INFO] [stdout] help: if you import `Graph`, refer to it directly
[INFO] [stdout]   |
[INFO] [stdout] 6 - fn load_movies(row: Row, graph: &rap::Graph) {
[INFO] [stdout] 6 + fn load_movies(row: Row, graph: &Graph) {
[INFO] [stdout]   |
[INFO] [stdout] 
[INFO] [stdout] 
[INFO] [stdout] error[E0412]: cannot find type `Graph` in module `rap`
[INFO] [stdout]   --> /opt/rustwide/cargo-home/registry/src/index.crates.io-6f17d22bba15001f/raphtory-io-0.4.0/src/graph_loader/example/neo4j_examples.rs:57:11
[INFO] [stdout]    |
[INFO] [stdout] 57 | ) -> rap::Graph {
[INFO] [stdout]    |           ^^^^^ not found in `rap`
[INFO] [stdout]    |
[INFO] [stdout] help: consider importing one of these items
[INFO] [stdout]    |
[INFO] [stdout] 1  + use crate::graph_loader::example::neo4j_examples::rap::graph::Graph;
[INFO] [stdout]    |
[INFO] [stdout] 1  + use neo4rs::Graph;
[INFO] [stdout]    |
[INFO] [stdout] 1  + use raphtory::prelude::Graph;
[INFO] [stdout]    |
[INFO] [stdout] help: if you import `Graph`, refer to it directly
[INFO] [stdout]    |
[INFO] [stdout] 57 - ) -> rap::Graph {
[INFO] [stdout] 57 + ) -> Graph {
[INFO] [stdout]    |
[INFO] [stdout] 
[INFO] [stdout] 
[INFO] [stdout] error[E0433]: failed to resolve: could not find `Graph` in `rap`
[INFO] [stdout]   --> /opt/rustwide/cargo-home/registry/src/index.crates.io-6f17d22bba15001f/raphtory-io-0.4.0/src/graph_loader/example/neo4j_examples.rs:58:18
[INFO] [stdout]    |
[INFO] [stdout] 58 |     let g = rap::Graph::new(shards);
[INFO] [stdout]    |                  ^^^^^ could not find `Graph` in `rap`
[INFO] [stdout]    |
[INFO] [stdout] help: consider importing one of these items
[INFO] [stdout]    |
[INFO] [stdout] 1  + use crate::graph_loader::example::neo4j_examples::rap::graph::Graph;
[INFO] [stdout]    |
[INFO] [stdout] 1  + use neo4rs::Graph;
[INFO] [stdout]    |
[INFO] [stdout] 1  + use raphtory::prelude::Graph;
[INFO] [stdout]    |
[INFO] [stdout] help: if you import `Graph`, refer to it directly
[INFO] [stdout]    |
[INFO] [stdout] 58 -     let g = rap::Graph::new(shards);
[INFO] [stdout] 58 +     let g = Graph::new(shards);
[INFO] [stdout]    |
[INFO] [stdout] 
[INFO] [stdout] 
[INFO] [stdout] error[E0412]: cannot find type `Graph` in module `rap`
[INFO] [stdout]   --> /opt/rustwide/cargo-home/registry/src/index.crates.io-6f17d22bba15001f/raphtory-io-0.4.0/src/graph_loader/source/neo4j_loader.rs:36:18
[INFO] [stdout]    |
[INFO] [stdout] 36 |         g: &rap::Graph,
[INFO] [stdout]    |                  ^^^^^ not found in `rap`
[INFO] [stdout]    |
[INFO] [stdout] help: consider importing one of these items
[INFO] [stdout]    |
[INFO] [stdout] 1  + use crate::graph_loader::source::neo4j_loader::rap::graph::Graph;
[INFO] [stdout]    |
[INFO] [stdout] 1  + use neo4rs::Graph;
[INFO] [stdout]    |
[INFO] [stdout] 1  + use raphtory::prelude::Graph;
[INFO] [stdout]    |
[INFO] [stdout] help: if you import `Graph`, refer to it directly
[INFO] [stdout]    |
[INFO] [stdout] 36 -         g: &rap::Graph,
[INFO] [stdout] 36 +         g: &Graph,
[INFO] [stdout]    |
[INFO] [stdout] 
[INFO] [stdout] 
[INFO] [stdout] error[E0412]: cannot find type `Graph` in module `rap`
[INFO] [stdout]   --> /opt/rustwide/cargo-home/registry/src/index.crates.io-6f17d22bba15001f/raphtory-io-0.4.0/src/graph_loader/source/neo4j_loader.rs:38:31
[INFO] [stdout]    |
[INFO] [stdout] 38 |         loader: fn(Row, &rap::Graph),
[INFO] [stdout]    |                               ^^^^^ not found in `rap`
[INFO] [stdout]    |
[INFO] [stdout] help: consider importing one of these items
[INFO] [stdout]    |
[INFO] [stdout] 1  + use crate::graph_loader::source::neo4j_loader::rap::graph::Graph;
[INFO] [stdout]    |
[INFO] [stdout] 1  + use neo4rs::Graph;
[INFO] [stdout]    |
[INFO] [stdout] 1  + use raphtory::prelude::Graph;
[INFO] [stdout]    |
[INFO] [stdout] help: if you import `Graph`, refer to it directly
[INFO] [stdout]    |
[INFO] [stdout] 38 -         loader: fn(Row, &rap::Graph),
[INFO] [stdout] 38 +         loader: fn(Row, &Graph),
[INFO] [stdout]    |
[INFO] [stdout] 
[INFO] [stdout] 
[INFO] [stdout] error[E0425]: cannot find function `config` in this scope
[INFO] [stdout]   --> /opt/rustwide/cargo-home/registry/src/index.crates.io-6f17d22bba15001f/raphtory-io-0.4.0/src/graph_loader/source/neo4j_loader.rs:16:22
[INFO] [stdout]    |
[INFO] [stdout] 16 |         let config = config()
[INFO] [stdout]    |                      ^^^^^^ not found in this scope
[INFO] [stdout] 
[INFO] [stdout] 
[INFO] [stdout] error: aborting due to 16 previous errors
[INFO] [stdout] 
[INFO] [stdout] 
[INFO] [stdout] Some errors have detailed explanations: E0412, E0425, E0432, E0433.
[INFO] [stdout] 
[INFO] [stdout] For more information about an error, try `rustc --explain E0412`.
[INFO] [stdout] 
[INFO] [stderr] error: could not compile `raphtory-io` (lib) due to 17 previous errors
[INFO] running `Command { std: "docker" "inspect" "400b06d8adf951d1aa1e7f28aeca30f5051d768fa9dd91f597855b328fcb8315", kill_on_drop: false }`
[INFO] running `Command { std: "docker" "rm" "-f" "400b06d8adf951d1aa1e7f28aeca30f5051d768fa9dd91f597855b328fcb8315", kill_on_drop: false }`
[INFO] [stdout] 400b06d8adf951d1aa1e7f28aeca30f5051d768fa9dd91f597855b328fcb8315
