[INFO] fetching crate quilkin-network-conditioner 0.1.0...
[INFO] documenting quilkin-network-conditioner-0.1.0 against 1.75.0 for beta-1.76-rustdoc-1
[INFO] extracting crate quilkin-network-conditioner 0.1.0 into /workspace/builds/worker-3-tc1/source
[INFO] validating manifest of crates.io crate quilkin-network-conditioner 0.1.0 on toolchain 1.75.0
[INFO] running `Command { std: CARGO_HOME="/workspace/cargo-home" RUSTUP_HOME="/workspace/rustup-home" "/workspace/cargo-home/bin/cargo" "+1.75.0" "metadata" "--manifest-path" "Cargo.toml" "--no-deps", kill_on_drop: false }`
[INFO] started tweaking crates.io crate quilkin-network-conditioner 0.1.0
[INFO] finished tweaking crates.io crate quilkin-network-conditioner 0.1.0
[INFO] tweaked toml for crates.io crate quilkin-network-conditioner 0.1.0 written to /workspace/builds/worker-3-tc1/source/Cargo.toml
[INFO] crate crates.io crate quilkin-network-conditioner 0.1.0 already has a lockfile, it will not be regenerated
[INFO] running `Command { std: CARGO_HOME="/workspace/cargo-home" RUSTUP_HOME="/workspace/rustup-home" "/workspace/cargo-home/bin/cargo" "+1.75.0" "fetch" "--manifest-path" "Cargo.toml", kill_on_drop: false }`
[INFO] [stderr]     Updating crates.io index
[INFO] [stderr]  Downloading crates ...
[INFO] [stderr]   Downloaded autotools v0.2.6
[INFO] [stderr]   Downloaded serde_stacker v0.1.10
[INFO] [stderr]   Downloaded maxminddb v0.23.0
[INFO] [stderr]   Downloaded ipnetwork v0.20.0
[INFO] [stderr]   Downloaded base64-serde v0.7.0
[INFO] [stderr]   Downloaded stable-eyre v0.2.2
[INFO] [stderr]   Downloaded async_once v0.2.6
[INFO] [stderr]   Downloaded dyn-clone v1.0.12
[INFO] [stderr]   Downloaded kube-derive v0.82.2
[INFO] [stderr]   Downloaded kube v0.82.2
[INFO] [stderr]   Downloaded serde v1.0.175
[INFO] [stderr]   Downloaded tryhard v0.5.0
[INFO] [stderr]   Downloaded kube-core v0.82.2
[INFO] [stderr]   Downloaded kube-runtime v0.82.2
[INFO] [stderr]   Downloaded lasso v0.7.2
[INFO] [stderr]   Downloaded axum v0.6.19
[INFO] [stderr]   Downloaded serde_derive v1.0.175
[INFO] [stderr]   Downloaded kube-client v0.82.2
[INFO] [stderr]   Downloaded cached v0.43.0
[INFO] [stderr]   Downloaded libz-sys v1.1.10
[INFO] [stderr]   Downloaded k8s-openapi v0.18.0
[INFO] [stderr]   Downloaded quilkin-macros v0.6.0
[INFO] [stderr]   Downloaded protobuf-src v1.1.0+21.5
[INFO] [stderr]   Downloaded winnow v0.5.1
[INFO] [stderr]   Downloaded cached_proc_macro v0.16.0
[INFO] [stderr]   Downloaded quilkin v0.6.0
[INFO] [stderr]   Downloaded dirs2 v3.0.1
[INFO] running `Command { std: "docker" "create" "-v" "/var/lib/crater-agent-workspace/builds/worker-3-tc1/target:/opt/rustwide/target:rw,Z" "-v" "/var/lib/crater-agent-workspace/builds/worker-3-tc1/source:/opt/rustwide/workdir:ro,Z" "-v" "/var/lib/crater-agent-workspace/cargo-home:/opt/rustwide/cargo-home:ro,Z" "-v" "/var/lib/crater-agent-workspace/rustup-home:/opt/rustwide/rustup-home:ro,Z" "-e" "SOURCE_DIR=/opt/rustwide/workdir" "-e" "CARGO_TARGET_DIR=/opt/rustwide/target" "-e" "CARGO_HOME=/opt/rustwide/cargo-home" "-e" "RUSTUP_HOME=/opt/rustwide/rustup-home" "-w" "/opt/rustwide/workdir" "-m" "1610612736" "--user" "0:0" "--network" "none" "ghcr.io/rust-lang/crates-build-env/linux@sha256:2788e3201cd34a07e3172128adcd8b3090168a8e3bcc40d7c032b9dda1df7d1c" "/opt/rustwide/cargo-home/bin/cargo" "+1.75.0" "metadata" "--no-deps" "--format-version=1", kill_on_drop: false }`
[INFO] [stdout] 0d33579653ddce781458ffb406d1b35e300e69ffaf41e5789c8dec9708fd550e
[INFO] running `Command { std: "docker" "start" "-a" "0d33579653ddce781458ffb406d1b35e300e69ffaf41e5789c8dec9708fd550e", kill_on_drop: false }`
[INFO] running `Command { std: "docker" "inspect" "0d33579653ddce781458ffb406d1b35e300e69ffaf41e5789c8dec9708fd550e", kill_on_drop: false }`
[INFO] running `Command { std: "docker" "rm" "-f" "0d33579653ddce781458ffb406d1b35e300e69ffaf41e5789c8dec9708fd550e", kill_on_drop: false }`
[INFO] [stdout] 0d33579653ddce781458ffb406d1b35e300e69ffaf41e5789c8dec9708fd550e
[INFO] running `Command { std: "docker" "create" "-v" "/var/lib/crater-agent-workspace/builds/worker-3-tc1/target:/opt/rustwide/target:rw,Z" "-v" "/var/lib/crater-agent-workspace/builds/worker-3-tc1/source:/opt/rustwide/workdir:ro,Z" "-v" "/var/lib/crater-agent-workspace/cargo-home:/opt/rustwide/cargo-home:ro,Z" "-v" "/var/lib/crater-agent-workspace/rustup-home:/opt/rustwide/rustup-home:ro,Z" "-e" "SOURCE_DIR=/opt/rustwide/workdir" "-e" "CARGO_TARGET_DIR=/opt/rustwide/target" "-e" "CARGO_INCREMENTAL=0" "-e" "RUST_BACKTRACE=full" "-e" "RUSTFLAGS=--cap-lints=warn" "-e" "RUSTDOCFLAGS=--cap-lints=warn" "-e" "CARGO_HOME=/opt/rustwide/cargo-home" "-e" "RUSTUP_HOME=/opt/rustwide/rustup-home" "-w" "/opt/rustwide/workdir" "-m" "1610612736" "--user" "0:0" "--network" "none" "ghcr.io/rust-lang/crates-build-env/linux@sha256:2788e3201cd34a07e3172128adcd8b3090168a8e3bcc40d7c032b9dda1df7d1c" "/opt/rustwide/cargo-home/bin/cargo" "+1.75.0" "doc" "--frozen" "--no-deps" "--document-private-items" "--message-format=json", kill_on_drop: false }`
[INFO] [stdout] 61c790a29c85c1d1f40edb9f6a6d094065937bf5653f7128f9851ebb4735f454
[INFO] running `Command { std: "docker" "start" "-a" "61c790a29c85c1d1f40edb9f6a6d094065937bf5653f7128f9851ebb4735f454", kill_on_drop: false }`
[INFO] [stderr]    Compiling libc v0.2.147
[INFO] [stderr]    Compiling proc-macro2 v1.0.66
[INFO] [stderr]    Compiling unicode-ident v1.0.11
[INFO] [stderr]    Compiling serde_derive v1.0.175
[INFO] [stderr]    Compiling serde v1.0.175
[INFO] [stderr]     Checking once_cell v1.18.0
[INFO] [stderr]    Compiling memchr v2.5.0
[INFO] [stderr]    Compiling syn v1.0.109
[INFO] [stderr]     Checking log v0.4.19
[INFO] [stderr]     Checking pin-project-lite v0.2.10
[INFO] [stderr]    Compiling parking_lot_core v0.9.8
[INFO] [stderr]    Compiling futures-core v0.3.28
[INFO] [stderr]     Checking smallvec v1.11.0
[INFO] [stderr]    Compiling lock_api v0.4.10
[INFO] [stderr]    Compiling slab v0.4.8
[INFO] [stderr]     Checking futures-sink v0.3.28
[INFO] [stderr]    Compiling futures-channel v0.3.28
[INFO] [stderr]    Compiling futures-task v0.3.28
[INFO] [stderr]    Compiling tokio v1.29.1
[INFO] [stderr]    Compiling futures-util v0.3.28
[INFO] [stderr]     Checking tracing-core v0.1.31
[INFO] [stderr]     Checking futures-io v0.3.28
[INFO] [stderr]     Checking untrusted v0.7.1
[INFO] [stderr]     Checking spin v0.5.2
[INFO] [stderr]     Checking hashbrown v0.14.0
[INFO] [stderr]    Compiling anyhow v1.0.72
[INFO] [stderr]    Compiling itertools v0.10.5
[INFO] [stderr]    Compiling serde_json v1.0.103
[INFO] [stderr]     Checking unicode-normalization v0.1.22
[INFO] [stderr]    Compiling num-traits v0.2.16
[INFO] [stderr]     Checking base64 v0.21.2
[INFO] [stderr]    Compiling thiserror v1.0.44
[INFO] [stderr]     Checking unicode-bidi v0.3.13
[INFO] [stderr]    Compiling async-trait v0.1.72
[INFO] [stderr]    Compiling tinyvec_macros v0.1.1
[INFO] [stderr]    Compiling rustix v0.38.4
[INFO] [stderr]     Checking bitflags v2.3.3
[INFO] [stderr]    Compiling prettyplease v0.1.25
[INFO] [stderr]    Compiling tinyvec v1.6.0
[INFO] [stderr]    Compiling quote v1.0.32
[INFO] [stderr]     Checking idna v0.4.0
[INFO] [stderr]     Checking indexmap v2.0.0
[INFO] [stderr]     Checking tower-layer v0.3.2
[INFO] [stderr]    Compiling regex-syntax v0.7.4
[INFO] [stderr]    Compiling jobserver v0.1.26
[INFO] [stderr]    Compiling syn v2.0.27
[INFO] [stderr]     Checking mio v0.8.8
[INFO] [stderr]     Checking socket2 v0.4.9
[INFO] [stderr]     Checking signal-hook-registry v1.4.1
[INFO] [stderr]     Checking num_cpus v1.16.0
[INFO] [stderr]     Checking getrandom v0.2.10
[INFO] [stderr]    Compiling cc v1.0.79
[INFO] [stderr]     Checking parking_lot v0.12.1
[INFO] [stderr]     Checking rand_core v0.6.4
[INFO] [stderr]     Checking httpdate v1.0.2
[INFO] [stderr]    Compiling bytes v1.4.0
[INFO] [stderr]    Compiling linux-raw-sys v0.4.3
[INFO] [stderr]     Checking rand_chacha v0.3.1
[INFO] [stderr]    Compiling ahash v0.8.3
[INFO] [stderr]     Checking time v0.1.45
[INFO] [stderr]    Compiling indexmap v1.9.3
[INFO] [stderr]    Compiling k8s-openapi v0.18.0
[INFO] [stderr]     Checking rand v0.8.5
[INFO] [stderr]    Compiling autotools v0.2.6
[INFO] [stderr]    Compiling fastrand v2.0.0
[INFO] [stderr]     Checking iana-time-zone v0.1.57
[INFO] [stderr]    Compiling fixedbitset v0.4.2
[INFO] [stderr]    Compiling percent-encoding v2.3.0
[INFO] [stderr]    Compiling rustls v0.21.5
[INFO] [stderr]    Compiling equivalent v1.0.1
[INFO] [stderr]     Checking base64 v0.13.1
[INFO] [stderr]    Compiling schemars v0.8.12
[INFO] [stderr]    Compiling petgraph v0.6.3
[INFO] [stderr]    Compiling form_urlencoded v1.2.0
[INFO] [stderr]     Checking ordered-float v2.10.0
[INFO] [stderr]    Compiling which v4.4.0
[INFO] [stderr]    Compiling semver v1.0.18
[INFO] [stderr]     Checking dyn-clone v1.0.12
[INFO] [stderr]    Compiling winnow v0.5.1
[INFO] [stderr]    Compiling regex-automata v0.3.3
[INFO] [stderr]    Compiling lazy_static v1.4.0
[INFO] [stderr]    Compiling ring v0.16.20
[INFO] [stderr]    Compiling libz-sys v1.1.10
[INFO] [stderr]    Compiling protobuf-src v1.1.0+21.5
[INFO] [stderr]    Compiling libgit2-sys v0.15.2+1.6.4
[INFO] [stderr]    Compiling url v2.4.0
[INFO] [stderr]     Checking rustls-pemfile v1.0.3
[INFO] [stderr]     Checking chrono v0.4.26
[INFO] [stderr]     Checking http v0.2.9
[INFO] [stderr]    Compiling tempfile v3.7.0
[INFO] [stderr]     Checking serde-value v0.7.0
[INFO] [stderr]    Compiling rustls v0.20.8
[INFO] [stderr]    Compiling toml_datetime v0.6.3
[INFO] [stderr]    Compiling serde_spanned v0.6.3
[INFO] [stderr]     Checking rustls-native-certs v0.6.3
[INFO] [stderr]    Compiling psm v0.1.21
[INFO] [stderr]    Compiling axum-core v0.3.4
[INFO] [stderr]     Checking dirs-sys-next v0.1.2
[INFO] [stderr]     Checking aho-corasick v1.0.2
[INFO] [stderr]    Compiling regex v1.9.1
[INFO] [stderr]    Compiling toml_edit v0.19.14
[INFO] [stderr]     Checking treediff v4.0.2
[INFO] [stderr]     Checking http-body v0.4.5
[INFO] [stderr]    Compiling bitflags v1.3.2
[INFO] [stderr]     Checking unsafe-libyaml v0.2.9
[INFO] [stderr]     Checking http-range-header v0.3.1
[INFO] [stderr]    Compiling crossbeam-utils v0.8.16
[INFO] [stderr]     Checking zeroize v1.6.0
[INFO] [stderr]     Checking anstyle-parse v0.2.1
[INFO] [stderr]     Checking secrecy v0.8.0
[INFO] [stderr]     Checking dirs-next v2.0.0
[INFO] [stderr]     Checking jsonpath_lib v0.3.0
[INFO] [stderr]    Compiling backtrace v0.3.68
[INFO] [stderr]    Compiling stacker v0.1.15
[INFO] [stderr]    Compiling sys-info v0.9.1
[INFO] [stderr]    Compiling serde_derive_internals v0.26.0
[INFO] [stderr]    Compiling darling_core v0.14.4
[INFO] [stderr]     Checking pem v1.1.1
[INFO] [stderr]    Compiling axum v0.6.19
[INFO] [stderr]     Checking is-terminal v0.4.9
[INFO] [stderr]     Checking base64 v0.20.0
[INFO] [stderr]     Checking serde_yaml v0.9.25
[INFO] [stderr]     Checking either v1.9.0
[INFO] [stderr]    Compiling itoa v1.0.9
[INFO] [stderr]     Checking matches v0.1.10
[INFO] [stderr]     Checking anstyle v1.0.1
[INFO] [stderr]     Checking regex-syntax v0.6.29
[INFO] [stderr]     Checking match_cfg v0.1.0
[INFO] [stderr]    Compiling eyre v0.6.8
[INFO] [stderr]     Checking gimli v0.27.3
[INFO] [stderr]    Compiling ryu v1.0.15
[INFO] [stderr]     Checking miniz_oxide v0.7.1
[INFO] [stderr]     Checking anstream v0.3.2
[INFO] [stderr]     Checking hostname v0.3.1
[INFO] [stderr]     Checking idna v0.2.3
[INFO] [stderr]     Checking backoff v0.4.0
[INFO] [stderr]     Checking hashbrown v0.13.2
[INFO] [stderr]     Checking rustls-pemfile v0.3.0
[INFO] [stderr]    Compiling toml v0.7.6
[INFO] [stderr]     Checking inotify-sys v0.1.5
[INFO] [stderr]     Checking object v0.31.1
[INFO] [stderr]     Checking sync_wrapper v0.1.2
[INFO] [stderr]     Checking quick-error v1.2.3
[INFO] [stderr]    Compiling prometheus v0.13.3
[INFO] [stderr]     Checking ipnet v2.8.0
[INFO] [stderr]    Compiling snap v1.1.0
[INFO] [stderr]    Compiling cargo-lock v9.0.0
[INFO] [stderr]     Checking matchit v0.7.0
[INFO] [stderr]     Checking clap_lex v0.5.0
[INFO] [stderr]    Compiling futures-macro v0.3.28
[INFO] [stderr]    Compiling tokio-macros v2.1.0
[INFO] [stderr]    Compiling tracing-attributes v0.1.26
[INFO] [stderr]     Checking sct v0.7.0
[INFO] [stderr]    Compiling thiserror-impl v1.0.44
[INFO] [stderr]    Compiling pin-project-internal v1.1.2
[INFO] [stderr]     Checking rustls-webpki v0.101.1
[INFO] [stderr]     Checking rustls-webpki v0.100.1
[INFO] [stderr]     Checking webpki v0.22.0
[INFO] [stderr]     Checking webpki-roots v0.23.1
[INFO] [stderr]     Checking addr2line v0.20.0
[INFO] [stderr]    Compiling prost-derive v0.11.9
[INFO] [stderr]    Compiling schemars_derive v0.8.12
[INFO] [stderr]    Compiling darling_macro v0.14.4
[INFO] [stderr]    Compiling derivative v2.2.0
[INFO] [stderr]    Compiling enum-as-inner v0.4.0
[INFO] [stderr]     Checking webpki-roots v0.22.6
[INFO] [stderr]     Checking regex-automata v0.1.10
[INFO] [stderr]    Compiling cached_proc_macro_types v0.1.0
[INFO] [stderr]     Checking overload v0.1.1
[INFO] [stderr]     Checking data-encoding v2.4.0
[INFO] [stderr]    Compiling darling v0.14.4
[INFO] [stderr]     Checking pin-project v1.1.2
[INFO] [stderr]     Checking rustc-demangle v0.1.23
[INFO] [stderr]     Checking json-patch v1.0.0
[INFO] [stderr]    Compiling cached_proc_macro v0.16.0
[INFO] [stderr]    Compiling kube-derive v0.82.2
[INFO] [stderr]     Checking matchers v0.1.0
[INFO] [stderr]     Checking nu-ansi-term v0.46.0
[INFO] [stderr]     Checking clap_builder v4.3.19
[INFO] [stderr]     Checking tracing v0.1.37
[INFO] [stderr]    Compiling clap_derive v4.3.12
[INFO] [stderr]    Compiling enum-map-derive v0.12.0
[INFO] [stderr]    Compiling async-stream-impl v0.3.5
[INFO] [stderr]     Checking walkdir v2.3.3
[INFO] [stderr]     Checking resolv-conf v0.7.0
[INFO] [stderr]     Checking lru-cache v0.1.2
[INFO] [stderr]     Checking inotify v0.9.6
[INFO] [stderr]     Checking crossbeam-channel v0.5.8
[INFO] [stderr]     Checking ipnetwork v0.18.0
[INFO] [stderr]     Checking tracing-serde v0.1.3
[INFO] [stderr]     Checking dashmap v5.5.0
[INFO] [stderr]     Checking tracing-log v0.1.3
[INFO] [stderr]     Checking filetime v0.2.21
[INFO] [stderr]     Checking dirs-sys v0.3.7
[INFO] [stderr]     Checking thread_local v1.1.7
[INFO] [stderr]     Checking async_once v0.2.6
[INFO] [stderr]     Checking minimal-lexical v0.2.1
[INFO] [stderr]     Checking dirs2 v3.0.1
[INFO] [stderr]     Checking tracing-subscriber v0.3.17
[INFO] [stderr]     Checking lasso v0.7.2
[INFO] [stderr]     Checking notify v6.0.1
[INFO] [stderr]     Checking enum-map v2.6.0
[INFO] [stderr]     Checking async-stream v0.3.5
[INFO] [stderr]     Checking nom v7.1.3
[INFO] [stderr]    Compiling prost v0.11.9
[INFO] [stderr]     Checking maxminddb v0.23.0
[INFO] [stderr]     Checking stable-eyre v0.2.2
[INFO] [stderr]     Checking serde_stacker v0.1.10
[INFO] [stderr]     Checking serde_regex v1.1.0
[INFO] [stderr]     Checking prost-types v0.11.9
[INFO] [stderr]    Compiling quilkin-macros v0.6.0
[INFO] [stderr]     Checking ipnetwork v0.20.0
[INFO] [stderr]     Checking arc-swap v1.6.0
[INFO] [stderr]     Checking base64-serde v0.7.0
[INFO] [stderr]     Checking uuid v1.4.1
[INFO] [stderr]     Checking socket2 v0.5.3
[INFO] [stderr]     Checking futures-executor v0.3.28
[INFO] [stderr]     Checking tower-http v0.4.3
[INFO] [stderr]     Checking futures v0.3.28
[INFO] [stderr]     Checking tracing-futures v0.2.5
[INFO] [stderr]    Compiling prost-build v0.11.9
[INFO] [stderr]     Checking clap v4.3.19
[INFO] [stderr]     Checking tokio-util v0.7.8
[INFO] [stderr]     Checking tokio-io-timeout v1.2.0
[INFO] [stderr]     Checking tokio-rustls v0.24.1
[INFO] [stderr]     Checking tokio-rustls v0.23.4
[INFO] [stderr]     Checking tryhard v0.5.0
[INFO] [stderr]     Checking cached v0.43.0
[INFO] [stderr]    Compiling tonic-build v0.9.2
[INFO] [stderr]     Checking h2 v0.3.20
[INFO] [stderr]     Checking tower v0.4.13
[INFO] [stderr]     Checking tokio-stream v0.1.14
[INFO] [stderr]    Compiling git2 v0.17.2
[INFO] [stderr]     Checking hyper v0.14.27
[INFO] [stderr]     Checking trust-dns-proto v0.21.2
[INFO] [stderr]    Compiling built v0.6.1
[INFO] [stderr]     Checking trust-dns-resolver v0.21.2
[INFO] [stderr]     Checking hyper-timeout v0.4.1
[INFO] [stderr]     Checking hyper-rustls v0.24.1
[INFO] [stderr]     Checking kube-core v0.82.2
[INFO] [stderr]     Checking tonic v0.9.2
[INFO] [stderr]     Checking kube-client v0.82.2
[INFO] [stderr]     Checking kube-runtime v0.82.2
[INFO] [stderr]     Checking kube v0.82.2
[INFO] [stderr] error: failed to run custom build command for `protobuf-src v1.1.0+21.5`
[INFO] [stderr] note: To improve backtraces for build dependencies, set the CARGO_PROFILE_DEV_BUILD_OVERRIDE_DEBUG=true environment variable to enable debug information generation.
[INFO] [stderr] 
[INFO] [stderr] Caused by:
[INFO] [stderr]   process didn't exit successfully: `/opt/rustwide/target/debug/build/protobuf-src-974aeb0201021718/build-script-build` (exit status: 101)
[INFO] [stderr]   --- stdout
[INFO] [stderr]   running: cd "/opt/rustwide/target/debug/build/protobuf-src-c5b3783d275ad509/out/install/build" && CC="cc" CFLAGS="-O0 -ffunction-sections -fdata-sections -fPIC -m64" CXX="c++" CXXFLAGS="-O0 -ffunction-sections -fdata-sections -fPIC -m64" "sh" "-c" "exec \"$0\" \"$@\"" "/opt/rustwide/cargo-home/registry/src/index.crates.io-6f17d22bba15001f/protobuf-src-1.1.0+21.5/protobuf/configure" "--prefix=/opt/rustwide/target/debug/build/protobuf-src-c5b3783d275ad509/out/install" "--disable-shared" "--enable-static" "--disable-maintainer-mode"
[INFO] [stderr]   checking whether to enable maintainer-specific portions of Makefiles... no
[INFO] [stderr]   checking build system type... x86_64-pc-linux-gnu
[INFO] [stderr]   checking host system type... x86_64-pc-linux-gnu
[INFO] [stderr]   checking target system type... x86_64-pc-linux-gnu
[INFO] [stderr]   checking for a BSD-compatible install... /usr/bin/install -c
[INFO] [stderr]   checking whether build environment is sane... yes
[INFO] [stderr]   checking for a race-free mkdir -p... /usr/bin/mkdir -p
[INFO] [stderr]   checking for gawk... no
[INFO] [stderr]   checking for mawk... mawk
[INFO] [stderr]   checking whether make sets $(MAKE)... yes
[INFO] [stderr]   checking whether make supports nested variables... yes
[INFO] [stderr]   checking whether UID '0' is supported by ustar format... yes
[INFO] [stderr]   checking whether GID '0' is supported by ustar format... yes
[INFO] [stderr]   checking how to create a ustar tar archive... gnutar
[INFO] [stderr]   checking whether make supports nested variables... (cached) yes
[INFO] [stderr]   checking for gcc... cc
[INFO] [stderr]   checking whether the C compiler works... yes
[INFO] [stderr]   checking for C compiler default output file name... a.out
[INFO] [stderr]   checking for suffix of executables... 
[INFO] [stderr]   checking whether we are cross compiling... no
[INFO] [stderr]   checking for suffix of object files... o
[INFO] [stderr]   checking whether the compiler supports GNU C... yes
[INFO] [stderr]   checking whether cc accepts -g... yes
[INFO] [stderr]   checking for cc option to enable C11 features... none needed
[INFO] [stderr]   checking whether cc understands -c and -o together... yes
[INFO] [stderr]   checking whether make supports the include directive... yes (GNU style)
[INFO] [stderr]   checking dependency style of cc... gcc3
[INFO] [stderr]   checking whether the compiler supports GNU C++... yes
[INFO] [stderr]   checking whether c++ accepts -g... yes
[INFO] [stderr]   checking for c++ option to enable C++11 features... none needed
[INFO] [stderr]   checking dependency style of c++... gcc3
[INFO] [stderr]   checking how to run the C preprocessor... cc -E
[INFO] [stderr]   checking for gcc... gcc
[INFO] [stderr]   checking whether the compiler supports GNU C... (cached) yes
[INFO] [stderr]   checking whether gcc accepts -g... yes
[INFO] [stderr]   checking for gcc option to enable C11 features... (cached) none needed
[INFO] [stderr]   checking whether gcc understands -c and -o together... (cached) yes
[INFO] [stderr]   checking dependency style of gcc... (cached) gcc3
[INFO] [stderr]   checking how to run the C preprocessor... gcc -E
[INFO] [stderr]   checking how to run the C++ preprocessor... c++ -E
[INFO] [stderr]   checking for g++... g++
[INFO] [stderr]   checking whether the compiler supports GNU C++... (cached) yes
[INFO] [stderr]   checking whether g++ accepts -g... yes
[INFO] [stderr]   checking for g++ option to enable C++11 features... (cached) none needed
[INFO] [stderr]   checking dependency style of g++... (cached) gcc3
[INFO] [stderr]   checking how to run the C++ preprocessor... g++ -E
[INFO] [stderr]   checking for stdio.h... yes
[INFO] [stderr]   checking for stdlib.h... yes
[INFO] [stderr]   checking for string.h... yes
[INFO] [stderr]   checking for inttypes.h... yes
[INFO] [stderr]   checking for stdint.h... yes
[INFO] [stderr]   checking for strings.h... yes
[INFO] [stderr]   checking for sys/stat.h... yes
[INFO] [stderr]   checking for sys/types.h... yes
[INFO] [stderr]   checking for unistd.h... yes
[INFO] [stderr]   checking for wchar.h... yes
[INFO] [stderr]   checking for minix/config.h... no
[INFO] [stderr]   checking whether it is safe to define __EXTENSIONS__... yes
[INFO] [stderr]   checking whether _XOPEN_SOURCE should be defined... no
[INFO] [stderr]   checking for ar... ar
[INFO] [stderr]   checking the archiver (ar) interface... ar
[INFO] [stderr]   checking C++ compiler flags...... use user-supplied: -O0 -ffunction-sections -fdata-sections -fPIC -m64
[INFO] [stderr]   checking for c++ options needed to detect all undeclared functions... none needed
[INFO] [stderr]   checking whether __SUNPRO_CC is declared... no
[INFO] [stderr]   checking how to print strings... printf
[INFO] [stderr]   checking for a sed that does not truncate output... /usr/bin/sed
[INFO] [stderr]   checking for grep that handles long lines and -e... /usr/bin/grep
[INFO] [stderr]   checking for egrep... /usr/bin/grep -E
[INFO] [stderr]   checking for fgrep... /usr/bin/grep -F
[INFO] [stderr]   checking for ld used by cc... /usr/bin/ld
[INFO] [stderr]   checking if the linker (/usr/bin/ld) is GNU ld... yes
[INFO] [stderr]   checking for BSD- or MS-compatible name lister (nm)... /usr/bin/nm -B
[INFO] [stderr]   checking the name lister (/usr/bin/nm -B) interface... BSD nm
[INFO] [stderr]   checking whether ln -s works... yes
[INFO] [stderr]   checking the maximum length of command line arguments... 1572864
[INFO] [stderr]   checking how to convert x86_64-pc-linux-gnu file names to x86_64-pc-linux-gnu format... func_convert_file_noop
[INFO] [stderr]   checking how to convert x86_64-pc-linux-gnu file names to toolchain format... func_convert_file_noop
[INFO] [stderr]   checking for /usr/bin/ld option to reload object files... -r
[INFO] [stderr]   checking for file... file
[INFO] [stderr]   checking for objdump... objdump
[INFO] [stderr]   checking how to recognize dependent libraries... pass_all
[INFO] [stderr]   checking for dlltool... no
[INFO] [stderr]   checking how to associate runtime and link libraries... printf %s\n
[INFO] [stderr]   checking for archiver @FILE support... @
[INFO] [stderr]   checking for strip... strip
[INFO] [stderr]   checking for ranlib... ranlib
[INFO] [stderr]   checking command to parse /usr/bin/nm -B output from cc object... ok
[INFO] [stderr]   checking for sysroot... no
[INFO] [stderr]   checking for a working dd... /usr/bin/dd
[INFO] [stderr]   checking how to truncate binary pipes... /usr/bin/dd bs=4096 count=1
[INFO] [stderr]   checking for mt... no
[INFO] [stderr]   checking if : is a manifest tool... no
[INFO] [stderr]   checking for dlfcn.h... yes
[INFO] [stderr]   checking for objdir... .libs
[INFO] [stderr]   checking if cc supports -fno-rtti -fno-exceptions... no
[INFO] [stderr]   checking for cc option to produce PIC... -fPIC -DPIC
[INFO] [stderr]   checking if cc PIC flag -fPIC -DPIC works... yes
[INFO] [stderr]   checking if cc static flag -static works... yes
[INFO] [stderr]   checking if cc supports -c -o file.o... yes
[INFO] [stderr]   checking if cc supports -c -o file.o... (cached) yes
[INFO] [stderr]   checking whether the cc linker (/usr/bin/ld -m elf_x86_64) supports shared libraries... yes
[INFO] [stderr]   checking dynamic linker characteristics... GNU/Linux ld.so
[INFO] [stderr]   checking how to hardcode library paths into programs... immediate
[INFO] [stderr]   checking whether stripping libraries is possible... yes
[INFO] [stderr]   checking if libtool supports shared libraries... yes
[INFO] [stderr]   checking whether to build shared libraries... no
[INFO] [stderr]   checking whether to build static libraries... yes
[INFO] [stderr]   checking how to run the C++ preprocessor... c++ -E
[INFO] [stderr]   checking for ld used by c++... /usr/bin/ld -m elf_x86_64
[INFO] [stderr]   checking if the linker (/usr/bin/ld -m elf_x86_64) is GNU ld... yes
[INFO] [stderr]   checking whether the c++ linker (/usr/bin/ld -m elf_x86_64) supports shared libraries... yes
[INFO] [stderr]   checking for c++ option to produce PIC... -fPIC -DPIC
[INFO] [stderr]   checking if c++ PIC flag -fPIC -DPIC works... yes
[INFO] [stderr]   checking if c++ static flag -static works... yes
[INFO] [stderr]   checking if c++ supports -c -o file.o... yes
[INFO] [stderr]   checking if c++ supports -c -o file.o... (cached) yes
[INFO] [stderr]   checking whether the c++ linker (/usr/bin/ld -m elf_x86_64) supports shared libraries... yes
[INFO] [stderr]   checking dynamic linker characteristics... (cached) GNU/Linux ld.so
[INFO] [stderr]   checking how to hardcode library paths into programs... immediate
[INFO] [stderr]   checking whether the linker supports version scripts... yes
[INFO] [stderr]   checking for egrep... (cached) /usr/bin/grep -E
[INFO] [stderr]   checking for fcntl.h... yes
[INFO] [stderr]   checking for inttypes.h... (cached) yes
[INFO] [stderr]   checking for limits.h... yes
[INFO] [stderr]   checking for stdlib.h... (cached) yes
[INFO] [stderr]   checking for unistd.h... (cached) yes
[INFO] [stderr]   checking for working memcmp... yes
[INFO] [stderr]   checking for working strtod... yes
[INFO] [stderr]   checking for ftruncate... yes
[INFO] [stderr]   checking for memset... yes
[INFO] [stderr]   checking for mkdir... yes
[INFO] [stderr]   checking for strchr... yes
[INFO] [stderr]   checking for strerror... yes
[INFO] [stderr]   checking for strtol... yes
[INFO] [stderr]   checking zlib version... ok (1.2.0.4 or later)
[INFO] [stderr]   checking for library containing zlibVersion... -lz
[INFO] [stderr]   checking whether c++ supports C++11 features by default... yes
[INFO] [stderr]   checking whether -latomic is needed... no
[INFO] [stderr]   checking whether cc is Clang... no
[INFO] [stderr]   checking whether pthreads work with "-pthread" and "-lpthread"... yes
[INFO] [stderr]   checking for joinable pthread attribute... PTHREAD_CREATE_JOINABLE
[INFO] [stderr]   checking whether more special flags are required for pthreads... no
[INFO] [stderr]   checking for PTHREAD_PRIO_INHERIT... yes
[INFO] [stderr]   checking the location of hash_map... <unordered_map>
[INFO] [stderr]   checking whether -llog is needed... no
[INFO] [stderr]   checking that generated files are newer than configure... done
[INFO] [stderr]   configure: creating ./config.status
[INFO] [stderr]   config.status: creating Makefile
[INFO] [stderr]   config.status: creating src/Makefile
[INFO] [stderr]   config.status: creating benchmarks/Makefile
[INFO] [stderr]   config.status: creating conformance/Makefile
[INFO] [stderr]   config.status: creating protobuf.pc
[INFO] [stderr]   config.status: creating protobuf-lite.pc
[INFO] [stderr]   config.status: creating config.h
[INFO] [stderr]   config.status: executing depfiles commands
[INFO] [stderr]   config.status: executing libtool commands
[INFO] [stderr]   === configuring in third_party/googletest (/opt/rustwide/target/debug/build/protobuf-src-c5b3783d275ad509/out/install/build/third_party/googletest)
[INFO] [stderr]   configure: running /bin/bash /opt/rustwide/cargo-home/registry/src/index.crates.io-6f17d22bba15001f/protobuf-src-1.1.0+21.5/protobuf/third_party/googletest/configure --disable-option-checking '--prefix=/opt/rustwide/target/debug/build/protobuf-src-c5b3783d275ad509/out/install'  '--disable-shared' '--enable-static' '--disable-maintainer-mode' 'CC=cc' 'CFLAGS=-O0 -ffunction-sections -fdata-sections -fPIC -m64' 'CXX=c++' 'CXXFLAGS=-O0 -ffunction-sections -fdata-sections -fPIC -m64' --cache-file=/dev/null --srcdir=/opt/rustwide/cargo-home/registry/src/index.crates.io-6f17d22bba15001f/protobuf-src-1.1.0+21.5/protobuf/third_party/googletest
[INFO] [stderr]   checking for a BSD-compatible install... /usr/bin/install -c
[INFO] [stderr]   checking whether build environment is sane... yes
[INFO] [stderr]   checking for a race-free mkdir -p... /usr/bin/mkdir -p
[INFO] [stderr]   checking for gawk... no
[INFO] [stderr]   checking for mawk... mawk
[INFO] [stderr]   checking whether make sets $(MAKE)... yes
[INFO] [stderr]   checking whether make supports nested variables... yes
[INFO] [stderr]   checking that generated files are newer than configure... done
[INFO] [stderr]   configure: creating ./config.status
[INFO] [stderr]   config.status: creating Makefile
[INFO] [stderr]   === configuring in googletest (/opt/rustwide/target/debug/build/protobuf-src-c5b3783d275ad509/out/install/build/third_party/googletest/googletest)
[INFO] [stderr]   configure: running /bin/bash /opt/rustwide/cargo-home/registry/src/index.crates.io-6f17d22bba15001f/protobuf-src-1.1.0+21.5/protobuf/third_party/googletest/googletest/configure --disable-option-checking '--prefix=/opt/rustwide/target/debug/build/protobuf-src-c5b3783d275ad509/out/install'  '--disable-shared' '--enable-static' '--disable-maintainer-mode' 'CC=cc' 'CFLAGS=-O0 -ffunction-sections -fdata-sections -fPIC -m64' 'CXX=c++' 'CXXFLAGS=-O0 -ffunction-sections -fdata-sections -fPIC -m64' --cache-file=/dev/null --srcdir=/opt/rustwide/cargo-home/registry/src/index.crates.io-6f17d22bba15001f/protobuf-src-1.1.0+21.5/protobuf/third_party/googletest/googletest
[INFO] [stderr]   checking for a BSD-compatible install... /usr/bin/install -c
[INFO] [stderr]   checking whether build environment is sane... yes
[INFO] [stderr]   checking for a race-free mkdir -p... /usr/bin/mkdir -p
[INFO] [stderr]   checking for gawk... no
[INFO] [stderr]   checking for mawk... mawk
[INFO] [stderr]   checking whether make sets $(MAKE)... yes
[INFO] [stderr]   checking whether make supports nested variables... yes
[INFO] [stderr]   checking for gcc... cc
[INFO] [stderr]   checking whether the C compiler works... yes
[INFO] [stderr]   checking for C compiler default output file name... a.out
[INFO] [stderr]   checking for suffix of executables... 
[INFO] [stderr]   checking whether we are cross compiling... no
[INFO] [stderr]   checking for suffix of object files... o
[INFO] [stderr]   checking whether the compiler supports GNU C... yes
[INFO] [stderr]   checking whether cc accepts -g... yes
[INFO] [stderr]   checking for cc option to enable C11 features... none needed
[INFO] [stderr]   checking whether cc understands -c and -o together... yes
[INFO] [stderr]   checking whether make supports the include directive... yes (GNU style)
[INFO] [stderr]   checking dependency style of cc... gcc3
[INFO] [stderr]   checking whether the compiler supports GNU C++... yes
[INFO] [stderr]   checking whether c++ accepts -g... yes
[INFO] [stderr]   checking for c++ option to enable C++11 features... none needed
[INFO] [stderr]   checking dependency style of c++... gcc3
[INFO] [stderr]   checking build system type... x86_64-pc-linux-gnu
[INFO] [stderr]   checking host system type... x86_64-pc-linux-gnu
[INFO] [stderr]   checking how to print strings... printf
[INFO] [stderr]   checking for a sed that does not truncate output... /usr/bin/sed
[INFO] [stderr]   checking for grep that handles long lines and -e... /usr/bin/grep
[INFO] [stderr]   checking for egrep... /usr/bin/grep -E
[INFO] [stderr]   checking for fgrep... /usr/bin/grep -F
[INFO] [stderr]   checking for ld used by cc... /usr/bin/ld
[INFO] [stderr]   checking if the linker (/usr/bin/ld) is GNU ld... yes
[INFO] [stderr]   checking for BSD- or MS-compatible name lister (nm)... /usr/bin/nm -B
[INFO] [stderr]   checking the name lister (/usr/bin/nm -B) interface... BSD nm
[INFO] [stderr]   checking whether ln -s works... yes
[INFO] [stderr]   checking the maximum length of command line arguments... 1572864
[INFO] [stderr]   checking how to convert x86_64-pc-linux-gnu file names to x86_64-pc-linux-gnu format... func_convert_file_noop
[INFO] [stderr]   checking how to convert x86_64-pc-linux-gnu file names to toolchain format... func_convert_file_noop
[INFO] [stderr]   checking for /usr/bin/ld option to reload object files... -r
[INFO] [stderr]   checking for file... file
[INFO] [stderr]   checking for objdump... objdump
[INFO] [stderr]   checking how to recognize dependent libraries... pass_all
[INFO] [stderr]   checking for dlltool... no
[INFO] [stderr]   checking how to associate runtime and link libraries... printf %s\n
[INFO] [stderr]   checking for ar... ar
[INFO] [stderr]   checking for archiver @FILE support... @
[INFO] [stderr]   checking for strip... strip
[INFO] [stderr]   checking for ranlib... ranlib
[INFO] [stderr]   checking command to parse /usr/bin/nm -B output from cc object... ok
[INFO] [stderr]   checking for sysroot... no
[INFO] [stderr]   checking for a working dd... /usr/bin/dd
[INFO] [stderr]   checking how to truncate binary pipes... /usr/bin/dd bs=4096 count=1
[INFO] [stderr]   checking for mt... no
[INFO] [stderr]   checking if : is a manifest tool... no
[INFO] [stderr]   checking for stdio.h... yes
[INFO] [stderr]   checking for stdlib.h... yes
[INFO] [stderr]   checking for string.h... yes
[INFO] [stderr]   checking for inttypes.h... yes
[INFO] [stderr]   checking for stdint.h... yes
[INFO] [stderr]   checking for strings.h... yes
[INFO] [stderr]   checking for sys/stat.h... yes
[INFO] [stderr]   checking for sys/types.h... yes
[INFO] [stderr]   checking for unistd.h... yes
[INFO] [stderr]   checking for dlfcn.h... yes
[INFO] [stderr]   checking for objdir... .libs
[INFO] [stderr]   checking if cc supports -fno-rtti -fno-exceptions... no
[INFO] [stderr]   checking for cc option to produce PIC... -fPIC -DPIC
[INFO] [stderr]   checking if cc PIC flag -fPIC -DPIC works... yes
[INFO] [stderr]   checking if cc static flag -static works... yes
[INFO] [stderr]   checking if cc supports -c -o file.o... yes
[INFO] [stderr]   checking if cc supports -c -o file.o... (cached) yes
[INFO] [stderr]   checking whether the cc linker (/usr/bin/ld -m elf_x86_64) supports shared libraries... yes
[INFO] [stderr]   checking dynamic linker characteristics... GNU/Linux ld.so
[INFO] [stderr]   checking how to hardcode library paths into programs... immediate
[INFO] [stderr]   checking whether stripping libraries is possible... yes
[INFO] [stderr]   checking if libtool supports shared libraries... yes
[INFO] [stderr]   checking whether to build shared libraries... no
[INFO] [stderr]   checking whether to build static libraries... yes
[INFO] [stderr]   checking how to run the C++ preprocessor... c++ -E
[INFO] [stderr]   checking for ld used by c++... /usr/bin/ld -m elf_x86_64
[INFO] [stderr]   checking if the linker (/usr/bin/ld -m elf_x86_64) is GNU ld... yes
[INFO] [stderr]   checking whether the c++ linker (/usr/bin/ld -m elf_x86_64) supports shared libraries... yes
[INFO] [stderr]   checking for c++ option to produce PIC... -fPIC -DPIC
[INFO] [stderr]   checking if c++ PIC flag -fPIC -DPIC works... yes
[INFO] [stderr]   checking if c++ static flag -static works... yes
[INFO] [stderr]   checking if c++ supports -c -o file.o... yes
[INFO] [stderr]   checking if c++ supports -c -o file.o... (cached) yes
[INFO] [stderr]   checking whether the c++ linker (/usr/bin/ld -m elf_x86_64) supports shared libraries... yes
[INFO] [stderr]   checking dynamic linker characteristics... (cached) GNU/Linux ld.so
[INFO] [stderr]   checking how to hardcode library paths into programs... immediate
[INFO] [stderr]   checking for python... :
[INFO] [stderr]   checking for the pthreads library -lpthreads... no
[INFO] [stderr]   checking whether pthreads work without any flags... yes
[INFO] [stderr]   checking for joinable pthread attribute... PTHREAD_CREATE_JOINABLE
[INFO] [stderr]   checking if more special flags are required for pthreads... no
[INFO] [stderr]   checking whether to check for GCC pthread/shared inconsistencies... yes
[INFO] [stderr]   checking whether -pthread is sufficient with -shared... yes
[INFO] [stderr]   checking that generated files are newer than configure... done
[INFO] [stderr]   configure: creating ./config.status
[INFO] [stderr]   config.status: creating Makefile
[INFO] [stderr]   config.status: creating scripts/gtest-config
[INFO] [stderr]   config.status: creating build-aux/config.h
[INFO] [stderr]   config.status: executing depfiles commands
[INFO] [stderr]   config.status: executing libtool commands
[INFO] [stderr]   === configuring in googlemock (/opt/rustwide/target/debug/build/protobuf-src-c5b3783d275ad509/out/install/build/third_party/googletest/googlemock)
[INFO] [stderr]   configure: running /bin/bash /opt/rustwide/cargo-home/registry/src/index.crates.io-6f17d22bba15001f/protobuf-src-1.1.0+21.5/protobuf/third_party/googletest/googlemock/configure --disable-option-checking '--prefix=/opt/rustwide/target/debug/build/protobuf-src-c5b3783d275ad509/out/install'  '--disable-shared' '--enable-static' '--disable-maintainer-mode' 'CC=cc' 'CFLAGS=-O0 -ffunction-sections -fdata-sections -fPIC -m64' 'CXX=c++' 'CXXFLAGS=-O0 -ffunction-sections -fdata-sections -fPIC -m64' --cache-file=/dev/null --srcdir=/opt/rustwide/cargo-home/registry/src/index.crates.io-6f17d22bba15001f/protobuf-src-1.1.0+21.5/protobuf/third_party/googletest/googlemock
[INFO] [stderr]   checking for a BSD-compatible install... /usr/bin/install -c
[INFO] [stderr]   checking whether build environment is sane... yes
[INFO] [stderr]   checking for a race-free mkdir -p... /usr/bin/mkdir -p
[INFO] [stderr]   checking for gawk... no
[INFO] [stderr]   checking for mawk... mawk
[INFO] [stderr]   checking whether make sets $(MAKE)... yes
[INFO] [stderr]   checking whether make supports nested variables... yes
[INFO] [stderr]   checking for gcc... cc
[INFO] [stderr]   checking whether the C compiler works... yes
[INFO] [stderr]   checking for C compiler default output file name... a.out
[INFO] [stderr]   checking for suffix of executables... 
[INFO] [stderr]   checking whether we are cross compiling... no
[INFO] [stderr]   checking for suffix of object files... o
[INFO] [stderr]   checking whether the compiler supports GNU C... yes
[INFO] [stderr]   checking whether cc accepts -g... yes
[INFO] [stderr]   checking for cc option to enable C11 features... none needed
[INFO] [stderr]   checking whether cc understands -c and -o together... yes
[INFO] [stderr]   checking whether make supports the include directive... yes (GNU style)
[INFO] [stderr]   checking dependency style of cc... gcc3
[INFO] [stderr]   checking whether the compiler supports GNU C++... yes
[INFO] [stderr]   checking whether c++ accepts -g... yes
[INFO] [stderr]   checking for c++ option to enable C++11 features... none needed
[INFO] [stderr]   checking dependency style of c++... gcc3
[INFO] [stderr]   checking build system type... x86_64-pc-linux-gnu
[INFO] [stderr]   checking host system type... x86_64-pc-linux-gnu
[INFO] [stderr]   checking how to print strings... printf
[INFO] [stderr]   checking for a sed that does not truncate output... /usr/bin/sed
[INFO] [stderr]   checking for grep that handles long lines and -e... /usr/bin/grep
[INFO] [stderr]   checking for egrep... /usr/bin/grep -E
[INFO] [stderr]   checking for fgrep... /usr/bin/grep -F
[INFO] [stderr]   checking for ld used by cc... /usr/bin/ld
[INFO] [stderr]   checking if the linker (/usr/bin/ld) is GNU ld... yes
[INFO] [stderr]   checking for BSD- or MS-compatible name lister (nm)... /usr/bin/nm -B
[INFO] [stderr]   checking the name lister (/usr/bin/nm -B) interface... BSD nm
[INFO] [stderr]   checking whether ln -s works... yes
[INFO] [stderr]   checking the maximum length of command line arguments... 1572864
[INFO] [stderr]   checking how to convert x86_64-pc-linux-gnu file names to x86_64-pc-linux-gnu format... func_convert_file_noop
[INFO] [stderr]   checking how to convert x86_64-pc-linux-gnu file names to toolchain format... func_convert_file_noop
[INFO] [stderr]   checking for /usr/bin/ld option to reload object files... -r
[INFO] [stderr]   checking for file... file
[INFO] [stderr]   checking for objdump... objdump
[INFO] [stderr]   checking how to recognize dependent libraries... pass_all
[INFO] [stderr]   checking for dlltool... no
[INFO] [stderr]   checking how to associate runtime and link libraries... printf %s\n
[INFO] [stderr]   checking for ar... ar
[INFO] [stderr]   checking for archiver @FILE support... @
[INFO] [stderr]   checking for strip... strip
[INFO] [stderr]   checking for ranlib... ranlib
[INFO] [stderr]   checking command to parse /usr/bin/nm -B output from cc object... ok
[INFO] [stderr]   checking for sysroot... no
[INFO] [stderr]   checking for a working dd... /usr/bin/dd
[INFO] [stderr]   checking how to truncate binary pipes... /usr/bin/dd bs=4096 count=1
[INFO] [stderr]   checking for mt... no
[INFO] [stderr]   checking if : is a manifest tool... no
[INFO] [stderr]   checking for stdio.h... yes
[INFO] [stderr]   checking for stdlib.h... yes
[INFO] [stderr]   checking for string.h... yes
[INFO] [stderr]   checking for inttypes.h... yes
[INFO] [stderr]   checking for stdint.h... yes
[INFO] [stderr]   checking for strings.h... yes
[INFO] [stderr]   checking for sys/stat.h... yes
[INFO] [stderr]   checking for sys/types.h... yes
[INFO] [stderr]   checking for unistd.h... yes
[INFO] [stderr]   checking for dlfcn.h... yes
[INFO] [stderr]   checking for objdir... .libs
[INFO] [stderr]   checking if cc supports -fno-rtti -fno-exceptions... no
[INFO] [stderr]   checking for cc option to produce PIC... -fPIC -DPIC
[INFO] [stderr]   checking if cc PIC flag -fPIC -DPIC works... yes
[INFO] [stderr]   checking if cc static flag -static works... yes
[INFO] [stderr]   checking if cc supports -c -o file.o... yes
[INFO] [stderr]   checking if cc supports -c -o file.o... (cached) yes
[INFO] [stderr]   checking whether the cc linker (/usr/bin/ld -m elf_x86_64) supports shared libraries... yes
[INFO] [stderr]   checking dynamic linker characteristics... GNU/Linux ld.so
[INFO] [stderr]   checking how to hardcode library paths into programs... immediate
[INFO] [stderr]   checking whether stripping libraries is possible... yes
[INFO] [stderr]   checking if libtool supports shared libraries... yes
[INFO] [stderr]   checking whether to build shared libraries... no
[INFO] [stderr]   checking whether to build static libraries... yes
[INFO] [stderr]   checking how to run the C++ preprocessor... c++ -E
[INFO] [stderr]   checking for ld used by c++... /usr/bin/ld -m elf_x86_64
[INFO] [stderr]   checking if the linker (/usr/bin/ld -m elf_x86_64) is GNU ld... yes
[INFO] [stderr]   checking whether the c++ linker (/usr/bin/ld -m elf_x86_64) supports shared libraries... yes
[INFO] [stderr]   checking for c++ option to produce PIC... -fPIC -DPIC
[INFO] [stderr]   checking if c++ PIC flag -fPIC -DPIC works... yes
[INFO] [stderr]   checking if c++ static flag -static works... yes
[INFO] [stderr]   checking if c++ supports -c -o file.o... yes
[INFO] [stderr]   checking if c++ supports -c -o file.o... (cached) yes
[INFO] [stderr]   checking whether the c++ linker (/usr/bin/ld -m elf_x86_64) supports shared libraries... yes
[INFO] [stderr]   checking dynamic linker characteristics... (cached) GNU/Linux ld.so
[INFO] [stderr]   checking how to hardcode library paths into programs... immediate
[INFO] [stderr]   checking for python... :
[INFO] [stderr]   checking for the pthreads library -lpthreads... no
[INFO] [stderr]   checking whether pthreads work without any flags... yes
[INFO] [stderr]   checking for joinable pthread attribute... PTHREAD_CREATE_JOINABLE
[INFO] [stderr]   checking if more special flags are required for pthreads... no
[INFO] [stderr]   checking whether to check for GCC pthread/shared inconsistencies... yes
[INFO] [stderr]   checking whether -pthread is sufficient with -shared... yes
[INFO] [stderr]   checking for gtest-config... no
[INFO] [stderr]   checking that generated files are newer than configure... done
[INFO] [stderr]   configure: creating ./config.status
[INFO] [stderr]   config.status: creating Makefile
[INFO] [stderr]   config.status: creating scripts/gmock-config
[INFO] [stderr]   config.status: creating build-aux/config.h
[INFO] [stderr]   config.status: executing depfiles commands
[INFO] [stderr]   config.status: executing libtool commands
[INFO] [stderr]   running: cd "/opt/rustwide/target/debug/build/protobuf-src-c5b3783d275ad509/out/install/build" && MAKEFLAGS="-j --jobserver-fds=7,8 --jobserver-auth=7,8" "sh" "-c" "exec \"$0\" \"$@\"" "make" "install"
[INFO] [stderr]   Making install in .
[INFO] [stderr]   make[1]: Entering directory '/opt/rustwide/target/debug/build/protobuf-src-c5b3783d275ad509/out/install/build'
[INFO] [stderr]   make[2]: Entering directory '/opt/rustwide/target/debug/build/protobuf-src-c5b3783d275ad509/out/install/build'
[INFO] [stderr]   make[2]: Nothing to be done for 'install-exec-am'.
[INFO] [stderr]    /usr/bin/mkdir -p '/opt/rustwide/target/debug/build/protobuf-src-c5b3783d275ad509/out/install/lib/pkgconfig'
[INFO] [stderr]    /usr/bin/install -c -m 644 protobuf.pc protobuf-lite.pc '/opt/rustwide/target/debug/build/protobuf-src-c5b3783d275ad509/out/install/lib/pkgconfig'
[INFO] [stderr]   make[2]: Leaving directory '/opt/rustwide/target/debug/build/protobuf-src-c5b3783d275ad509/out/install/build'
[INFO] [stderr]   make[1]: Leaving directory '/opt/rustwide/target/debug/build/protobuf-src-c5b3783d275ad509/out/install/build'
[INFO] [stderr]   Making install in src
[INFO] [stderr]   make[1]: Entering directory '/opt/rustwide/target/debug/build/protobuf-src-c5b3783d275ad509/out/install/build/src'
[INFO] [stderr]     CXX      google/protobuf/wire_format.lo
[INFO] [stderr]     CXX      google/protobuf/wrappers.pb.lo
[INFO] [stderr]     CXX      google/protobuf/compiler/code_generator.lo
[INFO] [stderr]     CXX      google/protobuf/compiler/command_line_interface.lo
[INFO] [stderr]     CXX      google/protobuf/compiler/plugin.lo
[INFO] [stderr]     CXX      google/protobuf/compiler/plugin.pb.lo
[INFO] [stderr]     CXX      google/protobuf/compiler/subprocess.lo
[INFO] [stderr]     CXX      google/protobuf/compiler/zip_writer.lo
[INFO] [stderr]     CXX      google/protobuf/compiler/main.o
[INFO] [stderr]     CXX      google/protobuf/any_lite.lo
[INFO] [stderr]     CXX      google/protobuf/arena.lo
[INFO] [stderr]     CXX      google/protobuf/arenastring.lo
[INFO] [stderr]     CXX      google/protobuf/arenaz_sampler.lo
[INFO] [stderr]     CXX      google/protobuf/extension_set.lo
[INFO] [stderr]     CXX      google/protobuf/generated_message_tctable_lite.lo
[INFO] [stderr]     CXX      google/protobuf/generated_enum_util.lo
[INFO] [stderr]     CXX      google/protobuf/generated_message_util.lo
[INFO] [stderr]   make[1]: Leaving directory '/opt/rustwide/target/debug/build/protobuf-src-c5b3783d275ad509/out/install/build/src'
[INFO] [stderr] 
[INFO] [stderr]   --- stderr
[INFO] [stderr]   c++: fatal error: Killed signal terminated program cc1plus
[INFO] [stderr]   compilation terminated.
[INFO] [stderr]   make[1]: *** [Makefile:4514: google/protobuf/compiler/plugin.lo] Error 1
[INFO] [stderr]   make[1]: *** Waiting for unfinished jobs....
[INFO] [stderr]   In file included from /opt/rustwide/cargo-home/registry/src/index.crates.io-6f17d22bba15001f/protobuf-src-1.1.0+21.5/protobuf/src/google/protobuf/generated_message_tctable_lite.cc:36:
[INFO] [stderr]   /opt/rustwide/cargo-home/registry/src/index.crates.io-6f17d22bba15001f/protobuf-src-1.1.0+21.5/protobuf/src/google/protobuf/generated_message_tctable_impl.h: In function 'void google::protobuf::internal::AlignFail(uintptr_t) [with long unsigned int align = 4]':
[INFO] [stderr]   /opt/rustwide/cargo-home/registry/src/index.crates.io-6f17d22bba15001f/protobuf-src-1.1.0+21.5/protobuf/src/google/protobuf/generated_message_tctable_impl.h:256:1: warning: 'noreturn' function does return
[INFO] [stderr]     256 | }
[INFO] [stderr]         | ^
[INFO] [stderr]   /opt/rustwide/cargo-home/registry/src/index.crates.io-6f17d22bba15001f/protobuf-src-1.1.0+21.5/protobuf/src/google/protobuf/generated_message_tctable_impl.h: In function 'void google::protobuf::internal::AlignFail(uintptr_t) [with long unsigned int align = 8]':
[INFO] [stderr]   /opt/rustwide/cargo-home/registry/src/index.crates.io-6f17d22bba15001f/protobuf-src-1.1.0+21.5/protobuf/src/google/protobuf/generated_message_tctable_impl.h:256:1: warning: 'noreturn' function does return
[INFO] [stderr]   make: *** [Makefile:1757: install-recursive] Error 1
[INFO] [stderr]   thread 'main' panicked at /opt/rustwide/cargo-home/registry/src/index.crates.io-6f17d22bba15001f/autotools-0.2.6/src/lib.rs:781:5:
[INFO] [stderr] 
[INFO] [stderr]   command did not execute successfully, got: exit status: 2
[INFO] [stderr] 
[INFO] [stderr]   build script failed, must exit now
[INFO] [stderr]   stack backtrace:
[INFO] [stderr]      0:     0x5605b0d2ecdc - std::backtrace_rs::backtrace::libunwind::trace::ha637c64ce894333a
[INFO] [stderr]                                  at /rustc/82e1608dfa6e0b5569232559e3d385fea5a93112/library/std/src/../../backtrace/src/backtrace/libunwind.rs:104:5
[INFO] [stderr]      1:     0x5605b0d2ecdc - std::backtrace_rs::backtrace::trace_unsynchronized::h47f62dea28e0c88d
[INFO] [stderr]                                  at /rustc/82e1608dfa6e0b5569232559e3d385fea5a93112/library/std/src/../../backtrace/src/backtrace/mod.rs:66:5
[INFO] [stderr]      2:     0x5605b0d2ecdc - std::sys_common::backtrace::_print_fmt::h9eef0abe20ede486
[INFO] [stderr]                                  at /rustc/82e1608dfa6e0b5569232559e3d385fea5a93112/library/std/src/sys_common/backtrace.rs:67:5
[INFO] [stderr]      3:     0x5605b0d2ecdc - <std::sys_common::backtrace::_print::DisplayBacktrace as core::fmt::Display>::fmt::hed7f999df88cc644
[INFO] [stderr]                                  at /rustc/82e1608dfa6e0b5569232559e3d385fea5a93112/library/std/src/sys_common/backtrace.rs:44:22
[INFO] [stderr]      4:     0x5605b0d54e20 - core::fmt::rt::Argument::fmt::h1539a9308b8d058d
[INFO] [stderr]                                  at /rustc/82e1608dfa6e0b5569232559e3d385fea5a93112/library/core/src/fmt/rt.rs:142:9
[INFO] [stderr]      5:     0x5605b0d54e20 - core::fmt::write::h3a39390d8560d9c9
[INFO] [stderr]                                  at /rustc/82e1608dfa6e0b5569232559e3d385fea5a93112/library/core/src/fmt/mod.rs:1120:17
[INFO] [stderr]      6:     0x5605b0d2c50f - std::io::Write::write_fmt::h5fc9997dfe05f882
[INFO] [stderr]                                  at /rustc/82e1608dfa6e0b5569232559e3d385fea5a93112/library/std/src/io/mod.rs:1762:15
[INFO] [stderr]      7:     0x5605b0d2eac4 - std::sys_common::backtrace::_print::h894006fb5c6f3d45
[INFO] [stderr]                                  at /rustc/82e1608dfa6e0b5569232559e3d385fea5a93112/library/std/src/sys_common/backtrace.rs:47:5
[INFO] [stderr]      8:     0x5605b0d2eac4 - std::sys_common::backtrace::print::h23a2d212c6fff936
[INFO] [stderr]                                  at /rustc/82e1608dfa6e0b5569232559e3d385fea5a93112/library/std/src/sys_common/backtrace.rs:34:9
[INFO] [stderr]      9:     0x5605b0d302d7 - std::panicking::default_hook::{{closure}}::h8a1d2ee00185001a
[INFO] [stderr]     10:     0x5605b0d3003f - std::panicking::default_hook::h6038f2eba384e475
[INFO] [stderr]                                  at /rustc/82e1608dfa6e0b5569232559e3d385fea5a93112/library/std/src/panicking.rs:292:9
[INFO] [stderr]     11:     0x5605b0d30758 - std::panicking::rust_panic_with_hook::h2b5517d590cab22e
[INFO] [stderr]                                  at /rustc/82e1608dfa6e0b5569232559e3d385fea5a93112/library/std/src/panicking.rs:779:13
[INFO] [stderr]     12:     0x5605b0d3063e - std::panicking::begin_panic_handler::{{closure}}::h233112c06e0ef43e
[INFO] [stderr]                                  at /rustc/82e1608dfa6e0b5569232559e3d385fea5a93112/library/std/src/panicking.rs:657:13
[INFO] [stderr]     13:     0x5605b0d2f1a6 - std::sys_common::backtrace::__rust_end_short_backtrace::h6e893f24d7ebbff8
[INFO] [stderr]                                  at /rustc/82e1608dfa6e0b5569232559e3d385fea5a93112/library/std/src/sys_common/backtrace.rs:170:18
[INFO] [stderr]     14:     0x5605b0d303a2 - rust_begin_unwind
[INFO] [stderr]                                  at /rustc/82e1608dfa6e0b5569232559e3d385fea5a93112/library/std/src/panicking.rs:645:5
[INFO] [stderr]     15:     0x5605b0cba815 - core::panicking::panic_fmt::hbf0e066aabfa482c
[INFO] [stderr]                                  at /rustc/82e1608dfa6e0b5569232559e3d385fea5a93112/library/core/src/panicking.rs:72:14
[INFO] [stderr]     16:     0x5605b0ccc0f1 - autotools::fail::hbe7d4b48eca43b5d
[INFO] [stderr]     17:     0x5605b0cca465 - autotools::Config::build::h7546d1077580b90a
[INFO] [stderr]     18:     0x5605b0cbf008 - build_script_build::main::hc6ffdf37833e4343
[INFO] [stderr]     19:     0x5605b0cc0b33 - core::ops::function::FnOnce::call_once::he59cc229dd38fe8b
[INFO] [stderr]     20:     0x5605b0cbb166 - std::sys_common::backtrace::__rust_begin_short_backtrace::h81032e0f1dd58ba8
[INFO] [stderr]     21:     0x5605b0cbb4d9 - std::rt::lang_start::{{closure}}::h3d2d927b7765b16d
[INFO] [stderr]     22:     0x5605b0d27f97 - core::ops::function::impls::<impl core::ops::function::FnOnce<A> for &F>::call_once::hd95060ecd5e1ca24
[INFO] [stderr]                                  at /rustc/82e1608dfa6e0b5569232559e3d385fea5a93112/library/core/src/ops/function.rs:284:13
[INFO] [stderr]     23:     0x5605b0d27f97 - std::panicking::try::do_call::h6e8cf51db32a6e4b
[INFO] [stderr]                                  at /rustc/82e1608dfa6e0b5569232559e3d385fea5a93112/library/std/src/panicking.rs:552:40
[INFO] [stderr]     24:     0x5605b0d27f97 - std::panicking::try::h3a52eefe24fe3c29
[INFO] [stderr]                                  at /rustc/82e1608dfa6e0b5569232559e3d385fea5a93112/library/std/src/panicking.rs:516:19
[INFO] [stderr]     25:     0x5605b0d27f97 - std::panic::catch_unwind::h24c28c23c02c3841
[INFO] [stderr]                                  at /rustc/82e1608dfa6e0b5569232559e3d385fea5a93112/library/std/src/panic.rs:142:14
[INFO] [stderr]     26:     0x5605b0d27f97 - std::rt::lang_start_internal::{{closure}}::h705d3c9cbc06ef47
[INFO] [stderr]                                  at /rustc/82e1608dfa6e0b5569232559e3d385fea5a93112/library/std/src/rt.rs:148:48
[INFO] [stderr]     27:     0x5605b0d27f97 - std::panicking::try::do_call::ha21f52ba13158470
[INFO] [stderr]                                  at /rustc/82e1608dfa6e0b5569232559e3d385fea5a93112/library/std/src/panicking.rs:552:40
[INFO] [stderr]     28:     0x5605b0d27f97 - std::panicking::try::h5581346bf6aeb1f8
[INFO] [stderr]                                  at /rustc/82e1608dfa6e0b5569232559e3d385fea5a93112/library/std/src/panicking.rs:516:19
[INFO] [stderr]     29:     0x5605b0d27f97 - std::panic::catch_unwind::h7919645a6b72e25b
[INFO] [stderr]                                  at /rustc/82e1608dfa6e0b5569232559e3d385fea5a93112/library/std/src/panic.rs:142:14
[INFO] [stderr]     30:     0x5605b0d27f97 - std::rt::lang_start_internal::h12de51168669836e
[INFO] [stderr]                                  at /rustc/82e1608dfa6e0b5569232559e3d385fea5a93112/library/std/src/rt.rs:148:20
[INFO] [stderr]     31:     0x5605b0cbb4b7 - std::rt::lang_start::hd66f67a9bbdff15d
[INFO] [stderr]     32:     0x5605b0cbf4c5 - main
[INFO] [stderr]     33:     0x7f31a7f45d90 - <unknown>
[INFO] [stderr]     34:     0x7f31a7f45e40 - __libc_start_main
[INFO] [stderr]     35:     0x5605b0cbb025 - _start
[INFO] [stderr]     36:                0x0 - <unknown>
[INFO] running `Command { std: "docker" "inspect" "61c790a29c85c1d1f40edb9f6a6d094065937bf5653f7128f9851ebb4735f454", kill_on_drop: false }`
[INFO] running `Command { std: "docker" "rm" "-f" "61c790a29c85c1d1f40edb9f6a6d094065937bf5653f7128f9851ebb4735f454", kill_on_drop: false }`
[INFO] [stdout] 61c790a29c85c1d1f40edb9f6a6d094065937bf5653f7128f9851ebb4735f454
[INFO] documenting quilkin-network-conditioner-0.1.0 against beta-2023-12-22 for beta-1.76-rustdoc-1
[INFO] extracting crate quilkin-network-conditioner 0.1.0 into /workspace/builds/worker-3-tc2/source
[INFO] validating manifest of crates.io crate quilkin-network-conditioner 0.1.0 on toolchain beta-2023-12-22
[INFO] running `Command { std: CARGO_HOME="/workspace/cargo-home" RUSTUP_HOME="/workspace/rustup-home" "/workspace/cargo-home/bin/cargo" "+beta-2023-12-22" "metadata" "--manifest-path" "Cargo.toml" "--no-deps", kill_on_drop: false }`
[INFO] started tweaking crates.io crate quilkin-network-conditioner 0.1.0
[INFO] finished tweaking crates.io crate quilkin-network-conditioner 0.1.0
[INFO] tweaked toml for crates.io crate quilkin-network-conditioner 0.1.0 written to /workspace/builds/worker-3-tc2/source/Cargo.toml
[INFO] crate crates.io crate quilkin-network-conditioner 0.1.0 already has a lockfile, it will not be regenerated
[INFO] running `Command { std: CARGO_HOME="/workspace/cargo-home" RUSTUP_HOME="/workspace/rustup-home" "/workspace/cargo-home/bin/cargo" "+beta-2023-12-22" "fetch" "--manifest-path" "Cargo.toml", kill_on_drop: false }`
[INFO] running `Command { std: "docker" "create" "-v" "/var/lib/crater-agent-workspace/builds/worker-3-tc2/target:/opt/rustwide/target:rw,Z" "-v" "/var/lib/crater-agent-workspace/builds/worker-3-tc2/source:/opt/rustwide/workdir:ro,Z" "-v" "/var/lib/crater-agent-workspace/cargo-home:/opt/rustwide/cargo-home:ro,Z" "-v" "/var/lib/crater-agent-workspace/rustup-home:/opt/rustwide/rustup-home:ro,Z" "-e" "SOURCE_DIR=/opt/rustwide/workdir" "-e" "CARGO_TARGET_DIR=/opt/rustwide/target" "-e" "CARGO_HOME=/opt/rustwide/cargo-home" "-e" "RUSTUP_HOME=/opt/rustwide/rustup-home" "-w" "/opt/rustwide/workdir" "-m" "1610612736" "--user" "0:0" "--network" "none" "ghcr.io/rust-lang/crates-build-env/linux@sha256:2788e3201cd34a07e3172128adcd8b3090168a8e3bcc40d7c032b9dda1df7d1c" "/opt/rustwide/cargo-home/bin/cargo" "+beta-2023-12-22" "metadata" "--no-deps" "--format-version=1", kill_on_drop: false }`
[INFO] [stdout] 992d9551a46de4eb4c1e7f6f695c059f0687f0a411232e44fc9b59dd4761da24
[INFO] running `Command { std: "docker" "start" "-a" "992d9551a46de4eb4c1e7f6f695c059f0687f0a411232e44fc9b59dd4761da24", kill_on_drop: false }`
[INFO] running `Command { std: "docker" "inspect" "992d9551a46de4eb4c1e7f6f695c059f0687f0a411232e44fc9b59dd4761da24", kill_on_drop: false }`
[INFO] running `Command { std: "docker" "rm" "-f" "992d9551a46de4eb4c1e7f6f695c059f0687f0a411232e44fc9b59dd4761da24", kill_on_drop: false }`
[INFO] [stdout] 992d9551a46de4eb4c1e7f6f695c059f0687f0a411232e44fc9b59dd4761da24
[INFO] running `Command { std: "docker" "create" "-v" "/var/lib/crater-agent-workspace/builds/worker-3-tc2/target:/opt/rustwide/target:rw,Z" "-v" "/var/lib/crater-agent-workspace/builds/worker-3-tc2/source:/opt/rustwide/workdir:ro,Z" "-v" "/var/lib/crater-agent-workspace/cargo-home:/opt/rustwide/cargo-home:ro,Z" "-v" "/var/lib/crater-agent-workspace/rustup-home:/opt/rustwide/rustup-home:ro,Z" "-e" "SOURCE_DIR=/opt/rustwide/workdir" "-e" "CARGO_TARGET_DIR=/opt/rustwide/target" "-e" "CARGO_INCREMENTAL=0" "-e" "RUST_BACKTRACE=full" "-e" "RUSTFLAGS=--cap-lints=warn" "-e" "RUSTDOCFLAGS=--cap-lints=warn" "-e" "CARGO_HOME=/opt/rustwide/cargo-home" "-e" "RUSTUP_HOME=/opt/rustwide/rustup-home" "-w" "/opt/rustwide/workdir" "-m" "1610612736" "--user" "0:0" "--network" "none" "ghcr.io/rust-lang/crates-build-env/linux@sha256:2788e3201cd34a07e3172128adcd8b3090168a8e3bcc40d7c032b9dda1df7d1c" "/opt/rustwide/cargo-home/bin/cargo" "+beta-2023-12-22" "doc" "--frozen" "--no-deps" "--document-private-items" "--message-format=json", kill_on_drop: false }`
[INFO] [stdout] e2101b4d86a205fa57e2ff19382291d1802d878306a905d5ed3f4a75321460e1
[INFO] running `Command { std: "docker" "start" "-a" "e2101b4d86a205fa57e2ff19382291d1802d878306a905d5ed3f4a75321460e1", kill_on_drop: false }`
[INFO] [stderr]    Compiling libc v0.2.147
[INFO] [stderr]    Compiling proc-macro2 v1.0.66
[INFO] [stderr]    Compiling unicode-ident v1.0.11
[INFO] [stderr]    Compiling serde_derive v1.0.175
[INFO] [stderr]    Compiling serde v1.0.175
[INFO] [stderr]     Checking once_cell v1.18.0
[INFO] [stderr]    Compiling memchr v2.5.0
[INFO] [stderr]    Compiling syn v1.0.109
[INFO] [stderr]     Checking log v0.4.19
[INFO] [stderr]     Checking pin-project-lite v0.2.10
[INFO] [stderr]    Compiling parking_lot_core v0.9.8
[INFO] [stderr]    Compiling futures-core v0.3.28
[INFO] [stderr]     Checking smallvec v1.11.0
[INFO] [stderr]    Compiling lock_api v0.4.10
[INFO] [stderr]    Compiling slab v0.4.8
[INFO] [stderr]     Checking futures-sink v0.3.28
[INFO] [stderr]    Compiling futures-task v0.3.28
[INFO] [stderr]    Compiling futures-channel v0.3.28
[INFO] [stderr]    Compiling tokio v1.29.1
[INFO] [stderr]    Compiling futures-util v0.3.28
[INFO] [stderr]     Checking tracing-core v0.1.31
[INFO] [stderr]     Checking futures-io v0.3.28
[INFO] [stderr]     Checking spin v0.5.2
[INFO] [stderr]     Checking untrusted v0.7.1
[INFO] [stderr]     Checking hashbrown v0.14.0
[INFO] [stderr]    Compiling anyhow v1.0.72
[INFO] [stderr]    Compiling itertools v0.10.5
[INFO] [stderr]    Compiling serde_json v1.0.103
[INFO] [stderr]     Checking unicode-normalization v0.1.22
[INFO] [stderr]    Compiling num-traits v0.2.16
[INFO] [stderr]     Checking base64 v0.21.2
[INFO] [stderr]     Checking unicode-bidi v0.3.13
[INFO] [stderr]    Compiling thiserror v1.0.44
[INFO] [stderr]    Compiling async-trait v0.1.72
[INFO] [stderr]    Compiling tinyvec_macros v0.1.1
[INFO] [stderr]    Compiling quote v1.0.32
[INFO] [stderr]     Checking indexmap v2.0.0
[INFO] [stderr]     Checking bitflags v2.3.3
[INFO] [stderr]    Compiling rustix v0.38.4
[INFO] [stderr]    Compiling tinyvec v1.6.0
[INFO] [stderr]     Checking idna v0.4.0
[INFO] [stderr]    Compiling prettyplease v0.1.25
[INFO] [stderr]    Compiling syn v2.0.27
[INFO] [stderr]     Checking mio v0.8.8
[INFO] [stderr]    Compiling jobserver v0.1.26
[INFO] [stderr]     Checking signal-hook-registry v1.4.1
[INFO] [stderr]     Checking num_cpus v1.16.0
[INFO] [stderr]     Checking socket2 v0.4.9
[INFO] [stderr]     Checking getrandom v0.2.10
[INFO] [stderr]     Checking parking_lot v0.12.1
[INFO] [stderr]     Checking httpdate v1.0.2
[INFO] [stderr]    Compiling cc v1.0.79
[INFO] [stderr]     Checking tower-layer v0.3.2
[INFO] [stderr]     Checking rand_core v0.6.4
[INFO] [stderr]    Compiling bytes v1.4.0
[INFO] [stderr]    Compiling regex-syntax v0.7.4
[INFO] [stderr]    Compiling linux-raw-sys v0.4.3
[INFO] [stderr]    Compiling ahash v0.8.3
[INFO] [stderr]    Compiling indexmap v1.9.3
[INFO] [stderr]     Checking rand_chacha v0.3.1
[INFO] [stderr]     Checking time v0.1.45
[INFO] [stderr]    Compiling equivalent v1.0.1
[INFO] [stderr]    Compiling k8s-openapi v0.18.0
[INFO] [stderr]    Compiling schemars v0.8.12
[INFO] [stderr]     Checking rand v0.8.5
[INFO] [stderr]    Compiling autotools v0.2.6
[INFO] [stderr]     Checking base64 v0.13.1
[INFO] [stderr]    Compiling percent-encoding v2.3.0
[INFO] [stderr]    Compiling fastrand v2.0.0
[INFO] [stderr]    Compiling fixedbitset v0.4.2
[INFO] [stderr]     Checking iana-time-zone v0.1.57
[INFO] [stderr]    Compiling rustls v0.21.5
[INFO] [stderr]    Compiling petgraph v0.6.3
[INFO] [stderr]     Checking ordered-float v2.10.0
[INFO] [stderr]    Compiling form_urlencoded v1.2.0
[INFO] [stderr]    Compiling which v4.4.0
[INFO] [stderr]     Checking dyn-clone v1.0.12
[INFO] [stderr]    Compiling semver v1.0.18
[INFO] [stderr]    Compiling winnow v0.5.1
[INFO] [stderr]    Compiling lazy_static v1.4.0
[INFO] [stderr]     Checking rustls-pemfile v1.0.3
[INFO] [stderr]    Compiling rustls v0.20.8
[INFO] [stderr]    Compiling ring v0.16.20
[INFO] [stderr]    Compiling libz-sys v1.1.10
[INFO] [stderr]    Compiling regex-automata v0.3.3
[INFO] [stderr]    Compiling protobuf-src v1.1.0+21.5
[INFO] [stderr]    Compiling libgit2-sys v0.15.2+1.6.4
[INFO] [stderr]     Checking url v2.4.0
[INFO] [stderr]     Checking chrono v0.4.26
[INFO] [stderr]     Checking serde-value v0.7.0
[INFO] [stderr]     Checking http v0.2.9
[INFO] [stderr]     Checking rustls-native-certs v0.6.3
[INFO] [stderr]    Compiling tempfile v3.7.0
[INFO] [stderr]    Compiling serde_spanned v0.6.3
[INFO] [stderr]    Compiling toml_datetime v0.6.3
[INFO] [stderr]     Checking treediff v4.0.2
[INFO] [stderr]    Compiling psm v0.1.21
[INFO] [stderr]    Compiling axum-core v0.3.4
[INFO] [stderr]     Checking dirs-sys-next v0.1.2
[INFO] [stderr]     Checking aho-corasick v1.0.2
[INFO] [stderr]     Checking http-range-header v0.3.1
[INFO] [stderr]    Compiling bitflags v1.3.2
[INFO] [stderr]     Checking http-body v0.4.5
[INFO] [stderr]    Compiling toml_edit v0.19.14
[INFO] [stderr]     Checking unsafe-libyaml v0.2.9
[INFO] [stderr]     Checking zeroize v1.6.0
[INFO] [stderr]    Compiling crossbeam-utils v0.8.16
[INFO] [stderr]     Checking anstyle-parse v0.2.1
[INFO] [stderr]     Checking secrecy v0.8.0
[INFO] [stderr]     Checking is-terminal v0.4.9
[INFO] [stderr]     Checking dirs-next v2.0.0
[INFO] [stderr]     Checking jsonpath_lib v0.3.0
[INFO] [stderr]    Compiling backtrace v0.3.68
[INFO] [stderr]    Compiling sys-info v0.9.1
[INFO] [stderr]    Compiling stacker v0.1.15
[INFO] [stderr]     Checking pem v1.1.1
[INFO] [stderr]    Compiling axum v0.6.19
[INFO] [stderr]    Compiling regex v1.9.1
[INFO] [stderr]    Compiling serde_derive_internals v0.26.0
[INFO] [stderr]    Compiling darling_core v0.14.4
[INFO] [stderr]     Checking regex-syntax v0.6.29
[INFO] [stderr]     Checking base64 v0.20.0
[INFO] [stderr]    Compiling ryu v1.0.15
[INFO] [stderr]     Checking serde_yaml v0.9.25
[INFO] [stderr]     Checking matches v0.1.10
[INFO] [stderr]     Checking gimli v0.27.3
[INFO] [stderr]     Checking match_cfg v0.1.0
[INFO] [stderr]    Compiling eyre v0.6.8
[INFO] [stderr]     Checking anstyle v1.0.1
[INFO] [stderr]    Compiling itoa v1.0.9
[INFO] [stderr]     Checking either v1.9.0
[INFO] [stderr]     Checking anstream v0.3.2
[INFO] [stderr]     Checking hostname v0.3.1
[INFO] [stderr]     Checking idna v0.2.3
[INFO] [stderr]     Checking miniz_oxide v0.7.1
[INFO] [stderr]     Checking backoff v0.4.0
[INFO] [stderr]     Checking hashbrown v0.13.2
[INFO] [stderr]     Checking rustls-pemfile v0.3.0
[INFO] [stderr]     Checking inotify-sys v0.1.5
[INFO] [stderr]     Checking object v0.31.1
[INFO] [stderr]     Checking ipnet v2.8.0
[INFO] [stderr]     Checking overload v0.1.1
[INFO] [stderr]     Checking data-encoding v2.4.0
[INFO] [stderr]     Checking rustc-demangle v0.1.23
[INFO] [stderr]    Compiling toml v0.7.6
[INFO] [stderr]    Compiling snap v1.1.0
[INFO] [stderr]     Checking quick-error v1.2.3
[INFO] [stderr]     Checking matchit v0.7.0
[INFO] [stderr]     Checking sync_wrapper v0.1.2
[INFO] [stderr]     Checking clap_lex v0.5.0
[INFO] [stderr]    Compiling cached_proc_macro_types v0.1.0
[INFO] [stderr]    Compiling prometheus v0.13.3
[INFO] [stderr]    Compiling cargo-lock v9.0.0
[INFO] [stderr]     Checking clap_builder v4.3.19
[INFO] [stderr]     Checking regex-automata v0.1.10
[INFO] [stderr]     Checking resolv-conf v0.7.0
[INFO] [stderr]     Checking sct v0.7.0
[INFO] [stderr]     Checking rustls-webpki v0.101.1
[INFO] [stderr]     Checking webpki v0.22.0
[INFO] [stderr]     Checking rustls-webpki v0.100.1
[INFO] [stderr]     Checking walkdir v2.3.3
[INFO] [stderr]     Checking nu-ansi-term v0.46.0
[INFO] [stderr]     Checking webpki-roots v0.22.6
[INFO] [stderr]     Checking lru-cache v0.1.2
[INFO] [stderr]     Checking webpki-roots v0.23.1
[INFO] [stderr]     Checking crossbeam-channel v0.5.8
[INFO] [stderr]     Checking addr2line v0.20.0
[INFO] [stderr]     Checking inotify v0.9.6
[INFO] [stderr]     Checking dashmap v5.5.0
[INFO] [stderr]     Checking matchers v0.1.0
[INFO] [stderr]     Checking ipnetwork v0.18.0
[INFO] [stderr]     Checking tracing-serde v0.1.3
[INFO] [stderr]     Checking tracing-log v0.1.3
[INFO] [stderr]     Checking dirs-sys v0.3.7
[INFO] [stderr]     Checking filetime v0.2.21
[INFO] [stderr]     Checking thread_local v1.1.7
[INFO] [stderr]     Checking minimal-lexical v0.2.1
[INFO] [stderr]     Checking async_once v0.2.6
[INFO] [stderr]    Compiling tokio-macros v2.1.0
[INFO] [stderr]    Compiling futures-macro v0.3.28
[INFO] [stderr]    Compiling tracing-attributes v0.1.26
[INFO] [stderr]    Compiling prost-derive v0.11.9
[INFO] [stderr]    Compiling thiserror-impl v1.0.44
[INFO] [stderr]    Compiling pin-project-internal v1.1.2
[INFO] [stderr]    Compiling schemars_derive v0.8.12
[INFO] [stderr]    Compiling darling_macro v0.14.4
[INFO] [stderr]    Compiling enum-as-inner v0.4.0
[INFO] [stderr]    Compiling derivative v2.2.0
[INFO] [stderr]    Compiling async-stream-impl v0.3.5
[INFO] [stderr]    Compiling clap_derive v4.3.12
[INFO] [stderr]    Compiling darling v0.14.4
[INFO] [stderr]    Compiling enum-map-derive v0.12.0
[INFO] [stderr]    Compiling cached_proc_macro v0.16.0
[INFO] [stderr]    Compiling kube-derive v0.82.2
[INFO] [stderr]     Checking dirs2 v3.0.1
[INFO] [stderr]     Checking stable-eyre v0.2.2
[INFO] [stderr]     Checking serde_regex v1.1.0
[INFO] [stderr]     Checking async-stream v0.3.5
[INFO] [stderr]     Checking nom v7.1.3
[INFO] [stderr]     Checking notify v6.0.1
[INFO] [stderr]    Compiling quilkin-macros v0.6.0
[INFO] [stderr]     Checking json-patch v1.0.0
[INFO] [stderr]     Checking pin-project v1.1.2
[INFO] [stderr]     Checking lasso v0.7.2
[INFO] [stderr]     Checking tracing v0.1.37
[INFO] [stderr]     Checking enum-map v2.6.0
[INFO] [stderr]     Checking maxminddb v0.23.0
[INFO] [stderr]     Checking tracing-subscriber v0.3.17
[INFO] [stderr]     Checking ipnetwork v0.20.0
[INFO] [stderr]     Checking base64-serde v0.7.0
[INFO] [stderr]    Compiling prost v0.11.9
[INFO] [stderr]     Checking arc-swap v1.6.0
[INFO] [stderr]     Checking uuid v1.4.1
[INFO] [stderr]     Checking socket2 v0.5.3
[INFO] [stderr]    Compiling prost-types v0.11.9
[INFO] [stderr]     Checking serde_stacker v0.1.10
[INFO] [stderr]     Checking clap v4.3.19
[INFO] [stderr]    Compiling prost-build v0.11.9
[INFO] [stderr]     Checking futures-executor v0.3.28
[INFO] [stderr]     Checking tower-http v0.4.3
[INFO] [stderr]     Checking futures v0.3.28
[INFO] [stderr]    Compiling tonic-build v0.9.2
[INFO] [stderr]     Checking tracing-futures v0.2.5
[INFO] [stderr]     Checking tokio-util v0.7.8
[INFO] [stderr]     Checking tokio-io-timeout v1.2.0
[INFO] [stderr]     Checking tokio-rustls v0.24.1
[INFO] [stderr]     Checking tokio-rustls v0.23.4
[INFO] [stderr]     Checking tryhard v0.5.0
[INFO] [stderr]     Checking cached v0.43.0
[INFO] [stderr]     Checking h2 v0.3.20
[INFO] [stderr]     Checking tower v0.4.13
[INFO] [stderr]     Checking tokio-stream v0.1.14
[INFO] [stderr]    Compiling git2 v0.17.2
[INFO] [stderr]    Compiling built v0.6.1
[INFO] [stderr]     Checking hyper v0.14.27
[INFO] [stderr]     Checking trust-dns-proto v0.21.2
[INFO] [stderr]     Checking trust-dns-resolver v0.21.2
[INFO] [stderr]     Checking hyper-timeout v0.4.1
[INFO] [stderr]     Checking hyper-rustls v0.24.1
[INFO] [stderr]     Checking kube-core v0.82.2
[INFO] [stderr]     Checking tonic v0.9.2
[INFO] [stderr]     Checking kube-client v0.82.2
[INFO] [stderr]     Checking kube-runtime v0.82.2
[INFO] [stderr]     Checking kube v0.82.2
[INFO] [stderr] error: failed to run custom build command for `protobuf-src v1.1.0+21.5`
[INFO] [stderr] note: To improve backtraces for build dependencies, set the CARGO_PROFILE_DEV_BUILD_OVERRIDE_DEBUG=true environment variable to enable debug information generation.
[INFO] [stderr] 
[INFO] [stderr] Caused by:
[INFO] [stderr]   process didn't exit successfully: `/opt/rustwide/target/debug/build/protobuf-src-143ff67467dd38b8/build-script-build` (exit status: 101)
[INFO] [stderr]   --- stdout
[INFO] [stderr]   running: cd "/opt/rustwide/target/debug/build/protobuf-src-cab6863ce1f7e533/out/install/build" && CC="cc" CFLAGS="-O0 -ffunction-sections -fdata-sections -fPIC -m64" CXX="c++" CXXFLAGS="-O0 -ffunction-sections -fdata-sections -fPIC -m64" "sh" "-c" "exec \"$0\" \"$@\"" "/opt/rustwide/cargo-home/registry/src/index.crates.io-6f17d22bba15001f/protobuf-src-1.1.0+21.5/protobuf/configure" "--prefix=/opt/rustwide/target/debug/build/protobuf-src-cab6863ce1f7e533/out/install" "--disable-shared" "--enable-static" "--disable-maintainer-mode"
[INFO] [stderr]   checking whether to enable maintainer-specific portions of Makefiles... no
[INFO] [stderr]   checking build system type... x86_64-pc-linux-gnu
[INFO] [stderr]   checking host system type... x86_64-pc-linux-gnu
[INFO] [stderr]   checking target system type... x86_64-pc-linux-gnu
[INFO] [stderr]   checking for a BSD-compatible install... /usr/bin/install -c
[INFO] [stderr]   checking whether build environment is sane... yes
[INFO] [stderr]   checking for a race-free mkdir -p... /usr/bin/mkdir -p
[INFO] [stderr]   checking for gawk... no
[INFO] [stderr]   checking for mawk... mawk
[INFO] [stderr]   checking whether make sets $(MAKE)... yes
[INFO] [stderr]   checking whether make supports nested variables... yes
[INFO] [stderr]   checking whether UID '0' is supported by ustar format... yes
[INFO] [stderr]   checking whether GID '0' is supported by ustar format... yes
[INFO] [stderr]   checking how to create a ustar tar archive... gnutar
[INFO] [stderr]   checking whether make supports nested variables... (cached) yes
[INFO] [stderr]   checking for gcc... cc
[INFO] [stderr]   checking whether the C compiler works... yes
[INFO] [stderr]   checking for C compiler default output file name... a.out
[INFO] [stderr]   checking for suffix of executables... 
[INFO] [stderr]   checking whether we are cross compiling... no
[INFO] [stderr]   checking for suffix of object files... o
[INFO] [stderr]   checking whether the compiler supports GNU C... yes
[INFO] [stderr]   checking whether cc accepts -g... yes
[INFO] [stderr]   checking for cc option to enable C11 features... none needed
[INFO] [stderr]   checking whether cc understands -c and -o together... yes
[INFO] [stderr]   checking whether make supports the include directive... yes (GNU style)
[INFO] [stderr]   checking dependency style of cc... gcc3
[INFO] [stderr]   checking whether the compiler supports GNU C++... yes
[INFO] [stderr]   checking whether c++ accepts -g... yes
[INFO] [stderr]   checking for c++ option to enable C++11 features... none needed
[INFO] [stderr]   checking dependency style of c++... gcc3
[INFO] [stderr]   checking how to run the C preprocessor... cc -E
[INFO] [stderr]   checking for gcc... gcc
[INFO] [stderr]   checking whether the compiler supports GNU C... (cached) yes
[INFO] [stderr]   checking whether gcc accepts -g... yes
[INFO] [stderr]   checking for gcc option to enable C11 features... (cached) none needed
[INFO] [stderr]   checking whether gcc understands -c and -o together... (cached) yes
[INFO] [stderr]   checking dependency style of gcc... (cached) gcc3
[INFO] [stderr]   checking how to run the C preprocessor... gcc -E
[INFO] [stderr]   checking how to run the C++ preprocessor... c++ -E
[INFO] [stderr]   checking for g++... g++
[INFO] [stderr]   checking whether the compiler supports GNU C++... (cached) yes
[INFO] [stderr]   checking whether g++ accepts -g... yes
[INFO] [stderr]   checking for g++ option to enable C++11 features... (cached) none needed
[INFO] [stderr]   checking dependency style of g++... (cached) gcc3
[INFO] [stderr]   checking how to run the C++ preprocessor... g++ -E
[INFO] [stderr]   checking for stdio.h... yes
[INFO] [stderr]   checking for stdlib.h... yes
[INFO] [stderr]   checking for string.h... yes
[INFO] [stderr]   checking for inttypes.h... yes
[INFO] [stderr]   checking for stdint.h... yes
[INFO] [stderr]   checking for strings.h... yes
[INFO] [stderr]   checking for sys/stat.h... yes
[INFO] [stderr]   checking for sys/types.h... yes
[INFO] [stderr]   checking for unistd.h... yes
[INFO] [stderr]   checking for wchar.h... yes
[INFO] [stderr]   checking for minix/config.h... no
[INFO] [stderr]   checking whether it is safe to define __EXTENSIONS__... yes
[INFO] [stderr]   checking whether _XOPEN_SOURCE should be defined... no
[INFO] [stderr]   checking for ar... ar
[INFO] [stderr]   checking the archiver (ar) interface... ar
[INFO] [stderr]   checking C++ compiler flags...... use user-supplied: -O0 -ffunction-sections -fdata-sections -fPIC -m64
[INFO] [stderr]   checking for c++ options needed to detect all undeclared functions... none needed
[INFO] [stderr]   checking whether __SUNPRO_CC is declared... no
[INFO] [stderr]   checking how to print strings... printf
[INFO] [stderr]   checking for a sed that does not truncate output... /usr/bin/sed
[INFO] [stderr]   checking for grep that handles long lines and -e... /usr/bin/grep
[INFO] [stderr]   checking for egrep... /usr/bin/grep -E
[INFO] [stderr]   checking for fgrep... /usr/bin/grep -F
[INFO] [stderr]   checking for ld used by cc... /usr/bin/ld
[INFO] [stderr]   checking if the linker (/usr/bin/ld) is GNU ld... yes
[INFO] [stderr]   checking for BSD- or MS-compatible name lister (nm)... /usr/bin/nm -B
[INFO] [stderr]   checking the name lister (/usr/bin/nm -B) interface... BSD nm
[INFO] [stderr]   checking whether ln -s works... yes
[INFO] [stderr]   checking the maximum length of command line arguments... 1572864
[INFO] [stderr]   checking how to convert x86_64-pc-linux-gnu file names to x86_64-pc-linux-gnu format... func_convert_file_noop
[INFO] [stderr]   checking how to convert x86_64-pc-linux-gnu file names to toolchain format... func_convert_file_noop
[INFO] [stderr]   checking for /usr/bin/ld option to reload object files... -r
[INFO] [stderr]   checking for file... file
[INFO] [stderr]   checking for objdump... objdump
[INFO] [stderr]   checking how to recognize dependent libraries... pass_all
[INFO] [stderr]   checking for dlltool... no
[INFO] [stderr]   checking how to associate runtime and link libraries... printf %s\n
[INFO] [stderr]   checking for archiver @FILE support... @
[INFO] [stderr]   checking for strip... strip
[INFO] [stderr]   checking for ranlib... ranlib
[INFO] [stderr]   checking command to parse /usr/bin/nm -B output from cc object... ok
[INFO] [stderr]   checking for sysroot... no
[INFO] [stderr]   checking for a working dd... /usr/bin/dd
[INFO] [stderr]   checking how to truncate binary pipes... /usr/bin/dd bs=4096 count=1
[INFO] [stderr]   checking for mt... no
[INFO] [stderr]   checking if : is a manifest tool... no
[INFO] [stderr]   checking for dlfcn.h... yes
[INFO] [stderr]   checking for objdir... .libs
[INFO] [stderr]   checking if cc supports -fno-rtti -fno-exceptions... no
[INFO] [stderr]   checking for cc option to produce PIC... -fPIC -DPIC
[INFO] [stderr]   checking if cc PIC flag -fPIC -DPIC works... yes
[INFO] [stderr]   checking if cc static flag -static works... yes
[INFO] [stderr]   checking if cc supports -c -o file.o... yes
[INFO] [stderr]   checking if cc supports -c -o file.o... (cached) yes
[INFO] [stderr]   checking whether the cc linker (/usr/bin/ld -m elf_x86_64) supports shared libraries... yes
[INFO] [stderr]   checking dynamic linker characteristics... GNU/Linux ld.so
[INFO] [stderr]   checking how to hardcode library paths into programs... immediate
[INFO] [stderr]   checking whether stripping libraries is possible... yes
[INFO] [stderr]   checking if libtool supports shared libraries... yes
[INFO] [stderr]   checking whether to build shared libraries... no
[INFO] [stderr]   checking whether to build static libraries... yes
[INFO] [stderr]   checking how to run the C++ preprocessor... c++ -E
[INFO] [stderr]   checking for ld used by c++... /usr/bin/ld -m elf_x86_64
[INFO] [stderr]   checking if the linker (/usr/bin/ld -m elf_x86_64) is GNU ld... yes
[INFO] [stderr]   checking whether the c++ linker (/usr/bin/ld -m elf_x86_64) supports shared libraries... yes
[INFO] [stderr]   checking for c++ option to produce PIC... -fPIC -DPIC
[INFO] [stderr]   checking if c++ PIC flag -fPIC -DPIC works... yes
[INFO] [stderr]   checking if c++ static flag -static works... yes
[INFO] [stderr]   checking if c++ supports -c -o file.o... yes
[INFO] [stderr]   checking if c++ supports -c -o file.o... (cached) yes
[INFO] [stderr]   checking whether the c++ linker (/usr/bin/ld -m elf_x86_64) supports shared libraries... yes
[INFO] [stderr]   checking dynamic linker characteristics... (cached) GNU/Linux ld.so
[INFO] [stderr]   checking how to hardcode library paths into programs... immediate
[INFO] [stderr]   checking whether the linker supports version scripts... yes
[INFO] [stderr]   checking for egrep... (cached) /usr/bin/grep -E
[INFO] [stderr]   checking for fcntl.h... yes
[INFO] [stderr]   checking for inttypes.h... (cached) yes
[INFO] [stderr]   checking for limits.h... yes
[INFO] [stderr]   checking for stdlib.h... (cached) yes
[INFO] [stderr]   checking for unistd.h... (cached) yes
[INFO] [stderr]   checking for working memcmp... yes
[INFO] [stderr]   checking for working strtod... yes
[INFO] [stderr]   checking for ftruncate... yes
[INFO] [stderr]   checking for memset... yes
[INFO] [stderr]   checking for mkdir... yes
[INFO] [stderr]   checking for strchr... yes
[INFO] [stderr]   checking for strerror... yes
[INFO] [stderr]   checking for strtol... yes
[INFO] [stderr]   checking zlib version... ok (1.2.0.4 or later)
[INFO] [stderr]   checking for library containing zlibVersion... -lz
[INFO] [stderr]   checking whether c++ supports C++11 features by default... yes
[INFO] [stderr]   checking whether -latomic is needed... no
[INFO] [stderr]   checking whether cc is Clang... no
[INFO] [stderr]   checking whether pthreads work with "-pthread" and "-lpthread"... yes
[INFO] [stderr]   checking for joinable pthread attribute... PTHREAD_CREATE_JOINABLE
[INFO] [stderr]   checking whether more special flags are required for pthreads... no
[INFO] [stderr]   checking for PTHREAD_PRIO_INHERIT... yes
[INFO] [stderr]   checking the location of hash_map... <unordered_map>
[INFO] [stderr]   checking whether -llog is needed... no
[INFO] [stderr]   checking that generated files are newer than configure... done
[INFO] [stderr]   configure: creating ./config.status
[INFO] [stderr]   config.status: creating Makefile
[INFO] [stderr]   config.status: creating src/Makefile
[INFO] [stderr]   config.status: creating benchmarks/Makefile
[INFO] [stderr]   config.status: creating conformance/Makefile
[INFO] [stderr]   config.status: creating protobuf.pc
[INFO] [stderr]   config.status: creating protobuf-lite.pc
[INFO] [stderr]   config.status: creating config.h
[INFO] [stderr]   config.status: executing depfiles commands
[INFO] [stderr]   config.status: executing libtool commands
[INFO] [stderr]   === configuring in third_party/googletest (/opt/rustwide/target/debug/build/protobuf-src-cab6863ce1f7e533/out/install/build/third_party/googletest)
[INFO] [stderr]   configure: running /bin/bash /opt/rustwide/cargo-home/registry/src/index.crates.io-6f17d22bba15001f/protobuf-src-1.1.0+21.5/protobuf/third_party/googletest/configure --disable-option-checking '--prefix=/opt/rustwide/target/debug/build/protobuf-src-cab6863ce1f7e533/out/install'  '--disable-shared' '--enable-static' '--disable-maintainer-mode' 'CC=cc' 'CFLAGS=-O0 -ffunction-sections -fdata-sections -fPIC -m64' 'CXX=c++' 'CXXFLAGS=-O0 -ffunction-sections -fdata-sections -fPIC -m64' --cache-file=/dev/null --srcdir=/opt/rustwide/cargo-home/registry/src/index.crates.io-6f17d22bba15001f/protobuf-src-1.1.0+21.5/protobuf/third_party/googletest
[INFO] [stderr]   checking for a BSD-compatible install... /usr/bin/install -c
[INFO] [stderr]   checking whether build environment is sane... yes
[INFO] [stderr]   checking for a race-free mkdir -p... /usr/bin/mkdir -p
[INFO] [stderr]   checking for gawk... no
[INFO] [stderr]   checking for mawk... mawk
[INFO] [stderr]   checking whether make sets $(MAKE)... yes
[INFO] [stderr]   checking whether make supports nested variables... yes
[INFO] [stderr]   checking that generated files are newer than configure... done
[INFO] [stderr]   configure: creating ./config.status
[INFO] [stderr]   config.status: creating Makefile
[INFO] [stderr]   === configuring in googletest (/opt/rustwide/target/debug/build/protobuf-src-cab6863ce1f7e533/out/install/build/third_party/googletest/googletest)
[INFO] [stderr]   configure: running /bin/bash /opt/rustwide/cargo-home/registry/src/index.crates.io-6f17d22bba15001f/protobuf-src-1.1.0+21.5/protobuf/third_party/googletest/googletest/configure --disable-option-checking '--prefix=/opt/rustwide/target/debug/build/protobuf-src-cab6863ce1f7e533/out/install'  '--disable-shared' '--enable-static' '--disable-maintainer-mode' 'CC=cc' 'CFLAGS=-O0 -ffunction-sections -fdata-sections -fPIC -m64' 'CXX=c++' 'CXXFLAGS=-O0 -ffunction-sections -fdata-sections -fPIC -m64' --cache-file=/dev/null --srcdir=/opt/rustwide/cargo-home/registry/src/index.crates.io-6f17d22bba15001f/protobuf-src-1.1.0+21.5/protobuf/third_party/googletest/googletest
[INFO] [stderr]   checking for a BSD-compatible install... /usr/bin/install -c
[INFO] [stderr]   checking whether build environment is sane... yes
[INFO] [stderr]   checking for a race-free mkdir -p... /usr/bin/mkdir -p
[INFO] [stderr]   checking for gawk... no
[INFO] [stderr]   checking for mawk... mawk
[INFO] [stderr]   checking whether make sets $(MAKE)... yes
[INFO] [stderr]   checking whether make supports nested variables... yes
[INFO] [stderr]   checking for gcc... cc
[INFO] [stderr]   checking whether the C compiler works... yes
[INFO] [stderr]   checking for C compiler default output file name... a.out
[INFO] [stderr]   checking for suffix of executables... 
[INFO] [stderr]   checking whether we are cross compiling... no
[INFO] [stderr]   checking for suffix of object files... o
[INFO] [stderr]   checking whether the compiler supports GNU C... yes
[INFO] [stderr]   checking whether cc accepts -g... yes
[INFO] [stderr]   checking for cc option to enable C11 features... none needed
[INFO] [stderr]   checking whether cc understands -c and -o together... yes
[INFO] [stderr]   checking whether make supports the include directive... yes (GNU style)
[INFO] [stderr]   checking dependency style of cc... gcc3
[INFO] [stderr]   checking whether the compiler supports GNU C++... yes
[INFO] [stderr]   checking whether c++ accepts -g... yes
[INFO] [stderr]   checking for c++ option to enable C++11 features... none needed
[INFO] [stderr]   checking dependency style of c++... gcc3
[INFO] [stderr]   checking build system type... x86_64-pc-linux-gnu
[INFO] [stderr]   checking host system type... x86_64-pc-linux-gnu
[INFO] [stderr]   checking how to print strings... printf
[INFO] [stderr]   checking for a sed that does not truncate output... /usr/bin/sed
[INFO] [stderr]   checking for grep that handles long lines and -e... /usr/bin/grep
[INFO] [stderr]   checking for egrep... /usr/bin/grep -E
[INFO] [stderr]   checking for fgrep... /usr/bin/grep -F
[INFO] [stderr]   checking for ld used by cc... /usr/bin/ld
[INFO] [stderr]   checking if the linker (/usr/bin/ld) is GNU ld... yes
[INFO] [stderr]   checking for BSD- or MS-compatible name lister (nm)... /usr/bin/nm -B
[INFO] [stderr]   checking the name lister (/usr/bin/nm -B) interface... BSD nm
[INFO] [stderr]   checking whether ln -s works... yes
[INFO] [stderr]   checking the maximum length of command line arguments... 1572864
[INFO] [stderr]   checking how to convert x86_64-pc-linux-gnu file names to x86_64-pc-linux-gnu format... func_convert_file_noop
[INFO] [stderr]   checking how to convert x86_64-pc-linux-gnu file names to toolchain format... func_convert_file_noop
[INFO] [stderr]   checking for /usr/bin/ld option to reload object files... -r
[INFO] [stderr]   checking for file... file
[INFO] [stderr]   checking for objdump... objdump
[INFO] [stderr]   checking how to recognize dependent libraries... pass_all
[INFO] [stderr]   checking for dlltool... no
[INFO] [stderr]   checking how to associate runtime and link libraries... printf %s\n
[INFO] [stderr]   checking for ar... ar
[INFO] [stderr]   checking for archiver @FILE support... @
[INFO] [stderr]   checking for strip... strip
[INFO] [stderr]   checking for ranlib... ranlib
[INFO] [stderr]   checking command to parse /usr/bin/nm -B output from cc object... ok
[INFO] [stderr]   checking for sysroot... no
[INFO] [stderr]   checking for a working dd... /usr/bin/dd
[INFO] [stderr]   checking how to truncate binary pipes... /usr/bin/dd bs=4096 count=1
[INFO] [stderr]   checking for mt... no
[INFO] [stderr]   checking if : is a manifest tool... no
[INFO] [stderr]   checking for stdio.h... yes
[INFO] [stderr]   checking for stdlib.h... yes
[INFO] [stderr]   checking for string.h... yes
[INFO] [stderr]   checking for inttypes.h... yes
[INFO] [stderr]   checking for stdint.h... yes
[INFO] [stderr]   checking for strings.h... yes
[INFO] [stderr]   checking for sys/stat.h... yes
[INFO] [stderr]   checking for sys/types.h... yes
[INFO] [stderr]   checking for unistd.h... yes
[INFO] [stderr]   checking for dlfcn.h... yes
[INFO] [stderr]   checking for objdir... .libs
[INFO] [stderr]   checking if cc supports -fno-rtti -fno-exceptions... no
[INFO] [stderr]   checking for cc option to produce PIC... -fPIC -DPIC
[INFO] [stderr]   checking if cc PIC flag -fPIC -DPIC works... yes
[INFO] [stderr]   checking if cc static flag -static works... yes
[INFO] [stderr]   checking if cc supports -c -o file.o... yes
[INFO] [stderr]   checking if cc supports -c -o file.o... (cached) yes
[INFO] [stderr]   checking whether the cc linker (/usr/bin/ld -m elf_x86_64) supports shared libraries... yes
[INFO] [stderr]   checking dynamic linker characteristics... GNU/Linux ld.so
[INFO] [stderr]   checking how to hardcode library paths into programs... immediate
[INFO] [stderr]   checking whether stripping libraries is possible... yes
[INFO] [stderr]   checking if libtool supports shared libraries... yes
[INFO] [stderr]   checking whether to build shared libraries... no
[INFO] [stderr]   checking whether to build static libraries... yes
[INFO] [stderr]   checking how to run the C++ preprocessor... c++ -E
[INFO] [stderr]   checking for ld used by c++... /usr/bin/ld -m elf_x86_64
[INFO] [stderr]   checking if the linker (/usr/bin/ld -m elf_x86_64) is GNU ld... yes
[INFO] [stderr]   checking whether the c++ linker (/usr/bin/ld -m elf_x86_64) supports shared libraries... yes
[INFO] [stderr]   checking for c++ option to produce PIC... -fPIC -DPIC
[INFO] [stderr]   checking if c++ PIC flag -fPIC -DPIC works... yes
[INFO] [stderr]   checking if c++ static flag -static works... yes
[INFO] [stderr]   checking if c++ supports -c -o file.o... yes
[INFO] [stderr]   checking if c++ supports -c -o file.o... (cached) yes
[INFO] [stderr]   checking whether the c++ linker (/usr/bin/ld -m elf_x86_64) supports shared libraries... yes
[INFO] [stderr]   checking dynamic linker characteristics... (cached) GNU/Linux ld.so
[INFO] [stderr]   checking how to hardcode library paths into programs... immediate
[INFO] [stderr]   checking for python... :
[INFO] [stderr]   checking for the pthreads library -lpthreads... no
[INFO] [stderr]   checking whether pthreads work without any flags... yes
[INFO] [stderr]   checking for joinable pthread attribute... PTHREAD_CREATE_JOINABLE
[INFO] [stderr]   checking if more special flags are required for pthreads... no
[INFO] [stderr]   checking whether to check for GCC pthread/shared inconsistencies... yes
[INFO] [stderr]   checking whether -pthread is sufficient with -shared... yes
[INFO] [stderr]   checking that generated files are newer than configure... done
[INFO] [stderr]   configure: creating ./config.status
[INFO] [stderr]   config.status: creating Makefile
[INFO] [stderr]   config.status: creating scripts/gtest-config
[INFO] [stderr]   config.status: creating build-aux/config.h
[INFO] [stderr]   config.status: executing depfiles commands
[INFO] [stderr]   config.status: executing libtool commands
[INFO] [stderr]   === configuring in googlemock (/opt/rustwide/target/debug/build/protobuf-src-cab6863ce1f7e533/out/install/build/third_party/googletest/googlemock)
[INFO] [stderr]   configure: running /bin/bash /opt/rustwide/cargo-home/registry/src/index.crates.io-6f17d22bba15001f/protobuf-src-1.1.0+21.5/protobuf/third_party/googletest/googlemock/configure --disable-option-checking '--prefix=/opt/rustwide/target/debug/build/protobuf-src-cab6863ce1f7e533/out/install'  '--disable-shared' '--enable-static' '--disable-maintainer-mode' 'CC=cc' 'CFLAGS=-O0 -ffunction-sections -fdata-sections -fPIC -m64' 'CXX=c++' 'CXXFLAGS=-O0 -ffunction-sections -fdata-sections -fPIC -m64' --cache-file=/dev/null --srcdir=/opt/rustwide/cargo-home/registry/src/index.crates.io-6f17d22bba15001f/protobuf-src-1.1.0+21.5/protobuf/third_party/googletest/googlemock
[INFO] [stderr]   checking for a BSD-compatible install... /usr/bin/install -c
[INFO] [stderr]   checking whether build environment is sane... yes
[INFO] [stderr]   checking for a race-free mkdir -p... /usr/bin/mkdir -p
[INFO] [stderr]   checking for gawk... no
[INFO] [stderr]   checking for mawk... mawk
[INFO] [stderr]   checking whether make sets $(MAKE)... yes
[INFO] [stderr]   checking whether make supports nested variables... yes
[INFO] [stderr]   checking for gcc... cc
[INFO] [stderr]   checking whether the C compiler works... yes
[INFO] [stderr]   checking for C compiler default output file name... a.out
[INFO] [stderr]   checking for suffix of executables... 
[INFO] [stderr]   checking whether we are cross compiling... no
[INFO] [stderr]   checking for suffix of object files... o
[INFO] [stderr]   checking whether the compiler supports GNU C... yes
[INFO] [stderr]   checking whether cc accepts -g... yes
[INFO] [stderr]   checking for cc option to enable C11 features... none needed
[INFO] [stderr]   checking whether cc understands -c and -o together... yes
[INFO] [stderr]   checking whether make supports the include directive... yes (GNU style)
[INFO] [stderr]   checking dependency style of cc... gcc3
[INFO] [stderr]   checking whether the compiler supports GNU C++... yes
[INFO] [stderr]   checking whether c++ accepts -g... yes
[INFO] [stderr]   checking for c++ option to enable C++11 features... none needed
[INFO] [stderr]   checking dependency style of c++... gcc3
[INFO] [stderr]   checking build system type... x86_64-pc-linux-gnu
[INFO] [stderr]   checking host system type... x86_64-pc-linux-gnu
[INFO] [stderr]   checking how to print strings... printf
[INFO] [stderr]   checking for a sed that does not truncate output... /usr/bin/sed
[INFO] [stderr]   checking for grep that handles long lines and -e... /usr/bin/grep
[INFO] [stderr]   checking for egrep... /usr/bin/grep -E
[INFO] [stderr]   checking for fgrep... /usr/bin/grep -F
[INFO] [stderr]   checking for ld used by cc... /usr/bin/ld
[INFO] [stderr]   checking if the linker (/usr/bin/ld) is GNU ld... yes
[INFO] [stderr]   checking for BSD- or MS-compatible name lister (nm)... /usr/bin/nm -B
[INFO] [stderr]   checking the name lister (/usr/bin/nm -B) interface... BSD nm
[INFO] [stderr]   checking whether ln -s works... yes
[INFO] [stderr]   checking the maximum length of command line arguments... 1572864
[INFO] [stderr]   checking how to convert x86_64-pc-linux-gnu file names to x86_64-pc-linux-gnu format... func_convert_file_noop
[INFO] [stderr]   checking how to convert x86_64-pc-linux-gnu file names to toolchain format... func_convert_file_noop
[INFO] [stderr]   checking for /usr/bin/ld option to reload object files... -r
[INFO] [stderr]   checking for file... file
[INFO] [stderr]   checking for objdump... objdump
[INFO] [stderr]   checking how to recognize dependent libraries... pass_all
[INFO] [stderr]   checking for dlltool... no
[INFO] [stderr]   checking how to associate runtime and link libraries... printf %s\n
[INFO] [stderr]   checking for ar... ar
[INFO] [stderr]   checking for archiver @FILE support... @
[INFO] [stderr]   checking for strip... strip
[INFO] [stderr]   checking for ranlib... ranlib
[INFO] [stderr]   checking command to parse /usr/bin/nm -B output from cc object... ok
[INFO] [stderr]   checking for sysroot... no
[INFO] [stderr]   checking for a working dd... /usr/bin/dd
[INFO] [stderr]   checking how to truncate binary pipes... /usr/bin/dd bs=4096 count=1
[INFO] [stderr]   checking for mt... no
[INFO] [stderr]   checking if : is a manifest tool... no
[INFO] [stderr]   checking for stdio.h... yes
[INFO] [stderr]   checking for stdlib.h... yes
[INFO] [stderr]   checking for string.h... yes
[INFO] [stderr]   checking for inttypes.h... yes
[INFO] [stderr]   checking for stdint.h... yes
[INFO] [stderr]   checking for strings.h... yes
[INFO] [stderr]   checking for sys/stat.h... yes
[INFO] [stderr]   checking for sys/types.h... yes
[INFO] [stderr]   checking for unistd.h... yes
[INFO] [stderr]   checking for dlfcn.h... yes
[INFO] [stderr]   checking for objdir... .libs
[INFO] [stderr]   checking if cc supports -fno-rtti -fno-exceptions... no
[INFO] [stderr]   checking for cc option to produce PIC... -fPIC -DPIC
[INFO] [stderr]   checking if cc PIC flag -fPIC -DPIC works... yes
[INFO] [stderr]   checking if cc static flag -static works... yes
[INFO] [stderr]   checking if cc supports -c -o file.o... yes
[INFO] [stderr]   checking if cc supports -c -o file.o... (cached) yes
[INFO] [stderr]   checking whether the cc linker (/usr/bin/ld -m elf_x86_64) supports shared libraries... yes
[INFO] [stderr]   checking dynamic linker characteristics... GNU/Linux ld.so
[INFO] [stderr]   checking how to hardcode library paths into programs... immediate
[INFO] [stderr]   checking whether stripping libraries is possible... yes
[INFO] [stderr]   checking if libtool supports shared libraries... yes
[INFO] [stderr]   checking whether to build shared libraries... no
[INFO] [stderr]   checking whether to build static libraries... yes
[INFO] [stderr]   checking how to run the C++ preprocessor... c++ -E
[INFO] [stderr]   checking for ld used by c++... /usr/bin/ld -m elf_x86_64
[INFO] [stderr]   checking if the linker (/usr/bin/ld -m elf_x86_64) is GNU ld... yes
[INFO] [stderr]   checking whether the c++ linker (/usr/bin/ld -m elf_x86_64) supports shared libraries... yes
[INFO] [stderr]   checking for c++ option to produce PIC... -fPIC -DPIC
[INFO] [stderr]   checking if c++ PIC flag -fPIC -DPIC works... yes
[INFO] [stderr]   checking if c++ static flag -static works... yes
[INFO] [stderr]   checking if c++ supports -c -o file.o... yes
[INFO] [stderr]   checking if c++ supports -c -o file.o... (cached) yes
[INFO] [stderr]   checking whether the c++ linker (/usr/bin/ld -m elf_x86_64) supports shared libraries... yes
[INFO] [stderr]   checking dynamic linker characteristics... (cached) GNU/Linux ld.so
[INFO] [stderr]   checking how to hardcode library paths into programs... immediate
[INFO] [stderr]   checking for python... :
[INFO] [stderr]   checking for the pthreads library -lpthreads... no
[INFO] [stderr]   checking whether pthreads work without any flags... yes
[INFO] [stderr]   checking for joinable pthread attribute... PTHREAD_CREATE_JOINABLE
[INFO] [stderr]   checking if more special flags are required for pthreads... no
[INFO] [stderr]   checking whether to check for GCC pthread/shared inconsistencies... yes
[INFO] [stderr]   checking whether -pthread is sufficient with -shared... yes
[INFO] [stderr]   checking for gtest-config... no
[INFO] [stderr]   checking that generated files are newer than configure... done
[INFO] [stderr]   configure: creating ./config.status
[INFO] [stderr]   config.status: creating Makefile
[INFO] [stderr]   config.status: creating scripts/gmock-config
[INFO] [stderr]   config.status: creating build-aux/config.h
[INFO] [stderr]   config.status: executing depfiles commands
[INFO] [stderr]   config.status: executing libtool commands
[INFO] [stderr]   running: cd "/opt/rustwide/target/debug/build/protobuf-src-cab6863ce1f7e533/out/install/build" && MAKEFLAGS="-j --jobserver-fds=7,8 --jobserver-auth=7,8" "sh" "-c" "exec \"$0\" \"$@\"" "make" "install"
[INFO] [stderr]   Making install in .
[INFO] [stderr]   make[1]: Entering directory '/opt/rustwide/target/debug/build/protobuf-src-cab6863ce1f7e533/out/install/build'
[INFO] [stderr]   make[2]: Entering directory '/opt/rustwide/target/debug/build/protobuf-src-cab6863ce1f7e533/out/install/build'
[INFO] [stderr]   make[2]: Nothing to be done for 'install-exec-am'.
[INFO] [stderr]    /usr/bin/mkdir -p '/opt/rustwide/target/debug/build/protobuf-src-cab6863ce1f7e533/out/install/lib/pkgconfig'
[INFO] [stderr]    /usr/bin/install -c -m 644 protobuf.pc protobuf-lite.pc '/opt/rustwide/target/debug/build/protobuf-src-cab6863ce1f7e533/out/install/lib/pkgconfig'
[INFO] [stderr]   make[2]: Leaving directory '/opt/rustwide/target/debug/build/protobuf-src-cab6863ce1f7e533/out/install/build'
[INFO] [stderr]   make[1]: Leaving directory '/opt/rustwide/target/debug/build/protobuf-src-cab6863ce1f7e533/out/install/build'
[INFO] [stderr]   Making install in src
[INFO] [stderr]   make[1]: Entering directory '/opt/rustwide/target/debug/build/protobuf-src-cab6863ce1f7e533/out/install/build/src'
[INFO] [stderr]     CXX      google/protobuf/wire_format_lite.lo
[INFO] [stderr]     CXX      google/protobuf/any.lo
[INFO] [stderr]     CXX      google/protobuf/any.pb.lo
[INFO] [stderr]     CXX      google/protobuf/api.pb.lo
[INFO] [stderr]     CXX      google/protobuf/compiler/importer.lo
[INFO] [stderr]     CXX      google/protobuf/compiler/parser.lo
[INFO] [stderr]     CXX      google/protobuf/descriptor.lo
[INFO] [stderr]     CXX      google/protobuf/descriptor.pb.lo
[INFO] [stderr]     CXX      google/protobuf/descriptor_database.lo
[INFO] [stderr]     CXX      google/protobuf/duration.pb.lo
[INFO] [stderr]     CXX      google/protobuf/dynamic_message.lo
[INFO] [stderr]     CXX      google/protobuf/empty.pb.lo
[INFO] [stderr]     CXX      google/protobuf/extension_set_heavy.lo
[INFO] [stderr]     CXX      google/protobuf/field_mask.pb.lo
[INFO] [stderr]     CXX      google/protobuf/generated_message_bases.lo
[INFO] [stderr]     CXX      google/protobuf/generated_message_reflection.lo
[INFO] [stderr]   make[1]: Leaving directory '/opt/rustwide/target/debug/build/protobuf-src-cab6863ce1f7e533/out/install/build/src'
[INFO] [stderr] 
[INFO] [stderr]   --- stderr
[INFO] [stderr]   c++: fatal error: Killed signal terminated program cc1plus
[INFO] [stderr]   compilation terminated.
[INFO] [stderr]   make[1]: *** [Makefile:4514: google/protobuf/generated_message_reflection.lo] Error 1
[INFO] [stderr]   make[1]: *** Waiting for unfinished jobs....
[INFO] [stderr]   c++: fatal error: Killed signal terminated program cc1plus
[INFO] [stderr]   compilation terminated.
[INFO] [stderr]   make[1]: *** [Makefile:4514: google/protobuf/field_mask.pb.lo] Error 1
[INFO] [stderr]   c++: fatal error: Killed signal terminated program cc1plus
[INFO] [stderr]   compilation terminated.
[INFO] [stderr]   make[1]: *** [Makefile:4514: google/protobuf/descriptor_database.lo] Error 1
[INFO] [stderr]   make: *** [Makefile:1757: install-recursive] Error 1
[INFO] [stderr]   thread 'main' panicked at /opt/rustwide/cargo-home/registry/src/index.crates.io-6f17d22bba15001f/autotools-0.2.6/src/lib.rs:781:5:
[INFO] [stderr] 
[INFO] [stderr]   command did not execute successfully, got: exit status: 2
[INFO] [stderr] 
[INFO] [stderr]   build script failed, must exit now
[INFO] [stderr]   stack backtrace:
[INFO] [stderr]      0:     0x55e463c0c836 - std::backtrace_rs::backtrace::libunwind::trace::h261606ad26a499c1
[INFO] [stderr]                                  at /rustc/0e09125c6c3c2fd70d7de961bcf0e51575235fad/library/std/src/../../backtrace/src/backtrace/libunwind.rs:104:5
[INFO] [stderr]      1:     0x55e463c0c836 - std::backtrace_rs::backtrace::trace_unsynchronized::hd183f0625477fb28
[INFO] [stderr]                                  at /rustc/0e09125c6c3c2fd70d7de961bcf0e51575235fad/library/std/src/../../backtrace/src/backtrace/mod.rs:66:5
[INFO] [stderr]      2:     0x55e463c0c836 - std::sys_common::backtrace::_print_fmt::hd7f8fef21b4eda67
[INFO] [stderr]                                  at /rustc/0e09125c6c3c2fd70d7de961bcf0e51575235fad/library/std/src/sys_common/backtrace.rs:68:5
[INFO] [stderr]      3:     0x55e463c0c836 - <std::sys_common::backtrace::_print::DisplayBacktrace as core::fmt::Display>::fmt::h623d9b51f2f453f1
[INFO] [stderr]                                  at /rustc/0e09125c6c3c2fd70d7de961bcf0e51575235fad/library/std/src/sys_common/backtrace.rs:44:22
[INFO] [stderr]      4:     0x55e463c31d50 - core::fmt::rt::Argument::fmt::h9f417ac76a86f368
[INFO] [stderr]                                  at /rustc/0e09125c6c3c2fd70d7de961bcf0e51575235fad/library/core/src/fmt/rt.rs:142:9
[INFO] [stderr]      5:     0x55e463c31d50 - core::fmt::write::hc9b6faf4ac2aeff7
[INFO] [stderr]                                  at /rustc/0e09125c6c3c2fd70d7de961bcf0e51575235fad/library/core/src/fmt/mod.rs:1120:17
[INFO] [stderr]      6:     0x55e463c0a14f - std::io::Write::write_fmt::hfead1eee52c2e65e
[INFO] [stderr]                                  at /rustc/0e09125c6c3c2fd70d7de961bcf0e51575235fad/library/std/src/io/mod.rs:1810:15
[INFO] [stderr]      7:     0x55e463c0c614 - std::sys_common::backtrace::_print::hd5d66399c7df88a2
[INFO] [stderr]                                  at /rustc/0e09125c6c3c2fd70d7de961bcf0e51575235fad/library/std/src/sys_common/backtrace.rs:47:5
[INFO] [stderr]      8:     0x55e463c0c614 - std::sys_common::backtrace::print::he81ed2da642d37e5
[INFO] [stderr]                                  at /rustc/0e09125c6c3c2fd70d7de961bcf0e51575235fad/library/std/src/sys_common/backtrace.rs:34:9
[INFO] [stderr]      9:     0x55e463c0def7 - std::panicking::default_hook::{{closure}}::h85773f4fa117163d
[INFO] [stderr]     10:     0x55e463c0dc59 - std::panicking::default_hook::h6a1694a91d09b278
[INFO] [stderr]                                  at /rustc/0e09125c6c3c2fd70d7de961bcf0e51575235fad/library/std/src/panicking.rs:292:9
[INFO] [stderr]     11:     0x55e463c0e388 - std::panicking::rust_panic_with_hook::h0a7ad96e90f7145b
[INFO] [stderr]                                  at /rustc/0e09125c6c3c2fd70d7de961bcf0e51575235fad/library/std/src/panicking.rs:779:13
[INFO] [stderr]     12:     0x55e463c0e262 - std::panicking::begin_panic_handler::{{closure}}::h7919090525c6485e
[INFO] [stderr]                                  at /rustc/0e09125c6c3c2fd70d7de961bcf0e51575235fad/library/std/src/panicking.rs:657:13
[INFO] [stderr]     13:     0x55e463c0cd36 - std::sys_common::backtrace::__rust_end_short_backtrace::hf3289479464f7dfe
[INFO] [stderr]                                  at /rustc/0e09125c6c3c2fd70d7de961bcf0e51575235fad/library/std/src/sys_common/backtrace.rs:171:18
[INFO] [stderr]     14:     0x55e463c0dfc0 - rust_begin_unwind
[INFO] [stderr]                                  at /rustc/0e09125c6c3c2fd70d7de961bcf0e51575235fad/library/std/src/panicking.rs:645:5
[INFO] [stderr]     15:     0x55e463b96845 - core::panicking::panic_fmt::hcc9f77c5c132af55
[INFO] [stderr]                                  at /rustc/0e09125c6c3c2fd70d7de961bcf0e51575235fad/library/core/src/panicking.rs:72:14
[INFO] [stderr]     16:     0x55e463ba82d1 - autotools::fail::h9f391e8be718ecd9
[INFO] [stderr]     17:     0x55e463ba6615 - autotools::Config::build::ha87510c9516995dd
[INFO] [stderr]     18:     0x55e463b9af38 - build_script_build::main::h9c7f3607497da596
[INFO] [stderr]     19:     0x55e463b9c7f3 - core::ops::function::FnOnce::call_once::h1b60e8f8d1f33b2d
[INFO] [stderr]     20:     0x55e463b97446 - std::sys_common::backtrace::__rust_begin_short_backtrace::h30593d6a026bb741
[INFO] [stderr]     21:     0x55e463b97789 - std::rt::lang_start::{{closure}}::h3ecd876a797c3658
[INFO] [stderr]     22:     0x55e463c05961 - core::ops::function::impls::<impl core::ops::function::FnOnce<A> for &F>::call_once::h4eb4c5e1620f29b0
[INFO] [stderr]                                  at /rustc/0e09125c6c3c2fd70d7de961bcf0e51575235fad/library/core/src/ops/function.rs:284:13
[INFO] [stderr]     23:     0x55e463c05961 - std::panicking::try::do_call::h73fd26535faffcdf
[INFO] [stderr]                                  at /rustc/0e09125c6c3c2fd70d7de961bcf0e51575235fad/library/std/src/panicking.rs:552:40
[INFO] [stderr]     24:     0x55e463c05961 - std::panicking::try::h77ff1d98f0fb9f39
[INFO] [stderr]                                  at /rustc/0e09125c6c3c2fd70d7de961bcf0e51575235fad/library/std/src/panicking.rs:516:19
[INFO] [stderr]     25:     0x55e463c05961 - std::panic::catch_unwind::hab3caf2448b95e37
[INFO] [stderr]                                  at /rustc/0e09125c6c3c2fd70d7de961bcf0e51575235fad/library/std/src/panic.rs:142:14
[INFO] [stderr]     26:     0x55e463c05961 - std::rt::lang_start_internal::{{closure}}::h8086711f9c783f78
[INFO] [stderr]                                  at /rustc/0e09125c6c3c2fd70d7de961bcf0e51575235fad/library/std/src/rt.rs:148:48
[INFO] [stderr]     27:     0x55e463c05961 - std::panicking::try::do_call::hf920d4dc291cd6ca
[INFO] [stderr]                                  at /rustc/0e09125c6c3c2fd70d7de961bcf0e51575235fad/library/std/src/panicking.rs:552:40
[INFO] [stderr]     28:     0x55e463c05961 - std::panicking::try::h2b806ccc0a85db74
[INFO] [stderr]                                  at /rustc/0e09125c6c3c2fd70d7de961bcf0e51575235fad/library/std/src/panicking.rs:516:19
[INFO] [stderr]     29:     0x55e463c05961 - std::panic::catch_unwind::h038489539c507df2
[INFO] [stderr]                                  at /rustc/0e09125c6c3c2fd70d7de961bcf0e51575235fad/library/std/src/panic.rs:142:14
[INFO] [stderr]     30:     0x55e463c05961 - std::rt::lang_start_internal::h28503b88912e8a5c
[INFO] [stderr]                                  at /rustc/0e09125c6c3c2fd70d7de961bcf0e51575235fad/library/std/src/rt.rs:148:20
[INFO] [stderr]     31:     0x55e463b97767 - std::rt::lang_start::hc4fee1fc9a25d3ba
[INFO] [stderr]     32:     0x55e463b9b3f5 - main
[INFO] [stderr]     33:     0x7f9e687d1d90 - <unknown>
[INFO] [stderr]     34:     0x7f9e687d1e40 - __libc_start_main
[INFO] [stderr]     35:     0x55e463b97065 - _start
[INFO] [stderr]     36:                0x0 - <unknown>
[INFO] running `Command { std: "docker" "inspect" "e2101b4d86a205fa57e2ff19382291d1802d878306a905d5ed3f4a75321460e1", kill_on_drop: false }`
[INFO] running `Command { std: "docker" "rm" "-f" "e2101b4d86a205fa57e2ff19382291d1802d878306a905d5ed3f4a75321460e1", kill_on_drop: false }`
[INFO] [stdout] e2101b4d86a205fa57e2ff19382291d1802d878306a905d5ed3f4a75321460e1
