[INFO] fetching crate qt_3d_extras 0.5.0...
[INFO] documenting qt_3d_extras-0.5.0 against 1.75.0 for beta-1.76-rustdoc-1
[INFO] extracting crate qt_3d_extras 0.5.0 into /workspace/builds/worker-7-tc1/source
[INFO] validating manifest of crates.io crate qt_3d_extras 0.5.0 on toolchain 1.75.0
[INFO] running `Command { std: CARGO_HOME="/workspace/cargo-home" RUSTUP_HOME="/workspace/rustup-home" "/workspace/cargo-home/bin/cargo" "+1.75.0" "metadata" "--manifest-path" "Cargo.toml" "--no-deps", kill_on_drop: false }`
[INFO] started tweaking crates.io crate qt_3d_extras 0.5.0
[INFO] finished tweaking crates.io crate qt_3d_extras 0.5.0
[INFO] tweaked toml for crates.io crate qt_3d_extras 0.5.0 written to /workspace/builds/worker-7-tc1/source/Cargo.toml
[INFO] running `Command { std: CARGO_HOME="/workspace/cargo-home" RUSTUP_HOME="/workspace/rustup-home" "/workspace/cargo-home/bin/cargo" "+1.75.0" "generate-lockfile" "--manifest-path" "Cargo.toml", kill_on_drop: false }`
[INFO] [stderr]     Updating crates.io index
[INFO] running `Command { std: CARGO_HOME="/workspace/cargo-home" RUSTUP_HOME="/workspace/rustup-home" "/workspace/cargo-home/bin/cargo" "+1.75.0" "fetch" "--manifest-path" "Cargo.toml", kill_on_drop: false }`
[INFO] [stderr]  Downloading crates ...
[INFO] [stderr]   Downloaded pathdiff v0.1.0
[INFO] [stderr]   Downloaded qt_macros v0.1.1
[INFO] [stderr]   Downloaded ritual_common v0.4.0
[INFO] [stderr]   Downloaded term-painter v0.2.4
[INFO] [stderr]   Downloaded qt_ritual_common v0.4.0
[INFO] [stderr]   Downloaded ritual_build v0.4.0
[INFO] [stderr]   Downloaded qt_3d_logic v0.5.0
[INFO] [stderr]   Downloaded cpp_core v0.6.0
[INFO] [stderr]   Downloaded shell-words v0.1.0
[INFO] [stderr]   Downloaded qt_3d_input v0.5.0
[INFO] [stderr]   Downloaded qt_3d_core v0.5.0
[INFO] [stderr]   Downloaded qt_3d_render v0.5.0
[INFO] [stderr]   Downloaded qt_gui v0.5.0
[INFO] [stderr]   Downloaded qt_core v0.5.0
[INFO] [stderr]   Downloaded qt_ritual_build v0.5.0
[INFO] running `Command { std: "docker" "create" "-v" "/var/lib/crater-agent-workspace/builds/worker-7-tc1/target:/opt/rustwide/target:rw,Z" "-v" "/var/lib/crater-agent-workspace/builds/worker-7-tc1/source:/opt/rustwide/workdir:ro,Z" "-v" "/var/lib/crater-agent-workspace/cargo-home:/opt/rustwide/cargo-home:ro,Z" "-v" "/var/lib/crater-agent-workspace/rustup-home:/opt/rustwide/rustup-home:ro,Z" "-e" "SOURCE_DIR=/opt/rustwide/workdir" "-e" "CARGO_TARGET_DIR=/opt/rustwide/target" "-e" "CARGO_HOME=/opt/rustwide/cargo-home" "-e" "RUSTUP_HOME=/opt/rustwide/rustup-home" "-w" "/opt/rustwide/workdir" "-m" "1610612736" "--user" "0:0" "--network" "none" "ghcr.io/rust-lang/crates-build-env/linux@sha256:2788e3201cd34a07e3172128adcd8b3090168a8e3bcc40d7c032b9dda1df7d1c" "/opt/rustwide/cargo-home/bin/cargo" "+1.75.0" "metadata" "--no-deps" "--format-version=1", kill_on_drop: false }`
[INFO] [stdout] c002881a587dca3e2908c6c81307bf3058f799cfe8ff63266f37dbdb8798878a
[INFO] running `Command { std: "docker" "start" "-a" "c002881a587dca3e2908c6c81307bf3058f799cfe8ff63266f37dbdb8798878a", kill_on_drop: false }`
[INFO] running `Command { std: "docker" "inspect" "c002881a587dca3e2908c6c81307bf3058f799cfe8ff63266f37dbdb8798878a", kill_on_drop: false }`
[INFO] running `Command { std: "docker" "rm" "-f" "c002881a587dca3e2908c6c81307bf3058f799cfe8ff63266f37dbdb8798878a", kill_on_drop: false }`
[INFO] [stdout] c002881a587dca3e2908c6c81307bf3058f799cfe8ff63266f37dbdb8798878a
[INFO] running `Command { std: "docker" "create" "-v" "/var/lib/crater-agent-workspace/builds/worker-7-tc1/target:/opt/rustwide/target:rw,Z" "-v" "/var/lib/crater-agent-workspace/builds/worker-7-tc1/source:/opt/rustwide/workdir:ro,Z" "-v" "/var/lib/crater-agent-workspace/cargo-home:/opt/rustwide/cargo-home:ro,Z" "-v" "/var/lib/crater-agent-workspace/rustup-home:/opt/rustwide/rustup-home:ro,Z" "-e" "SOURCE_DIR=/opt/rustwide/workdir" "-e" "CARGO_TARGET_DIR=/opt/rustwide/target" "-e" "CARGO_INCREMENTAL=0" "-e" "RUST_BACKTRACE=full" "-e" "RUSTFLAGS=--cap-lints=warn" "-e" "RUSTDOCFLAGS=--cap-lints=warn" "-e" "CARGO_HOME=/opt/rustwide/cargo-home" "-e" "RUSTUP_HOME=/opt/rustwide/rustup-home" "-w" "/opt/rustwide/workdir" "-m" "1610612736" "--user" "0:0" "--network" "none" "ghcr.io/rust-lang/crates-build-env/linux@sha256:2788e3201cd34a07e3172128adcd8b3090168a8e3bcc40d7c032b9dda1df7d1c" "/opt/rustwide/cargo-home/bin/cargo" "+1.75.0" "doc" "--frozen" "--no-deps" "--document-private-items" "--message-format=json", kill_on_drop: false }`
[INFO] [stdout] 0680dd30a2eb016fa3cae45f4d3bbe20c630624d8bcd3bc7f1369c359337d04c
[INFO] running `Command { std: "docker" "start" "-a" "0680dd30a2eb016fa3cae45f4d3bbe20c630624d8bcd3bc7f1369c359337d04c", kill_on_drop: false }`
[INFO] [stderr]    Compiling proc-macro2 v1.0.76
[INFO] [stderr]    Compiling memchr v2.7.1
[INFO] [stderr]    Compiling syn v1.0.109
[INFO] [stderr]    Compiling regex-syntax v0.8.2
[INFO] [stderr]    Compiling serde v1.0.195
[INFO] [stderr]    Compiling miniz_oxide v0.7.1
[INFO] [stderr]    Compiling log v0.4.20
[INFO] [stderr]    Compiling term v0.4.6
[INFO] [stderr]    Compiling num_cpus v1.16.0
[INFO] [stderr]    Compiling backtrace v0.3.69
[INFO] [stderr]    Compiling shell-words v0.1.0
[INFO] [stderr]    Compiling dunce v1.0.4
[INFO] [stderr]    Compiling pathdiff v0.1.0
[INFO] [stderr]    Compiling quick-error v1.2.3
[INFO] [stderr]    Compiling atty v0.2.14
[INFO] [stderr]    Compiling termcolor v1.4.0
[INFO] [stderr]    Compiling humantime v1.3.0
[INFO] [stderr]    Compiling proc-macro-hack v0.5.20+deprecated
[INFO] [stderr]     Checking cpp_core v0.6.0
[INFO] [stderr]    Compiling term-painter v0.2.4
[INFO] [stderr]    Compiling quote v1.0.35
[INFO] [stderr]    Compiling aho-corasick v1.1.2
[INFO] [stderr]    Compiling object v0.32.2
[INFO] [stderr]    Compiling syn v2.0.48
[INFO] [stderr]    Compiling regex-automata v0.4.3
[INFO] [stderr]    Compiling serde_derive v1.0.195
[INFO] [stderr]    Compiling bincode v1.3.3
[INFO] [stderr]    Compiling toml v0.4.10
[INFO] [stderr]    Compiling serde_json v1.0.111
[INFO] [stderr]    Compiling synstructure v0.12.6
[INFO] [stderr]    Compiling regex v1.10.2
[INFO] [stderr]    Compiling env_logger v0.7.1
[INFO] [stderr]    Compiling failure_derive v0.1.8
[INFO] [stderr]    Compiling qt_macros v0.1.1
[INFO] [stderr]    Compiling failure v0.1.8
[INFO] [stderr]    Compiling ritual_common v0.4.0
[INFO] [stderr]    Compiling ritual_build v0.4.0
[INFO] [stderr]    Compiling qt_ritual_common v0.4.0
[INFO] [stderr]    Compiling qt_ritual_build v0.5.0
[INFO] [stderr]    Compiling qt_core v0.5.0
[INFO] [stderr]    Compiling qt_gui v0.5.0
[INFO] [stderr]    Compiling qt_3d_core v0.5.0
[INFO] [stderr]    Compiling qt_3d_render v0.5.0
[INFO] [stderr]    Compiling qt_3d_input v0.5.0
[INFO] [stderr]    Compiling qt_3d_logic v0.5.0
[INFO] [stderr]    Compiling qt_3d_extras v0.5.0 (/opt/rustwide/workdir)
[INFO] [stderr] error: failed to run custom build command for `qt_3d_logic v0.5.0`
[INFO] [stderr] note: To improve backtraces for build dependencies, set the CARGO_PROFILE_DEV_BUILD_OVERRIDE_DEBUG=true environment variable to enable debug information generation.
[INFO] [stderr] 
[INFO] [stderr] Caused by:
[INFO] [stderr]   process didn't exit successfully: `/opt/rustwide/target/debug/build/qt_3d_logic-7f0b44faa7f991ba/build-script-build` (exit status: 1)
[INFO] [stderr]   --- stdout
[INFO] [stderr]   Current Qt version (5.15.3) is unknown to qt_3d_logic crate. Using closest known version (5.14.0)
[INFO] [stderr]   -- The C compiler identification is GNU 11.4.0
[INFO] [stderr]   -- The CXX compiler identification is GNU 11.4.0
[INFO] [stderr]   -- Detecting C compiler ABI info
[INFO] [stderr]   -- Detecting C compiler ABI info - done
[INFO] [stderr]   -- Check for working C compiler: /usr/bin/cc - skipped
[INFO] [stderr]   -- Detecting C compile features
[INFO] [stderr]   -- Detecting C compile features - done
[INFO] [stderr]   -- Detecting CXX compiler ABI info
[INFO] [stderr]   -- Detecting CXX compiler ABI info - done
[INFO] [stderr]   -- Check for working CXX compiler: /usr/bin/c++ - skipped
[INFO] [stderr]   -- Detecting CXX compile features
[INFO] [stderr]   -- Detecting CXX compile features - done
[INFO] [stderr]   -- RITUAL_INCLUDE_PATH=/usr/include/x86_64-linux-gnu/qt5;/usr/include/x86_64-linux-gnu/qt5/Qt3DLogic;/usr/include/x86_64-linux-gnu/qt5/QtCore;/usr/include/x86_64-linux-gnu/qt5/QtGui;/usr/include/x86_64-linux-gnu/qt5/Qt3DCore
[INFO] [stderr]   -- RITUAL_LIBRARY_PATH=/usr/lib/x86_64-linux-gnu
[INFO] [stderr]   -- RITUAL_LIBRARY_TYPE=STATIC
[INFO] [stderr]   -- RITUAL_LINKED_LIBS=Qt53DLogic;Qt5Core;Qt5Gui;Qt53DCore
[INFO] [stderr]   -- RITUAL_CPP_LIB_VERSION=51400
[INFO] [stderr]   -- RITUAL_COMPILER_FLAGS=-std=gnu++11 -fPIC
[INFO] [stderr]   -- Configuring done
[INFO] [stderr]   -- Generating done
[INFO] [stderr]   -- Build files have been written to: /opt/rustwide/target/debug/build/qt_3d_logic-f1460dfdac12d18f/out/c_lib_build
[INFO] [stderr]   /usr/bin/gmake  -f CMakeFiles/Makefile2 clean
[INFO] [stderr]   gmake[1]: Entering directory '/opt/rustwide/target/debug/build/qt_3d_logic-f1460dfdac12d18f/out/c_lib_build'
[INFO] [stderr]   /usr/bin/gmake  -f CMakeFiles/qt_3d_logic_c.dir/build.make CMakeFiles/qt_3d_logic_c.dir/clean
[INFO] [stderr]   gmake[2]: Entering directory '/opt/rustwide/target/debug/build/qt_3d_logic-f1460dfdac12d18f/out/c_lib_build'
[INFO] [stderr]   /usr/bin/cmake -P CMakeFiles/qt_3d_logic_c.dir/cmake_clean.cmake
[INFO] [stderr]   gmake[2]: Leaving directory '/opt/rustwide/target/debug/build/qt_3d_logic-f1460dfdac12d18f/out/c_lib_build'
[INFO] [stderr]   /usr/bin/gmake  -f CMakeFiles/qt_3d_logic_c_autogen.dir/build.make CMakeFiles/qt_3d_logic_c_autogen.dir/clean
[INFO] [stderr]   gmake[2]: Entering directory '/opt/rustwide/target/debug/build/qt_3d_logic-f1460dfdac12d18f/out/c_lib_build'
[INFO] [stderr]   /usr/bin/cmake -P CMakeFiles/qt_3d_logic_c_autogen.dir/cmake_clean.cmake
[INFO] [stderr]   gmake[2]: Leaving directory '/opt/rustwide/target/debug/build/qt_3d_logic-f1460dfdac12d18f/out/c_lib_build'
[INFO] [stderr]   gmake[1]: Leaving directory '/opt/rustwide/target/debug/build/qt_3d_logic-f1460dfdac12d18f/out/c_lib_build'
[INFO] [stderr]   /usr/bin/cmake -S/opt/rustwide/cargo-home/registry/src/index.crates.io-6f17d22bba15001f/qt_3d_logic-0.5.0/c_lib -B/opt/rustwide/target/debug/build/qt_3d_logic-f1460dfdac12d18f/out/c_lib_build --check-build-system CMakeFiles/Makefile.cmake 0
[INFO] [stderr]   /usr/bin/cmake -E cmake_progress_start /opt/rustwide/target/debug/build/qt_3d_logic-f1460dfdac12d18f/out/c_lib_build/CMakeFiles /opt/rustwide/target/debug/build/qt_3d_logic-f1460dfdac12d18f/out/c_lib_build//CMakeFiles/progress.marks
[INFO] [stderr]   /usr/bin/gmake  -f CMakeFiles/Makefile2 all
[INFO] [stderr]   gmake[1]: Entering directory '/opt/rustwide/target/debug/build/qt_3d_logic-f1460dfdac12d18f/out/c_lib_build'
[INFO] [stderr]   /usr/bin/gmake  -f CMakeFiles/qt_3d_logic_c_autogen.dir/build.make CMakeFiles/qt_3d_logic_c_autogen.dir/depend
[INFO] [stderr]   gmake[2]: Entering directory '/opt/rustwide/target/debug/build/qt_3d_logic-f1460dfdac12d18f/out/c_lib_build'
[INFO] [stderr]   cd /opt/rustwide/target/debug/build/qt_3d_logic-f1460dfdac12d18f/out/c_lib_build && /usr/bin/cmake -E cmake_depends "Unix Makefiles" /opt/rustwide/cargo-home/registry/src/index.crates.io-6f17d22bba15001f/qt_3d_logic-0.5.0/c_lib /opt/rustwide/cargo-home/registry/src/index.crates.io-6f17d22bba15001f/qt_3d_logic-0.5.0/c_lib /opt/rustwide/target/debug/build/qt_3d_logic-f1460dfdac12d18f/out/c_lib_build /opt/rustwide/target/debug/build/qt_3d_logic-f1460dfdac12d18f/out/c_lib_build /opt/rustwide/target/debug/build/qt_3d_logic-f1460dfdac12d18f/out/c_lib_build/CMakeFiles/qt_3d_logic_c_autogen.dir/DependInfo.cmake --color=
[INFO] [stderr]   gmake[2]: Leaving directory '/opt/rustwide/target/debug/build/qt_3d_logic-f1460dfdac12d18f/out/c_lib_build'
[INFO] [stderr]   /usr/bin/gmake  -f CMakeFiles/qt_3d_logic_c_autogen.dir/build.make CMakeFiles/qt_3d_logic_c_autogen.dir/build
[INFO] [stderr]   gmake[2]: Entering directory '/opt/rustwide/target/debug/build/qt_3d_logic-f1460dfdac12d18f/out/c_lib_build'
[INFO] [stderr]   [ 25%] Automatic MOC for target qt_3d_logic_c
[INFO] [stderr]   /usr/bin/cmake -E cmake_autogen /opt/rustwide/target/debug/build/qt_3d_logic-f1460dfdac12d18f/out/c_lib_build/CMakeFiles/qt_3d_logic_c_autogen.dir/AutogenInfo.json Debug
[INFO] [stderr]   gmake[2]: Leaving directory '/opt/rustwide/target/debug/build/qt_3d_logic-f1460dfdac12d18f/out/c_lib_build'
[INFO] [stderr]   [ 25%] Built target qt_3d_logic_c_autogen
[INFO] [stderr]   /usr/bin/gmake  -f CMakeFiles/qt_3d_logic_c.dir/build.make CMakeFiles/qt_3d_logic_c.dir/depend
[INFO] [stderr]   gmake[2]: Entering directory '/opt/rustwide/target/debug/build/qt_3d_logic-f1460dfdac12d18f/out/c_lib_build'
[INFO] [stderr]   cd /opt/rustwide/target/debug/build/qt_3d_logic-f1460dfdac12d18f/out/c_lib_build && /usr/bin/cmake -E cmake_depends "Unix Makefiles" /opt/rustwide/cargo-home/registry/src/index.crates.io-6f17d22bba15001f/qt_3d_logic-0.5.0/c_lib /opt/rustwide/cargo-home/registry/src/index.crates.io-6f17d22bba15001f/qt_3d_logic-0.5.0/c_lib /opt/rustwide/target/debug/build/qt_3d_logic-f1460dfdac12d18f/out/c_lib_build /opt/rustwide/target/debug/build/qt_3d_logic-f1460dfdac12d18f/out/c_lib_build /opt/rustwide/target/debug/build/qt_3d_logic-f1460dfdac12d18f/out/c_lib_build/CMakeFiles/qt_3d_logic_c.dir/DependInfo.cmake --color=
[INFO] [stderr]   gmake[2]: Leaving directory '/opt/rustwide/target/debug/build/qt_3d_logic-f1460dfdac12d18f/out/c_lib_build'
[INFO] [stderr]   /usr/bin/gmake  -f CMakeFiles/qt_3d_logic_c.dir/build.make CMakeFiles/qt_3d_logic_c.dir/build
[INFO] [stderr]   gmake[2]: Entering directory '/opt/rustwide/target/debug/build/qt_3d_logic-f1460dfdac12d18f/out/c_lib_build'
[INFO] [stderr]   [ 50%] Building CXX object CMakeFiles/qt_3d_logic_c.dir/qt_3d_logic_c_autogen/mocs_compilation.cpp.o
[INFO] [stderr]   /usr/bin/c++ -DQT_3D_LOGIC_C_LIBRARY -DRITUAL_CPP_LIB_VERSION=51400 -I/opt/rustwide/target/debug/build/qt_3d_logic-f1460dfdac12d18f/out/c_lib_build/qt_3d_logic_c_autogen/include -I/opt/rustwide/cargo-home/registry/src/index.crates.io-6f17d22bba15001f/qt_3d_logic-0.5.0/c_lib -I/opt/rustwide/target/debug/build/qt_3d_logic-f1460dfdac12d18f/out/c_lib_build -I/usr/include/x86_64-linux-gnu/qt5 -I/usr/include/x86_64-linux-gnu/qt5/Qt3DLogic -I/usr/include/x86_64-linux-gnu/qt5/QtCore -I/usr/include/x86_64-linux-gnu/qt5/QtGui -I/usr/include/x86_64-linux-gnu/qt5/Qt3DCore -Wall -Wextra -Wno-deprecated-declarations -Werror=return-type -std=gnu++11 -fPIC -g -MD -MT CMakeFiles/qt_3d_logic_c.dir/qt_3d_logic_c_autogen/mocs_compilation.cpp.o -MF CMakeFiles/qt_3d_logic_c.dir/qt_3d_logic_c_autogen/mocs_compilation.cpp.o.d -o CMakeFiles/qt_3d_logic_c.dir/qt_3d_logic_c_autogen/mocs_compilation.cpp.o -c /opt/rustwide/target/debug/build/qt_3d_logic-f1460dfdac12d18f/out/c_lib_build/qt_3d_logic_c_autogen/mocs_compilation.cpp
[INFO] [stderr]   [ 75%] Building CXX object CMakeFiles/qt_3d_logic_c.dir/file1.cpp.o
[INFO] [stderr]   /usr/bin/c++ -DQT_3D_LOGIC_C_LIBRARY -DRITUAL_CPP_LIB_VERSION=51400 -I/opt/rustwide/target/debug/build/qt_3d_logic-f1460dfdac12d18f/out/c_lib_build/qt_3d_logic_c_autogen/include -I/opt/rustwide/cargo-home/registry/src/index.crates.io-6f17d22bba15001f/qt_3d_logic-0.5.0/c_lib -I/opt/rustwide/target/debug/build/qt_3d_logic-f1460dfdac12d18f/out/c_lib_build -I/usr/include/x86_64-linux-gnu/qt5 -I/usr/include/x86_64-linux-gnu/qt5/Qt3DLogic -I/usr/include/x86_64-linux-gnu/qt5/QtCore -I/usr/include/x86_64-linux-gnu/qt5/QtGui -I/usr/include/x86_64-linux-gnu/qt5/Qt3DCore -Wall -Wextra -Wno-deprecated-declarations -Werror=return-type -std=gnu++11 -fPIC -g -MD -MT CMakeFiles/qt_3d_logic_c.dir/file1.cpp.o -MF CMakeFiles/qt_3d_logic_c.dir/file1.cpp.o.d -o CMakeFiles/qt_3d_logic_c.dir/file1.cpp.o -c /opt/rustwide/cargo-home/registry/src/index.crates.io-6f17d22bba15001f/qt_3d_logic-0.5.0/c_lib/file1.cpp
[INFO] [stderr]   gmake[2]: Leaving directory '/opt/rustwide/target/debug/build/qt_3d_logic-f1460dfdac12d18f/out/c_lib_build'
[INFO] [stderr]   gmake[1]: Leaving directory '/opt/rustwide/target/debug/build/qt_3d_logic-f1460dfdac12d18f/out/c_lib_build'
[INFO] [stderr] 
[INFO] [stderr]   --- stderr
[INFO] [stderr]   c++: fatal error: Killed signal terminated program cc1plus
[INFO] [stderr]   compilation terminated.
[INFO] [stderr]   gmake[2]: *** [CMakeFiles/qt_3d_logic_c.dir/build.make:93: CMakeFiles/qt_3d_logic_c.dir/file1.cpp.o] Error 1
[INFO] [stderr]   gmake[1]: *** [CMakeFiles/Makefile2:87: CMakeFiles/qt_3d_logic_c.dir/all] Error 2
[INFO] [stderr]   gmake: *** [Makefile:139: all] Error 2
[INFO] [stderr]   [2024-01-07T02:49:57Z ERROR ritual_common::errors] Error:
[INFO] [stderr]   [2024-01-07T02:49:57Z ERROR ritual_common::errors]    command failed with exit status: 2: cd "/opt/rustwide/target/debug/build/qt_3d_logic-f1460dfdac12d18f/out/c_lib_build" && "cmake" "--build" "." "--" "-j16" "install"
[INFO] [stderr]   [2024-01-07T02:49:58Z ERROR ritual_common::errors]    0: failure::backtrace::internal::InternalBacktrace::new
[INFO] [stderr]          1: failure::backtrace::Backtrace::new
[INFO] [stderr]          2: <failure::error::error_impl::ErrorImpl as core::convert::From<F>>::from
[INFO] [stderr]          3: <failure::error::Error as core::convert::From<F>>::from
[INFO] [stderr]          4: failure::error_message::err_msg
[INFO] [stderr]          5: ritual_common::utils::run_command
[INFO] [stderr]          6: ritual_common::cpp_lib_builder::CppLibBuilder::run
[INFO] [stderr]          7: ritual_build::Config::try_run
[INFO] [stderr]          8: qt_ritual_build::try_run
[INFO] [stderr]          9: qt_ritual_build::run
[INFO] [stderr]         10: build_script_build::main
[INFO] [stderr]         11: core::ops::function::FnOnce::call_once
[INFO] [stderr]         12: std::sys_common::backtrace::__rust_begin_short_backtrace
[INFO] [stderr]         13: std::rt::lang_start::{{closure}}
[INFO] [stderr]         14: core::ops::function::impls::<impl core::ops::function::FnOnce<A> for &F>::call_once
[INFO] [stderr]                    at /rustc/82e1608dfa6e0b5569232559e3d385fea5a93112/library/core/src/ops/function.rs:284:13
[INFO] [stderr]             std::panicking::try::do_call
[INFO] [stderr]                    at /rustc/82e1608dfa6e0b5569232559e3d385fea5a93112/library/std/src/panicking.rs:552:40
[INFO] [stderr]             std::panicking::try
[INFO] [stderr]                    at /rustc/82e1608dfa6e0b5569232559e3d385fea5a93112/library/std/src/panicking.rs:516:19
[INFO] [stderr]             std::panic::catch_unwind
[INFO] [stderr]                    at /rustc/82e1608dfa6e0b5569232559e3d385fea5a93112/library/std/src/panic.rs:142:14
[INFO] [stderr]             std::rt::lang_start_internal::{{closure}}
[INFO] [stderr]                    at /rustc/82e1608dfa6e0b5569232559e3d385fea5a93112/library/std/src/rt.rs:148:48
[INFO] [stderr]             std::panicking::try::do_call
[INFO] [stderr]                    at /rustc/82e1608dfa6e0b5569232559e3d385fea5a93112/library/std/src/panicking.rs:552:40
[INFO] [stderr]             std::panicking::try
[INFO] [stderr]                    at /rustc/82e1608dfa6e0b5569232559e3d385fea5a93112/library/std/src/panicking.rs:516:19
[INFO] [stderr]             std::panic::catch_unwind
[INFO] [stderr]                    at /rustc/82e1608dfa6e0b5569232559e3d385fea5a93112/library/std/src/panic.rs:142:14
[INFO] [stderr]             std::rt::lang_start_internal
[INFO] [stderr]                    at /rustc/82e1608dfa6e0b5569232559e3d385fea5a93112/library/std/src/rt.rs:148:20
[INFO] [stderr]         15: std::rt::lang_start
[INFO] [stderr]         16: main
[INFO] [stderr]         17: <unknown>
[INFO] [stderr]         18: __libc_start_main
[INFO] [stderr]         19: _start
[INFO] [stderr]       
[INFO] [stderr] warning: build failed, waiting for other jobs to finish...
[INFO] [stderr] error: failed to run custom build command for `qt_gui v0.5.0`
[INFO] [stderr] note: To improve backtraces for build dependencies, set the CARGO_PROFILE_DEV_BUILD_OVERRIDE_DEBUG=true environment variable to enable debug information generation.
[INFO] [stderr] 
[INFO] [stderr] Caused by:
[INFO] [stderr]   process didn't exit successfully: `/opt/rustwide/target/debug/build/qt_gui-b063bfee9a2afea6/build-script-build` (exit status: 1)
[INFO] [stderr]   --- stdout
[INFO] [stderr]   Current Qt version (5.15.3) is unknown to qt_gui crate. Using closest known version (5.14.0)
[INFO] [stderr]   -- The C compiler identification is GNU 11.4.0
[INFO] [stderr]   -- The CXX compiler identification is GNU 11.4.0
[INFO] [stderr]   -- Detecting C compiler ABI info
[INFO] [stderr]   -- Detecting C compiler ABI info - done
[INFO] [stderr]   -- Check for working C compiler: /usr/bin/cc - skipped
[INFO] [stderr]   -- Detecting C compile features
[INFO] [stderr]   -- Detecting C compile features - done
[INFO] [stderr]   -- Detecting CXX compiler ABI info
[INFO] [stderr]   -- Detecting CXX compiler ABI info - done
[INFO] [stderr]   -- Check for working CXX compiler: /usr/bin/c++ - skipped
[INFO] [stderr]   -- Detecting CXX compile features
[INFO] [stderr]   -- Detecting CXX compile features - done
[INFO] [stderr]   -- RITUAL_INCLUDE_PATH=/usr/include/x86_64-linux-gnu/qt5;/usr/include/x86_64-linux-gnu/qt5/QtGui;/usr/include/x86_64-linux-gnu/qt5/QtCore
[INFO] [stderr]   -- RITUAL_LIBRARY_PATH=/usr/lib/x86_64-linux-gnu
[INFO] [stderr]   -- RITUAL_LIBRARY_TYPE=STATIC
[INFO] [stderr]   -- RITUAL_LINKED_LIBS=Qt5Gui;Qt5Core
[INFO] [stderr]   -- RITUAL_CPP_LIB_VERSION=51400
[INFO] [stderr]   -- RITUAL_COMPILER_FLAGS=-std=gnu++11 -fPIC
[INFO] [stderr]   -- Configuring done
[INFO] [stderr]   -- Generating done
[INFO] [stderr]   -- Build files have been written to: /opt/rustwide/target/debug/build/qt_gui-9c0b25894f628101/out/c_lib_build
[INFO] [stderr]   /usr/bin/gmake  -f CMakeFiles/Makefile2 clean
[INFO] [stderr]   gmake[1]: Entering directory '/opt/rustwide/target/debug/build/qt_gui-9c0b25894f628101/out/c_lib_build'
[INFO] [stderr]   /usr/bin/gmake  -f CMakeFiles/qt_gui_c.dir/build.make CMakeFiles/qt_gui_c.dir/clean
[INFO] [stderr]   gmake[2]: Entering directory '/opt/rustwide/target/debug/build/qt_gui-9c0b25894f628101/out/c_lib_build'
[INFO] [stderr]   /usr/bin/cmake -P CMakeFiles/qt_gui_c.dir/cmake_clean.cmake
[INFO] [stderr]   gmake[2]: Leaving directory '/opt/rustwide/target/debug/build/qt_gui-9c0b25894f628101/out/c_lib_build'
[INFO] [stderr]   /usr/bin/gmake  -f CMakeFiles/qt_gui_c_autogen.dir/build.make CMakeFiles/qt_gui_c_autogen.dir/clean
[INFO] [stderr]   gmake[2]: Entering directory '/opt/rustwide/target/debug/build/qt_gui-9c0b25894f628101/out/c_lib_build'
[INFO] [stderr]   /usr/bin/cmake -P CMakeFiles/qt_gui_c_autogen.dir/cmake_clean.cmake
[INFO] [stderr]   gmake[2]: Leaving directory '/opt/rustwide/target/debug/build/qt_gui-9c0b25894f628101/out/c_lib_build'
[INFO] [stderr]   gmake[1]: Leaving directory '/opt/rustwide/target/debug/build/qt_gui-9c0b25894f628101/out/c_lib_build'
[INFO] [stderr]   /usr/bin/cmake -S/opt/rustwide/cargo-home/registry/src/index.crates.io-6f17d22bba15001f/qt_gui-0.5.0/c_lib -B/opt/rustwide/target/debug/build/qt_gui-9c0b25894f628101/out/c_lib_build --check-build-system CMakeFiles/Makefile.cmake 0
[INFO] [stderr]   /usr/bin/cmake -E cmake_progress_start /opt/rustwide/target/debug/build/qt_gui-9c0b25894f628101/out/c_lib_build/CMakeFiles /opt/rustwide/target/debug/build/qt_gui-9c0b25894f628101/out/c_lib_build//CMakeFiles/progress.marks
[INFO] [stderr]   /usr/bin/gmake  -f CMakeFiles/Makefile2 all
[INFO] [stderr]   gmake[1]: Entering directory '/opt/rustwide/target/debug/build/qt_gui-9c0b25894f628101/out/c_lib_build'
[INFO] [stderr]   /usr/bin/gmake  -f CMakeFiles/qt_gui_c_autogen.dir/build.make CMakeFiles/qt_gui_c_autogen.dir/depend
[INFO] [stderr]   gmake[2]: Entering directory '/opt/rustwide/target/debug/build/qt_gui-9c0b25894f628101/out/c_lib_build'
[INFO] [stderr]   cd /opt/rustwide/target/debug/build/qt_gui-9c0b25894f628101/out/c_lib_build && /usr/bin/cmake -E cmake_depends "Unix Makefiles" /opt/rustwide/cargo-home/registry/src/index.crates.io-6f17d22bba15001f/qt_gui-0.5.0/c_lib /opt/rustwide/cargo-home/registry/src/index.crates.io-6f17d22bba15001f/qt_gui-0.5.0/c_lib /opt/rustwide/target/debug/build/qt_gui-9c0b25894f628101/out/c_lib_build /opt/rustwide/target/debug/build/qt_gui-9c0b25894f628101/out/c_lib_build /opt/rustwide/target/debug/build/qt_gui-9c0b25894f628101/out/c_lib_build/CMakeFiles/qt_gui_c_autogen.dir/DependInfo.cmake --color=
[INFO] [stderr]   gmake[2]: Leaving directory '/opt/rustwide/target/debug/build/qt_gui-9c0b25894f628101/out/c_lib_build'
[INFO] [stderr]   /usr/bin/gmake  -f CMakeFiles/qt_gui_c_autogen.dir/build.make CMakeFiles/qt_gui_c_autogen.dir/build
[INFO] [stderr]   gmake[2]: Entering directory '/opt/rustwide/target/debug/build/qt_gui-9c0b25894f628101/out/c_lib_build'
[INFO] [stderr]   [ 25%] Automatic MOC for target qt_gui_c
[INFO] [stderr]   /usr/bin/cmake -E cmake_autogen /opt/rustwide/target/debug/build/qt_gui-9c0b25894f628101/out/c_lib_build/CMakeFiles/qt_gui_c_autogen.dir/AutogenInfo.json Debug
[INFO] [stderr]   gmake[2]: Leaving directory '/opt/rustwide/target/debug/build/qt_gui-9c0b25894f628101/out/c_lib_build'
[INFO] [stderr]   [ 25%] Built target qt_gui_c_autogen
[INFO] [stderr]   /usr/bin/gmake  -f CMakeFiles/qt_gui_c.dir/build.make CMakeFiles/qt_gui_c.dir/depend
[INFO] [stderr]   gmake[2]: Entering directory '/opt/rustwide/target/debug/build/qt_gui-9c0b25894f628101/out/c_lib_build'
[INFO] [stderr]   cd /opt/rustwide/target/debug/build/qt_gui-9c0b25894f628101/out/c_lib_build && /usr/bin/cmake -E cmake_depends "Unix Makefiles" /opt/rustwide/cargo-home/registry/src/index.crates.io-6f17d22bba15001f/qt_gui-0.5.0/c_lib /opt/rustwide/cargo-home/registry/src/index.crates.io-6f17d22bba15001f/qt_gui-0.5.0/c_lib /opt/rustwide/target/debug/build/qt_gui-9c0b25894f628101/out/c_lib_build /opt/rustwide/target/debug/build/qt_gui-9c0b25894f628101/out/c_lib_build /opt/rustwide/target/debug/build/qt_gui-9c0b25894f628101/out/c_lib_build/CMakeFiles/qt_gui_c.dir/DependInfo.cmake --color=
[INFO] [stderr]   gmake[2]: Leaving directory '/opt/rustwide/target/debug/build/qt_gui-9c0b25894f628101/out/c_lib_build'
[INFO] [stderr]   /usr/bin/gmake  -f CMakeFiles/qt_gui_c.dir/build.make CMakeFiles/qt_gui_c.dir/build
[INFO] [stderr]   gmake[2]: Entering directory '/opt/rustwide/target/debug/build/qt_gui-9c0b25894f628101/out/c_lib_build'
[INFO] [stderr]   [ 75%] Building CXX object CMakeFiles/qt_gui_c.dir/file1.cpp.o
[INFO] [stderr]   [ 75%] Building CXX object CMakeFiles/qt_gui_c.dir/qt_gui_c_autogen/mocs_compilation.cpp.o
[INFO] [stderr]   /usr/bin/c++ -DQT_GUI_C_LIBRARY -DRITUAL_CPP_LIB_VERSION=51400 -I/opt/rustwide/target/debug/build/qt_gui-9c0b25894f628101/out/c_lib_build/qt_gui_c_autogen/include -I/opt/rustwide/cargo-home/registry/src/index.crates.io-6f17d22bba15001f/qt_gui-0.5.0/c_lib -I/opt/rustwide/target/debug/build/qt_gui-9c0b25894f628101/out/c_lib_build -I/usr/include/x86_64-linux-gnu/qt5 -I/usr/include/x86_64-linux-gnu/qt5/QtGui -I/usr/include/x86_64-linux-gnu/qt5/QtCore -Wall -Wextra -Wno-deprecated-declarations -Werror=return-type -std=gnu++11 -fPIC -g -MD -MT CMakeFiles/qt_gui_c.dir/qt_gui_c_autogen/mocs_compilation.cpp.o -MF CMakeFiles/qt_gui_c.dir/qt_gui_c_autogen/mocs_compilation.cpp.o.d -o CMakeFiles/qt_gui_c.dir/qt_gui_c_autogen/mocs_compilation.cpp.o -c /opt/rustwide/target/debug/build/qt_gui-9c0b25894f628101/out/c_lib_build/qt_gui_c_autogen/mocs_compilation.cpp
[INFO] [stderr]   /usr/bin/c++ -DQT_GUI_C_LIBRARY -DRITUAL_CPP_LIB_VERSION=51400 -I/opt/rustwide/target/debug/build/qt_gui-9c0b25894f628101/out/c_lib_build/qt_gui_c_autogen/include -I/opt/rustwide/cargo-home/registry/src/index.crates.io-6f17d22bba15001f/qt_gui-0.5.0/c_lib -I/opt/rustwide/target/debug/build/qt_gui-9c0b25894f628101/out/c_lib_build -I/usr/include/x86_64-linux-gnu/qt5 -I/usr/include/x86_64-linux-gnu/qt5/QtGui -I/usr/include/x86_64-linux-gnu/qt5/QtCore -Wall -Wextra -Wno-deprecated-declarations -Werror=return-type -std=gnu++11 -fPIC -g -MD -MT CMakeFiles/qt_gui_c.dir/file1.cpp.o -MF CMakeFiles/qt_gui_c.dir/file1.cpp.o.d -o CMakeFiles/qt_gui_c.dir/file1.cpp.o -c /opt/rustwide/cargo-home/registry/src/index.crates.io-6f17d22bba15001f/qt_gui-0.5.0/c_lib/file1.cpp
[INFO] [stderr]   gmake[2]: Leaving directory '/opt/rustwide/target/debug/build/qt_gui-9c0b25894f628101/out/c_lib_build'
[INFO] [stderr]   gmake[1]: Leaving directory '/opt/rustwide/target/debug/build/qt_gui-9c0b25894f628101/out/c_lib_build'
[INFO] [stderr] 
[INFO] [stderr]   --- stderr
[INFO] [stderr]   c++: fatal error: Killed signal terminated program cc1plus
[INFO] [stderr]   compilation terminated.
[INFO] [stderr]   gmake[2]: *** [CMakeFiles/qt_gui_c.dir/build.make:93: CMakeFiles/qt_gui_c.dir/file1.cpp.o] Error 1
[INFO] [stderr]   gmake[1]: *** [CMakeFiles/Makefile2:87: CMakeFiles/qt_gui_c.dir/all] Error 2
[INFO] [stderr]   gmake: *** [Makefile:139: all] Error 2
[INFO] [stderr]   [2024-01-07T02:49:58Z ERROR ritual_common::errors] Error:
[INFO] [stderr]   [2024-01-07T02:49:58Z ERROR ritual_common::errors]    command failed with exit status: 2: cd "/opt/rustwide/target/debug/build/qt_gui-9c0b25894f628101/out/c_lib_build" && "cmake" "--build" "." "--" "-j16" "install"
[INFO] [stderr]   [2024-01-07T02:49:58Z ERROR ritual_common::errors]    0: failure::backtrace::internal::InternalBacktrace::new
[INFO] [stderr]          1: failure::backtrace::Backtrace::new
[INFO] [stderr]          2: <failure::error::error_impl::ErrorImpl as core::convert::From<F>>::from
[INFO] [stderr]          3: <failure::error::Error as core::convert::From<F>>::from
[INFO] [stderr]          4: failure::error_message::err_msg
[INFO] [stderr]          5: ritual_common::utils::run_command
[INFO] [stderr]          6: ritual_common::cpp_lib_builder::CppLibBuilder::run
[INFO] [stderr]          7: ritual_build::Config::try_run
[INFO] [stderr]          8: qt_ritual_build::try_run
[INFO] [stderr]          9: qt_ritual_build::run
[INFO] [stderr]         10: build_script_build::main
[INFO] [stderr]         11: core::ops::function::FnOnce::call_once
[INFO] [stderr]         12: std::sys_common::backtrace::__rust_begin_short_backtrace
[INFO] [stderr]         13: std::rt::lang_start::{{closure}}
[INFO] [stderr]         14: core::ops::function::impls::<impl core::ops::function::FnOnce<A> for &F>::call_once
[INFO] [stderr]                    at /rustc/82e1608dfa6e0b5569232559e3d385fea5a93112/library/core/src/ops/function.rs:284:13
[INFO] [stderr]             std::panicking::try::do_call
[INFO] [stderr]                    at /rustc/82e1608dfa6e0b5569232559e3d385fea5a93112/library/std/src/panicking.rs:552:40
[INFO] [stderr]             std::panicking::try
[INFO] [stderr]                    at /rustc/82e1608dfa6e0b5569232559e3d385fea5a93112/library/std/src/panicking.rs:516:19
[INFO] [stderr]             std::panic::catch_unwind
[INFO] [stderr]                    at /rustc/82e1608dfa6e0b5569232559e3d385fea5a93112/library/std/src/panic.rs:142:14
[INFO] [stderr]             std::rt::lang_start_internal::{{closure}}
[INFO] [stderr]                    at /rustc/82e1608dfa6e0b5569232559e3d385fea5a93112/library/std/src/rt.rs:148:48
[INFO] [stderr]             std::panicking::try::do_call
[INFO] [stderr]                    at /rustc/82e1608dfa6e0b5569232559e3d385fea5a93112/library/std/src/panicking.rs:552:40
[INFO] [stderr]             std::panicking::try
[INFO] [stderr]                    at /rustc/82e1608dfa6e0b5569232559e3d385fea5a93112/library/std/src/panicking.rs:516:19
[INFO] [stderr]             std::panic::catch_unwind
[INFO] [stderr]                    at /rustc/82e1608dfa6e0b5569232559e3d385fea5a93112/library/std/src/panic.rs:142:14
[INFO] [stderr]             std::rt::lang_start_internal
[INFO] [stderr]                    at /rustc/82e1608dfa6e0b5569232559e3d385fea5a93112/library/std/src/rt.rs:148:20
[INFO] [stderr]         15: std::rt::lang_start
[INFO] [stderr]         16: main
[INFO] [stderr]         17: <unknown>
[INFO] [stderr]         18: __libc_start_main
[INFO] [stderr]         19: _start
[INFO] [stderr]       
[INFO] [stderr] error: failed to run custom build command for `qt_3d_render v0.5.0`
[INFO] [stderr] note: To improve backtraces for build dependencies, set the CARGO_PROFILE_DEV_BUILD_OVERRIDE_DEBUG=true environment variable to enable debug information generation.
[INFO] [stderr] 
[INFO] [stderr] Caused by:
[INFO] [stderr]   process didn't exit successfully: `/opt/rustwide/target/debug/build/qt_3d_render-e748f8252aab6632/build-script-build` (exit status: 1)
[INFO] [stderr]   --- stdout
[INFO] [stderr]   Current Qt version (5.15.3) is unknown to qt_3d_render crate. Using closest known version (5.14.0)
[INFO] [stderr]   -- The C compiler identification is GNU 11.4.0
[INFO] [stderr]   -- The CXX compiler identification is GNU 11.4.0
[INFO] [stderr]   -- Detecting C compiler ABI info
[INFO] [stderr]   -- Detecting C compiler ABI info - done
[INFO] [stderr]   -- Check for working C compiler: /usr/bin/cc - skipped
[INFO] [stderr]   -- Detecting C compile features
[INFO] [stderr]   -- Detecting C compile features - done
[INFO] [stderr]   -- Detecting CXX compiler ABI info
[INFO] [stderr]   -- Detecting CXX compiler ABI info - done
[INFO] [stderr]   -- Check for working CXX compiler: /usr/bin/c++ - skipped
[INFO] [stderr]   -- Detecting CXX compile features
[INFO] [stderr]   -- Detecting CXX compile features - done
[INFO] [stderr]   -- RITUAL_INCLUDE_PATH=/usr/include/x86_64-linux-gnu/qt5;/usr/include/x86_64-linux-gnu/qt5/Qt3DRender;/usr/include/x86_64-linux-gnu/qt5/QtCore;/usr/include/x86_64-linux-gnu/qt5/QtGui;/usr/include/x86_64-linux-gnu/qt5/Qt3DCore
[INFO] [stderr]   -- RITUAL_LIBRARY_PATH=/usr/lib/x86_64-linux-gnu
[INFO] [stderr]   -- RITUAL_LIBRARY_TYPE=STATIC
[INFO] [stderr]   -- RITUAL_LINKED_LIBS=Qt53DRender;Qt5Core;Qt5Gui;Qt53DCore
[INFO] [stderr]   -- RITUAL_CPP_LIB_VERSION=51400
[INFO] [stderr]   -- RITUAL_COMPILER_FLAGS=-std=gnu++11 -fPIC
[INFO] [stderr]   -- Configuring done
[INFO] [stderr]   -- Generating done
[INFO] [stderr]   -- Build files have been written to: /opt/rustwide/target/debug/build/qt_3d_render-1a68b74ea4602aa9/out/c_lib_build
[INFO] [stderr]   /usr/bin/gmake  -f CMakeFiles/Makefile2 clean
[INFO] [stderr]   gmake[1]: Entering directory '/opt/rustwide/target/debug/build/qt_3d_render-1a68b74ea4602aa9/out/c_lib_build'
[INFO] [stderr]   /usr/bin/gmake  -f CMakeFiles/qt_3d_render_c.dir/build.make CMakeFiles/qt_3d_render_c.dir/clean
[INFO] [stderr]   gmake[2]: Entering directory '/opt/rustwide/target/debug/build/qt_3d_render-1a68b74ea4602aa9/out/c_lib_build'
[INFO] [stderr]   /usr/bin/cmake -P CMakeFiles/qt_3d_render_c.dir/cmake_clean.cmake
[INFO] [stderr]   gmake[2]: Leaving directory '/opt/rustwide/target/debug/build/qt_3d_render-1a68b74ea4602aa9/out/c_lib_build'
[INFO] [stderr]   /usr/bin/gmake  -f CMakeFiles/qt_3d_render_c_autogen.dir/build.make CMakeFiles/qt_3d_render_c_autogen.dir/clean
[INFO] [stderr]   gmake[2]: Entering directory '/opt/rustwide/target/debug/build/qt_3d_render-1a68b74ea4602aa9/out/c_lib_build'
[INFO] [stderr]   /usr/bin/cmake -P CMakeFiles/qt_3d_render_c_autogen.dir/cmake_clean.cmake
[INFO] [stderr]   gmake[2]: Leaving directory '/opt/rustwide/target/debug/build/qt_3d_render-1a68b74ea4602aa9/out/c_lib_build'
[INFO] [stderr]   gmake[1]: Leaving directory '/opt/rustwide/target/debug/build/qt_3d_render-1a68b74ea4602aa9/out/c_lib_build'
[INFO] [stderr]   /usr/bin/cmake -S/opt/rustwide/cargo-home/registry/src/index.crates.io-6f17d22bba15001f/qt_3d_render-0.5.0/c_lib -B/opt/rustwide/target/debug/build/qt_3d_render-1a68b74ea4602aa9/out/c_lib_build --check-build-system CMakeFiles/Makefile.cmake 0
[INFO] [stderr]   /usr/bin/cmake -E cmake_progress_start /opt/rustwide/target/debug/build/qt_3d_render-1a68b74ea4602aa9/out/c_lib_build/CMakeFiles /opt/rustwide/target/debug/build/qt_3d_render-1a68b74ea4602aa9/out/c_lib_build//CMakeFiles/progress.marks
[INFO] [stderr]   /usr/bin/gmake  -f CMakeFiles/Makefile2 all
[INFO] [stderr]   gmake[1]: Entering directory '/opt/rustwide/target/debug/build/qt_3d_render-1a68b74ea4602aa9/out/c_lib_build'
[INFO] [stderr]   /usr/bin/gmake  -f CMakeFiles/qt_3d_render_c_autogen.dir/build.make CMakeFiles/qt_3d_render_c_autogen.dir/depend
[INFO] [stderr]   gmake[2]: Entering directory '/opt/rustwide/target/debug/build/qt_3d_render-1a68b74ea4602aa9/out/c_lib_build'
[INFO] [stderr]   cd /opt/rustwide/target/debug/build/qt_3d_render-1a68b74ea4602aa9/out/c_lib_build && /usr/bin/cmake -E cmake_depends "Unix Makefiles" /opt/rustwide/cargo-home/registry/src/index.crates.io-6f17d22bba15001f/qt_3d_render-0.5.0/c_lib /opt/rustwide/cargo-home/registry/src/index.crates.io-6f17d22bba15001f/qt_3d_render-0.5.0/c_lib /opt/rustwide/target/debug/build/qt_3d_render-1a68b74ea4602aa9/out/c_lib_build /opt/rustwide/target/debug/build/qt_3d_render-1a68b74ea4602aa9/out/c_lib_build /opt/rustwide/target/debug/build/qt_3d_render-1a68b74ea4602aa9/out/c_lib_build/CMakeFiles/qt_3d_render_c_autogen.dir/DependInfo.cmake --color=
[INFO] [stderr]   gmake[2]: Leaving directory '/opt/rustwide/target/debug/build/qt_3d_render-1a68b74ea4602aa9/out/c_lib_build'
[INFO] [stderr]   /usr/bin/gmake  -f CMakeFiles/qt_3d_render_c_autogen.dir/build.make CMakeFiles/qt_3d_render_c_autogen.dir/build
[INFO] [stderr]   gmake[2]: Entering directory '/opt/rustwide/target/debug/build/qt_3d_render-1a68b74ea4602aa9/out/c_lib_build'
[INFO] [stderr]   [ 25%] Automatic MOC for target qt_3d_render_c
[INFO] [stderr]   /usr/bin/cmake -E cmake_autogen /opt/rustwide/target/debug/build/qt_3d_render-1a68b74ea4602aa9/out/c_lib_build/CMakeFiles/qt_3d_render_c_autogen.dir/AutogenInfo.json Debug
[INFO] [stderr]   gmake[2]: Leaving directory '/opt/rustwide/target/debug/build/qt_3d_render-1a68b74ea4602aa9/out/c_lib_build'
[INFO] [stderr]   [ 25%] Built target qt_3d_render_c_autogen
[INFO] [stderr]   /usr/bin/gmake  -f CMakeFiles/qt_3d_render_c.dir/build.make CMakeFiles/qt_3d_render_c.dir/depend
[INFO] [stderr]   gmake[2]: Entering directory '/opt/rustwide/target/debug/build/qt_3d_render-1a68b74ea4602aa9/out/c_lib_build'
[INFO] [stderr]   cd /opt/rustwide/target/debug/build/qt_3d_render-1a68b74ea4602aa9/out/c_lib_build && /usr/bin/cmake -E cmake_depends "Unix Makefiles" /opt/rustwide/cargo-home/registry/src/index.crates.io-6f17d22bba15001f/qt_3d_render-0.5.0/c_lib /opt/rustwide/cargo-home/registry/src/index.crates.io-6f17d22bba15001f/qt_3d_render-0.5.0/c_lib /opt/rustwide/target/debug/build/qt_3d_render-1a68b74ea4602aa9/out/c_lib_build /opt/rustwide/target/debug/build/qt_3d_render-1a68b74ea4602aa9/out/c_lib_build /opt/rustwide/target/debug/build/qt_3d_render-1a68b74ea4602aa9/out/c_lib_build/CMakeFiles/qt_3d_render_c.dir/DependInfo.cmake --color=
[INFO] [stderr]   gmake[2]: Leaving directory '/opt/rustwide/target/debug/build/qt_3d_render-1a68b74ea4602aa9/out/c_lib_build'
[INFO] [stderr]   /usr/bin/gmake  -f CMakeFiles/qt_3d_render_c.dir/build.make CMakeFiles/qt_3d_render_c.dir/build
[INFO] [stderr]   gmake[2]: Entering directory '/opt/rustwide/target/debug/build/qt_3d_render-1a68b74ea4602aa9/out/c_lib_build'
[INFO] [stderr]   [ 50%] Building CXX object CMakeFiles/qt_3d_render_c.dir/qt_3d_render_c_autogen/mocs_compilation.cpp.o
[INFO] [stderr]   /usr/bin/c++ -DQT_3D_RENDER_C_LIBRARY -DRITUAL_CPP_LIB_VERSION=51400 -I/opt/rustwide/target/debug/build/qt_3d_render-1a68b74ea4602aa9/out/c_lib_build/qt_3d_render_c_autogen/include -I/opt/rustwide/cargo-home/registry/src/index.crates.io-6f17d22bba15001f/qt_3d_render-0.5.0/c_lib -I/opt/rustwide/target/debug/build/qt_3d_render-1a68b74ea4602aa9/out/c_lib_build -I/usr/include/x86_64-linux-gnu/qt5 -I/usr/include/x86_64-linux-gnu/qt5/Qt3DRender -I/usr/include/x86_64-linux-gnu/qt5/QtCore -I/usr/include/x86_64-linux-gnu/qt5/QtGui -I/usr/include/x86_64-linux-gnu/qt5/Qt3DCore -Wall -Wextra -Wno-deprecated-declarations -Werror=return-type -std=gnu++11 -fPIC -g -MD -MT CMakeFiles/qt_3d_render_c.dir/qt_3d_render_c_autogen/mocs_compilation.cpp.o -MF CMakeFiles/qt_3d_render_c.dir/qt_3d_render_c_autogen/mocs_compilation.cpp.o.d -o CMakeFiles/qt_3d_render_c.dir/qt_3d_render_c_autogen/mocs_compilation.cpp.o -c /opt/rustwide/target/debug/build/qt_3d_render-1a68b74ea4602aa9/out/c_lib_build/qt_3d_render_c_autogen/mocs_compilation.cpp
[INFO] [stderr]   [ 75%] Building CXX object CMakeFiles/qt_3d_render_c.dir/file1.cpp.o
[INFO] [stderr]   /usr/bin/c++ -DQT_3D_RENDER_C_LIBRARY -DRITUAL_CPP_LIB_VERSION=51400 -I/opt/rustwide/target/debug/build/qt_3d_render-1a68b74ea4602aa9/out/c_lib_build/qt_3d_render_c_autogen/include -I/opt/rustwide/cargo-home/registry/src/index.crates.io-6f17d22bba15001f/qt_3d_render-0.5.0/c_lib -I/opt/rustwide/target/debug/build/qt_3d_render-1a68b74ea4602aa9/out/c_lib_build -I/usr/include/x86_64-linux-gnu/qt5 -I/usr/include/x86_64-linux-gnu/qt5/Qt3DRender -I/usr/include/x86_64-linux-gnu/qt5/QtCore -I/usr/include/x86_64-linux-gnu/qt5/QtGui -I/usr/include/x86_64-linux-gnu/qt5/Qt3DCore -Wall -Wextra -Wno-deprecated-declarations -Werror=return-type -std=gnu++11 -fPIC -g -MD -MT CMakeFiles/qt_3d_render_c.dir/file1.cpp.o -MF CMakeFiles/qt_3d_render_c.dir/file1.cpp.o.d -o CMakeFiles/qt_3d_render_c.dir/file1.cpp.o -c /opt/rustwide/cargo-home/registry/src/index.crates.io-6f17d22bba15001f/qt_3d_render-0.5.0/c_lib/file1.cpp
[INFO] [stderr]   gmake[2]: Leaving directory '/opt/rustwide/target/debug/build/qt_3d_render-1a68b74ea4602aa9/out/c_lib_build'
[INFO] [stderr]   gmake[1]: Leaving directory '/opt/rustwide/target/debug/build/qt_3d_render-1a68b74ea4602aa9/out/c_lib_build'
[INFO] [stderr] 
[INFO] [stderr]   --- stderr
[INFO] [stderr]   c++: fatal error: Killed signal terminated program cc1plus
[INFO] [stderr]   compilation terminated.
[INFO] [stderr]   gmake[2]: *** [CMakeFiles/qt_3d_render_c.dir/build.make:93: CMakeFiles/qt_3d_render_c.dir/file1.cpp.o] Error 1
[INFO] [stderr]   gmake[1]: *** [CMakeFiles/Makefile2:87: CMakeFiles/qt_3d_render_c.dir/all] Error 2
[INFO] [stderr]   gmake: *** [Makefile:139: all] Error 2
[INFO] [stderr]   [2024-01-07T02:50:00Z ERROR ritual_common::errors] Error:
[INFO] [stderr]   [2024-01-07T02:50:00Z ERROR ritual_common::errors]    command failed with exit status: 2: cd "/opt/rustwide/target/debug/build/qt_3d_render-1a68b74ea4602aa9/out/c_lib_build" && "cmake" "--build" "." "--" "-j16" "install"
[INFO] [stderr]   [2024-01-07T02:50:00Z ERROR ritual_common::errors]    0: failure::backtrace::internal::InternalBacktrace::new
[INFO] [stderr]          1: failure::backtrace::Backtrace::new
[INFO] [stderr]          2: <failure::error::error_impl::ErrorImpl as core::convert::From<F>>::from
[INFO] [stderr]          3: <failure::error::Error as core::convert::From<F>>::from
[INFO] [stderr]          4: failure::error_message::err_msg
[INFO] [stderr]          5: ritual_common::utils::run_command
[INFO] [stderr]          6: ritual_common::cpp_lib_builder::CppLibBuilder::run
[INFO] [stderr]          7: ritual_build::Config::try_run
[INFO] [stderr]          8: qt_ritual_build::try_run
[INFO] [stderr]          9: qt_ritual_build::run
[INFO] [stderr]         10: build_script_build::main
[INFO] [stderr]         11: core::ops::function::FnOnce::call_once
[INFO] [stderr]         12: std::sys_common::backtrace::__rust_begin_short_backtrace
[INFO] [stderr]         13: std::rt::lang_start::{{closure}}
[INFO] [stderr]         14: core::ops::function::impls::<impl core::ops::function::FnOnce<A> for &F>::call_once
[INFO] [stderr]                    at /rustc/82e1608dfa6e0b5569232559e3d385fea5a93112/library/core/src/ops/function.rs:284:13
[INFO] [stderr]             std::panicking::try::do_call
[INFO] [stderr]                    at /rustc/82e1608dfa6e0b5569232559e3d385fea5a93112/library/std/src/panicking.rs:552:40
[INFO] [stderr]             std::panicking::try
[INFO] [stderr]                    at /rustc/82e1608dfa6e0b5569232559e3d385fea5a93112/library/std/src/panicking.rs:516:19
[INFO] [stderr]             std::panic::catch_unwind
[INFO] [stderr]                    at /rustc/82e1608dfa6e0b5569232559e3d385fea5a93112/library/std/src/panic.rs:142:14
[INFO] [stderr]             std::rt::lang_start_internal::{{closure}}
[INFO] [stderr]                    at /rustc/82e1608dfa6e0b5569232559e3d385fea5a93112/library/std/src/rt.rs:148:48
[INFO] [stderr]             std::panicking::try::do_call
[INFO] [stderr]                    at /rustc/82e1608dfa6e0b5569232559e3d385fea5a93112/library/std/src/panicking.rs:552:40
[INFO] [stderr]             std::panicking::try
[INFO] [stderr]                    at /rustc/82e1608dfa6e0b5569232559e3d385fea5a93112/library/std/src/panicking.rs:516:19
[INFO] [stderr]             std::panic::catch_unwind
[INFO] [stderr]                    at /rustc/82e1608dfa6e0b5569232559e3d385fea5a93112/library/std/src/panic.rs:142:14
[INFO] [stderr]             std::rt::lang_start_internal
[INFO] [stderr]                    at /rustc/82e1608dfa6e0b5569232559e3d385fea5a93112/library/std/src/rt.rs:148:20
[INFO] [stderr]         15: std::rt::lang_start
[INFO] [stderr]         16: main
[INFO] [stderr]         17: <unknown>
[INFO] [stderr]         18: __libc_start_main
[INFO] [stderr]         19: _start
[INFO] [stderr]       
[INFO] [stderr] error: failed to run custom build command for `qt_3d_extras v0.5.0 (/opt/rustwide/workdir)`
[INFO] [stderr] note: To improve backtraces for build dependencies, set the CARGO_PROFILE_DEV_BUILD_OVERRIDE_DEBUG=true environment variable to enable debug information generation.
[INFO] [stderr] 
[INFO] [stderr] Caused by:
[INFO] [stderr]   process didn't exit successfully: `/opt/rustwide/target/debug/build/qt_3d_extras-ee36f9c68244fd43/build-script-build` (exit status: 1)
[INFO] [stderr]   --- stdout
[INFO] [stderr]   Current Qt version (5.15.3) is unknown to qt_3d_extras crate. Using closest known version (5.14.0)
[INFO] [stderr]   -- The C compiler identification is GNU 11.4.0
[INFO] [stderr]   -- The CXX compiler identification is GNU 11.4.0
[INFO] [stderr]   -- Detecting C compiler ABI info
[INFO] [stderr]   -- Detecting C compiler ABI info - done
[INFO] [stderr]   -- Check for working C compiler: /usr/bin/cc - skipped
[INFO] [stderr]   -- Detecting C compile features
[INFO] [stderr]   -- Detecting C compile features - done
[INFO] [stderr]   -- Detecting CXX compiler ABI info
[INFO] [stderr]   -- Detecting CXX compiler ABI info - done
[INFO] [stderr]   -- Check for working CXX compiler: /usr/bin/c++ - skipped
[INFO] [stderr]   -- Detecting CXX compile features
[INFO] [stderr]   -- Detecting CXX compile features - done
[INFO] [stderr]   -- RITUAL_INCLUDE_PATH=/usr/include/x86_64-linux-gnu/qt5;/usr/include/x86_64-linux-gnu/qt5/Qt3DExtras;/usr/include/x86_64-linux-gnu/qt5/QtCore;/usr/include/x86_64-linux-gnu/qt5/QtGui;/usr/include/x86_64-linux-gnu/qt5/Qt3DCore;/usr/include/x86_64-linux-gnu/qt5/Qt3DRender;/usr/include/x86_64-linux-gnu/qt5/Qt3DInput;/usr/include/x86_64-linux-gnu/qt5/Qt3DLogic
[INFO] [stderr]   -- RITUAL_LIBRARY_PATH=/usr/lib/x86_64-linux-gnu
[INFO] [stderr]   -- RITUAL_LIBRARY_TYPE=STATIC
[INFO] [stderr]   -- RITUAL_LINKED_LIBS=Qt53DExtras;Qt5Core;Qt5Gui;Qt53DCore;Qt53DRender;Qt53DInput;Qt53DLogic
[INFO] [stderr]   -- RITUAL_CPP_LIB_VERSION=51400
[INFO] [stderr]   -- RITUAL_COMPILER_FLAGS=-std=gnu++11 -fPIC
[INFO] [stderr]   -- Configuring done
[INFO] [stderr]   -- Generating done
[INFO] [stderr]   -- Build files have been written to: /opt/rustwide/target/debug/build/qt_3d_extras-84f35841565a5370/out/c_lib_build
[INFO] [stderr]   /usr/bin/gmake  -f CMakeFiles/Makefile2 clean
[INFO] [stderr]   gmake[1]: Entering directory '/opt/rustwide/target/debug/build/qt_3d_extras-84f35841565a5370/out/c_lib_build'
[INFO] [stderr]   /usr/bin/gmake  -f CMakeFiles/qt_3d_extras_c.dir/build.make CMakeFiles/qt_3d_extras_c.dir/clean
[INFO] [stderr]   gmake[2]: Entering directory '/opt/rustwide/target/debug/build/qt_3d_extras-84f35841565a5370/out/c_lib_build'
[INFO] [stderr]   /usr/bin/cmake -P CMakeFiles/qt_3d_extras_c.dir/cmake_clean.cmake
[INFO] [stderr]   gmake[2]: Leaving directory '/opt/rustwide/target/debug/build/qt_3d_extras-84f35841565a5370/out/c_lib_build'
[INFO] [stderr]   /usr/bin/gmake  -f CMakeFiles/qt_3d_extras_c_autogen.dir/build.make CMakeFiles/qt_3d_extras_c_autogen.dir/clean
[INFO] [stderr]   gmake[2]: Entering directory '/opt/rustwide/target/debug/build/qt_3d_extras-84f35841565a5370/out/c_lib_build'
[INFO] [stderr]   /usr/bin/cmake -P CMakeFiles/qt_3d_extras_c_autogen.dir/cmake_clean.cmake
[INFO] [stderr]   gmake[2]: Leaving directory '/opt/rustwide/target/debug/build/qt_3d_extras-84f35841565a5370/out/c_lib_build'
[INFO] [stderr]   gmake[1]: Leaving directory '/opt/rustwide/target/debug/build/qt_3d_extras-84f35841565a5370/out/c_lib_build'
[INFO] [stderr]   /usr/bin/cmake -S/opt/rustwide/workdir/c_lib -B/opt/rustwide/target/debug/build/qt_3d_extras-84f35841565a5370/out/c_lib_build --check-build-system CMakeFiles/Makefile.cmake 0
[INFO] [stderr]   /usr/bin/cmake -E cmake_progress_start /opt/rustwide/target/debug/build/qt_3d_extras-84f35841565a5370/out/c_lib_build/CMakeFiles /opt/rustwide/target/debug/build/qt_3d_extras-84f35841565a5370/out/c_lib_build//CMakeFiles/progress.marks
[INFO] [stderr]   /usr/bin/gmake  -f CMakeFiles/Makefile2 all
[INFO] [stderr]   gmake[1]: Entering directory '/opt/rustwide/target/debug/build/qt_3d_extras-84f35841565a5370/out/c_lib_build'
[INFO] [stderr]   /usr/bin/gmake  -f CMakeFiles/qt_3d_extras_c_autogen.dir/build.make CMakeFiles/qt_3d_extras_c_autogen.dir/depend
[INFO] [stderr]   gmake[2]: Entering directory '/opt/rustwide/target/debug/build/qt_3d_extras-84f35841565a5370/out/c_lib_build'
[INFO] [stderr]   cd /opt/rustwide/target/debug/build/qt_3d_extras-84f35841565a5370/out/c_lib_build && /usr/bin/cmake -E cmake_depends "Unix Makefiles" /opt/rustwide/workdir/c_lib /opt/rustwide/workdir/c_lib /opt/rustwide/target/debug/build/qt_3d_extras-84f35841565a5370/out/c_lib_build /opt/rustwide/target/debug/build/qt_3d_extras-84f35841565a5370/out/c_lib_build /opt/rustwide/target/debug/build/qt_3d_extras-84f35841565a5370/out/c_lib_build/CMakeFiles/qt_3d_extras_c_autogen.dir/DependInfo.cmake --color=
[INFO] [stderr]   gmake[2]: Leaving directory '/opt/rustwide/target/debug/build/qt_3d_extras-84f35841565a5370/out/c_lib_build'
[INFO] [stderr]   /usr/bin/gmake  -f CMakeFiles/qt_3d_extras_c_autogen.dir/build.make CMakeFiles/qt_3d_extras_c_autogen.dir/build
[INFO] [stderr]   gmake[2]: Entering directory '/opt/rustwide/target/debug/build/qt_3d_extras-84f35841565a5370/out/c_lib_build'
[INFO] [stderr]   [ 25%] Automatic MOC for target qt_3d_extras_c
[INFO] [stderr]   /usr/bin/cmake -E cmake_autogen /opt/rustwide/target/debug/build/qt_3d_extras-84f35841565a5370/out/c_lib_build/CMakeFiles/qt_3d_extras_c_autogen.dir/AutogenInfo.json Debug
[INFO] [stderr]   gmake[2]: Leaving directory '/opt/rustwide/target/debug/build/qt_3d_extras-84f35841565a5370/out/c_lib_build'
[INFO] [stderr]   [ 25%] Built target qt_3d_extras_c_autogen
[INFO] [stderr]   /usr/bin/gmake  -f CMakeFiles/qt_3d_extras_c.dir/build.make CMakeFiles/qt_3d_extras_c.dir/depend
[INFO] [stderr]   gmake[2]: Entering directory '/opt/rustwide/target/debug/build/qt_3d_extras-84f35841565a5370/out/c_lib_build'
[INFO] [stderr]   cd /opt/rustwide/target/debug/build/qt_3d_extras-84f35841565a5370/out/c_lib_build && /usr/bin/cmake -E cmake_depends "Unix Makefiles" /opt/rustwide/workdir/c_lib /opt/rustwide/workdir/c_lib /opt/rustwide/target/debug/build/qt_3d_extras-84f35841565a5370/out/c_lib_build /opt/rustwide/target/debug/build/qt_3d_extras-84f35841565a5370/out/c_lib_build /opt/rustwide/target/debug/build/qt_3d_extras-84f35841565a5370/out/c_lib_build/CMakeFiles/qt_3d_extras_c.dir/DependInfo.cmake --color=
[INFO] [stderr]   gmake[2]: Leaving directory '/opt/rustwide/target/debug/build/qt_3d_extras-84f35841565a5370/out/c_lib_build'
[INFO] [stderr]   /usr/bin/gmake  -f CMakeFiles/qt_3d_extras_c.dir/build.make CMakeFiles/qt_3d_extras_c.dir/build
[INFO] [stderr]   gmake[2]: Entering directory '/opt/rustwide/target/debug/build/qt_3d_extras-84f35841565a5370/out/c_lib_build'
[INFO] [stderr]   [ 50%] Building CXX object CMakeFiles/qt_3d_extras_c.dir/qt_3d_extras_c_autogen/mocs_compilation.cpp.o
[INFO] [stderr]   /usr/bin/c++ -DQT_3D_EXTRAS_C_LIBRARY -DRITUAL_CPP_LIB_VERSION=51400 -I/opt/rustwide/target/debug/build/qt_3d_extras-84f35841565a5370/out/c_lib_build/qt_3d_extras_c_autogen/include -I/opt/rustwide/workdir/c_lib -I/opt/rustwide/target/debug/build/qt_3d_extras-84f35841565a5370/out/c_lib_build -I/usr/include/x86_64-linux-gnu/qt5 -I/usr/include/x86_64-linux-gnu/qt5/Qt3DExtras -I/usr/include/x86_64-linux-gnu/qt5/QtCore -I/usr/include/x86_64-linux-gnu/qt5/QtGui -I/usr/include/x86_64-linux-gnu/qt5/Qt3DCore -I/usr/include/x86_64-linux-gnu/qt5/Qt3DRender -I/usr/include/x86_64-linux-gnu/qt5/Qt3DInput -I/usr/include/x86_64-linux-gnu/qt5/Qt3DLogic -Wall -Wextra -Wno-deprecated-declarations -Werror=return-type -std=gnu++11 -fPIC -g -MD -MT CMakeFiles/qt_3d_extras_c.dir/qt_3d_extras_c_autogen/mocs_compilation.cpp.o -MF CMakeFiles/qt_3d_extras_c.dir/qt_3d_extras_c_autogen/mocs_compilation.cpp.o.d -o CMakeFiles/qt_3d_extras_c.dir/qt_3d_extras_c_autogen/mocs_compilation.cpp.o -c /opt/rustwide/target/debug/build/qt_3d_extras-84f35841565a5370/out/c_lib_build/qt_3d_extras_c_autogen/mocs_compilation.cpp
[INFO] [stderr]   [ 75%] Building CXX object CMakeFiles/qt_3d_extras_c.dir/file1.cpp.o
[INFO] [stderr]   /usr/bin/c++ -DQT_3D_EXTRAS_C_LIBRARY -DRITUAL_CPP_LIB_VERSION=51400 -I/opt/rustwide/target/debug/build/qt_3d_extras-84f35841565a5370/out/c_lib_build/qt_3d_extras_c_autogen/include -I/opt/rustwide/workdir/c_lib -I/opt/rustwide/target/debug/build/qt_3d_extras-84f35841565a5370/out/c_lib_build -I/usr/include/x86_64-linux-gnu/qt5 -I/usr/include/x86_64-linux-gnu/qt5/Qt3DExtras -I/usr/include/x86_64-linux-gnu/qt5/QtCore -I/usr/include/x86_64-linux-gnu/qt5/QtGui -I/usr/include/x86_64-linux-gnu/qt5/Qt3DCore -I/usr/include/x86_64-linux-gnu/qt5/Qt3DRender -I/usr/include/x86_64-linux-gnu/qt5/Qt3DInput -I/usr/include/x86_64-linux-gnu/qt5/Qt3DLogic -Wall -Wextra -Wno-deprecated-declarations -Werror=return-type -std=gnu++11 -fPIC -g -MD -MT CMakeFiles/qt_3d_extras_c.dir/file1.cpp.o -MF CMakeFiles/qt_3d_extras_c.dir/file1.cpp.o.d -o CMakeFiles/qt_3d_extras_c.dir/file1.cpp.o -c /opt/rustwide/workdir/c_lib/file1.cpp
[INFO] [stderr]   gmake[2]: Leaving directory '/opt/rustwide/target/debug/build/qt_3d_extras-84f35841565a5370/out/c_lib_build'
[INFO] [stderr]   gmake[1]: Leaving directory '/opt/rustwide/target/debug/build/qt_3d_extras-84f35841565a5370/out/c_lib_build'
[INFO] [stderr] 
[INFO] [stderr]   --- stderr
[INFO] [stderr]   c++: fatal error: Killed signal terminated program cc1plus
[INFO] [stderr]   compilation terminated.
[INFO] [stderr]   gmake[2]: *** [CMakeFiles/qt_3d_extras_c.dir/build.make:93: CMakeFiles/qt_3d_extras_c.dir/file1.cpp.o] Error 1
[INFO] [stderr]   gmake[1]: *** [CMakeFiles/Makefile2:87: CMakeFiles/qt_3d_extras_c.dir/all] Error 2
[INFO] [stderr]   gmake: *** [Makefile:139: all] Error 2
[INFO] [stderr]   [2024-01-07T02:50:01Z ERROR ritual_common::errors] Error:
[INFO] [stderr]   [2024-01-07T02:50:01Z ERROR ritual_common::errors]    command failed with exit status: 2: cd "/opt/rustwide/target/debug/build/qt_3d_extras-84f35841565a5370/out/c_lib_build" && "cmake" "--build" "." "--" "-j16" "install"
[INFO] [stderr]   [2024-01-07T02:50:01Z ERROR ritual_common::errors]    0: failure::backtrace::internal::InternalBacktrace::new
[INFO] [stderr]          1: failure::backtrace::Backtrace::new
[INFO] [stderr]          2: <failure::error::error_impl::ErrorImpl as core::convert::From<F>>::from
[INFO] [stderr]          3: <failure::error::Error as core::convert::From<F>>::from
[INFO] [stderr]          4: failure::error_message::err_msg
[INFO] [stderr]          5: ritual_common::utils::run_command
[INFO] [stderr]          6: ritual_common::cpp_lib_builder::CppLibBuilder::run
[INFO] [stderr]          7: ritual_build::Config::try_run
[INFO] [stderr]          8: qt_ritual_build::try_run
[INFO] [stderr]          9: qt_ritual_build::run
[INFO] [stderr]         10: build_script_build::main
[INFO] [stderr]         11: core::ops::function::FnOnce::call_once
[INFO] [stderr]         12: std::sys_common::backtrace::__rust_begin_short_backtrace
[INFO] [stderr]         13: std::rt::lang_start::{{closure}}
[INFO] [stderr]         14: core::ops::function::impls::<impl core::ops::function::FnOnce<A> for &F>::call_once
[INFO] [stderr]                    at /rustc/82e1608dfa6e0b5569232559e3d385fea5a93112/library/core/src/ops/function.rs:284:13
[INFO] [stderr]             std::panicking::try::do_call
[INFO] [stderr]                    at /rustc/82e1608dfa6e0b5569232559e3d385fea5a93112/library/std/src/panicking.rs:552:40
[INFO] [stderr]             std::panicking::try
[INFO] [stderr]                    at /rustc/82e1608dfa6e0b5569232559e3d385fea5a93112/library/std/src/panicking.rs:516:19
[INFO] [stderr]             std::panic::catch_unwind
[INFO] [stderr]                    at /rustc/82e1608dfa6e0b5569232559e3d385fea5a93112/library/std/src/panic.rs:142:14
[INFO] [stderr]             std::rt::lang_start_internal::{{closure}}
[INFO] [stderr]                    at /rustc/82e1608dfa6e0b5569232559e3d385fea5a93112/library/std/src/rt.rs:148:48
[INFO] [stderr]             std::panicking::try::do_call
[INFO] [stderr]                    at /rustc/82e1608dfa6e0b5569232559e3d385fea5a93112/library/std/src/panicking.rs:552:40
[INFO] [stderr]             std::panicking::try
[INFO] [stderr]                    at /rustc/82e1608dfa6e0b5569232559e3d385fea5a93112/library/std/src/panicking.rs:516:19
[INFO] [stderr]             std::panic::catch_unwind
[INFO] [stderr]                    at /rustc/82e1608dfa6e0b5569232559e3d385fea5a93112/library/std/src/panic.rs:142:14
[INFO] [stderr]             std::rt::lang_start_internal
[INFO] [stderr]                    at /rustc/82e1608dfa6e0b5569232559e3d385fea5a93112/library/std/src/rt.rs:148:20
[INFO] [stderr]         15: std::rt::lang_start
[INFO] [stderr]         16: main
[INFO] [stderr]         17: <unknown>
[INFO] [stderr]         18: __libc_start_main
[INFO] [stderr]         19: _start
[INFO] [stderr]       
[INFO] running `Command { std: "docker" "inspect" "0680dd30a2eb016fa3cae45f4d3bbe20c630624d8bcd3bc7f1369c359337d04c", kill_on_drop: false }`
[INFO] running `Command { std: "docker" "rm" "-f" "0680dd30a2eb016fa3cae45f4d3bbe20c630624d8bcd3bc7f1369c359337d04c", kill_on_drop: false }`
[INFO] [stdout] 0680dd30a2eb016fa3cae45f4d3bbe20c630624d8bcd3bc7f1369c359337d04c
