[INFO] fetching crate px8 0.0.4...
[INFO] documenting px8-0.0.4 against 1.75.0 for beta-1.76-rustdoc-1
[INFO] extracting crate px8 0.0.4 into /workspace/builds/worker-1-tc1/source
[INFO] validating manifest of crates.io crate px8 0.0.4 on toolchain 1.75.0
[INFO] running `Command { std: CARGO_HOME="/workspace/cargo-home" RUSTUP_HOME="/workspace/rustup-home" "/workspace/cargo-home/bin/cargo" "+1.75.0" "metadata" "--manifest-path" "Cargo.toml" "--no-deps", kill_on_drop: false }`
[INFO] started tweaking crates.io crate px8 0.0.4
[INFO] finished tweaking crates.io crate px8 0.0.4
[INFO] tweaked toml for crates.io crate px8 0.0.4 written to /workspace/builds/worker-1-tc1/source/Cargo.toml
[INFO] running `Command { std: CARGO_HOME="/workspace/cargo-home" RUSTUP_HOME="/workspace/rustup-home" "/workspace/cargo-home/bin/cargo" "+1.75.0" "generate-lockfile" "--manifest-path" "Cargo.toml", kill_on_drop: false }`
[INFO] [stderr]     Updating crates.io index
[INFO] running `Command { std: CARGO_HOME="/workspace/cargo-home" RUSTUP_HOME="/workspace/rustup-home" "/workspace/cargo-home/bin/cargo" "+1.75.0" "fetch" "--manifest-path" "Cargo.toml", kill_on_drop: false }`
[INFO] [stderr]  Downloading crates ...
[INFO] [stderr]   Downloaded stb_truetype v0.2.8
[INFO] [stderr]   Downloaded noise v0.4.1
[INFO] [stderr]   Downloaded sdl2-sys v0.27.3
[INFO] [stderr]   Downloaded png v0.9.0
[INFO] [stderr]   Downloaded gif v0.9.2
[INFO] [stderr]   Downloaded png v0.8.0
[INFO] [stderr]   Downloaded bitflags v0.1.1
[INFO] [stderr]   Downloaded inflate v0.2.0
[INFO] [stderr]   Downloaded px8_plugin_lua v0.0.11
[INFO] [stderr]   Downloaded enum_primitive v0.1.1
[INFO] [stderr]   Downloaded rusttype v0.2.4
[INFO] [stderr]   Downloaded sdl2 v0.27.3
[INFO] [stderr]   Downloaded python3-sys v0.1.3
[INFO] [stderr]   Downloaded fern v0.3.5
[INFO] [stderr]   Downloaded generic-array v0.2.1
[INFO] [stderr]   Downloaded image v0.14.0
[INFO] [stderr]   Downloaded cpython v0.1.0
[INFO] [stderr]   Downloaded nalgebra v0.11.2
[INFO] [stderr]   Downloaded lazy_static v0.1.16
[INFO] running `Command { std: "docker" "create" "-v" "/var/lib/crater-agent-workspace/builds/worker-1-tc1/target:/opt/rustwide/target:rw,Z" "-v" "/var/lib/crater-agent-workspace/builds/worker-1-tc1/source:/opt/rustwide/workdir:ro,Z" "-v" "/var/lib/crater-agent-workspace/cargo-home:/opt/rustwide/cargo-home:ro,Z" "-v" "/var/lib/crater-agent-workspace/rustup-home:/opt/rustwide/rustup-home:ro,Z" "-e" "SOURCE_DIR=/opt/rustwide/workdir" "-e" "CARGO_TARGET_DIR=/opt/rustwide/target" "-e" "CARGO_HOME=/opt/rustwide/cargo-home" "-e" "RUSTUP_HOME=/opt/rustwide/rustup-home" "-w" "/opt/rustwide/workdir" "-m" "1610612736" "--user" "0:0" "--network" "none" "ghcr.io/rust-lang/crates-build-env/linux@sha256:2788e3201cd34a07e3172128adcd8b3090168a8e3bcc40d7c032b9dda1df7d1c" "/opt/rustwide/cargo-home/bin/cargo" "+1.75.0" "metadata" "--no-deps" "--format-version=1", kill_on_drop: false }`
[INFO] [stdout] cd5c0dc67e8715be96c480fab51b8ad5bdfd02d68fcd676d03a1c1a790290462
[INFO] running `Command { std: "docker" "start" "-a" "cd5c0dc67e8715be96c480fab51b8ad5bdfd02d68fcd676d03a1c1a790290462", kill_on_drop: false }`
[INFO] running `Command { std: "docker" "inspect" "cd5c0dc67e8715be96c480fab51b8ad5bdfd02d68fcd676d03a1c1a790290462", kill_on_drop: false }`
[INFO] running `Command { std: "docker" "rm" "-f" "cd5c0dc67e8715be96c480fab51b8ad5bdfd02d68fcd676d03a1c1a790290462", kill_on_drop: false }`
[INFO] [stdout] cd5c0dc67e8715be96c480fab51b8ad5bdfd02d68fcd676d03a1c1a790290462
[INFO] running `Command { std: "docker" "create" "-v" "/var/lib/crater-agent-workspace/builds/worker-1-tc1/target:/opt/rustwide/target:rw,Z" "-v" "/var/lib/crater-agent-workspace/builds/worker-1-tc1/source:/opt/rustwide/workdir:ro,Z" "-v" "/var/lib/crater-agent-workspace/cargo-home:/opt/rustwide/cargo-home:ro,Z" "-v" "/var/lib/crater-agent-workspace/rustup-home:/opt/rustwide/rustup-home:ro,Z" "-e" "SOURCE_DIR=/opt/rustwide/workdir" "-e" "CARGO_TARGET_DIR=/opt/rustwide/target" "-e" "CARGO_INCREMENTAL=0" "-e" "RUST_BACKTRACE=full" "-e" "RUSTFLAGS=--cap-lints=warn" "-e" "RUSTDOCFLAGS=--cap-lints=warn" "-e" "CARGO_HOME=/opt/rustwide/cargo-home" "-e" "RUSTUP_HOME=/opt/rustwide/rustup-home" "-w" "/opt/rustwide/workdir" "-m" "1610612736" "--user" "0:0" "--network" "none" "ghcr.io/rust-lang/crates-build-env/linux@sha256:2788e3201cd34a07e3172128adcd8b3090168a8e3bcc40d7c032b9dda1df7d1c" "/opt/rustwide/cargo-home/bin/cargo" "+1.75.0" "doc" "--frozen" "--no-deps" "--document-private-items" "--message-format=json", kill_on_drop: false }`
[INFO] [stdout] 38848e5ce98172865bb8152b773078bcf6c38e9fcbdab7062d1bd5c652b74310
[INFO] running `Command { std: "docker" "start" "-a" "38848e5ce98172865bb8152b773078bcf6c38e9fcbdab7062d1bd5c652b74310", kill_on_drop: false }`
[INFO] [stderr]    Compiling autocfg v1.1.0
[INFO] [stderr]    Compiling libc v0.2.151
[INFO] [stderr]     Checking rustc-serialize v0.3.25
[INFO] [stderr]    Compiling crossbeam-utils v0.8.18
[INFO] [stderr]     Checking cfg-if v1.0.0
[INFO] [stderr]     Checking byteorder v1.5.0
[INFO] [stderr]    Compiling proc-macro2 v1.0.76
[INFO] [stderr]    Compiling rayon-core v1.12.0
[INFO] [stderr]    Compiling typenum v1.17.0
[INFO] [stderr]     Checking adler32 v1.2.0
[INFO] [stderr]    Compiling unicode-ident v1.0.12
[INFO] [stderr]    Compiling num-traits v0.2.17
[INFO] [stderr]    Compiling num-integer v0.1.45
[INFO] [stderr]    Compiling num-iter v0.1.43
[INFO] [stderr]     Checking deflate v0.7.20
[INFO] [stderr]    Compiling serde v1.0.195
[INFO] [stderr]    Compiling sdl2-sys v0.27.3
[INFO] [stderr]     Checking crossbeam-epoch v0.9.17
[INFO] [stderr]     Checking either v1.9.0
[INFO] [stderr]     Checking bitflags v0.9.1
[INFO] [stderr]     Checking inflate v0.2.0
[INFO] [stderr]     Checking crossbeam-deque v0.8.4
[INFO] [stderr]    Compiling arrayvec v0.4.12
[INFO] [stderr]    Compiling quote v1.0.35
[INFO] [stderr]     Checking rand v0.4.6
[INFO] [stderr]     Checking stb_truetype v0.3.1
[INFO] [stderr]     Checking lazy_static v1.4.0
[INFO] [stderr]    Compiling regex v0.2.11
[INFO] [stderr]     Checking rayon v1.8.0
[INFO] [stderr]     Checking lzw v0.10.0
[INFO] [stderr]     Checking log v0.4.20
[INFO] [stderr]     Checking memchr v2.7.1
[INFO] [stderr]     Checking approx v0.1.1
[INFO] [stderr]     Checking ucd-util v0.1.10
[INFO] [stderr]    Compiling serde_json v1.0.111
[INFO] [stderr]     Checking color_quant v1.1.0
[INFO] [stderr]     Checking nodrop v0.1.14
[INFO] [stderr]     Checking rand v0.3.23
[INFO] [stderr]     Checking regex-syntax v0.5.6
[INFO] [stderr]     Checking num-traits v0.1.43
[INFO] [stderr]     Checking num-complex v0.1.43
[INFO] [stderr]     Checking gif v0.9.2
[INFO] [stderr]     Checking enum_primitive v0.1.1
[INFO] [stderr]     Checking generic-array v0.2.1
[INFO] [stderr]     Checking log v0.3.9
[INFO] [stderr]     Checking num-bigint v0.1.44
[INFO] [stderr]     Checking alga v0.5.4
[INFO] [stderr]     Checking png v0.8.0
[INFO] [stderr]     Checking stb_truetype v0.2.8
[INFO] [stderr]     Checking thread_local v0.3.6
[INFO] [stderr]    Compiling syn v2.0.48
[INFO] [stderr]     Checking aho-corasick v0.6.10
[INFO] [stderr]     Checking time v0.1.45
[INFO] [stderr]     Checking linked-hash-map v0.5.6
[INFO] [stderr]     Checking bitflags v0.7.0
[INFO] [stderr]     Checking unicode-width v0.1.11
[INFO] [stderr]     Checking scoped_threadpool v0.1.9
[INFO] [stderr]    Compiling px8 v0.0.4 (/opt/rustwide/workdir)
[INFO] [stderr]     Checking lazy_static v0.2.11
[INFO] [stderr]     Checking itoa v1.0.10
[INFO] [stderr]     Checking utf8-ranges v1.0.5
[INFO] [stderr]     Checking num-rational v0.1.42
[INFO] [stderr]     Checking ryu v1.0.16
[INFO] [stderr]     Checking rusttype v0.2.4
[INFO] [stderr]     Checking num v0.1.42
[INFO] [stderr]     Checking getopts v0.2.21
[INFO] [stderr]     Checking chrono v0.2.25
[INFO] [stderr]     Checking jpeg-decoder v0.1.22
[INFO] [stderr]     Checking sdl2 v0.27.3
[INFO] [stderr]     Checking nalgebra v0.11.2
[INFO] [stderr]     Checking image v0.14.0
[INFO] [stderr]     Checking fern v0.3.5
[INFO] [stderr]     Checking png v0.9.0
[INFO] [stderr]     Checking noise v0.4.1
[INFO] [stderr]     Checking lazy_static v0.1.16
[INFO] [stderr]     Checking glob v0.2.11
[INFO] [stdout] error[E0119]: conflicting implementations of trait `Mul<&_>` for type `translation::TranslationBase<_, _, _>`
[INFO] [stdout]    --> /opt/rustwide/cargo-home/registry/src/index.crates.io-6f17d22bba15001f/nalgebra-0.11.2/src/geometry/isometry_ops.rs:68:9
[INFO] [stdout]     |
[INFO] [stdout] 68  | /         impl<$($lives ,)* N, D: DimName, S, R> $Op<$Rhs> for $Lhs
[INFO] [stdout] 69  | |             where N: Real,
[INFO] [stdout] 70  | |                   S: OwnedStorage<N, D, U1>,
[INFO] [stdout] 71  | |                   R: Rotation<PointBase<N, D, S>>,
[INFO] [stdout] 72  | |                   S::Alloc: OwnedAllocator<N, D, U1, S> {
[INFO] [stdout]     | |                                                       ^
[INFO] [stdout]     | |                                                       |
[INFO] [stdout]     | |_______________________________________________________first implementation here
[INFO] [stdout]     |                                                         conflicting implementation for `translation::TranslationBase<_, _, _>`
[INFO] [stdout] ...
[INFO] [stdout] 286 | / isometry_binop_impl_all!(
[INFO] [stdout] 287 | |     Mul, mul;
[INFO] [stdout] 288 | |     self: TranslationBase<N, D, S>, right: R, Output = IsometryBase<N, D, S, R>;
[INFO] [stdout] 289 | |     [val val] => IsometryBase::from_parts(self, right);
[INFO] [stdout] ...   |
[INFO] [stdout] 292 | |     [ref ref] => IsometryBase::from_parts(self.clone(), right.clone());
[INFO] [stdout] 293 | | );
[INFO] [stdout]     | |_- in this macro invocation
[INFO] [stdout]     |
[INFO] [stdout]     = note: downstream crates may implement trait `alga::linear::Rotation<geometry::point::PointBase<_, _, _>>` for type `&_`
[INFO] [stdout]     = note: this error originates in the macro `isometry_binop_impl` which comes from the expansion of the macro `isometry_binop_impl_all` (in Nightly builds, run with -Z macro-backtrace for more info)
[INFO] [stdout] 
[INFO] [stdout] 
[INFO] [stdout] error[E0119]: conflicting implementations of trait `Mul<&_>` for type `&translation::TranslationBase<_, _, _>`
[INFO] [stdout]    --> /opt/rustwide/cargo-home/registry/src/index.crates.io-6f17d22bba15001f/nalgebra-0.11.2/src/geometry/isometry_ops.rs:68:9
[INFO] [stdout]     |
[INFO] [stdout] 68  | /         impl<$($lives ,)* N, D: DimName, S, R> $Op<$Rhs> for $Lhs
[INFO] [stdout] 69  | |             where N: Real,
[INFO] [stdout] 70  | |                   S: OwnedStorage<N, D, U1>,
[INFO] [stdout] 71  | |                   R: Rotation<PointBase<N, D, S>>,
[INFO] [stdout] 72  | |                   S::Alloc: OwnedAllocator<N, D, U1, S> {
[INFO] [stdout]     | |                                                       ^
[INFO] [stdout]     | |                                                       |
[INFO] [stdout]     | |_______________________________________________________first implementation here
[INFO] [stdout]     |                                                         conflicting implementation for `&translation::TranslationBase<_, _, _>`
[INFO] [stdout] ...
[INFO] [stdout] 286 | / isometry_binop_impl_all!(
[INFO] [stdout] 287 | |     Mul, mul;
[INFO] [stdout] 288 | |     self: TranslationBase<N, D, S>, right: R, Output = IsometryBase<N, D, S, R>;
[INFO] [stdout] 289 | |     [val val] => IsometryBase::from_parts(self, right);
[INFO] [stdout] ...   |
[INFO] [stdout] 292 | |     [ref ref] => IsometryBase::from_parts(self.clone(), right.clone());
[INFO] [stdout] 293 | | );
[INFO] [stdout]     | |_- in this macro invocation
[INFO] [stdout]     |
[INFO] [stdout]     = note: downstream crates may implement trait `alga::linear::Rotation<geometry::point::PointBase<_, _, _>>` for type `&_`
[INFO] [stdout]     = note: this error originates in the macro `isometry_binop_impl` which comes from the expansion of the macro `isometry_binop_impl_all` (in Nightly builds, run with -Z macro-backtrace for more info)
[INFO] [stdout] 
[INFO] [stdout] 
[INFO] [stdout] error: aborting due to 2 previous errors
[INFO] [stdout] 
[INFO] [stdout] 
[INFO] [stdout] For more information about this error, try `rustc --explain E0119`.
[INFO] [stdout] 
[INFO] [stderr] error: could not compile `nalgebra` (lib) due to 3 previous errors
[INFO] [stderr] warning: build failed, waiting for other jobs to finish...
[INFO] running `Command { std: "docker" "inspect" "38848e5ce98172865bb8152b773078bcf6c38e9fcbdab7062d1bd5c652b74310", kill_on_drop: false }`
[INFO] running `Command { std: "docker" "rm" "-f" "38848e5ce98172865bb8152b773078bcf6c38e9fcbdab7062d1bd5c652b74310", kill_on_drop: false }`
[INFO] [stdout] 38848e5ce98172865bb8152b773078bcf6c38e9fcbdab7062d1bd5c652b74310
[INFO] documenting px8-0.0.4 against beta-2023-12-22 for beta-1.76-rustdoc-1
[INFO] extracting crate px8 0.0.4 into /workspace/builds/worker-1-tc2/source
[INFO] validating manifest of crates.io crate px8 0.0.4 on toolchain beta-2023-12-22
[INFO] running `Command { std: CARGO_HOME="/workspace/cargo-home" RUSTUP_HOME="/workspace/rustup-home" "/workspace/cargo-home/bin/cargo" "+beta-2023-12-22" "metadata" "--manifest-path" "Cargo.toml" "--no-deps", kill_on_drop: false }`
[INFO] started tweaking crates.io crate px8 0.0.4
[INFO] finished tweaking crates.io crate px8 0.0.4
[INFO] tweaked toml for crates.io crate px8 0.0.4 written to /workspace/builds/worker-1-tc2/source/Cargo.toml
[INFO] running `Command { std: CARGO_HOME="/workspace/cargo-home" RUSTUP_HOME="/workspace/rustup-home" "/workspace/cargo-home/bin/cargo" "+beta-2023-12-22" "generate-lockfile" "--manifest-path" "Cargo.toml", kill_on_drop: false }`
[INFO] [stderr]     Updating crates.io index
[INFO] running `Command { std: CARGO_HOME="/workspace/cargo-home" RUSTUP_HOME="/workspace/rustup-home" "/workspace/cargo-home/bin/cargo" "+beta-2023-12-22" "fetch" "--manifest-path" "Cargo.toml", kill_on_drop: false }`
[INFO] running `Command { std: "docker" "create" "-v" "/var/lib/crater-agent-workspace/builds/worker-1-tc2/target:/opt/rustwide/target:rw,Z" "-v" "/var/lib/crater-agent-workspace/builds/worker-1-tc2/source:/opt/rustwide/workdir:ro,Z" "-v" "/var/lib/crater-agent-workspace/cargo-home:/opt/rustwide/cargo-home:ro,Z" "-v" "/var/lib/crater-agent-workspace/rustup-home:/opt/rustwide/rustup-home:ro,Z" "-e" "SOURCE_DIR=/opt/rustwide/workdir" "-e" "CARGO_TARGET_DIR=/opt/rustwide/target" "-e" "CARGO_HOME=/opt/rustwide/cargo-home" "-e" "RUSTUP_HOME=/opt/rustwide/rustup-home" "-w" "/opt/rustwide/workdir" "-m" "1610612736" "--user" "0:0" "--network" "none" "ghcr.io/rust-lang/crates-build-env/linux@sha256:2788e3201cd34a07e3172128adcd8b3090168a8e3bcc40d7c032b9dda1df7d1c" "/opt/rustwide/cargo-home/bin/cargo" "+beta-2023-12-22" "metadata" "--no-deps" "--format-version=1", kill_on_drop: false }`
[INFO] [stdout] 5bf415001859763f5b7038f5216c8974e23ca351b150e13533746c1c59c1f0fb
[INFO] running `Command { std: "docker" "start" "-a" "5bf415001859763f5b7038f5216c8974e23ca351b150e13533746c1c59c1f0fb", kill_on_drop: false }`
[INFO] running `Command { std: "docker" "inspect" "5bf415001859763f5b7038f5216c8974e23ca351b150e13533746c1c59c1f0fb", kill_on_drop: false }`
[INFO] running `Command { std: "docker" "rm" "-f" "5bf415001859763f5b7038f5216c8974e23ca351b150e13533746c1c59c1f0fb", kill_on_drop: false }`
[INFO] [stdout] 5bf415001859763f5b7038f5216c8974e23ca351b150e13533746c1c59c1f0fb
[INFO] running `Command { std: "docker" "create" "-v" "/var/lib/crater-agent-workspace/builds/worker-1-tc2/target:/opt/rustwide/target:rw,Z" "-v" "/var/lib/crater-agent-workspace/builds/worker-1-tc2/source:/opt/rustwide/workdir:ro,Z" "-v" "/var/lib/crater-agent-workspace/cargo-home:/opt/rustwide/cargo-home:ro,Z" "-v" "/var/lib/crater-agent-workspace/rustup-home:/opt/rustwide/rustup-home:ro,Z" "-e" "SOURCE_DIR=/opt/rustwide/workdir" "-e" "CARGO_TARGET_DIR=/opt/rustwide/target" "-e" "CARGO_INCREMENTAL=0" "-e" "RUST_BACKTRACE=full" "-e" "RUSTFLAGS=--cap-lints=warn" "-e" "RUSTDOCFLAGS=--cap-lints=warn" "-e" "CARGO_HOME=/opt/rustwide/cargo-home" "-e" "RUSTUP_HOME=/opt/rustwide/rustup-home" "-w" "/opt/rustwide/workdir" "-m" "1610612736" "--user" "0:0" "--network" "none" "ghcr.io/rust-lang/crates-build-env/linux@sha256:2788e3201cd34a07e3172128adcd8b3090168a8e3bcc40d7c032b9dda1df7d1c" "/opt/rustwide/cargo-home/bin/cargo" "+beta-2023-12-22" "doc" "--frozen" "--no-deps" "--document-private-items" "--message-format=json", kill_on_drop: false }`
[INFO] [stdout] 2d795570fd215c36950e2b0a6779f56374dc733d7bee4e1d48d186ae81f66643
[INFO] running `Command { std: "docker" "start" "-a" "2d795570fd215c36950e2b0a6779f56374dc733d7bee4e1d48d186ae81f66643", kill_on_drop: false }`
[INFO] [stderr]    Compiling autocfg v1.1.0
[INFO] [stderr]    Compiling libc v0.2.151
[INFO] [stderr]     Checking rustc-serialize v0.3.25
[INFO] [stderr]    Compiling crossbeam-utils v0.8.18
[INFO] [stderr]     Checking cfg-if v1.0.0
[INFO] [stderr]     Checking byteorder v1.5.0
[INFO] [stderr]    Compiling proc-macro2 v1.0.76
[INFO] [stderr]    Compiling rayon-core v1.12.0
[INFO] [stderr]     Checking adler32 v1.2.0
[INFO] [stderr]    Compiling unicode-ident v1.0.12
[INFO] [stderr]    Compiling typenum v1.17.0
[INFO] [stderr]     Checking deflate v0.7.20
[INFO] [stderr]     Checking either v1.9.0
[INFO] [stderr]    Compiling num-traits v0.2.17
[INFO] [stderr]    Compiling num-integer v0.1.45
[INFO] [stderr]    Compiling num-iter v0.1.43
[INFO] [stderr]     Checking crossbeam-epoch v0.9.17
[INFO] [stderr]    Compiling arrayvec v0.4.12
[INFO] [stderr]     Checking bitflags v0.9.1
[INFO] [stderr]     Checking crossbeam-deque v0.8.4
[INFO] [stderr]    Compiling sdl2-sys v0.27.3
[INFO] [stderr]     Checking inflate v0.2.0
[INFO] [stderr]    Compiling serde v1.0.195
[INFO] [stderr]     Checking rand v0.4.6
[INFO] [stderr]    Compiling quote v1.0.35
[INFO] [stderr]     Checking stb_truetype v0.3.1
[INFO] [stderr]     Checking rayon v1.8.0
[INFO] [stderr]    Compiling serde_json v1.0.111
[INFO] [stderr]     Checking color_quant v1.1.0
[INFO] [stderr]    Compiling regex v0.2.11
[INFO] [stderr]     Checking lazy_static v1.4.0
[INFO] [stderr]     Checking rand v0.3.23
[INFO] [stderr]     Checking nodrop v0.1.14
[INFO] [stderr]     Checking log v0.4.20
[INFO] [stderr]     Checking memchr v2.7.1
[INFO] [stderr]     Checking lzw v0.10.0
[INFO] [stderr]     Checking num-complex v0.1.43
[INFO] [stderr]     Checking num-traits v0.1.43
[INFO] [stderr]     Checking ucd-util v0.1.10
[INFO] [stderr]     Checking approx v0.1.1
[INFO] [stderr]     Checking enum_primitive v0.1.1
[INFO] [stderr]     Checking log v0.3.9
[INFO] [stderr]     Checking regex-syntax v0.5.6
[INFO] [stderr]     Checking generic-array v0.2.1
[INFO] [stderr]     Checking gif v0.9.2
[INFO] [stderr]     Checking num-bigint v0.1.44
[INFO] [stderr]     Checking png v0.8.0
[INFO] [stderr]     Checking alga v0.5.4
[INFO] [stderr]     Checking thread_local v0.3.6
[INFO] [stderr]     Checking aho-corasick v0.6.10
[INFO] [stderr]     Checking stb_truetype v0.2.8
[INFO] [stderr]    Compiling syn v2.0.48
[INFO] [stderr]     Checking time v0.1.45
[INFO] [stderr]     Checking bitflags v0.7.0
[INFO] [stderr]     Checking scoped_threadpool v0.1.9
[INFO] [stderr]     Checking lazy_static v0.2.11
[INFO] [stderr]     Checking unicode-width v0.1.11
[INFO] [stderr]     Checking num-rational v0.1.42
[INFO] [stderr]     Checking itoa v1.0.10
[INFO] [stderr]     Checking ryu v1.0.16
[INFO] [stderr]    Compiling px8 v0.0.4 (/opt/rustwide/workdir)
[INFO] [stderr]     Checking utf8-ranges v1.0.5
[INFO] [stderr]     Checking linked-hash-map v0.5.6
[INFO] [stderr]     Checking num v0.1.42
[INFO] [stderr]     Checking getopts v0.2.21
[INFO] [stderr]     Checking chrono v0.2.25
[INFO] [stderr]     Checking sdl2 v0.27.3
[INFO] [stderr]     Checking rusttype v0.2.4
[INFO] [stderr]     Checking nalgebra v0.11.2
[INFO] [stderr]     Checking jpeg-decoder v0.1.22
[INFO] [stderr]     Checking png v0.9.0
[INFO] [stderr]     Checking fern v0.3.5
[INFO] [stderr]     Checking noise v0.4.1
[INFO] [stderr]     Checking glob v0.2.11
[INFO] [stderr]     Checking image v0.14.0
[INFO] [stderr]     Checking lazy_static v0.1.16
[INFO] [stdout] error[E0119]: conflicting implementations of trait `Mul<&_>` for type `translation::TranslationBase<_, _, _>`
[INFO] [stdout]    --> /opt/rustwide/cargo-home/registry/src/index.crates.io-6f17d22bba15001f/nalgebra-0.11.2/src/geometry/isometry_ops.rs:68:9
[INFO] [stdout]     |
[INFO] [stdout] 68  | /         impl<$($lives ,)* N, D: DimName, S, R> $Op<$Rhs> for $Lhs
[INFO] [stdout] 69  | |             where N: Real,
[INFO] [stdout] 70  | |                   S: OwnedStorage<N, D, U1>,
[INFO] [stdout] 71  | |                   R: Rotation<PointBase<N, D, S>>,
[INFO] [stdout] 72  | |                   S::Alloc: OwnedAllocator<N, D, U1, S> {
[INFO] [stdout]     | |                                                       ^
[INFO] [stdout]     | |                                                       |
[INFO] [stdout]     | |_______________________________________________________first implementation here
[INFO] [stdout]     |                                                         conflicting implementation for `translation::TranslationBase<_, _, _>`
[INFO] [stdout] ...
[INFO] [stdout] 286 | / isometry_binop_impl_all!(
[INFO] [stdout] 287 | |     Mul, mul;
[INFO] [stdout] 288 | |     self: TranslationBase<N, D, S>, right: R, Output = IsometryBase<N, D, S, R>;
[INFO] [stdout] 289 | |     [val val] => IsometryBase::from_parts(self, right);
[INFO] [stdout] ...   |
[INFO] [stdout] 292 | |     [ref ref] => IsometryBase::from_parts(self.clone(), right.clone());
[INFO] [stdout] 293 | | );
[INFO] [stdout]     | |_- in this macro invocation
[INFO] [stdout]     |
[INFO] [stdout]     = note: downstream crates may implement trait `alga::linear::Rotation<geometry::point::PointBase<_, _, _>>` for type `&_`
[INFO] [stdout]     = note: this error originates in the macro `isometry_binop_impl` which comes from the expansion of the macro `isometry_binop_impl_all` (in Nightly builds, run with -Z macro-backtrace for more info)
[INFO] [stdout] 
[INFO] [stdout] 
[INFO] [stdout] error[E0119]: conflicting implementations of trait `Mul<&_>` for type `&translation::TranslationBase<_, _, _>`
[INFO] [stdout]    --> /opt/rustwide/cargo-home/registry/src/index.crates.io-6f17d22bba15001f/nalgebra-0.11.2/src/geometry/isometry_ops.rs:68:9
[INFO] [stdout]     |
[INFO] [stdout] 68  | /         impl<$($lives ,)* N, D: DimName, S, R> $Op<$Rhs> for $Lhs
[INFO] [stdout] 69  | |             where N: Real,
[INFO] [stdout] 70  | |                   S: OwnedStorage<N, D, U1>,
[INFO] [stdout] 71  | |                   R: Rotation<PointBase<N, D, S>>,
[INFO] [stdout] 72  | |                   S::Alloc: OwnedAllocator<N, D, U1, S> {
[INFO] [stdout]     | |                                                       ^
[INFO] [stdout]     | |                                                       |
[INFO] [stdout]     | |_______________________________________________________first implementation here
[INFO] [stdout]     |                                                         conflicting implementation for `&translation::TranslationBase<_, _, _>`
[INFO] [stdout] ...
[INFO] [stdout] 286 | / isometry_binop_impl_all!(
[INFO] [stdout] 287 | |     Mul, mul;
[INFO] [stdout] 288 | |     self: TranslationBase<N, D, S>, right: R, Output = IsometryBase<N, D, S, R>;
[INFO] [stdout] 289 | |     [val val] => IsometryBase::from_parts(self, right);
[INFO] [stdout] ...   |
[INFO] [stdout] 292 | |     [ref ref] => IsometryBase::from_parts(self.clone(), right.clone());
[INFO] [stdout] 293 | | );
[INFO] [stdout]     | |_- in this macro invocation
[INFO] [stdout]     |
[INFO] [stdout]     = note: downstream crates may implement trait `alga::linear::Rotation<geometry::point::PointBase<_, _, _>>` for type `&_`
[INFO] [stdout]     = note: this error originates in the macro `isometry_binop_impl` which comes from the expansion of the macro `isometry_binop_impl_all` (in Nightly builds, run with -Z macro-backtrace for more info)
[INFO] [stdout] 
[INFO] [stdout] 
[INFO] [stdout] error: aborting due to 2 previous errors
[INFO] [stdout] 
[INFO] [stdout] 
[INFO] [stdout] For more information about this error, try `rustc --explain E0119`.
[INFO] [stdout] 
[INFO] [stderr] error: could not compile `nalgebra` (lib) due to 3 previous errors
[INFO] [stderr] warning: build failed, waiting for other jobs to finish...
[INFO] running `Command { std: "docker" "inspect" "2d795570fd215c36950e2b0a6779f56374dc733d7bee4e1d48d186ae81f66643", kill_on_drop: false }`
[INFO] running `Command { std: "docker" "rm" "-f" "2d795570fd215c36950e2b0a6779f56374dc733d7bee4e1d48d186ae81f66643", kill_on_drop: false }`
[INFO] [stdout] 2d795570fd215c36950e2b0a6779f56374dc733d7bee4e1d48d186ae81f66643
