[INFO] fetching crate prometheus-query 0.4.0...
[INFO] documenting prometheus-query-0.4.0 against 1.75.0 for beta-1.76-rustdoc-1
[INFO] extracting crate prometheus-query 0.4.0 into /workspace/builds/worker-6-tc1/source
[INFO] validating manifest of crates.io crate prometheus-query 0.4.0 on toolchain 1.75.0
[INFO] running `Command { std: CARGO_HOME="/workspace/cargo-home" RUSTUP_HOME="/workspace/rustup-home" "/workspace/cargo-home/bin/cargo" "+1.75.0" "metadata" "--manifest-path" "Cargo.toml" "--no-deps", kill_on_drop: false }`
[INFO] started tweaking crates.io crate prometheus-query 0.4.0
[INFO] finished tweaking crates.io crate prometheus-query 0.4.0
[INFO] tweaked toml for crates.io crate prometheus-query 0.4.0 written to /workspace/builds/worker-6-tc1/source/Cargo.toml
[INFO] running `Command { std: CARGO_HOME="/workspace/cargo-home" RUSTUP_HOME="/workspace/rustup-home" "/workspace/cargo-home/bin/cargo" "+1.75.0" "generate-lockfile" "--manifest-path" "Cargo.toml", kill_on_drop: false }`
[INFO] [stderr]     Updating crates.io index
[INFO] running `Command { std: CARGO_HOME="/workspace/cargo-home" RUSTUP_HOME="/workspace/rustup-home" "/workspace/cargo-home/bin/cargo" "+1.75.0" "fetch" "--manifest-path" "Cargo.toml", kill_on_drop: false }`
[INFO] [stderr]  Downloading crates ...
[INFO] [stderr]   Downloaded url_serde v0.2.0
[INFO] running `Command { std: "docker" "create" "-v" "/var/lib/crater-agent-workspace/builds/worker-6-tc1/target:/opt/rustwide/target:rw,Z" "-v" "/var/lib/crater-agent-workspace/builds/worker-6-tc1/source:/opt/rustwide/workdir:ro,Z" "-v" "/var/lib/crater-agent-workspace/cargo-home:/opt/rustwide/cargo-home:ro,Z" "-v" "/var/lib/crater-agent-workspace/rustup-home:/opt/rustwide/rustup-home:ro,Z" "-e" "SOURCE_DIR=/opt/rustwide/workdir" "-e" "CARGO_TARGET_DIR=/opt/rustwide/target" "-e" "CARGO_HOME=/opt/rustwide/cargo-home" "-e" "RUSTUP_HOME=/opt/rustwide/rustup-home" "-w" "/opt/rustwide/workdir" "-m" "1610612736" "--user" "0:0" "--network" "none" "ghcr.io/rust-lang/crates-build-env/linux@sha256:2788e3201cd34a07e3172128adcd8b3090168a8e3bcc40d7c032b9dda1df7d1c" "/opt/rustwide/cargo-home/bin/cargo" "+1.75.0" "metadata" "--no-deps" "--format-version=1", kill_on_drop: false }`
[INFO] [stdout] 445af709c1b2e926bf40ed837ab0d9485e688edf1eab434689ee21321ca30e67
[INFO] running `Command { std: "docker" "start" "-a" "445af709c1b2e926bf40ed837ab0d9485e688edf1eab434689ee21321ca30e67", kill_on_drop: false }`
[INFO] running `Command { std: "docker" "inspect" "445af709c1b2e926bf40ed837ab0d9485e688edf1eab434689ee21321ca30e67", kill_on_drop: false }`
[INFO] running `Command { std: "docker" "rm" "-f" "445af709c1b2e926bf40ed837ab0d9485e688edf1eab434689ee21321ca30e67", kill_on_drop: false }`
[INFO] [stdout] 445af709c1b2e926bf40ed837ab0d9485e688edf1eab434689ee21321ca30e67
[INFO] running `Command { std: "docker" "create" "-v" "/var/lib/crater-agent-workspace/builds/worker-6-tc1/target:/opt/rustwide/target:rw,Z" "-v" "/var/lib/crater-agent-workspace/builds/worker-6-tc1/source:/opt/rustwide/workdir:ro,Z" "-v" "/var/lib/crater-agent-workspace/cargo-home:/opt/rustwide/cargo-home:ro,Z" "-v" "/var/lib/crater-agent-workspace/rustup-home:/opt/rustwide/rustup-home:ro,Z" "-e" "SOURCE_DIR=/opt/rustwide/workdir" "-e" "CARGO_TARGET_DIR=/opt/rustwide/target" "-e" "CARGO_INCREMENTAL=0" "-e" "RUST_BACKTRACE=full" "-e" "RUSTFLAGS=--cap-lints=warn" "-e" "RUSTDOCFLAGS=--cap-lints=warn" "-e" "CARGO_HOME=/opt/rustwide/cargo-home" "-e" "RUSTUP_HOME=/opt/rustwide/rustup-home" "-w" "/opt/rustwide/workdir" "-m" "1610612736" "--user" "0:0" "--network" "none" "ghcr.io/rust-lang/crates-build-env/linux@sha256:2788e3201cd34a07e3172128adcd8b3090168a8e3bcc40d7c032b9dda1df7d1c" "/opt/rustwide/cargo-home/bin/cargo" "+1.75.0" "doc" "--frozen" "--no-deps" "--document-private-items" "--message-format=json", kill_on_drop: false }`
[INFO] [stdout] 6880f15a09e6876e0a8ca8ab5b540c1045e6bd8816ad9c1dec89aed45d20cc80
[INFO] running `Command { std: "docker" "start" "-a" "6880f15a09e6876e0a8ca8ab5b540c1045e6bd8816ad9c1dec89aed45d20cc80", kill_on_drop: false }`
[INFO] [stderr]    Compiling proc-macro2 v1.0.76
[INFO] [stderr]     Checking tokio-codec v0.1.2
[INFO] [stderr]     Checking mio-uds v0.6.8
[INFO] [stderr]     Checking futures-sink-preview v0.3.0-alpha.19
[INFO] [stderr]     Checking futures-core-preview v0.3.0-alpha.19
[INFO] [stderr]     Checking tokio-fs v0.1.7
[INFO] [stderr]    Compiling num-traits v0.2.17
[INFO] [stderr]     Checking futures-io-preview v0.3.0-alpha.19
[INFO] [stderr]     Checking tokio-udp v0.1.6
[INFO] [stderr]     Checking tokio-uds v0.2.7
[INFO] [stderr]     Checking futures-channel-preview v0.3.0-alpha.19
[INFO] [stderr]     Checking tokio v0.1.22
[INFO] [stderr]     Checking futures-util-preview v0.3.0-alpha.19
[INFO] [stderr]    Compiling quote v1.0.35
[INFO] [stderr]     Checking hyper v0.12.36
[INFO] [stderr]    Compiling syn v2.0.48
[INFO] [stderr]     Checking futures-executor-preview v0.3.0-alpha.19
[INFO] [stderr]     Checking futures-preview v0.3.0-alpha.19
[INFO] [stderr]    Compiling serde_derive v1.0.195
[INFO] [stderr]    Compiling openssl-macros v0.1.1
[INFO] [stderr]     Checking openssl v0.10.62
[INFO] [stderr]     Checking serde v1.0.195
[INFO] [stderr]     Checking native-tls v0.2.11
[INFO] [stderr]     Checking hyper-tls v0.3.2
[INFO] [stderr]     Checking serde_json v1.0.111
[INFO] [stderr]     Checking url_serde v0.2.0
[INFO] [stderr]     Checking chrono v0.4.31
[INFO] [stderr]     Checking prometheus-query v0.4.0 (/opt/rustwide/workdir)
[INFO] [stderr]  Documenting prometheus-query v0.4.0 (/opt/rustwide/workdir)
[INFO] [stdout] error[E0557]: feature has been removed
[INFO] [stdout]   --> src/lib.rs:19:12
[INFO] [stdout]    |
[INFO] [stdout] 19 | #![feature(custom_attribute)]
[INFO] [stdout]    |            ^^^^^^^^^^^^^^^^ feature has been removed
[INFO] [stdout]    |
[INFO] [stdout]    = note: removed in favor of `#![register_tool]` and `#![register_attr]`
[INFO] [stdout] 
[INFO] [stdout] 
[INFO] [stdout] error[E0557]: feature has been removed
[INFO] [stdout]   --> src/lib.rs:20:38
[INFO] [stdout]    |
[INFO] [stdout] 20 | #![feature(futures_api, async_await, await_macro)]
[INFO] [stdout]    |                                      ^^^^^^^^^^^ feature has been removed
[INFO] [stdout]    |
[INFO] [stdout]    = note: subsumed by `.await` syntax
[INFO] [stdout] 
[INFO] [stdout] 
[INFO] [stdout] error: incorrect use of `await`
[INFO] [stdout]   --> src/client.rs:86:9
[INFO] [stdout]    |
[INFO] [stdout] 86 |         await!(self.make_http_get_api_call(u))
[INFO] [stdout]    |         ^^^^^^^^^^^^^^^^^^^^^^^^^^^^^^^^^^^^^^ help: `await` is a postfix operation: `self.make_http_get_api_call(u).await`
[INFO] [stdout] 
[INFO] [stdout] 
[INFO] [stdout] error: incorrect use of `await`
[INFO] [stdout]    --> src/client.rs:113:9
[INFO] [stdout]     |
[INFO] [stdout] 113 |         await!(self.make_http_get_api_call(u))
[INFO] [stdout]     |         ^^^^^^^^^^^^^^^^^^^^^^^^^^^^^^^^^^^^^^ help: `await` is a postfix operation: `self.make_http_get_api_call(u).await`
[INFO] [stdout] 
[INFO] [stdout] 
[INFO] [stdout] error: incorrect use of `await`
[INFO] [stdout]    --> src/client.rs:136:9
[INFO] [stdout]     |
[INFO] [stdout] 136 |         await!(self.make_http_get_api_call(u))
[INFO] [stdout]     |         ^^^^^^^^^^^^^^^^^^^^^^^^^^^^^^^^^^^^^^ help: `await` is a postfix operation: `self.make_http_get_api_call(u).await`
[INFO] [stdout] 
[INFO] [stdout] 
[INFO] [stdout] error: incorrect use of `await`
[INFO] [stdout]    --> src/client.rs:142:9
[INFO] [stdout]     |
[INFO] [stdout] 142 |         await!(self.make_http_get_api_call(u))
[INFO] [stdout]     |         ^^^^^^^^^^^^^^^^^^^^^^^^^^^^^^^^^^^^^^ help: `await` is a postfix operation: `self.make_http_get_api_call(u).await`
[INFO] [stdout] 
[INFO] [stdout] 
[INFO] [stdout] error: incorrect use of `await`
[INFO] [stdout]    --> src/client.rs:148:9
[INFO] [stdout]     |
[INFO] [stdout] 148 |         await!(self.make_http_get_api_call(u))
[INFO] [stdout]     |         ^^^^^^^^^^^^^^^^^^^^^^^^^^^^^^^^^^^^^^ help: `await` is a postfix operation: `self.make_http_get_api_call(u).await`
[INFO] [stdout] 
[INFO] [stdout] 
[INFO] [stdout] error: incorrect use of `await`
[INFO] [stdout]    --> src/client.rs:154:9
[INFO] [stdout]     |
[INFO] [stdout] 154 |         await!(self.make_http_get_api_call(u))
[INFO] [stdout]     |         ^^^^^^^^^^^^^^^^^^^^^^^^^^^^^^^^^^^^^^ help: `await` is a postfix operation: `self.make_http_get_api_call(u).await`
[INFO] [stdout] 
[INFO] [stdout] 
[INFO] [stdout] error: incorrect use of `await`
[INFO] [stdout]    --> src/client.rs:160:9
[INFO] [stdout]     |
[INFO] [stdout] 160 |         await!(self.make_http_get_api_call(u))
[INFO] [stdout]     |         ^^^^^^^^^^^^^^^^^^^^^^^^^^^^^^^^^^^^^^ help: `await` is a postfix operation: `self.make_http_get_api_call(u).await`
[INFO] [stdout] 
[INFO] [stdout] 
[INFO] [stdout] error: incorrect use of `await`
[INFO] [stdout]    --> src/client.rs:166:9
[INFO] [stdout]     |
[INFO] [stdout] 166 |         await!(self.make_http_get_api_call(u))
[INFO] [stdout]     |         ^^^^^^^^^^^^^^^^^^^^^^^^^^^^^^^^^^^^^^ help: `await` is a postfix operation: `self.make_http_get_api_call(u).await`
[INFO] [stdout] 
[INFO] [stdout] 
[INFO] [stdout] error: incorrect use of `await`
[INFO] [stdout]    --> src/client.rs:172:9
[INFO] [stdout]     |
[INFO] [stdout] 172 |         await!(self.make_http_get_api_call(u))
[INFO] [stdout]     |         ^^^^^^^^^^^^^^^^^^^^^^^^^^^^^^^^^^^^^^ help: `await` is a postfix operation: `self.make_http_get_api_call(u).await`
[INFO] [stdout] 
[INFO] [stdout] 
[INFO] [stdout] error: incorrect use of `await`
[INFO] [stdout]    --> src/client.rs:176:20
[INFO] [stdout]     |
[INFO] [stdout] 176 |         let resp = await!(self.client.get(u).compat())?;
[INFO] [stdout]     |                    ^^^^^^^^^^^^^^^^^^^^^^^^^^^^^^^^^^^ help: `await` is a postfix operation: `self.client.get(u).compat().await`
[INFO] [stdout] 
[INFO] [stdout] 
[INFO] [stdout] error: incorrect use of `await`
[INFO] [stdout]    --> src/client.rs:177:20
[INFO] [stdout]     |
[INFO] [stdout] 177 |         let body = await!(resp.into_body().concat2().compat())?;
[INFO] [stdout]     |                    ^^^^^^^^^^^^^^^^^^^^^^^^^^^^^^^^^^^^^^^^^^^ help: `await` is a postfix operation: `resp.into_body().concat2().compat().await`
[INFO] [stdout] 
[INFO] [stdout] 
[INFO] [stdout] error: incorrect use of `await`
[INFO] [stdout]    --> src/client.rs:216:20
[INFO] [stdout]     |
[INFO] [stdout] 216 |         let resp = await!(self.client.request(post).compat())?;
[INFO] [stdout]     |                    ^^^^^^^^^^^^^^^^^^^^^^^^^^^^^^^^^^^^^^^^^^ help: `await` is a postfix operation: `self.client.request(post).compat().await`
[INFO] [stdout] 
[INFO] [stdout] 
[INFO] [stdout] error: incorrect use of `await`
[INFO] [stdout]    --> src/client.rs:217:20
[INFO] [stdout]     |
[INFO] [stdout] 217 |         let body = await!(resp.into_body().concat2().compat())?;
[INFO] [stdout]     |                    ^^^^^^^^^^^^^^^^^^^^^^^^^^^^^^^^^^^^^^^^^^^ help: `await` is a postfix operation: `resp.into_body().concat2().compat().await`
[INFO] [stdout] 
[INFO] [stdout] 
[INFO] [stdout] error: incorrect use of `await`
[INFO] [stdout]    --> src/client.rs:233:20
[INFO] [stdout]     |
[INFO] [stdout] 233 |         let resp = await!(self.client.request(post).compat())?;
[INFO] [stdout]     |                    ^^^^^^^^^^^^^^^^^^^^^^^^^^^^^^^^^^^^^^^^^^ help: `await` is a postfix operation: `self.client.request(post).compat().await`
[INFO] [stdout] 
[INFO] [stdout] 
[INFO] [stdout] error: incorrect use of `await`
[INFO] [stdout]    --> src/client.rs:234:20
[INFO] [stdout]     |
[INFO] [stdout] 234 |         let body = await!(resp.into_body().concat2().compat())?;
[INFO] [stdout]     |                    ^^^^^^^^^^^^^^^^^^^^^^^^^^^^^^^^^^^^^^^^^^^ help: `await` is a postfix operation: `resp.into_body().concat2().compat().await`
[INFO] [stdout] 
[INFO] [stdout] 
[INFO] [stdout] error: incorrect use of `await`
[INFO] [stdout]    --> src/client.rs:249:20
[INFO] [stdout]     |
[INFO] [stdout] 249 |         let resp = await!(self.client.request(post).compat())?;
[INFO] [stdout]     |                    ^^^^^^^^^^^^^^^^^^^^^^^^^^^^^^^^^^^^^^^^^^ help: `await` is a postfix operation: `self.client.request(post).compat().await`
[INFO] [stdout] 
[INFO] [stdout] 
[INFO] [stdout] error: incorrect use of `await`
[INFO] [stdout]    --> src/client.rs:250:20
[INFO] [stdout]     |
[INFO] [stdout] 250 |         let body = await!(resp.into_body().concat2().compat())?;
[INFO] [stdout]     |                    ^^^^^^^^^^^^^^^^^^^^^^^^^^^^^^^^^^^^^^^^^^^ help: `await` is a postfix operation: `resp.into_body().concat2().compat().await`
[INFO] [stdout] 
[INFO] [stdout] 
[INFO] [stdout] error[E0557]: feature has been removed
[INFO] [stdout]   --> src/lib.rs:19:12
[INFO] [stdout]    |
[INFO] [stdout] 19 | #![feature(custom_attribute)]
[INFO] [stdout]    |            ^^^^^^^^^^^^^^^^ feature has been removed
[INFO] [stdout]    |
[INFO] [stdout]    = note: removed in favor of `#![register_tool]` and `#![register_attr]`
[INFO] [stdout] 
[INFO] [stdout] 
[INFO] [stdout] error[E0557]: feature has been removed
[INFO] [stdout]   --> src/lib.rs:20:38
[INFO] [stdout]    |
[INFO] [stdout] 20 | #![feature(futures_api, async_await, await_macro)]
[INFO] [stdout]    |                                      ^^^^^^^^^^^ feature has been removed
[INFO] [stdout]    |
[INFO] [stdout]    = note: subsumed by `.await` syntax
[INFO] [stdout] 
[INFO] [stdout] 
[INFO] [stdout] error: Compilation failed, aborting rustdoc
[INFO] [stdout] 
[INFO] [stdout] 
[INFO] [stdout] error: aborting due to 3 previous errors
[INFO] [stdout] 
[INFO] [stdout] 
[INFO] [stdout] For more information about this error, try `rustc --explain E0557`.
[INFO] [stdout] 
[INFO] [stderr] error: could not document `prometheus-query`
[INFO] [stderr] 
[INFO] [stderr] Caused by:
[INFO] [stderr]   process didn't exit successfully: `/opt/rustwide/rustup-home/toolchains/1.75.0-x86_64-unknown-linux-gnu/bin/rustdoc --edition=2018 --crate-type lib --crate-name prometheus_query src/lib.rs -o /opt/rustwide/target/doc --error-format=json --json=diagnostic-rendered-ansi,artifacts,future-incompat --document-private-items -C metadata=cf57974bebe5f4c1 -L dependency=/opt/rustwide/target/debug/deps --extern chrono=/opt/rustwide/target/debug/deps/libchrono-b52b7b77c08f556b.rmeta --extern clap=/opt/rustwide/target/debug/deps/libclap-d4948ef7bb2fc624.rmeta --extern futures_stable=/opt/rustwide/target/debug/deps/libfutures-6d346bbb44fe3958.rmeta --extern futures=/opt/rustwide/target/debug/deps/libfutures-7e237d60e70e1d8f.rmeta --extern futures_util=/opt/rustwide/target/debug/deps/libfutures_util-93bf934d37cb70a4.rmeta --extern http=/opt/rustwide/target/debug/deps/libhttp-fd6fdcbb85dd5807.rmeta --extern hyper=/opt/rustwide/target/debug/deps/libhyper-d881609e0c3bdd8c.rmeta --extern hyper_tls=/opt/rustwide/target/debug/deps/libhyper_tls-8a7df1db4dc3987f.rmeta --extern native_tls=/opt/rustwide/target/debug/deps/libnative_tls-fdaf9464bb41ece2.rmeta --extern serde=/opt/rustwide/target/debug/deps/libserde-730412b012cad60f.rmeta --extern serde_json=/opt/rustwide/target/debug/deps/libserde_json-75d0069d5daa89f7.rmeta --extern tokio=/opt/rustwide/target/debug/deps/libtokio-5dae082b0319c50b.rmeta --extern url=/opt/rustwide/target/debug/deps/liburl-cda3ee99a1e79260.rmeta --extern url_serde=/opt/rustwide/target/debug/deps/liburl_serde-329ad374ca0037c6.rmeta --cap-lints=warn --crate-version 0.4.0` (exit status: 1)
[INFO] [stderr] warning: build failed, waiting for other jobs to finish...
[INFO] [stdout] error[E0554]: `#![feature]` may not be used on the stable release channel
[INFO] [stdout]   --> src/lib.rs:19:1
[INFO] [stdout]    |
[INFO] [stdout] 19 | #![feature(custom_attribute)]
[INFO] [stdout]    | ^^^^^^^^^^^^^^^^^^^^^^^^^^^^^
[INFO] [stdout] 
[INFO] [stdout] 
[INFO] [stdout] error[E0554]: `#![feature]` may not be used on the stable release channel
[INFO] [stdout]   --> src/lib.rs:20:1
[INFO] [stdout]    |
[INFO] [stdout] 20 | #![feature(futures_api, async_await, await_macro)]
[INFO] [stdout]    | ^^^^^^^^^^^^^^^^^^^^^^^^^^^^^^^^^^^^^^^^^^^^^^^^^^
[INFO] [stdout]    |
[INFO] [stdout]    = help: the feature `async_await` has been stable since `1.39.0` and no longer requires an attribute to enable
[INFO] [stdout] 
[INFO] [stdout] 
[INFO] [stdout] warning: unused import: `futures::compat::Future01CompatExt`
[INFO] [stdout]   --> src/client.rs:20:5
[INFO] [stdout]    |
[INFO] [stdout] 20 | use futures::compat::Future01CompatExt;
[INFO] [stdout]    |     ^^^^^^^^^^^^^^^^^^^^^^^^^^^^^^^^^^
[INFO] [stdout]    |
[INFO] [stdout]    = note: `#[warn(unused_imports)]` on by default
[INFO] [stdout] 
[INFO] [stdout] 
[INFO] [stdout] warning: unnecessary trailing semicolon
[INFO] [stdout]    --> src/messages.rs:376:10
[INFO] [stdout]     |
[INFO] [stdout] 376 |         };
[INFO] [stdout]     |          ^ help: remove this semicolon
[INFO] [stdout]     |
[INFO] [stdout]     = note: `#[warn(redundant_semicolons)]` on by default
[INFO] [stdout] 
[INFO] [stdout] 
[INFO] [stdout] warning: the feature `async_await` has been stable since 1.39.0 and no longer requires an attribute to enable
[INFO] [stdout]   --> src/lib.rs:20:25
[INFO] [stdout]    |
[INFO] [stdout] 20 | #![feature(futures_api, async_await, await_macro)]
[INFO] [stdout]    |                         ^^^^^^^^^^^
[INFO] [stdout]    |
[INFO] [stdout]    = note: `#[warn(stable_features)]` on by default
[INFO] [stdout] 
[INFO] [stdout] 
[INFO] [stdout] error[E0554]: `#![feature]` may not be used on the stable release channel
[INFO] [stdout]   --> src/lib.rs:20:12
[INFO] [stdout]    |
[INFO] [stdout] 20 | #![feature(futures_api, async_await, await_macro)]
[INFO] [stdout]    |            ^^^^^^^^^^^
[INFO] [stdout] 
[INFO] [stdout] 
[INFO] [stdout] warning: the feature `futures_api` has been stable since 1.36.0 and no longer requires an attribute to enable
[INFO] [stdout]   --> src/lib.rs:20:12
[INFO] [stdout]    |
[INFO] [stdout] 20 | #![feature(futures_api, async_await, await_macro)]
[INFO] [stdout]    |            ^^^^^^^^^^^
[INFO] [stdout] 
[INFO] [stdout] 
[INFO] [stdout] warning: unused import: `futures_stable::Stream`
[INFO] [stdout]   --> src/client.rs:21:5
[INFO] [stdout]    |
[INFO] [stdout] 21 | use futures_stable::Stream;
[INFO] [stdout]    |     ^^^^^^^^^^^^^^^^^^^^^^
[INFO] [stdout] 
[INFO] [stdout] 
[INFO] [stdout] error: aborting due to 22 previous errors; 5 warnings emitted
[INFO] [stdout] 
[INFO] [stdout] 
[INFO] [stdout] Some errors have detailed explanations: E0554, E0557.
[INFO] [stdout] 
[INFO] [stdout] For more information about an error, try `rustc --explain E0554`.
[INFO] [stdout] 
[INFO] [stderr] error: could not compile `prometheus-query` (lib) due to 23 previous errors; 5 warnings emitted
[INFO] running `Command { std: "docker" "inspect" "6880f15a09e6876e0a8ca8ab5b540c1045e6bd8816ad9c1dec89aed45d20cc80", kill_on_drop: false }`
[INFO] running `Command { std: "docker" "rm" "-f" "6880f15a09e6876e0a8ca8ab5b540c1045e6bd8816ad9c1dec89aed45d20cc80", kill_on_drop: false }`
[INFO] [stdout] 6880f15a09e6876e0a8ca8ab5b540c1045e6bd8816ad9c1dec89aed45d20cc80
[INFO] documenting prometheus-query-0.4.0 against beta-2023-12-22 for beta-1.76-rustdoc-1
[INFO] extracting crate prometheus-query 0.4.0 into /workspace/builds/worker-6-tc2/source
[INFO] validating manifest of crates.io crate prometheus-query 0.4.0 on toolchain beta-2023-12-22
[INFO] running `Command { std: CARGO_HOME="/workspace/cargo-home" RUSTUP_HOME="/workspace/rustup-home" "/workspace/cargo-home/bin/cargo" "+beta-2023-12-22" "metadata" "--manifest-path" "Cargo.toml" "--no-deps", kill_on_drop: false }`
[INFO] started tweaking crates.io crate prometheus-query 0.4.0
[INFO] finished tweaking crates.io crate prometheus-query 0.4.0
[INFO] tweaked toml for crates.io crate prometheus-query 0.4.0 written to /workspace/builds/worker-6-tc2/source/Cargo.toml
[INFO] running `Command { std: CARGO_HOME="/workspace/cargo-home" RUSTUP_HOME="/workspace/rustup-home" "/workspace/cargo-home/bin/cargo" "+beta-2023-12-22" "generate-lockfile" "--manifest-path" "Cargo.toml", kill_on_drop: false }`
[INFO] [stderr]     Updating crates.io index
[INFO] running `Command { std: CARGO_HOME="/workspace/cargo-home" RUSTUP_HOME="/workspace/rustup-home" "/workspace/cargo-home/bin/cargo" "+beta-2023-12-22" "fetch" "--manifest-path" "Cargo.toml", kill_on_drop: false }`
[INFO] running `Command { std: "docker" "create" "-v" "/var/lib/crater-agent-workspace/builds/worker-6-tc2/target:/opt/rustwide/target:rw,Z" "-v" "/var/lib/crater-agent-workspace/builds/worker-6-tc2/source:/opt/rustwide/workdir:ro,Z" "-v" "/var/lib/crater-agent-workspace/cargo-home:/opt/rustwide/cargo-home:ro,Z" "-v" "/var/lib/crater-agent-workspace/rustup-home:/opt/rustwide/rustup-home:ro,Z" "-e" "SOURCE_DIR=/opt/rustwide/workdir" "-e" "CARGO_TARGET_DIR=/opt/rustwide/target" "-e" "CARGO_HOME=/opt/rustwide/cargo-home" "-e" "RUSTUP_HOME=/opt/rustwide/rustup-home" "-w" "/opt/rustwide/workdir" "-m" "1610612736" "--user" "0:0" "--network" "none" "ghcr.io/rust-lang/crates-build-env/linux@sha256:2788e3201cd34a07e3172128adcd8b3090168a8e3bcc40d7c032b9dda1df7d1c" "/opt/rustwide/cargo-home/bin/cargo" "+beta-2023-12-22" "metadata" "--no-deps" "--format-version=1", kill_on_drop: false }`
[INFO] [stdout] 2b1f347afa8ca153af5ceb6d2d16a4698d0fafed073960dde737c6bf348f0312
[INFO] running `Command { std: "docker" "start" "-a" "2b1f347afa8ca153af5ceb6d2d16a4698d0fafed073960dde737c6bf348f0312", kill_on_drop: false }`
[INFO] running `Command { std: "docker" "inspect" "2b1f347afa8ca153af5ceb6d2d16a4698d0fafed073960dde737c6bf348f0312", kill_on_drop: false }`
[INFO] running `Command { std: "docker" "rm" "-f" "2b1f347afa8ca153af5ceb6d2d16a4698d0fafed073960dde737c6bf348f0312", kill_on_drop: false }`
[INFO] [stdout] 2b1f347afa8ca153af5ceb6d2d16a4698d0fafed073960dde737c6bf348f0312
[INFO] running `Command { std: "docker" "create" "-v" "/var/lib/crater-agent-workspace/builds/worker-6-tc2/target:/opt/rustwide/target:rw,Z" "-v" "/var/lib/crater-agent-workspace/builds/worker-6-tc2/source:/opt/rustwide/workdir:ro,Z" "-v" "/var/lib/crater-agent-workspace/cargo-home:/opt/rustwide/cargo-home:ro,Z" "-v" "/var/lib/crater-agent-workspace/rustup-home:/opt/rustwide/rustup-home:ro,Z" "-e" "SOURCE_DIR=/opt/rustwide/workdir" "-e" "CARGO_TARGET_DIR=/opt/rustwide/target" "-e" "CARGO_INCREMENTAL=0" "-e" "RUST_BACKTRACE=full" "-e" "RUSTFLAGS=--cap-lints=warn" "-e" "RUSTDOCFLAGS=--cap-lints=warn" "-e" "CARGO_HOME=/opt/rustwide/cargo-home" "-e" "RUSTUP_HOME=/opt/rustwide/rustup-home" "-w" "/opt/rustwide/workdir" "-m" "1610612736" "--user" "0:0" "--network" "none" "ghcr.io/rust-lang/crates-build-env/linux@sha256:2788e3201cd34a07e3172128adcd8b3090168a8e3bcc40d7c032b9dda1df7d1c" "/opt/rustwide/cargo-home/bin/cargo" "+beta-2023-12-22" "doc" "--frozen" "--no-deps" "--document-private-items" "--message-format=json", kill_on_drop: false }`
[INFO] [stdout] a0285c7a7bc1d28a00d260b114d1f6c9cae64f331ae26d69f3489c4280fe6a21
[INFO] running `Command { std: "docker" "start" "-a" "a0285c7a7bc1d28a00d260b114d1f6c9cae64f331ae26d69f3489c4280fe6a21", kill_on_drop: false }`
[INFO] [stderr]    Compiling proc-macro2 v1.0.76
[INFO] [stderr]     Checking tokio-codec v0.1.2
[INFO] [stderr]     Checking mio-uds v0.6.8
[INFO] [stderr]     Checking futures-core-preview v0.3.0-alpha.19
[INFO] [stderr]     Checking futures-sink-preview v0.3.0-alpha.19
[INFO] [stderr]     Checking tokio-fs v0.1.7
[INFO] [stderr]    Compiling num-traits v0.2.17
[INFO] [stderr]     Checking futures-io-preview v0.3.0-alpha.19
[INFO] [stderr]     Checking tokio-uds v0.2.7
[INFO] [stderr]     Checking tokio-udp v0.1.6
[INFO] [stderr]     Checking futures-channel-preview v0.3.0-alpha.19
[INFO] [stderr]     Checking tokio v0.1.22
[INFO] [stderr]     Checking futures-util-preview v0.3.0-alpha.19
[INFO] [stderr]    Compiling quote v1.0.35
[INFO] [stderr]     Checking hyper v0.12.36
[INFO] [stderr]    Compiling syn v2.0.48
[INFO] [stderr]     Checking futures-executor-preview v0.3.0-alpha.19
[INFO] [stderr]     Checking futures-preview v0.3.0-alpha.19
[INFO] [stderr]    Compiling serde_derive v1.0.195
[INFO] [stderr]    Compiling openssl-macros v0.1.1
[INFO] [stderr]     Checking openssl v0.10.62
[INFO] [stderr]     Checking serde v1.0.195
[INFO] [stderr]     Checking native-tls v0.2.11
[INFO] [stderr]     Checking hyper-tls v0.3.2
[INFO] [stderr]     Checking chrono v0.4.31
[INFO] [stderr]     Checking url_serde v0.2.0
[INFO] [stderr]     Checking serde_json v1.0.111
[INFO] [stderr]  Documenting prometheus-query v0.4.0 (/opt/rustwide/workdir)
[INFO] [stderr]     Checking prometheus-query v0.4.0 (/opt/rustwide/workdir)
[INFO] [stdout] error[E0557]: feature has been removed
[INFO] [stdout]   --> src/lib.rs:19:12
[INFO] [stdout]    |
[INFO] [stdout] 19 | #![feature(custom_attribute)]
[INFO] [stdout]    |            ^^^^^^^^^^^^^^^^ feature has been removed
[INFO] [stdout]    |
[INFO] [stdout]    = note: removed in favor of `#![register_tool]` and `#![register_attr]`
[INFO] [stdout] 
[INFO] [stdout] 
[INFO] [stdout] error[E0557]: feature has been removed
[INFO] [stdout]   --> src/lib.rs:20:38
[INFO] [stdout]    |
[INFO] [stdout] 20 | #![feature(futures_api, async_await, await_macro)]
[INFO] [stdout]    |                                      ^^^^^^^^^^^ feature has been removed
[INFO] [stdout]    |
[INFO] [stdout]    = note: subsumed by `.await` syntax
[INFO] [stdout] 
[INFO] [stdout] 
[INFO] [stdout] error: Compilation failed, aborting rustdoc
[INFO] [stdout] 
[INFO] [stdout] 
[INFO] [stdout] error: aborting due to 3 previous errors
[INFO] [stdout] 
[INFO] [stdout] 
[INFO] [stdout] For more information about this error, try `rustc --explain E0557`.
[INFO] [stdout] 
[INFO] [stderr] error: could not document `prometheus-query`
[INFO] [stderr] 
[INFO] [stderr] Caused by:
[INFO] [stderr]   process didn't exit successfully: `/opt/rustwide/rustup-home/toolchains/beta-2023-12-22-x86_64-unknown-linux-gnu/bin/rustdoc --edition=2018 --crate-type lib --crate-name prometheus_query src/lib.rs -o /opt/rustwide/target/doc --error-format=json --json=diagnostic-rendered-ansi,artifacts,future-incompat --document-private-items -C metadata=df29353dc4969bb4 -L dependency=/opt/rustwide/target/debug/deps --extern chrono=/opt/rustwide/target/debug/deps/libchrono-d1de2d248363d379.rmeta --extern clap=/opt/rustwide/target/debug/deps/libclap-0c9687a17ea8bb02.rmeta --extern futures_stable=/opt/rustwide/target/debug/deps/libfutures-4dcad6df17903052.rmeta --extern futures=/opt/rustwide/target/debug/deps/libfutures-aa1bba90f52ca095.rmeta --extern futures_util=/opt/rustwide/target/debug/deps/libfutures_util-8df071c1c90804b0.rmeta --extern http=/opt/rustwide/target/debug/deps/libhttp-a51e232dc6a14e83.rmeta --extern hyper=/opt/rustwide/target/debug/deps/libhyper-8e24df5aee8e9137.rmeta --extern hyper_tls=/opt/rustwide/target/debug/deps/libhyper_tls-f7564de67116314b.rmeta --extern native_tls=/opt/rustwide/target/debug/deps/libnative_tls-b88a9afd7c267dcf.rmeta --extern serde=/opt/rustwide/target/debug/deps/libserde-7fd202ba188d07fb.rmeta --extern serde_json=/opt/rustwide/target/debug/deps/libserde_json-a587cb7005305bf7.rmeta --extern tokio=/opt/rustwide/target/debug/deps/libtokio-b9e40507d8c11fbb.rmeta --extern url=/opt/rustwide/target/debug/deps/liburl-60ccc1bdd5abb837.rmeta --extern url_serde=/opt/rustwide/target/debug/deps/liburl_serde-4d567f8435d6daca.rmeta --cap-lints=warn --crate-version 0.4.0` (exit status: 1)
[INFO] [stderr] warning: build failed, waiting for other jobs to finish...
[INFO] [stdout] error[E0557]: feature has been removed
[INFO] [stdout]   --> src/lib.rs:19:12
[INFO] [stdout]    |
[INFO] [stdout] 19 | #![feature(custom_attribute)]
[INFO] [stdout]    |            ^^^^^^^^^^^^^^^^ feature has been removed
[INFO] [stdout]    |
[INFO] [stdout]    = note: removed in favor of `#![register_tool]` and `#![register_attr]`
[INFO] [stdout] 
[INFO] [stdout] 
[INFO] [stdout] error[E0557]: feature has been removed
[INFO] [stdout]   --> src/lib.rs:20:38
[INFO] [stdout]    |
[INFO] [stdout] 20 | #![feature(futures_api, async_await, await_macro)]
[INFO] [stdout]    |                                      ^^^^^^^^^^^ feature has been removed
[INFO] [stdout]    |
[INFO] [stdout]    = note: subsumed by `.await` syntax
[INFO] [stdout] 
[INFO] [stdout] 
[INFO] [stdout] error: incorrect use of `await`
[INFO] [stdout]   --> src/client.rs:86:9
[INFO] [stdout]    |
[INFO] [stdout] 86 |         await!(self.make_http_get_api_call(u))
[INFO] [stdout]    |         ^^^^^^^^^^^^^^^^^^^^^^^^^^^^^^^^^^^^^^ help: `await` is a postfix operation: `self.make_http_get_api_call(u).await`
[INFO] [stdout] 
[INFO] [stdout] 
[INFO] [stdout] error: incorrect use of `await`
[INFO] [stdout]    --> src/client.rs:113:9
[INFO] [stdout]     |
[INFO] [stdout] 113 |         await!(self.make_http_get_api_call(u))
[INFO] [stdout]     |         ^^^^^^^^^^^^^^^^^^^^^^^^^^^^^^^^^^^^^^ help: `await` is a postfix operation: `self.make_http_get_api_call(u).await`
[INFO] [stdout] 
[INFO] [stdout] 
[INFO] [stdout] error: incorrect use of `await`
[INFO] [stdout]    --> src/client.rs:136:9
[INFO] [stdout]     |
[INFO] [stdout] 136 |         await!(self.make_http_get_api_call(u))
[INFO] [stdout]     |         ^^^^^^^^^^^^^^^^^^^^^^^^^^^^^^^^^^^^^^ help: `await` is a postfix operation: `self.make_http_get_api_call(u).await`
[INFO] [stdout] 
[INFO] [stdout] 
[INFO] [stdout] error: incorrect use of `await`
[INFO] [stdout]    --> src/client.rs:142:9
[INFO] [stdout]     |
[INFO] [stdout] 142 |         await!(self.make_http_get_api_call(u))
[INFO] [stdout]     |         ^^^^^^^^^^^^^^^^^^^^^^^^^^^^^^^^^^^^^^ help: `await` is a postfix operation: `self.make_http_get_api_call(u).await`
[INFO] [stdout] 
[INFO] [stdout] 
[INFO] [stdout] error: incorrect use of `await`
[INFO] [stdout]    --> src/client.rs:148:9
[INFO] [stdout]     |
[INFO] [stdout] 148 |         await!(self.make_http_get_api_call(u))
[INFO] [stdout]     |         ^^^^^^^^^^^^^^^^^^^^^^^^^^^^^^^^^^^^^^ help: `await` is a postfix operation: `self.make_http_get_api_call(u).await`
[INFO] [stdout] 
[INFO] [stdout] 
[INFO] [stdout] error: incorrect use of `await`
[INFO] [stdout]    --> src/client.rs:154:9
[INFO] [stdout]     |
[INFO] [stdout] 154 |         await!(self.make_http_get_api_call(u))
[INFO] [stdout]     |         ^^^^^^^^^^^^^^^^^^^^^^^^^^^^^^^^^^^^^^ help: `await` is a postfix operation: `self.make_http_get_api_call(u).await`
[INFO] [stdout] 
[INFO] [stdout] 
[INFO] [stdout] error: incorrect use of `await`
[INFO] [stdout]    --> src/client.rs:160:9
[INFO] [stdout]     |
[INFO] [stdout] 160 |         await!(self.make_http_get_api_call(u))
[INFO] [stdout]     |         ^^^^^^^^^^^^^^^^^^^^^^^^^^^^^^^^^^^^^^ help: `await` is a postfix operation: `self.make_http_get_api_call(u).await`
[INFO] [stdout] 
[INFO] [stdout] 
[INFO] [stdout] error: incorrect use of `await`
[INFO] [stdout]    --> src/client.rs:166:9
[INFO] [stdout]     |
[INFO] [stdout] 166 |         await!(self.make_http_get_api_call(u))
[INFO] [stdout]     |         ^^^^^^^^^^^^^^^^^^^^^^^^^^^^^^^^^^^^^^ help: `await` is a postfix operation: `self.make_http_get_api_call(u).await`
[INFO] [stdout] 
[INFO] [stdout] 
[INFO] [stdout] error: incorrect use of `await`
[INFO] [stdout]    --> src/client.rs:172:9
[INFO] [stdout]     |
[INFO] [stdout] 172 |         await!(self.make_http_get_api_call(u))
[INFO] [stdout]     |         ^^^^^^^^^^^^^^^^^^^^^^^^^^^^^^^^^^^^^^ help: `await` is a postfix operation: `self.make_http_get_api_call(u).await`
[INFO] [stdout] 
[INFO] [stdout] 
[INFO] [stdout] error: incorrect use of `await`
[INFO] [stdout]    --> src/client.rs:176:20
[INFO] [stdout]     |
[INFO] [stdout] 176 |         let resp = await!(self.client.get(u).compat())?;
[INFO] [stdout]     |                    ^^^^^^^^^^^^^^^^^^^^^^^^^^^^^^^^^^^ help: `await` is a postfix operation: `self.client.get(u).compat().await`
[INFO] [stdout] 
[INFO] [stdout] 
[INFO] [stdout] error: incorrect use of `await`
[INFO] [stdout]    --> src/client.rs:177:20
[INFO] [stdout]     |
[INFO] [stdout] 177 |         let body = await!(resp.into_body().concat2().compat())?;
[INFO] [stdout]     |                    ^^^^^^^^^^^^^^^^^^^^^^^^^^^^^^^^^^^^^^^^^^^ help: `await` is a postfix operation: `resp.into_body().concat2().compat().await`
[INFO] [stdout] 
[INFO] [stdout] 
[INFO] [stdout] error: incorrect use of `await`
[INFO] [stdout]    --> src/client.rs:216:20
[INFO] [stdout]     |
[INFO] [stdout] 216 |         let resp = await!(self.client.request(post).compat())?;
[INFO] [stdout]     |                    ^^^^^^^^^^^^^^^^^^^^^^^^^^^^^^^^^^^^^^^^^^ help: `await` is a postfix operation: `self.client.request(post).compat().await`
[INFO] [stdout] 
[INFO] [stdout] 
[INFO] [stdout] error: incorrect use of `await`
[INFO] [stdout]    --> src/client.rs:217:20
[INFO] [stdout]     |
[INFO] [stdout] 217 |         let body = await!(resp.into_body().concat2().compat())?;
[INFO] [stdout]     |                    ^^^^^^^^^^^^^^^^^^^^^^^^^^^^^^^^^^^^^^^^^^^ help: `await` is a postfix operation: `resp.into_body().concat2().compat().await`
[INFO] [stdout] 
[INFO] [stdout] 
[INFO] [stdout] error: incorrect use of `await`
[INFO] [stdout]    --> src/client.rs:233:20
[INFO] [stdout]     |
[INFO] [stdout] 233 |         let resp = await!(self.client.request(post).compat())?;
[INFO] [stdout]     |                    ^^^^^^^^^^^^^^^^^^^^^^^^^^^^^^^^^^^^^^^^^^ help: `await` is a postfix operation: `self.client.request(post).compat().await`
[INFO] [stdout] 
[INFO] [stdout] 
[INFO] [stdout] error: incorrect use of `await`
[INFO] [stdout]    --> src/client.rs:234:20
[INFO] [stdout]     |
[INFO] [stdout] 234 |         let body = await!(resp.into_body().concat2().compat())?;
[INFO] [stdout]     |                    ^^^^^^^^^^^^^^^^^^^^^^^^^^^^^^^^^^^^^^^^^^^ help: `await` is a postfix operation: `resp.into_body().concat2().compat().await`
[INFO] [stdout] 
[INFO] [stdout] 
[INFO] [stdout] error: incorrect use of `await`
[INFO] [stdout]    --> src/client.rs:249:20
[INFO] [stdout]     |
[INFO] [stdout] 249 |         let resp = await!(self.client.request(post).compat())?;
[INFO] [stdout]     |                    ^^^^^^^^^^^^^^^^^^^^^^^^^^^^^^^^^^^^^^^^^^ help: `await` is a postfix operation: `self.client.request(post).compat().await`
[INFO] [stdout] 
[INFO] [stdout] 
[INFO] [stdout] error: incorrect use of `await`
[INFO] [stdout]    --> src/client.rs:250:20
[INFO] [stdout]     |
[INFO] [stdout] 250 |         let body = await!(resp.into_body().concat2().compat())?;
[INFO] [stdout]     |                    ^^^^^^^^^^^^^^^^^^^^^^^^^^^^^^^^^^^^^^^^^^^ help: `await` is a postfix operation: `resp.into_body().concat2().compat().await`
[INFO] [stdout] 
[INFO] [stdout] 
[INFO] [stdout] error[E0554]: `#![feature]` may not be used on the beta release channel
[INFO] [stdout]   --> src/lib.rs:19:1
[INFO] [stdout]    |
[INFO] [stdout] 19 | #![feature(custom_attribute)]
[INFO] [stdout]    | ^^^^^^^^^^^^^^^^^^^^^^^^^^^^^
[INFO] [stdout] 
[INFO] [stdout] 
[INFO] [stdout] error[E0554]: `#![feature]` may not be used on the beta release channel
[INFO] [stdout]   --> src/lib.rs:20:1
[INFO] [stdout]    |
[INFO] [stdout] 20 | #![feature(futures_api, async_await, await_macro)]
[INFO] [stdout]    | ^^^^^^^^^^^^^^^^^^^^^^^^^^^^^^^^^^^^^^^^^^^^^^^^^^
[INFO] [stdout]    |
[INFO] [stdout]    = help: the feature `async_await` has been stable since `1.39.0` and no longer requires an attribute to enable
[INFO] [stdout] 
[INFO] [stdout] 
[INFO] [stdout] warning: unused import: `futures::compat::Future01CompatExt`
[INFO] [stdout]   --> src/client.rs:20:5
[INFO] [stdout]    |
[INFO] [stdout] 20 | use futures::compat::Future01CompatExt;
[INFO] [stdout]    |     ^^^^^^^^^^^^^^^^^^^^^^^^^^^^^^^^^^
[INFO] [stdout]    |
[INFO] [stdout]    = note: `#[warn(unused_imports)]` on by default
[INFO] [stdout] 
[INFO] [stdout] 
[INFO] [stdout] warning: unnecessary trailing semicolon
[INFO] [stdout]    --> src/messages.rs:376:10
[INFO] [stdout]     |
[INFO] [stdout] 376 |         };
[INFO] [stdout]     |          ^ help: remove this semicolon
[INFO] [stdout]     |
[INFO] [stdout]     = note: `#[warn(redundant_semicolons)]` on by default
[INFO] [stdout] 
[INFO] [stdout] 
[INFO] [stdout] warning: the feature `async_await` has been stable since 1.39.0 and no longer requires an attribute to enable
[INFO] [stdout]   --> src/lib.rs:20:25
[INFO] [stdout]    |
[INFO] [stdout] 20 | #![feature(futures_api, async_await, await_macro)]
[INFO] [stdout]    |                         ^^^^^^^^^^^
[INFO] [stdout]    |
[INFO] [stdout]    = note: `#[warn(stable_features)]` on by default
[INFO] [stdout] 
[INFO] [stdout] 
[INFO] [stdout] error[E0554]: `#![feature]` may not be used on the beta release channel
[INFO] [stdout]   --> src/lib.rs:20:12
[INFO] [stdout]    |
[INFO] [stdout] 20 | #![feature(futures_api, async_await, await_macro)]
[INFO] [stdout]    |            ^^^^^^^^^^^
[INFO] [stdout] 
[INFO] [stdout] 
[INFO] [stdout] warning: the feature `futures_api` has been stable since 1.36.0 and no longer requires an attribute to enable
[INFO] [stdout]   --> src/lib.rs:20:12
[INFO] [stdout]    |
[INFO] [stdout] 20 | #![feature(futures_api, async_await, await_macro)]
[INFO] [stdout]    |            ^^^^^^^^^^^
[INFO] [stdout] 
[INFO] [stdout] 
[INFO] [stdout] warning: unused import: `futures_stable::Stream`
[INFO] [stdout]   --> src/client.rs:21:5
[INFO] [stdout]    |
[INFO] [stdout] 21 | use futures_stable::Stream;
[INFO] [stdout]    |     ^^^^^^^^^^^^^^^^^^^^^^
[INFO] [stdout] 
[INFO] [stdout] 
[INFO] [stdout] error: aborting due to 22 previous errors; 5 warnings emitted
[INFO] [stdout] 
[INFO] [stdout] 
[INFO] [stdout] Some errors have detailed explanations: E0554, E0557.
[INFO] [stdout] 
[INFO] [stdout] For more information about an error, try `rustc --explain E0554`.
[INFO] [stdout] 
[INFO] [stderr] error: could not compile `prometheus-query` (lib) due to 23 previous errors; 5 warnings emitted
[INFO] running `Command { std: "docker" "inspect" "a0285c7a7bc1d28a00d260b114d1f6c9cae64f331ae26d69f3489c4280fe6a21", kill_on_drop: false }`
[INFO] running `Command { std: "docker" "rm" "-f" "a0285c7a7bc1d28a00d260b114d1f6c9cae64f331ae26d69f3489c4280fe6a21", kill_on_drop: false }`
[INFO] [stdout] a0285c7a7bc1d28a00d260b114d1f6c9cae64f331ae26d69f3489c4280fe6a21
