[INFO] fetching crate product-os-crawler 0.0.6...
[INFO] documenting product-os-crawler-0.0.6 against 1.75.0 for beta-1.76-rustdoc-1
[INFO] extracting crate product-os-crawler 0.0.6 into /workspace/builds/worker-3-tc1/source
[INFO] validating manifest of crates.io crate product-os-crawler 0.0.6 on toolchain 1.75.0
[INFO] running `Command { std: CARGO_HOME="/workspace/cargo-home" RUSTUP_HOME="/workspace/rustup-home" "/workspace/cargo-home/bin/cargo" "+1.75.0" "metadata" "--manifest-path" "Cargo.toml" "--no-deps", kill_on_drop: false }`
[INFO] started tweaking crates.io crate product-os-crawler 0.0.6
[INFO] finished tweaking crates.io crate product-os-crawler 0.0.6
[INFO] tweaked toml for crates.io crate product-os-crawler 0.0.6 written to /workspace/builds/worker-3-tc1/source/Cargo.toml
[INFO] running `Command { std: CARGO_HOME="/workspace/cargo-home" RUSTUP_HOME="/workspace/rustup-home" "/workspace/cargo-home/bin/cargo" "+1.75.0" "generate-lockfile" "--manifest-path" "Cargo.toml", kill_on_drop: false }`
[INFO] [stderr]     Updating crates.io index
[INFO] running `Command { std: CARGO_HOME="/workspace/cargo-home" RUSTUP_HOME="/workspace/rustup-home" "/workspace/cargo-home/bin/cargo" "+1.75.0" "fetch" "--manifest-path" "Cargo.toml", kill_on_drop: false }`
[INFO] [stderr]  Downloading crates ...
[INFO] [stderr]   Downloaded sxd-xpath v0.4.2
[INFO] [stderr]   Downloaded urlparse v0.7.3
[INFO] [stderr]   Downloaded thirtyfour-macros v0.1.1
[INFO] [stderr]   Downloaded product-os-utilities v0.0.13
[INFO] [stderr]   Downloaded stringmatch v0.4.0
[INFO] [stderr]   Downloaded sxd-document v0.3.2
[INFO] [stderr]   Downloaded core-error v0.0.1-rc4
[INFO] [stderr]   Downloaded product-os-async-executor v0.0.12
[INFO] [stderr]   Downloaded product-os-request v0.0.18
[INFO] [stderr]   Downloaded hyper-tungstenite v0.8.2
[INFO] [stderr]   Downloaded thirtyfour v0.31.0
[INFO] [stderr]   Downloaded product-os-store v0.0.11
[INFO] [stderr]   Downloaded product-os-http v0.0.3
[INFO] [stderr]   Downloaded product-os-connector v0.0.10
[INFO] [stderr]   Downloaded moka v0.9.9
[INFO] [stderr]   Downloaded product-os-random v0.0.14
[INFO] [stderr]   Downloaded product-os-proxy v0.0.4
[INFO] [stderr]   Downloaded tower-default-headers v0.1.1
[INFO] [stderr]   Downloaded jwt-compact v0.8.0
[INFO] [stderr]   Downloaded axum-macros v0.3.8
[INFO] [stderr]   Downloaded axum-extra v0.8.0
[INFO] [stderr]   Downloaded product-os-openapi v0.0.4
[INFO] [stderr]   Downloaded serde_html_form v0.2.3
[INFO] [stderr]   Downloaded product-os-http-body v0.0.2
[INFO] [stderr]   Downloaded product-os-router v0.0.9
[INFO] [stderr]   Downloaded product-os-configuration v0.0.14
[INFO] [stderr]   Downloaded ipnetwork v0.19.0
[INFO] [stderr]   Downloaded triomphe v0.1.11
[INFO] [stderr]   Downloaded csp v0.1.0
[INFO] [stderr]   Downloaded product-os-server v0.0.13
[INFO] [stderr]   Downloaded product-os-capabilities v0.0.11
[INFO] [stderr]   Downloaded product-os-http-body-util v0.0.3
[INFO] [stderr]   Downloaded der_derive v0.7.2
[INFO] [stderr]   Downloaded product-os-security v0.0.16
[INFO] [stderr]   Downloaded mac_address v1.1.5
[INFO] [stderr]   Downloaded peresil v0.3.0
[INFO] [stderr]   Downloaded product-os-browser v0.0.28
[INFO] running `Command { std: "docker" "create" "-v" "/var/lib/crater-agent-workspace/builds/worker-3-tc1/target:/opt/rustwide/target:rw,Z" "-v" "/var/lib/crater-agent-workspace/builds/worker-3-tc1/source:/opt/rustwide/workdir:ro,Z" "-v" "/var/lib/crater-agent-workspace/cargo-home:/opt/rustwide/cargo-home:ro,Z" "-v" "/var/lib/crater-agent-workspace/rustup-home:/opt/rustwide/rustup-home:ro,Z" "-e" "SOURCE_DIR=/opt/rustwide/workdir" "-e" "CARGO_TARGET_DIR=/opt/rustwide/target" "-e" "CARGO_HOME=/opt/rustwide/cargo-home" "-e" "RUSTUP_HOME=/opt/rustwide/rustup-home" "-w" "/opt/rustwide/workdir" "-m" "1610612736" "--user" "0:0" "--network" "none" "ghcr.io/rust-lang/crates-build-env/linux@sha256:2788e3201cd34a07e3172128adcd8b3090168a8e3bcc40d7c032b9dda1df7d1c" "/opt/rustwide/cargo-home/bin/cargo" "+1.75.0" "metadata" "--no-deps" "--format-version=1", kill_on_drop: false }`
[INFO] [stdout] 965797346e017a00eb97d7ba706b5d8d84c8e4ce12bb17238ccb75712ef9555a
[INFO] running `Command { std: "docker" "start" "-a" "965797346e017a00eb97d7ba706b5d8d84c8e4ce12bb17238ccb75712ef9555a", kill_on_drop: false }`
[INFO] running `Command { std: "docker" "inspect" "965797346e017a00eb97d7ba706b5d8d84c8e4ce12bb17238ccb75712ef9555a", kill_on_drop: false }`
[INFO] running `Command { std: "docker" "rm" "-f" "965797346e017a00eb97d7ba706b5d8d84c8e4ce12bb17238ccb75712ef9555a", kill_on_drop: false }`
[INFO] [stdout] 965797346e017a00eb97d7ba706b5d8d84c8e4ce12bb17238ccb75712ef9555a
[INFO] running `Command { std: "docker" "create" "-v" "/var/lib/crater-agent-workspace/builds/worker-3-tc1/target:/opt/rustwide/target:rw,Z" "-v" "/var/lib/crater-agent-workspace/builds/worker-3-tc1/source:/opt/rustwide/workdir:ro,Z" "-v" "/var/lib/crater-agent-workspace/cargo-home:/opt/rustwide/cargo-home:ro,Z" "-v" "/var/lib/crater-agent-workspace/rustup-home:/opt/rustwide/rustup-home:ro,Z" "-e" "SOURCE_DIR=/opt/rustwide/workdir" "-e" "CARGO_TARGET_DIR=/opt/rustwide/target" "-e" "CARGO_INCREMENTAL=0" "-e" "RUST_BACKTRACE=full" "-e" "RUSTFLAGS=--cap-lints=warn" "-e" "RUSTDOCFLAGS=--cap-lints=warn" "-e" "CARGO_HOME=/opt/rustwide/cargo-home" "-e" "RUSTUP_HOME=/opt/rustwide/rustup-home" "-w" "/opt/rustwide/workdir" "-m" "1610612736" "--user" "0:0" "--network" "none" "ghcr.io/rust-lang/crates-build-env/linux@sha256:2788e3201cd34a07e3172128adcd8b3090168a8e3bcc40d7c032b9dda1df7d1c" "/opt/rustwide/cargo-home/bin/cargo" "+1.75.0" "doc" "--frozen" "--no-deps" "--document-private-items" "--message-format=json", kill_on_drop: false }`
[INFO] [stdout] 1444ae7b0ff8cdc134258e05b9c50cf9a6dd0758fa28f12b87371b5f3d53a465
[INFO] running `Command { std: "docker" "start" "-a" "1444ae7b0ff8cdc134258e05b9c50cf9a6dd0758fa28f12b87371b5f3d53a465", kill_on_drop: false }`
[INFO] [stderr]    Compiling libc v0.2.151
[INFO] [stderr]    Compiling autocfg v1.1.0
[INFO] [stderr]    Compiling proc-macro2 v1.0.76
[INFO] [stderr]    Compiling unicode-ident v1.0.12
[INFO] [stderr]     Checking cfg-if v1.0.0
[INFO] [stderr]    Compiling version_check v0.9.4
[INFO] [stderr]     Checking itoa v1.0.10
[INFO] [stderr]     Checking once_cell v1.19.0
[INFO] [stderr]     Checking memchr v2.7.1
[INFO] [stderr]    Compiling typenum v1.17.0
[INFO] [stderr]     Checking pin-project-lite v0.2.13
[INFO] [stderr]     Checking smallvec v1.11.2
[INFO] [stderr]     Checking bytes v1.5.0
[INFO] [stderr]     Checking log v0.4.20
[INFO] [stderr]    Compiling lock_api v0.4.11
[INFO] [stderr]    Compiling generic-array v0.14.7
[INFO] [stderr]     Checking futures-core v0.3.30
[INFO] [stderr]    Compiling serde v1.0.195
[INFO] [stderr]    Compiling ahash v0.8.7
[INFO] [stderr]     Checking scopeguard v1.2.0
[INFO] [stderr]    Compiling slab v0.4.9
[INFO] [stderr]    Compiling parking_lot_core v0.9.9
[INFO] [stderr]     Checking futures-sink v0.3.30
[INFO] [stderr]    Compiling quote v1.0.35
[INFO] [stderr]     Checking futures-io v0.3.30
[INFO] [stderr]     Checking const-oid v0.9.6
[INFO] [stderr]    Compiling syn v2.0.48
[INFO] [stderr]     Checking futures-channel v0.3.30
[INFO] [stderr]     Checking pin-utils v0.1.0
[INFO] [stderr]     Checking zerocopy v0.7.32
[INFO] [stderr]     Checking futures-task v0.3.30
[INFO] [stderr]     Checking allocator-api2 v0.2.16
[INFO] [stderr]     Checking spin v0.9.8
[INFO] [stderr]     Checking tinyvec_macros v0.1.1
[INFO] [stderr]     Checking subtle v2.5.0
[INFO] [stderr]     Checking tinyvec v1.6.0
[INFO] [stderr]     Checking getrandom v0.2.11
[INFO] [stderr]     Checking num_cpus v1.16.0
[INFO] [stderr]     Checking hashbrown v0.14.3
[INFO] [stderr]    Compiling jobserver v0.1.27
[INFO] [stderr]     Checking parking_lot v0.12.1
[INFO] [stderr]     Checking mio v0.8.10
[INFO] [stderr]    Compiling cc v1.0.83
[INFO] [stderr]     Checking signal-hook-registry v1.4.1
[INFO] [stderr]     Checking socket2 v0.5.5
[INFO] [stderr]     Checking block-buffer v0.10.4
[INFO] [stderr]     Checking crypto-common v0.1.6
[INFO] [stderr]     Checking equivalent v1.0.1
[INFO] [stderr]    Compiling libm v0.2.8
[INFO] [stderr]     Checking unicode-normalization v0.1.22
[INFO] [stderr]     Checking digest v0.10.7
[INFO] [stderr]     Checking indexmap v2.1.0
[INFO] [stderr]    Compiling num-traits v0.2.17
[INFO] [stderr]     Checking fnv v1.0.7
[INFO] [stderr]     Checking unicode-bidi v0.3.14
[INFO] [stderr]     Checking http v0.2.11
[INFO] [stderr]    Compiling thiserror v1.0.56
[INFO] [stderr]     Checking untrusted v0.9.0
[INFO] [stderr]     Checking percent-encoding v2.3.1
[INFO] [stderr]     Checking rand_core v0.6.4
[INFO] [stderr]    Compiling time-core v0.1.2
[INFO] [stderr]     Checking form_urlencoded v1.2.1
[INFO] [stderr]     Checking spin v0.5.2
[INFO] [stderr]    Compiling time-macros v0.2.16
[INFO] [stderr]     Checking tracing-core v0.1.32
[INFO] [stderr]     Checking ppv-lite86 v0.2.17
[INFO] [stderr]     Checking ryu v1.0.16
[INFO] [stderr]     Checking idna v0.5.0
[INFO] [stderr]    Compiling num-integer v0.1.45
[INFO] [stderr]    Compiling ring v0.17.7
[INFO] [stderr]    Compiling ring v0.16.20
[INFO] [stderr]     Checking cpufeatures v0.2.12
[INFO] [stderr]     Checking rand_chacha v0.3.1
[INFO] [stderr]     Checking powerfmt v0.2.0
[INFO] [stderr]     Checking deranged v0.3.11
[INFO] [stderr]     Checking rand v0.8.5
[INFO] [stderr]    Compiling httparse v1.8.0
[INFO] [stderr]    Compiling serde_json v1.0.111
[INFO] [stderr]     Checking base64 v0.21.5
[INFO] [stderr]     Checking tower-service v0.3.2
[INFO] [stderr]     Checking byteorder v1.5.0
[INFO] [stderr]    Compiling rustls v0.20.9
[INFO] [stderr]     Checking bitflags v1.3.2
[INFO] [stderr]     Checking http-body v0.4.6
[INFO] [stderr]    Compiling pkg-config v0.3.28
[INFO] [stderr]     Checking try-lock v0.2.5
[INFO] [stderr]     Checking httpdate v1.0.3
[INFO] [stderr]     Checking want v0.3.1
[INFO] [stderr]    Compiling syn v1.0.109
[INFO] [stderr]    Compiling async-trait v0.1.77
[INFO] [stderr]    Compiling core-error v0.0.1-rc4
[INFO] [stderr]     Checking untrusted v0.7.1
[INFO] [stderr]     Checking no-std-compat v0.4.1
[INFO] [stderr]    Compiling rustversion v1.0.14
[INFO] [stderr]     Checking rustls-pemfile v1.0.4
[INFO] [stderr]    Compiling cookie v0.16.2
[INFO] [stderr]     Checking time v0.3.31
[INFO] [stderr]     Checking mime v0.3.17
[INFO] [stderr]     Checking sha1 v0.10.6
[INFO] [stderr]    Compiling num-bigint v0.4.4
[INFO] [stderr]     Checking iana-time-zone v0.1.59
[INFO] [stderr]    Compiling crc32fast v1.3.2
[INFO] [stderr]     Checking alloc-no-stdlib v2.0.4
[INFO] [stderr]     Checking utf-8 v0.7.6
[INFO] [stderr]     Checking alloc-stdlib v0.2.2
[INFO] [stderr]     Checking lazy_static v1.4.0
[INFO] [stderr]    Compiling rustls v0.21.10
[INFO] [stderr]     Checking data-encoding v2.5.0
[INFO] [stderr]     Checking base64 v0.13.1
[INFO] [stderr]     Checking adler v1.0.2
[INFO] [stderr]    Compiling crossbeam-utils v0.8.18
[INFO] [stderr]     Checking miniz_oxide v0.7.1
[INFO] [stderr]     Checking brotli-decompressor v2.5.1
[INFO] [stderr]    Compiling memoffset v0.6.5
[INFO] [stderr]     Checking flagset v0.4.4
[INFO] [stderr]     Checking tower-layer v0.3.2
[INFO] [stderr]     Checking minimal-lexical v0.2.1
[INFO] [stderr]    Compiling parking_lot_core v0.8.6
[INFO] [stderr]     Checking nom v7.1.3
[INFO] [stderr]     Checking flate2 v1.0.28
[INFO] [stderr]     Checking brotli v3.4.0
[INFO] [stderr]    Compiling axum-core v0.3.4
[INFO] [stderr]     Checking sha2 v0.10.8
[INFO] [stderr]     Checking idna v0.3.0
[INFO] [stderr]     Checking hmac v0.12.1
[INFO] [stderr]     Checking aho-corasick v1.1.2
[INFO] [stderr]    Compiling num-iter v0.1.43
[INFO] [stderr]    Compiling serde_derive v1.0.195
[INFO] [stderr]    Compiling futures-macro v0.3.30
[INFO] [stderr]    Compiling tokio-macros v2.2.0
[INFO] [stderr]    Compiling thiserror-impl v1.0.56
[INFO] [stderr]    Compiling tracing-attributes v0.1.27
[INFO] [stderr]    Compiling zeroize_derive v1.4.2
[INFO] [stderr]     Checking tokio v1.35.1
[INFO] [stderr]     Checking futures-util v0.3.30
[INFO] [stderr]     Checking zeroize v1.7.0
[INFO] [stderr]    Compiling pin-project-internal v1.1.3
[INFO] [stderr]    Compiling der_derive v0.7.2
[INFO] [stderr]     Checking tracing v0.1.40
[INFO] [stderr]     Checking regex-syntax v0.8.2
[INFO] [stderr]     Checking matches v0.1.10
[INFO] [stderr]     Checking psl-types v2.0.11
[INFO] [stderr]     Checking idna v0.2.3
[INFO] [stderr]     Checking publicsuffix v2.2.3
[INFO] [stderr]     Checking der v0.7.8
[INFO] [stderr]     Checking pin-project v1.1.3
[INFO] [stderr]    Compiling axum v0.6.20
[INFO] [stderr]     Checking product-os-http v0.0.3
[INFO] [stderr]     Checking headers-core v0.2.0
[INFO] [stderr]    Compiling anyhow v1.0.79
[INFO] [stderr]     Checking tokio-util v0.7.10
[INFO] [stderr]    Compiling num-bigint-dig v0.8.4
[INFO] [stderr]     Checking product-os-http-body v0.0.2
[INFO] [stderr]     Checking async-compression v0.4.5
[INFO] [stderr]     Checking tower v0.4.13
[INFO] [stderr]     Checking h2 v0.3.22
[INFO] [stderr]     Checking headers v0.3.9
[INFO] [stderr]     Checking futures-executor v0.3.30
[INFO] [stderr]     Checking encoding_rs v0.8.33
[INFO] [stderr]     Checking spki v0.7.3
[INFO] [stderr]    Compiling vcpkg v0.2.15
[INFO] [stderr]     Checking pkcs8 v0.10.2
[INFO] [stderr]     Checking regex-automata v0.4.3
[INFO] [stderr]     Checking sync_wrapper v0.1.2
[INFO] [stderr]     Checking ipnet v2.9.0
[INFO] [stderr]     Checking matchit v0.7.3
[INFO] [stderr]     Checking webpki-roots v0.25.3
[INFO] [stderr]     Checking pkcs1 v0.7.5
[INFO] [stderr]     Checking futures v0.3.30
[INFO] [stderr]    Compiling libz-sys v1.1.12
[INFO] [stderr]     Checking product-os-http-body-util v0.0.3
[INFO] [stderr]     Checking signature v2.2.0
[INFO] [stderr]     Checking url v2.5.0
[INFO] [stderr]     Checking chrono v0.4.31
[INFO] [stderr]     Checking serde_urlencoded v0.7.1
[INFO] [stderr]     Checking serde_path_to_error v0.1.15
[INFO] [stderr]     Checking regex v1.10.2
[INFO] [stderr]     Checking tungstenite v0.20.1
[INFO] [stderr]     Checking serde_html_form v0.2.3
[INFO] [stderr]    Compiling ahash v0.7.7
[INFO] [stderr]    Compiling indexmap v1.9.3
[INFO] [stderr]     Checking fiat-crypto v0.2.5
[INFO] [stderr]     Checking cookie_store v0.16.2
[INFO] [stderr]     Checking tokio-tungstenite v0.20.1
[INFO] [stderr]    Compiling rust_decimal v1.33.1
[INFO] [stderr]     Checking base64ct v1.6.0
[INFO] [stderr]     Checking inflections v1.1.1
[INFO] [stderr]     Checking hyper v0.14.28
[INFO] [stderr]    Compiling unicode-xid v0.2.4
[INFO] [stderr]     Checking product-os-random v0.0.14
[INFO] [stderr]     Checking jwt-compact v0.8.0
[INFO] [stderr]     Checking product-os-async-executor v0.0.12
[INFO] [stderr]    Compiling synstructure v0.12.6
[INFO] [stderr]     Checking rsa v0.9.6
[INFO] [stderr]     Checking tower-default-headers v0.1.1
[INFO] [stderr]    Compiling zstd-sys v2.0.9+zstd.1.5.5
[INFO] [stderr]     Checking blake2 v0.10.6
[INFO] [stderr]    Compiling instant v0.1.12
[INFO] [stderr]     Checking unsafe-libyaml v0.2.10
[INFO] [stderr]     Checking event-listener v2.5.3
[INFO] [stderr]    Compiling unicode-segmentation v1.10.1
[INFO] [stderr]    Compiling paste v1.0.14
[INFO] [stderr]    Compiling heck v0.4.1
[INFO] [stderr]     Checking serde_yaml v0.9.30
[INFO] [stderr]    Compiling asn1-rs-derive v0.4.0
[INFO] [stderr]     Checking serde_with v3.4.0
[INFO] [stderr]    Compiling asn1-rs-impl v0.1.0
[INFO] [stderr]     Checking rusticata-macros v4.1.0
[INFO] [stderr]    Compiling displaydoc v0.2.4
[INFO] [stderr]    Compiling libgit2-sys v0.13.5+1.4.5
[INFO] [stderr]     Checking overload v0.1.1
[INFO] [stderr]     Checking no-std-net v0.6.0
[INFO] [stderr]     Checking orion v0.17.6
[INFO] [stderr]     Checking xml-rs v0.8.19
[INFO] [stderr]    Compiling io-lifetimes v1.0.11
[INFO] [stderr]     Checking mopa v0.2.2
[INFO] [stderr]    Compiling either v1.9.0
[INFO] [stderr]    Compiling itertools v0.12.0
[INFO] [stderr]     Checking asn1-rs v0.5.2
[INFO] [stderr]     Checking product-os-security v0.0.16
[INFO] [stderr]     Checking nu-ansi-term v0.46.0
[INFO] [stdout] error[E0790]: cannot call associated function on trait without specifying the corresponding `impl` type
[INFO] [stdout]   --> /opt/rustwide/cargo-home/registry/src/index.crates.io-6f17d22bba15001f/product-os-security-0.0.16/src/x509_cert/ext/pkix/constraints/basic.rs:17:22
[INFO] [stdout]    |
[INFO] [stdout] 17 |     #[asn1(default = "Default::default")]
[INFO] [stdout]    |                      ^^^^^^^^^^^^^^^^^^ cannot call associated function of trait
[INFO] [stdout]    |
[INFO] [stdout] help: use a fully-qualified path to a specific available implementation
[INFO] [stdout]    |
[INFO] [stdout] 17 |     #[asn1(default = </* self type */ as "Default::default">)]
[INFO] [stdout]    |                      +++++++++++++++++++                   +
[INFO] [stdout] 
[INFO] [stdout] 
[INFO] [stdout] error[E0283]: type annotations needed
[INFO] [stdout]   --> /opt/rustwide/cargo-home/registry/src/index.crates.io-6f17d22bba15001f/product-os-security-0.0.16/src/x509_cert/ext/pkix/constraints/basic.rs:14:39
[INFO] [stdout]    |
[INFO] [stdout] 14 | #[derive(Clone, Debug, Eq, PartialEq, Sequence)]
[INFO] [stdout]    |                                       ^^^^^^^^ cannot infer type
[INFO] [stdout]    |
[INFO] [stdout]    = note: multiple `impl`s satisfying `bool: core::cmp::PartialEq<_>` found in the following crates: `core`, `serde_json`:
[INFO] [stdout]            - impl core::cmp::PartialEq for bool;
[INFO] [stdout]            - impl core::cmp::PartialEq<serde_json::Value> for bool;
[INFO] [stdout]    = note: required for `&bool` to implement `core::cmp::PartialEq<&_>`
[INFO] [stdout]    = note: this error originates in the derive macro `Sequence` (in Nightly builds, run with -Z macro-backtrace for more info)
[INFO] [stdout] 
[INFO] [stdout] 
[INFO] [stdout] error[E0790]: cannot call associated function on trait without specifying the corresponding `impl` type
[INFO] [stdout]   --> /opt/rustwide/cargo-home/registry/src/index.crates.io-6f17d22bba15001f/product-os-security-0.0.16/src/x509_cert/ext/pkix/constraints/name.rs:64:19
[INFO] [stdout]    |
[INFO] [stdout] 64 |         default = "Default::default"
[INFO] [stdout]    |                   ^^^^^^^^^^^^^^^^^^ cannot call associated function of trait
[INFO] [stdout]    |
[INFO] [stdout] help: use a fully-qualified path to a specific available implementation
[INFO] [stdout]    |
[INFO] [stdout] 64 |         default = </* self type */ as "Default::default">
[INFO] [stdout]    |                   +++++++++++++++++++                   +
[INFO] [stdout] 
[INFO] [stdout] 
[INFO] [stdout] error[E0283]: type annotations needed
[INFO] [stdout]   --> /opt/rustwide/cargo-home/registry/src/index.crates.io-6f17d22bba15001f/product-os-security-0.0.16/src/x509_cert/ext/pkix/constraints/name.rs:56:39
[INFO] [stdout]    |
[INFO] [stdout] 56 | #[derive(Clone, Debug, Eq, PartialEq, Sequence)]
[INFO] [stdout]    |                                       ^^^^^^^^ cannot infer type
[INFO] [stdout]    |
[INFO] [stdout]    = note: multiple `impl`s satisfying `u32: core::cmp::PartialEq<_>` found in the following crates: `core`, `serde_json`:
[INFO] [stdout]            - impl core::cmp::PartialEq for u32;
[INFO] [stdout]            - impl core::cmp::PartialEq<serde_json::Value> for u32;
[INFO] [stdout]    = note: required for `&u32` to implement `core::cmp::PartialEq<&_>`
[INFO] [stdout]    = note: this error originates in the derive macro `Sequence` (in Nightly builds, run with -Z macro-backtrace for more info)
[INFO] [stdout] 
[INFO] [stdout] 
[INFO] [stdout] error[E0790]: cannot call associated function on trait without specifying the corresponding `impl` type
[INFO] [stdout]   --> /opt/rustwide/cargo-home/registry/src/index.crates.io-6f17d22bba15001f/product-os-security-0.0.16/src/x509_cert/ext/pkix/crl/dp.rs:34:19
[INFO] [stdout]    |
[INFO] [stdout] 34 |         default = "Default::default"
[INFO] [stdout]    |                   ^^^^^^^^^^^^^^^^^^ cannot call associated function of trait
[INFO] [stdout]    |
[INFO] [stdout] help: use a fully-qualified path to a specific available implementation
[INFO] [stdout]    |
[INFO] [stdout] 34 |         default = </* self type */ as "Default::default">
[INFO] [stdout]    |                   +++++++++++++++++++                   +
[INFO] [stdout] 
[INFO] [stdout] 
[INFO] [stdout] error[E0283]: type annotations needed
[INFO] [stdout]   --> /opt/rustwide/cargo-home/registry/src/index.crates.io-6f17d22bba15001f/product-os-security-0.0.16/src/x509_cert/ext/pkix/crl/dp.rs:25:39
[INFO] [stdout]    |
[INFO] [stdout] 25 | #[derive(Clone, Debug, Eq, PartialEq, Sequence)]
[INFO] [stdout]    |                                       ^^^^^^^^ cannot infer type
[INFO] [stdout]    |
[INFO] [stdout]    = note: multiple `impl`s satisfying `bool: core::cmp::PartialEq<_>` found in the following crates: `core`, `serde_json`:
[INFO] [stdout]            - impl core::cmp::PartialEq for bool;
[INFO] [stdout]            - impl core::cmp::PartialEq<serde_json::Value> for bool;
[INFO] [stdout]    = note: required for `&bool` to implement `core::cmp::PartialEq<&_>`
[INFO] [stdout]    = note: this error originates in the derive macro `Sequence` (in Nightly builds, run with -Z macro-backtrace for more info)
[INFO] [stdout] 
[INFO] [stdout] 
[INFO] [stdout] error[E0790]: cannot call associated function on trait without specifying the corresponding `impl` type
[INFO] [stdout]   --> /opt/rustwide/cargo-home/registry/src/index.crates.io-6f17d22bba15001f/product-os-security-0.0.16/src/x509_cert/ext.rs:32:22
[INFO] [stdout]    |
[INFO] [stdout] 32 |     #[asn1(default = "Default::default")]
[INFO] [stdout]    |                      ^^^^^^^^^^^^^^^^^^ cannot call associated function of trait
[INFO] [stdout]    |
[INFO] [stdout] help: use a fully-qualified path to a specific available implementation
[INFO] [stdout]    |
[INFO] [stdout] 32 |     #[asn1(default = </* self type */ as "Default::default">)]
[INFO] [stdout]    |                      +++++++++++++++++++                   +
[INFO] [stdout] 
[INFO] [stdout] 
[INFO] [stdout] error[E0283]: type annotations needed
[INFO] [stdout]   --> /opt/rustwide/cargo-home/registry/src/index.crates.io-6f17d22bba15001f/product-os-security-0.0.16/src/x509_cert/ext.rs:27:39
[INFO] [stdout]    |
[INFO] [stdout] 27 | #[derive(Clone, Debug, Eq, PartialEq, Sequence, ValueOrd)]
[INFO] [stdout]    |                                       ^^^^^^^^ cannot infer type
[INFO] [stdout]    |
[INFO] [stdout]    = note: multiple `impl`s satisfying `bool: core::cmp::PartialEq<_>` found in the following crates: `core`, `serde_json`:
[INFO] [stdout]            - impl core::cmp::PartialEq for bool;
[INFO] [stdout]            - impl core::cmp::PartialEq<serde_json::Value> for bool;
[INFO] [stdout]    = note: required for `&bool` to implement `core::cmp::PartialEq<&_>`
[INFO] [stdout]    = note: this error originates in the derive macro `Sequence` (in Nightly builds, run with -Z macro-backtrace for more info)
[INFO] [stdout] 
[INFO] [stdout] 
[INFO] [stderr]    Compiling nix v0.23.2
[INFO] [stdout] error: aborting due to 8 previous errors
[INFO] [stdout] 
[INFO] [stdout] 
[INFO] [stdout] Some errors have detailed explanations: E0283, E0790.
[INFO] [stdout] 
[INFO] [stdout] For more information about an error, try `rustc --explain E0283`.
[INFO] [stdout] 
[INFO] [stderr] error: could not compile `product-os-security` (lib) due to 9 previous errors
[INFO] [stderr] warning: build failed, waiting for other jobs to finish...
[INFO] running `Command { std: "docker" "inspect" "1444ae7b0ff8cdc134258e05b9c50cf9a6dd0758fa28f12b87371b5f3d53a465", kill_on_drop: false }`
[INFO] running `Command { std: "docker" "rm" "-f" "1444ae7b0ff8cdc134258e05b9c50cf9a6dd0758fa28f12b87371b5f3d53a465", kill_on_drop: false }`
[INFO] [stdout] 1444ae7b0ff8cdc134258e05b9c50cf9a6dd0758fa28f12b87371b5f3d53a465
