[INFO] fetching crate product-os-configuration 0.0.14...
[INFO] documenting product-os-configuration-0.0.14 against 1.75.0 for beta-1.76-rustdoc-1
[INFO] extracting crate product-os-configuration 0.0.14 into /workspace/builds/worker-3-tc1/source
[INFO] validating manifest of crates.io crate product-os-configuration 0.0.14 on toolchain 1.75.0
[INFO] running `Command { std: CARGO_HOME="/workspace/cargo-home" RUSTUP_HOME="/workspace/rustup-home" "/workspace/cargo-home/bin/cargo" "+1.75.0" "metadata" "--manifest-path" "Cargo.toml" "--no-deps", kill_on_drop: false }`
[INFO] started tweaking crates.io crate product-os-configuration 0.0.14
[INFO] finished tweaking crates.io crate product-os-configuration 0.0.14
[INFO] tweaked toml for crates.io crate product-os-configuration 0.0.14 written to /workspace/builds/worker-3-tc1/source/Cargo.toml
[INFO] running `Command { std: CARGO_HOME="/workspace/cargo-home" RUSTUP_HOME="/workspace/rustup-home" "/workspace/cargo-home/bin/cargo" "+1.75.0" "generate-lockfile" "--manifest-path" "Cargo.toml", kill_on_drop: false }`
[INFO] [stderr]     Updating crates.io index
[INFO] running `Command { std: CARGO_HOME="/workspace/cargo-home" RUSTUP_HOME="/workspace/rustup-home" "/workspace/cargo-home/bin/cargo" "+1.75.0" "fetch" "--manifest-path" "Cargo.toml", kill_on_drop: false }`
[INFO] [stderr]  Downloading crates ...
[INFO] [stderr]   Downloaded product-os-security v0.0.16
[INFO] [stderr]   Downloaded tower-default-headers v0.1.1
[INFO] [stderr]   Downloaded core-error v0.0.1-rc4
[INFO] [stderr]   Downloaded product-os-async-executor v0.0.12
[INFO] [stderr]   Downloaded serde_html_form v0.2.3
[INFO] [stderr]   Downloaded axum-extra v0.8.0
[INFO] [stderr]   Downloaded product-os-connector v0.0.10
[INFO] [stderr]   Downloaded product-os-http v0.0.3
[INFO] [stderr]   Downloaded product-os-http-body v0.0.2
[INFO] [stderr]   Downloaded jwt-compact v0.8.0
[INFO] [stderr]   Downloaded product-os-capabilities v0.0.11
[INFO] [stderr]   Downloaded product-os-utilities v0.0.13
[INFO] [stderr]   Downloaded product-os-request v0.0.18
[INFO] [stderr]   Downloaded product-os-http-body-util v0.0.3
[INFO] [stderr]   Downloaded product-os-router v0.0.9
[INFO] [stderr]   Downloaded product-os-openapi v0.0.4
[INFO] [stderr]   Downloaded product-os-random v0.0.14
[INFO] running `Command { std: "docker" "create" "-v" "/var/lib/crater-agent-workspace/builds/worker-3-tc1/target:/opt/rustwide/target:rw,Z" "-v" "/var/lib/crater-agent-workspace/builds/worker-3-tc1/source:/opt/rustwide/workdir:ro,Z" "-v" "/var/lib/crater-agent-workspace/cargo-home:/opt/rustwide/cargo-home:ro,Z" "-v" "/var/lib/crater-agent-workspace/rustup-home:/opt/rustwide/rustup-home:ro,Z" "-e" "SOURCE_DIR=/opt/rustwide/workdir" "-e" "CARGO_TARGET_DIR=/opt/rustwide/target" "-e" "CARGO_HOME=/opt/rustwide/cargo-home" "-e" "RUSTUP_HOME=/opt/rustwide/rustup-home" "-w" "/opt/rustwide/workdir" "-m" "1610612736" "--user" "0:0" "--network" "none" "ghcr.io/rust-lang/crates-build-env/linux@sha256:2788e3201cd34a07e3172128adcd8b3090168a8e3bcc40d7c032b9dda1df7d1c" "/opt/rustwide/cargo-home/bin/cargo" "+1.75.0" "metadata" "--no-deps" "--format-version=1", kill_on_drop: false }`
[INFO] [stdout] f61749ad16572482c65fc98ad0f0eef04312d7465d56b252f3ee710c1f03e9b3
[INFO] running `Command { std: "docker" "start" "-a" "f61749ad16572482c65fc98ad0f0eef04312d7465d56b252f3ee710c1f03e9b3", kill_on_drop: false }`
[INFO] running `Command { std: "docker" "inspect" "f61749ad16572482c65fc98ad0f0eef04312d7465d56b252f3ee710c1f03e9b3", kill_on_drop: false }`
[INFO] running `Command { std: "docker" "rm" "-f" "f61749ad16572482c65fc98ad0f0eef04312d7465d56b252f3ee710c1f03e9b3", kill_on_drop: false }`
[INFO] [stdout] f61749ad16572482c65fc98ad0f0eef04312d7465d56b252f3ee710c1f03e9b3
[INFO] running `Command { std: "docker" "create" "-v" "/var/lib/crater-agent-workspace/builds/worker-3-tc1/target:/opt/rustwide/target:rw,Z" "-v" "/var/lib/crater-agent-workspace/builds/worker-3-tc1/source:/opt/rustwide/workdir:ro,Z" "-v" "/var/lib/crater-agent-workspace/cargo-home:/opt/rustwide/cargo-home:ro,Z" "-v" "/var/lib/crater-agent-workspace/rustup-home:/opt/rustwide/rustup-home:ro,Z" "-e" "SOURCE_DIR=/opt/rustwide/workdir" "-e" "CARGO_TARGET_DIR=/opt/rustwide/target" "-e" "CARGO_INCREMENTAL=0" "-e" "RUST_BACKTRACE=full" "-e" "RUSTFLAGS=--cap-lints=warn" "-e" "RUSTDOCFLAGS=--cap-lints=warn" "-e" "CARGO_HOME=/opt/rustwide/cargo-home" "-e" "RUSTUP_HOME=/opt/rustwide/rustup-home" "-w" "/opt/rustwide/workdir" "-m" "1610612736" "--user" "0:0" "--network" "none" "ghcr.io/rust-lang/crates-build-env/linux@sha256:2788e3201cd34a07e3172128adcd8b3090168a8e3bcc40d7c032b9dda1df7d1c" "/opt/rustwide/cargo-home/bin/cargo" "+1.75.0" "doc" "--frozen" "--no-deps" "--document-private-items" "--message-format=json", kill_on_drop: false }`
[INFO] [stdout] 6f77128e26afefec73b2269f77969484d1da601de75a89ddefe48ac07fda49a9
[INFO] running `Command { std: "docker" "start" "-a" "6f77128e26afefec73b2269f77969484d1da601de75a89ddefe48ac07fda49a9", kill_on_drop: false }`
[INFO] [stderr]    Compiling proc-macro2 v1.0.76
[INFO] [stderr]     Checking getrandom v0.2.11
[INFO] [stderr]     Checking tokio v1.35.1
[INFO] [stderr]     Checking subtle v2.5.0
[INFO] [stderr]     Checking crypto-common v0.1.6
[INFO] [stderr]    Compiling ring v0.17.7
[INFO] [stderr]    Compiling core-error v0.0.1-rc4
[INFO] [stderr]     Checking no-std-compat v0.4.1
[INFO] [stderr]    Compiling async-trait v0.1.77
[INFO] [stderr]    Compiling time-core v0.1.2
[INFO] [stderr]     Checking digest v0.10.7
[INFO] [stderr]     Checking alloc-no-stdlib v2.0.4
[INFO] [stderr]     Checking rand_core v0.6.4
[INFO] [stderr]     Checking powerfmt v0.2.0
[INFO] [stderr]     Checking alloc-stdlib v0.2.2
[INFO] [stderr]     Checking deranged v0.3.11
[INFO] [stderr]    Compiling time-macros v0.2.16
[INFO] [stderr]    Compiling cookie v0.16.2
[INFO] [stderr]     Checking rand_chacha v0.3.1
[INFO] [stderr]     Checking tower-layer v0.3.2
[INFO] [stderr]    Compiling quote v1.0.35
[INFO] [stderr]     Checking rand v0.8.5
[INFO] [stderr]     Checking miniz_oxide v0.7.1
[INFO] [stderr]    Compiling syn v2.0.48
[INFO] [stderr]     Checking brotli-decompressor v2.5.1
[INFO] [stderr]     Checking sha1 v0.10.6
[INFO] [stderr]    Compiling axum-core v0.3.4
[INFO] [stderr]     Checking idna v0.3.0
[INFO] [stderr]     Checking psl-types v2.0.11
[INFO] [stderr]     Checking idna v0.2.3
[INFO] [stderr]     Checking flate2 v1.0.28
[INFO] [stderr]     Checking publicsuffix v2.2.3
[INFO] [stderr]     Checking product-os-http v0.0.3
[INFO] [stderr]    Compiling axum v0.6.20
[INFO] [stderr]    Compiling anyhow v1.0.79
[INFO] [stderr]     Checking brotli v3.4.0
[INFO] [stderr]     Checking webpki-roots v0.25.3
[INFO] [stderr]     Checking matchit v0.7.3
[INFO] [stderr]     Checking sync_wrapper v0.1.2
[INFO] [stderr]     Checking sha2 v0.10.8
[INFO] [stderr]     Checking time v0.3.31
[INFO] [stderr]     Checking hmac v0.12.1
[INFO] [stderr]     Checking product-os-http-body v0.0.2
[INFO] [stderr]     Checking fiat-crypto v0.2.5
[INFO] [stderr]     Checking regex-syntax v0.8.2
[INFO] [stderr]     Checking base64ct v1.6.0
[INFO] [stderr]     Checking product-os-random v0.0.14
[INFO] [stderr]     Checking unsafe-libyaml v0.2.10
[INFO] [stderr]     Checking tokio-util v0.7.10
[INFO] [stderr]    Compiling rustls v0.21.10
[INFO] [stderr]     Checking parking_lot v0.12.1
[INFO] [stderr]     Checking regex-automata v0.4.3
[INFO] [stderr]     Checking mopa v0.2.2
[INFO] [stderr]     Checking no-std-net v0.6.0
[INFO] [stderr]     Checking xml-rs v0.8.19
[INFO] [stderr]     Checking tracing-subscriber v0.3.18
[INFO] [stderr]     Checking sct v0.7.1
[INFO] [stderr]     Checking rustls-webpki v0.101.7
[INFO] [stderr]     Checking regex v1.10.2
[INFO] [stderr]     Checking async-compression v0.4.5
[INFO] [stderr]    Compiling serde_derive v1.0.195
[INFO] [stderr]    Compiling futures-macro v0.3.30
[INFO] [stderr]    Compiling pin-project-internal v1.1.3
[INFO] [stderr]    Compiling thiserror-impl v1.0.56
[INFO] [stderr]    Compiling zeroize_derive v1.4.2
[INFO] [stderr]     Checking tokio-rustls v0.24.1
[INFO] [stderr]     Checking zeroize v1.7.0
[INFO] [stderr]     Checking futures-util v0.3.30
[INFO] [stderr]     Checking pin-project v1.1.3
[INFO] [stderr]     Checking thiserror v1.0.56
[INFO] [stderr]     Checking orion v0.17.6
[INFO] [stderr]     Checking serde v1.0.195
[INFO] [stderr]     Checking h2 v0.3.22
[INFO] [stderr]     Checking tower v0.4.13
[INFO] [stderr]     Checking product-os-http-body-util v0.0.3
[INFO] [stderr]     Checking tower-default-headers v0.1.1
[INFO] [stderr]     Checking serde_json v1.0.111
[INFO] [stderr]     Checking url v2.5.0
[INFO] [stderr]     Checking chrono v0.4.31
[INFO] [stderr]     Checking serde_path_to_error v0.1.15
[INFO] [stderr]     Checking serde_urlencoded v0.7.1
[INFO] [stderr]     Checking serde_html_form v0.2.3
[INFO] [stderr]     Checking serde_yaml v0.9.30
[INFO] [stderr]     Checking hyper v0.14.28
[INFO] [stderr]     Checking serde_with v3.4.0
[INFO] [stderr]     Checking tungstenite v0.20.1
[INFO] [stderr]     Checking cookie_store v0.16.2
[INFO] [stderr]     Checking product-os-openapi v0.0.4
[INFO] [stderr]     Checking tokio-tungstenite v0.20.1
[INFO] [stderr]     Checking jwt-compact v0.8.0
[INFO] [stderr]     Checking product-os-async-executor v0.0.12
[INFO] [stderr]     Checking product-os-security v0.0.16
[INFO] [stderr]     Checking product-os-utilities v0.0.13
[INFO] [stderr]     Checking hyper-rustls v0.24.2
[INFO] [stderr]     Checking reqwest v0.11.23
[INFO] [stderr]     Checking product-os-request v0.0.18
[INFO] [stdout] error[E0277]: the trait bound `product_os_http::HeaderValue: product_os_http::header::map::as_header_name::AsHeaderName` is not satisfied
[INFO] [stdout]    --> /opt/rustwide/cargo-home/registry/src/index.crates.io-6f17d22bba15001f/product-os-request-0.0.18/src/lib.rs:530:31
[INFO] [stdout]     |
[INFO] [stdout] 530 |         self.headers.append::<HeaderValue>(name.as_str(), header_value);
[INFO] [stdout]     |                      ------   ^^^^^^^^^^^ the trait `product_os_http::header::map::as_header_name::AsHeaderName` is not implemented for `product_os_http::HeaderValue`
[INFO] [stdout]     |                      |
[INFO] [stdout]     |                      required by a bound introduced by this call
[INFO] [stdout]     |
[INFO] [stdout]     = help: the following other types implement trait `product_os_http::header::map::as_header_name::AsHeaderName`:
[INFO] [stdout]               product_os_http::HeaderName
[INFO] [stdout]               std::string::String
[INFO] [stdout]               &'a product_os_http::HeaderName
[INFO] [stdout]               &'a str
[INFO] [stdout]               &'a std::string::String
[INFO] [stdout] note: required by a bound in `product_os_http::HeaderMap::<T>::append`
[INFO] [stdout]    --> /opt/rustwide/cargo-home/registry/src/index.crates.io-6f17d22bba15001f/product-os-http-0.0.3/src/header/map.rs:103:22
[INFO] [stdout]     |
[INFO] [stdout] 103 |     pub fn append<K: AsHeaderName>(&mut self, key: K, value: T) -> bool
[INFO] [stdout]     |                      ^^^^^^^^^^^^ required by this bound in `HeaderMap::<T>::append`
[INFO] [stdout] 
[INFO] [stdout] 
[INFO] [stdout] error[E0308]: mismatched types
[INFO] [stdout]    --> /opt/rustwide/cargo-home/registry/src/index.crates.io-6f17d22bba15001f/product-os-request-0.0.18/src/lib.rs:530:44
[INFO] [stdout]     |
[INFO] [stdout] 530 |         self.headers.append::<HeaderValue>(name.as_str(), header_value);
[INFO] [stdout]     |                      --------------------- ^^^^^^^^^^^^^ expected `HeaderValue`, found `&str`
[INFO] [stdout]     |                      |
[INFO] [stdout]     |                      arguments to this method are incorrect
[INFO] [stdout]     |
[INFO] [stdout] note: method defined here
[INFO] [stdout]    --> /opt/rustwide/cargo-home/registry/src/index.crates.io-6f17d22bba15001f/product-os-http-0.0.3/src/header/map.rs:103:12
[INFO] [stdout]     |
[INFO] [stdout] 103 |     pub fn append<K: AsHeaderName>(&mut self, key: K, value: T) -> bool
[INFO] [stdout]     |            ^^^^^^
[INFO] [stdout] 
[INFO] [stdout] 
[INFO] [stdout] error: aborting due to 2 previous errors
[INFO] [stdout] 
[INFO] [stdout] 
[INFO] [stdout] Some errors have detailed explanations: E0277, E0308.
[INFO] [stdout] 
[INFO] [stdout] For more information about an error, try `rustc --explain E0277`.
[INFO] [stdout] 
[INFO] [stderr] error: could not compile `product-os-request` (lib) due to 3 previous errors
[INFO] [stderr] warning: build failed, waiting for other jobs to finish...
[INFO] running `Command { std: "docker" "inspect" "6f77128e26afefec73b2269f77969484d1da601de75a89ddefe48ac07fda49a9", kill_on_drop: false }`
[INFO] running `Command { std: "docker" "rm" "-f" "6f77128e26afefec73b2269f77969484d1da601de75a89ddefe48ac07fda49a9", kill_on_drop: false }`
[INFO] [stdout] 6f77128e26afefec73b2269f77969484d1da601de75a89ddefe48ac07fda49a9
[INFO] documenting product-os-configuration-0.0.14 against beta-2023-12-22 for beta-1.76-rustdoc-1
[INFO] extracting crate product-os-configuration 0.0.14 into /workspace/builds/worker-3-tc2/source
[INFO] validating manifest of crates.io crate product-os-configuration 0.0.14 on toolchain beta-2023-12-22
[INFO] running `Command { std: CARGO_HOME="/workspace/cargo-home" RUSTUP_HOME="/workspace/rustup-home" "/workspace/cargo-home/bin/cargo" "+beta-2023-12-22" "metadata" "--manifest-path" "Cargo.toml" "--no-deps", kill_on_drop: false }`
[INFO] started tweaking crates.io crate product-os-configuration 0.0.14
[INFO] finished tweaking crates.io crate product-os-configuration 0.0.14
[INFO] tweaked toml for crates.io crate product-os-configuration 0.0.14 written to /workspace/builds/worker-3-tc2/source/Cargo.toml
[INFO] running `Command { std: CARGO_HOME="/workspace/cargo-home" RUSTUP_HOME="/workspace/rustup-home" "/workspace/cargo-home/bin/cargo" "+beta-2023-12-22" "generate-lockfile" "--manifest-path" "Cargo.toml", kill_on_drop: false }`
[INFO] [stderr]     Updating crates.io index
[INFO] running `Command { std: CARGO_HOME="/workspace/cargo-home" RUSTUP_HOME="/workspace/rustup-home" "/workspace/cargo-home/bin/cargo" "+beta-2023-12-22" "fetch" "--manifest-path" "Cargo.toml", kill_on_drop: false }`
[INFO] running `Command { std: "docker" "create" "-v" "/var/lib/crater-agent-workspace/builds/worker-3-tc2/target:/opt/rustwide/target:rw,Z" "-v" "/var/lib/crater-agent-workspace/builds/worker-3-tc2/source:/opt/rustwide/workdir:ro,Z" "-v" "/var/lib/crater-agent-workspace/cargo-home:/opt/rustwide/cargo-home:ro,Z" "-v" "/var/lib/crater-agent-workspace/rustup-home:/opt/rustwide/rustup-home:ro,Z" "-e" "SOURCE_DIR=/opt/rustwide/workdir" "-e" "CARGO_TARGET_DIR=/opt/rustwide/target" "-e" "CARGO_HOME=/opt/rustwide/cargo-home" "-e" "RUSTUP_HOME=/opt/rustwide/rustup-home" "-w" "/opt/rustwide/workdir" "-m" "1610612736" "--user" "0:0" "--network" "none" "ghcr.io/rust-lang/crates-build-env/linux@sha256:2788e3201cd34a07e3172128adcd8b3090168a8e3bcc40d7c032b9dda1df7d1c" "/opt/rustwide/cargo-home/bin/cargo" "+beta-2023-12-22" "metadata" "--no-deps" "--format-version=1", kill_on_drop: false }`
[INFO] [stdout] 60102ece6939fa08f3dff8be778ab3efdeb60a9d1b00188ce0c951ea22c53ee8
[INFO] running `Command { std: "docker" "start" "-a" "60102ece6939fa08f3dff8be778ab3efdeb60a9d1b00188ce0c951ea22c53ee8", kill_on_drop: false }`
[INFO] running `Command { std: "docker" "inspect" "60102ece6939fa08f3dff8be778ab3efdeb60a9d1b00188ce0c951ea22c53ee8", kill_on_drop: false }`
[INFO] running `Command { std: "docker" "rm" "-f" "60102ece6939fa08f3dff8be778ab3efdeb60a9d1b00188ce0c951ea22c53ee8", kill_on_drop: false }`
[INFO] [stdout] 60102ece6939fa08f3dff8be778ab3efdeb60a9d1b00188ce0c951ea22c53ee8
[INFO] running `Command { std: "docker" "create" "-v" "/var/lib/crater-agent-workspace/builds/worker-3-tc2/target:/opt/rustwide/target:rw,Z" "-v" "/var/lib/crater-agent-workspace/builds/worker-3-tc2/source:/opt/rustwide/workdir:ro,Z" "-v" "/var/lib/crater-agent-workspace/cargo-home:/opt/rustwide/cargo-home:ro,Z" "-v" "/var/lib/crater-agent-workspace/rustup-home:/opt/rustwide/rustup-home:ro,Z" "-e" "SOURCE_DIR=/opt/rustwide/workdir" "-e" "CARGO_TARGET_DIR=/opt/rustwide/target" "-e" "CARGO_INCREMENTAL=0" "-e" "RUST_BACKTRACE=full" "-e" "RUSTFLAGS=--cap-lints=warn" "-e" "RUSTDOCFLAGS=--cap-lints=warn" "-e" "CARGO_HOME=/opt/rustwide/cargo-home" "-e" "RUSTUP_HOME=/opt/rustwide/rustup-home" "-w" "/opt/rustwide/workdir" "-m" "1610612736" "--user" "0:0" "--network" "none" "ghcr.io/rust-lang/crates-build-env/linux@sha256:2788e3201cd34a07e3172128adcd8b3090168a8e3bcc40d7c032b9dda1df7d1c" "/opt/rustwide/cargo-home/bin/cargo" "+beta-2023-12-22" "doc" "--frozen" "--no-deps" "--document-private-items" "--message-format=json", kill_on_drop: false }`
[INFO] [stdout] 972859d57cbaba75cbbabc73e02f27ad716a89c13b3dc92bc92e5b4f39eb8d6b
[INFO] running `Command { std: "docker" "start" "-a" "972859d57cbaba75cbbabc73e02f27ad716a89c13b3dc92bc92e5b4f39eb8d6b", kill_on_drop: false }`
[INFO] [stderr]    Compiling proc-macro2 v1.0.76
[INFO] [stderr]     Checking getrandom v0.2.11
[INFO] [stderr]     Checking tokio v1.35.1
[INFO] [stderr]     Checking subtle v2.5.0
[INFO] [stderr]     Checking crypto-common v0.1.6
[INFO] [stderr]    Compiling ring v0.17.7
[INFO] [stderr]    Compiling core-error v0.0.1-rc4
[INFO] [stderr]     Checking no-std-compat v0.4.1
[INFO] [stderr]    Compiling async-trait v0.1.77
[INFO] [stderr]     Checking powerfmt v0.2.0
[INFO] [stderr]    Compiling time-core v0.1.2
[INFO] [stderr]     Checking digest v0.10.7
[INFO] [stderr]     Checking rand_core v0.6.4
[INFO] [stderr]     Checking alloc-no-stdlib v2.0.4
[INFO] [stderr]     Checking deranged v0.3.11
[INFO] [stderr]     Checking alloc-stdlib v0.2.2
[INFO] [stderr]     Checking rand_chacha v0.3.1
[INFO] [stderr]    Compiling time-macros v0.2.16
[INFO] [stderr]    Compiling cookie v0.16.2
[INFO] [stderr]     Checking tower-layer v0.3.2
[INFO] [stderr]     Checking rand v0.8.5
[INFO] [stderr]    Compiling quote v1.0.35
[INFO] [stderr]     Checking miniz_oxide v0.7.1
[INFO] [stderr]    Compiling syn v2.0.48
[INFO] [stderr]     Checking brotli-decompressor v2.5.1
[INFO] [stderr]     Checking sha1 v0.10.6
[INFO] [stderr]    Compiling axum-core v0.3.4
[INFO] [stderr]     Checking idna v0.3.0
[INFO] [stderr]     Checking psl-types v2.0.11
[INFO] [stderr]     Checking idna v0.2.3
[INFO] [stderr]     Checking flate2 v1.0.28
[INFO] [stderr]     Checking publicsuffix v2.2.3
[INFO] [stderr]     Checking product-os-http v0.0.3
[INFO] [stderr]    Compiling axum v0.6.20
[INFO] [stderr]    Compiling anyhow v1.0.79
[INFO] [stderr]     Checking brotli v3.4.0
[INFO] [stderr]     Checking sync_wrapper v0.1.2
[INFO] [stderr]     Checking webpki-roots v0.25.3
[INFO] [stderr]     Checking matchit v0.7.3
[INFO] [stderr]     Checking hmac v0.12.1
[INFO] [stderr]     Checking sha2 v0.10.8
[INFO] [stderr]     Checking base64ct v1.6.0
[INFO] [stderr]     Checking product-os-http-body v0.0.2
[INFO] [stderr]     Checking time v0.3.31
[INFO] [stderr]     Checking regex-syntax v0.8.2
[INFO] [stderr]     Checking fiat-crypto v0.2.5
[INFO] [stderr]     Checking product-os-random v0.0.14
[INFO] [stderr]     Checking unsafe-libyaml v0.2.10
[INFO] [stderr]    Compiling rustls v0.21.10
[INFO] [stderr]     Checking parking_lot v0.12.1
[INFO] [stderr]     Checking tokio-util v0.7.10
[INFO] [stderr]     Checking regex-automata v0.4.3
[INFO] [stderr]     Checking mopa v0.2.2
[INFO] [stderr]     Checking xml-rs v0.8.19
[INFO] [stderr]     Checking no-std-net v0.6.0
[INFO] [stderr]     Checking tracing-subscriber v0.3.18
[INFO] [stderr]     Checking sct v0.7.1
[INFO] [stderr]     Checking rustls-webpki v0.101.7
[INFO] [stderr]     Checking regex v1.10.2
[INFO] [stderr]     Checking async-compression v0.4.5
[INFO] [stderr]    Compiling serde_derive v1.0.195
[INFO] [stderr]    Compiling futures-macro v0.3.30
[INFO] [stderr]    Compiling thiserror-impl v1.0.56
[INFO] [stderr]    Compiling pin-project-internal v1.1.3
[INFO] [stderr]    Compiling zeroize_derive v1.4.2
[INFO] [stderr]     Checking tokio-rustls v0.24.1
[INFO] [stderr]     Checking zeroize v1.7.0
[INFO] [stderr]     Checking futures-util v0.3.30
[INFO] [stderr]     Checking pin-project v1.1.3
[INFO] [stderr]     Checking thiserror v1.0.56
[INFO] [stderr]     Checking orion v0.17.6
[INFO] [stderr]     Checking serde v1.0.195
[INFO] [stderr]     Checking h2 v0.3.22
[INFO] [stderr]     Checking tower v0.4.13
[INFO] [stderr]     Checking product-os-http-body-util v0.0.3
[INFO] [stderr]     Checking tower-default-headers v0.1.1
[INFO] [stderr]     Checking serde_json v1.0.111
[INFO] [stderr]     Checking url v2.5.0
[INFO] [stderr]     Checking chrono v0.4.31
[INFO] [stderr]     Checking serde_path_to_error v0.1.15
[INFO] [stderr]     Checking serde_urlencoded v0.7.1
[INFO] [stderr]     Checking serde_html_form v0.2.3
[INFO] [stderr]     Checking serde_with v3.4.0
[INFO] [stderr]     Checking serde_yaml v0.9.30
[INFO] [stderr]     Checking hyper v0.14.28
[INFO] [stderr]     Checking tungstenite v0.20.1
[INFO] [stderr]     Checking cookie_store v0.16.2
[INFO] [stderr]     Checking product-os-openapi v0.0.4
[INFO] [stderr]     Checking tokio-tungstenite v0.20.1
[INFO] [stderr]     Checking jwt-compact v0.8.0
[INFO] [stderr]     Checking product-os-async-executor v0.0.12
[INFO] [stderr]     Checking product-os-security v0.0.16
[INFO] [stderr]     Checking product-os-utilities v0.0.13
[INFO] [stderr]     Checking hyper-rustls v0.24.2
[INFO] [stderr]     Checking reqwest v0.11.23
[INFO] [stderr]     Checking product-os-request v0.0.18
[INFO] [stdout] error[E0277]: the trait bound `product_os_http::HeaderValue: product_os_http::header::map::as_header_name::AsHeaderName` is not satisfied
[INFO] [stdout]    --> /opt/rustwide/cargo-home/registry/src/index.crates.io-6f17d22bba15001f/product-os-request-0.0.18/src/lib.rs:530:31
[INFO] [stdout]     |
[INFO] [stdout] 530 |         self.headers.append::<HeaderValue>(name.as_str(), header_value);
[INFO] [stdout]     |                      ------   ^^^^^^^^^^^ the trait `product_os_http::header::map::as_header_name::AsHeaderName` is not implemented for `product_os_http::HeaderValue`
[INFO] [stdout]     |                      |
[INFO] [stdout]     |                      required by a bound introduced by this call
[INFO] [stdout]     |
[INFO] [stdout]     = help: the following other types implement trait `product_os_http::header::map::as_header_name::AsHeaderName`:
[INFO] [stdout]               product_os_http::HeaderName
[INFO] [stdout]               std::string::String
[INFO] [stdout]               &'a product_os_http::HeaderName
[INFO] [stdout]               &'a str
[INFO] [stdout]               &'a std::string::String
[INFO] [stdout] note: required by a bound in `product_os_http::HeaderMap::<T>::append`
[INFO] [stdout]    --> /opt/rustwide/cargo-home/registry/src/index.crates.io-6f17d22bba15001f/product-os-http-0.0.3/src/header/map.rs:103:22
[INFO] [stdout]     |
[INFO] [stdout] 103 |     pub fn append<K: AsHeaderName>(&mut self, key: K, value: T) -> bool
[INFO] [stdout]     |                      ^^^^^^^^^^^^ required by this bound in `HeaderMap::<T>::append`
[INFO] [stdout] 
[INFO] [stdout] 
[INFO] [stdout] error[E0308]: mismatched types
[INFO] [stdout]    --> /opt/rustwide/cargo-home/registry/src/index.crates.io-6f17d22bba15001f/product-os-request-0.0.18/src/lib.rs:530:44
[INFO] [stdout]     |
[INFO] [stdout] 530 |         self.headers.append::<HeaderValue>(name.as_str(), header_value);
[INFO] [stdout]     |                      --------------------- ^^^^^^^^^^^^^ expected `HeaderValue`, found `&str`
[INFO] [stdout]     |                      |
[INFO] [stdout]     |                      arguments to this method are incorrect
[INFO] [stdout]     |
[INFO] [stdout] note: method defined here
[INFO] [stdout]    --> /opt/rustwide/cargo-home/registry/src/index.crates.io-6f17d22bba15001f/product-os-http-0.0.3/src/header/map.rs:103:12
[INFO] [stdout]     |
[INFO] [stdout] 103 |     pub fn append<K: AsHeaderName>(&mut self, key: K, value: T) -> bool
[INFO] [stdout]     |            ^^^^^^
[INFO] [stdout] 
[INFO] [stdout] 
[INFO] [stdout] error: aborting due to 2 previous errors
[INFO] [stdout] 
[INFO] [stdout] 
[INFO] [stdout] Some errors have detailed explanations: E0277, E0308.
[INFO] [stdout] 
[INFO] [stdout] For more information about an error, try `rustc --explain E0277`.
[INFO] [stdout] 
[INFO] [stderr] error: could not compile `product-os-request` (lib) due to 3 previous errors
[INFO] [stderr] warning: build failed, waiting for other jobs to finish...
[INFO] running `Command { std: "docker" "inspect" "972859d57cbaba75cbbabc73e02f27ad716a89c13b3dc92bc92e5b4f39eb8d6b", kill_on_drop: false }`
[INFO] running `Command { std: "docker" "rm" "-f" "972859d57cbaba75cbbabc73e02f27ad716a89c13b3dc92bc92e5b4f39eb8d6b", kill_on_drop: false }`
[INFO] [stdout] 972859d57cbaba75cbbabc73e02f27ad716a89c13b3dc92bc92e5b4f39eb8d6b
