[INFO] fetching crate product-os-browser-automation 0.0.5...
[INFO] documenting product-os-browser-automation-0.0.5 against 1.75.0 for beta-1.76-rustdoc-1
[INFO] extracting crate product-os-browser-automation 0.0.5 into /workspace/builds/worker-4-tc1/source
[INFO] validating manifest of crates.io crate product-os-browser-automation 0.0.5 on toolchain 1.75.0
[INFO] running `Command { std: CARGO_HOME="/workspace/cargo-home" RUSTUP_HOME="/workspace/rustup-home" "/workspace/cargo-home/bin/cargo" "+1.75.0" "metadata" "--manifest-path" "Cargo.toml" "--no-deps", kill_on_drop: false }`
[INFO] started tweaking crates.io crate product-os-browser-automation 0.0.5
[INFO] finished tweaking crates.io crate product-os-browser-automation 0.0.5
[INFO] tweaked toml for crates.io crate product-os-browser-automation 0.0.5 written to /workspace/builds/worker-4-tc1/source/Cargo.toml
[INFO] running `Command { std: CARGO_HOME="/workspace/cargo-home" RUSTUP_HOME="/workspace/rustup-home" "/workspace/cargo-home/bin/cargo" "+1.75.0" "generate-lockfile" "--manifest-path" "Cargo.toml", kill_on_drop: false }`
[INFO] [stderr]     Updating crates.io index
[INFO] running `Command { std: CARGO_HOME="/workspace/cargo-home" RUSTUP_HOME="/workspace/rustup-home" "/workspace/cargo-home/bin/cargo" "+1.75.0" "fetch" "--manifest-path" "Cargo.toml", kill_on_drop: false }`
[INFO] [stderr]  Downloading crates ...
[INFO] [stderr]   Downloaded cookie_store v0.16.2
[INFO] [stderr]   Downloaded jwt-compact v0.8.0
[INFO] [stderr]   Downloaded core-error v0.0.1-rc4
[INFO] [stderr]   Downloaded axum-extra v0.8.0
[INFO] [stderr]   Downloaded psl-types v2.0.11
[INFO] [stderr]   Downloaded serde_html_form v0.2.3
[INFO] [stderr]   Downloaded product-os-configuration v0.0.14
[INFO] [stderr]   Downloaded no-std-net v0.6.0
[INFO] [stderr]   Downloaded product-os-connector v0.0.10
[INFO] [stderr]   Downloaded orion v0.17.6
[INFO] [stderr]   Downloaded mopa v0.2.2
[INFO] [stderr]   Downloaded publicsuffix v2.2.3
[INFO] [stderr]   Downloaded tower-default-headers v0.1.1
[INFO] [stderr]   Downloaded product-os-request v0.0.18
[INFO] [stderr]   Downloaded product-os-capabilities v0.0.11
[INFO] [stderr]   Downloaded product-os-async-executor v0.0.12
[INFO] [stderr]   Downloaded product-os-http-body v0.0.2
[INFO] [stderr]   Downloaded product-os-router v0.0.9
[INFO] [stderr]   Downloaded product-os-openapi v0.0.4
[INFO] [stderr]   Downloaded product-os-http-body-util v0.0.3
[INFO] [stderr]   Downloaded product-os-utilities v0.0.13
[INFO] [stderr]   Downloaded product-os-security v0.0.16
[INFO] [stderr]   Downloaded product-os-http v0.0.3
[INFO] [stderr]   Downloaded product-os-random v0.0.14
[INFO] running `Command { std: "docker" "create" "-v" "/var/lib/crater-agent-workspace/builds/worker-4-tc1/target:/opt/rustwide/target:rw,Z" "-v" "/var/lib/crater-agent-workspace/builds/worker-4-tc1/source:/opt/rustwide/workdir:ro,Z" "-v" "/var/lib/crater-agent-workspace/cargo-home:/opt/rustwide/cargo-home:ro,Z" "-v" "/var/lib/crater-agent-workspace/rustup-home:/opt/rustwide/rustup-home:ro,Z" "-e" "SOURCE_DIR=/opt/rustwide/workdir" "-e" "CARGO_TARGET_DIR=/opt/rustwide/target" "-e" "CARGO_HOME=/opt/rustwide/cargo-home" "-e" "RUSTUP_HOME=/opt/rustwide/rustup-home" "-w" "/opt/rustwide/workdir" "-m" "1610612736" "--user" "0:0" "--network" "none" "ghcr.io/rust-lang/crates-build-env/linux@sha256:2788e3201cd34a07e3172128adcd8b3090168a8e3bcc40d7c032b9dda1df7d1c" "/opt/rustwide/cargo-home/bin/cargo" "+1.75.0" "metadata" "--no-deps" "--format-version=1", kill_on_drop: false }`
[INFO] [stdout] b5741b59480d0cba010c16f51d0c8faa4b7183789076cc96034fd896f10968d7
[INFO] running `Command { std: "docker" "start" "-a" "b5741b59480d0cba010c16f51d0c8faa4b7183789076cc96034fd896f10968d7", kill_on_drop: false }`
[INFO] running `Command { std: "docker" "inspect" "b5741b59480d0cba010c16f51d0c8faa4b7183789076cc96034fd896f10968d7", kill_on_drop: false }`
[INFO] running `Command { std: "docker" "rm" "-f" "b5741b59480d0cba010c16f51d0c8faa4b7183789076cc96034fd896f10968d7", kill_on_drop: false }`
[INFO] [stdout] b5741b59480d0cba010c16f51d0c8faa4b7183789076cc96034fd896f10968d7
[INFO] running `Command { std: "docker" "create" "-v" "/var/lib/crater-agent-workspace/builds/worker-4-tc1/target:/opt/rustwide/target:rw,Z" "-v" "/var/lib/crater-agent-workspace/builds/worker-4-tc1/source:/opt/rustwide/workdir:ro,Z" "-v" "/var/lib/crater-agent-workspace/cargo-home:/opt/rustwide/cargo-home:ro,Z" "-v" "/var/lib/crater-agent-workspace/rustup-home:/opt/rustwide/rustup-home:ro,Z" "-e" "SOURCE_DIR=/opt/rustwide/workdir" "-e" "CARGO_TARGET_DIR=/opt/rustwide/target" "-e" "CARGO_INCREMENTAL=0" "-e" "RUST_BACKTRACE=full" "-e" "RUSTFLAGS=--cap-lints=warn" "-e" "RUSTDOCFLAGS=--cap-lints=warn" "-e" "CARGO_HOME=/opt/rustwide/cargo-home" "-e" "RUSTUP_HOME=/opt/rustwide/rustup-home" "-w" "/opt/rustwide/workdir" "-m" "1610612736" "--user" "0:0" "--network" "none" "ghcr.io/rust-lang/crates-build-env/linux@sha256:2788e3201cd34a07e3172128adcd8b3090168a8e3bcc40d7c032b9dda1df7d1c" "/opt/rustwide/cargo-home/bin/cargo" "+1.75.0" "doc" "--frozen" "--no-deps" "--document-private-items" "--message-format=json", kill_on_drop: false }`
[INFO] [stdout] cdffb53eac92a6ba4e51a1f03d55ee8832cfcbaed23d693121341d7f07a1955b
[INFO] running `Command { std: "docker" "start" "-a" "cdffb53eac92a6ba4e51a1f03d55ee8832cfcbaed23d693121341d7f07a1955b", kill_on_drop: false }`
[INFO] [stderr]     Checking futures-core v0.3.30
[INFO] [stderr]     Checking socket2 v0.5.5
[INFO] [stderr]     Checking mio v0.8.10
[INFO] [stderr]     Checking getrandom v0.2.11
[INFO] [stderr]     Checking spin v0.9.8
[INFO] [stderr]     Checking untrusted v0.9.0
[INFO] [stderr]     Checking futures-task v0.3.30
[INFO] [stderr]    Compiling libc v0.2.151
[INFO] [stderr]     Checking tracing-core v0.1.32
[INFO] [stderr]    Compiling core-error v0.0.1-rc4
[INFO] [stderr]     Checking hashbrown v0.14.3
[INFO] [stderr]     Checking http v0.2.11
[INFO] [stderr]     Checking alloc-no-stdlib v2.0.4
[INFO] [stderr]    Compiling syn v2.0.48
[INFO] [stderr]    Compiling rustls v0.21.10
[INFO] [stderr]     Checking futures-sink v0.3.30
[INFO] [stderr]    Compiling time-core v0.1.2
[INFO] [stderr]     Checking deranged v0.3.11
[INFO] [stderr]    Compiling cookie v0.16.2
[INFO] [stderr]     Checking alloc-stdlib v0.2.2
[INFO] [stderr]     Checking futures-util v0.3.30
[INFO] [stderr]     Checking try-lock v0.2.5
[INFO] [stderr]     Checking futures-channel v0.3.30
[INFO] [stderr]    Compiling time-macros v0.2.16
[INFO] [stderr]     Checking want v0.3.1
[INFO] [stderr]     Checking brotli-decompressor v2.5.1
[INFO] [stderr]     Checking idna v0.5.0
[INFO] [stderr]     Checking idna v0.3.0
[INFO] [stderr]     Checking no-std-compat v0.4.1
[INFO] [stderr]     Checking psl-types v2.0.11
[INFO] [stderr]     Checking idna v0.2.3
[INFO] [stderr]     Checking product-os-http v0.0.3
[INFO] [stderr]     Checking tokio v1.35.1
[INFO] [stderr]    Compiling async-trait v0.1.77
[INFO] [stderr]     Checking tracing v0.1.40
[INFO] [stderr]     Checking rustls-pemfile v1.0.4
[INFO] [stderr]     Checking webpki-roots v0.25.3
[INFO] [stderr]     Checking url v2.5.0
[INFO] [stderr]     Checking publicsuffix v2.2.3
[INFO] [stderr]     Checking indexmap v2.1.0
[INFO] [stderr]    Compiling cc v1.0.83
[INFO] [stderr]     Checking http-body v0.4.6
[INFO] [stderr]     Checking product-os-http-body v0.0.2
[INFO] [stderr]     Checking brotli v3.4.0
[INFO] [stderr]    Compiling ring v0.17.7
[INFO] [stderr]     Checking time v0.3.31
[INFO] [stderr]     Checking product-os-http-body-util v0.0.3
[INFO] [stderr]     Checking tokio-util v0.7.10
[INFO] [stderr]    Compiling serde_derive v1.0.195
[INFO] [stderr]     Checking h2 v0.3.22
[INFO] [stderr]     Checking async-compression v0.4.5
[INFO] [stderr]     Checking sct v0.7.1
[INFO] [stderr]     Checking rustls-webpki v0.101.7
[INFO] [stderr]     Checking hyper v0.14.28
[INFO] [stderr]     Checking serde v1.0.195
[INFO] [stderr]     Checking tokio-rustls v0.24.1
[INFO] [stderr]     Checking hyper-rustls v0.24.2
[INFO] [stderr]     Checking serde_json v1.0.111
[INFO] [stderr]     Checking serde_urlencoded v0.7.1
[INFO] [stderr]     Checking cookie_store v0.16.2
[INFO] [stderr]     Checking reqwest v0.11.23
[INFO] [stderr]     Checking product-os-request v0.0.18
[INFO] [stdout] error[E0277]: the trait bound `product_os_http::HeaderValue: product_os_http::header::map::as_header_name::AsHeaderName` is not satisfied
[INFO] [stdout]    --> /opt/rustwide/cargo-home/registry/src/index.crates.io-6f17d22bba15001f/product-os-request-0.0.18/src/lib.rs:530:31
[INFO] [stdout]     |
[INFO] [stdout] 530 |         self.headers.append::<HeaderValue>(name.as_str(), header_value);
[INFO] [stdout]     |                      ------   ^^^^^^^^^^^ the trait `product_os_http::header::map::as_header_name::AsHeaderName` is not implemented for `product_os_http::HeaderValue`
[INFO] [stdout]     |                      |
[INFO] [stdout]     |                      required by a bound introduced by this call
[INFO] [stdout]     |
[INFO] [stdout]     = help: the following other types implement trait `product_os_http::header::map::as_header_name::AsHeaderName`:
[INFO] [stdout]               product_os_http::HeaderName
[INFO] [stdout]               std::string::String
[INFO] [stdout]               &'a product_os_http::HeaderName
[INFO] [stdout]               &'a str
[INFO] [stdout]               &'a std::string::String
[INFO] [stdout] note: required by a bound in `product_os_http::HeaderMap::<T>::append`
[INFO] [stdout]    --> /opt/rustwide/cargo-home/registry/src/index.crates.io-6f17d22bba15001f/product-os-http-0.0.3/src/header/map.rs:103:22
[INFO] [stdout]     |
[INFO] [stdout] 103 |     pub fn append<K: AsHeaderName>(&mut self, key: K, value: T) -> bool
[INFO] [stdout]     |                      ^^^^^^^^^^^^ required by this bound in `HeaderMap::<T>::append`
[INFO] [stdout] 
[INFO] [stdout] 
[INFO] [stdout] error[E0308]: mismatched types
[INFO] [stdout]    --> /opt/rustwide/cargo-home/registry/src/index.crates.io-6f17d22bba15001f/product-os-request-0.0.18/src/lib.rs:530:44
[INFO] [stdout]     |
[INFO] [stdout] 530 |         self.headers.append::<HeaderValue>(name.as_str(), header_value);
[INFO] [stdout]     |                      --------------------- ^^^^^^^^^^^^^ expected `HeaderValue`, found `&str`
[INFO] [stdout]     |                      |
[INFO] [stdout]     |                      arguments to this method are incorrect
[INFO] [stdout]     |
[INFO] [stdout] note: method defined here
[INFO] [stdout]    --> /opt/rustwide/cargo-home/registry/src/index.crates.io-6f17d22bba15001f/product-os-http-0.0.3/src/header/map.rs:103:12
[INFO] [stdout]     |
[INFO] [stdout] 103 |     pub fn append<K: AsHeaderName>(&mut self, key: K, value: T) -> bool
[INFO] [stdout]     |            ^^^^^^
[INFO] [stdout] 
[INFO] [stdout] 
[INFO] [stdout] error: aborting due to 2 previous errors
[INFO] [stdout] 
[INFO] [stdout] 
[INFO] [stdout] Some errors have detailed explanations: E0277, E0308.
[INFO] [stdout] 
[INFO] [stdout] For more information about an error, try `rustc --explain E0277`.
[INFO] [stdout] 
[INFO] [stderr] error: could not compile `product-os-request` (lib) due to 3 previous errors
[INFO] running `Command { std: "docker" "inspect" "cdffb53eac92a6ba4e51a1f03d55ee8832cfcbaed23d693121341d7f07a1955b", kill_on_drop: false }`
[INFO] running `Command { std: "docker" "rm" "-f" "cdffb53eac92a6ba4e51a1f03d55ee8832cfcbaed23d693121341d7f07a1955b", kill_on_drop: false }`
[INFO] [stdout] cdffb53eac92a6ba4e51a1f03d55ee8832cfcbaed23d693121341d7f07a1955b
[INFO] documenting product-os-browser-automation-0.0.5 against beta-2023-12-22 for beta-1.76-rustdoc-1
[INFO] extracting crate product-os-browser-automation 0.0.5 into /workspace/builds/worker-4-tc2/source
[INFO] validating manifest of crates.io crate product-os-browser-automation 0.0.5 on toolchain beta-2023-12-22
[INFO] running `Command { std: CARGO_HOME="/workspace/cargo-home" RUSTUP_HOME="/workspace/rustup-home" "/workspace/cargo-home/bin/cargo" "+beta-2023-12-22" "metadata" "--manifest-path" "Cargo.toml" "--no-deps", kill_on_drop: false }`
[INFO] started tweaking crates.io crate product-os-browser-automation 0.0.5
[INFO] finished tweaking crates.io crate product-os-browser-automation 0.0.5
[INFO] tweaked toml for crates.io crate product-os-browser-automation 0.0.5 written to /workspace/builds/worker-4-tc2/source/Cargo.toml
[INFO] running `Command { std: CARGO_HOME="/workspace/cargo-home" RUSTUP_HOME="/workspace/rustup-home" "/workspace/cargo-home/bin/cargo" "+beta-2023-12-22" "generate-lockfile" "--manifest-path" "Cargo.toml", kill_on_drop: false }`
[INFO] [stderr]     Updating crates.io index
[INFO] running `Command { std: CARGO_HOME="/workspace/cargo-home" RUSTUP_HOME="/workspace/rustup-home" "/workspace/cargo-home/bin/cargo" "+beta-2023-12-22" "fetch" "--manifest-path" "Cargo.toml", kill_on_drop: false }`
[INFO] running `Command { std: "docker" "create" "-v" "/var/lib/crater-agent-workspace/builds/worker-4-tc2/target:/opt/rustwide/target:rw,Z" "-v" "/var/lib/crater-agent-workspace/builds/worker-4-tc2/source:/opt/rustwide/workdir:ro,Z" "-v" "/var/lib/crater-agent-workspace/cargo-home:/opt/rustwide/cargo-home:ro,Z" "-v" "/var/lib/crater-agent-workspace/rustup-home:/opt/rustwide/rustup-home:ro,Z" "-e" "SOURCE_DIR=/opt/rustwide/workdir" "-e" "CARGO_TARGET_DIR=/opt/rustwide/target" "-e" "CARGO_HOME=/opt/rustwide/cargo-home" "-e" "RUSTUP_HOME=/opt/rustwide/rustup-home" "-w" "/opt/rustwide/workdir" "-m" "1610612736" "--user" "0:0" "--network" "none" "ghcr.io/rust-lang/crates-build-env/linux@sha256:2788e3201cd34a07e3172128adcd8b3090168a8e3bcc40d7c032b9dda1df7d1c" "/opt/rustwide/cargo-home/bin/cargo" "+beta-2023-12-22" "metadata" "--no-deps" "--format-version=1", kill_on_drop: false }`
[INFO] [stdout] c4a08dc865b402f76d8d0624f6f82cf5b7d550d96caedb3ebfe710a4a86d14da
[INFO] running `Command { std: "docker" "start" "-a" "c4a08dc865b402f76d8d0624f6f82cf5b7d550d96caedb3ebfe710a4a86d14da", kill_on_drop: false }`
[INFO] running `Command { std: "docker" "inspect" "c4a08dc865b402f76d8d0624f6f82cf5b7d550d96caedb3ebfe710a4a86d14da", kill_on_drop: false }`
[INFO] running `Command { std: "docker" "rm" "-f" "c4a08dc865b402f76d8d0624f6f82cf5b7d550d96caedb3ebfe710a4a86d14da", kill_on_drop: false }`
[INFO] [stdout] c4a08dc865b402f76d8d0624f6f82cf5b7d550d96caedb3ebfe710a4a86d14da
[INFO] running `Command { std: "docker" "create" "-v" "/var/lib/crater-agent-workspace/builds/worker-4-tc2/target:/opt/rustwide/target:rw,Z" "-v" "/var/lib/crater-agent-workspace/builds/worker-4-tc2/source:/opt/rustwide/workdir:ro,Z" "-v" "/var/lib/crater-agent-workspace/cargo-home:/opt/rustwide/cargo-home:ro,Z" "-v" "/var/lib/crater-agent-workspace/rustup-home:/opt/rustwide/rustup-home:ro,Z" "-e" "SOURCE_DIR=/opt/rustwide/workdir" "-e" "CARGO_TARGET_DIR=/opt/rustwide/target" "-e" "CARGO_INCREMENTAL=0" "-e" "RUST_BACKTRACE=full" "-e" "RUSTFLAGS=--cap-lints=warn" "-e" "RUSTDOCFLAGS=--cap-lints=warn" "-e" "CARGO_HOME=/opt/rustwide/cargo-home" "-e" "RUSTUP_HOME=/opt/rustwide/rustup-home" "-w" "/opt/rustwide/workdir" "-m" "1610612736" "--user" "0:0" "--network" "none" "ghcr.io/rust-lang/crates-build-env/linux@sha256:2788e3201cd34a07e3172128adcd8b3090168a8e3bcc40d7c032b9dda1df7d1c" "/opt/rustwide/cargo-home/bin/cargo" "+beta-2023-12-22" "doc" "--frozen" "--no-deps" "--document-private-items" "--message-format=json", kill_on_drop: false }`
[INFO] [stdout] fd64bf631fe168c05f74dcb21e644ed6b9a020093e7f706b336c50f5e4901ef4
[INFO] running `Command { std: "docker" "start" "-a" "fd64bf631fe168c05f74dcb21e644ed6b9a020093e7f706b336c50f5e4901ef4", kill_on_drop: false }`
[INFO] [stderr]     Checking futures-core v0.3.30
[INFO] [stderr]     Checking socket2 v0.5.5
[INFO] [stderr]     Checking mio v0.8.10
[INFO] [stderr]     Checking getrandom v0.2.11
[INFO] [stderr]     Checking untrusted v0.9.0
[INFO] [stderr]     Checking spin v0.9.8
[INFO] [stderr]    Compiling libc v0.2.151
[INFO] [stderr]     Checking tracing-core v0.1.32
[INFO] [stderr]     Checking futures-task v0.3.30
[INFO] [stderr]     Checking http v0.2.11
[INFO] [stderr]    Compiling core-error v0.0.1-rc4
[INFO] [stderr]     Checking futures-sink v0.3.30
[INFO] [stderr]    Compiling syn v2.0.48
[INFO] [stderr]     Checking hashbrown v0.14.3
[INFO] [stderr]    Compiling rustls v0.21.10
[INFO] [stderr]     Checking alloc-no-stdlib v2.0.4
[INFO] [stderr]    Compiling time-core v0.1.2
[INFO] [stderr]     Checking deranged v0.3.11
[INFO] [stderr]    Compiling cookie v0.16.2
[INFO] [stderr]     Checking try-lock v0.2.5
[INFO] [stderr]     Checking alloc-stdlib v0.2.2
[INFO] [stderr]     Checking futures-channel v0.3.30
[INFO] [stderr]     Checking futures-util v0.3.30
[INFO] [stderr]    Compiling time-macros v0.2.16
[INFO] [stderr]     Checking want v0.3.1
[INFO] [stderr]     Checking brotli-decompressor v2.5.1
[INFO] [stderr]     Checking idna v0.3.0
[INFO] [stderr]     Checking idna v0.5.0
[INFO] [stderr]     Checking psl-types v2.0.11
[INFO] [stderr]     Checking no-std-compat v0.4.1
[INFO] [stderr]     Checking tokio v1.35.1
[INFO] [stderr]     Checking idna v0.2.3
[INFO] [stderr]    Compiling async-trait v0.1.77
[INFO] [stderr]     Checking product-os-http v0.0.3
[INFO] [stderr]     Checking rustls-pemfile v1.0.4
[INFO] [stderr]     Checking tracing v0.1.40
[INFO] [stderr]     Checking webpki-roots v0.25.3
[INFO] [stderr]     Checking indexmap v2.1.0
[INFO] [stderr]     Checking url v2.5.0
[INFO] [stderr]     Checking http-body v0.4.6
[INFO] [stderr]    Compiling cc v1.0.83
[INFO] [stderr]     Checking publicsuffix v2.2.3
[INFO] [stderr]     Checking product-os-http-body v0.0.2
[INFO] [stderr]     Checking brotli v3.4.0
[INFO] [stderr]    Compiling ring v0.17.7
[INFO] [stderr]     Checking time v0.3.31
[INFO] [stderr]     Checking product-os-http-body-util v0.0.3
[INFO] [stderr]    Compiling serde_derive v1.0.195
[INFO] [stderr]     Checking tokio-util v0.7.10
[INFO] [stderr]     Checking h2 v0.3.22
[INFO] [stderr]     Checking async-compression v0.4.5
[INFO] [stderr]     Checking sct v0.7.1
[INFO] [stderr]     Checking rustls-webpki v0.101.7
[INFO] [stderr]     Checking hyper v0.14.28
[INFO] [stderr]     Checking serde v1.0.195
[INFO] [stderr]     Checking tokio-rustls v0.24.1
[INFO] [stderr]     Checking hyper-rustls v0.24.2
[INFO] [stderr]     Checking serde_json v1.0.111
[INFO] [stderr]     Checking serde_urlencoded v0.7.1
[INFO] [stderr]     Checking cookie_store v0.16.2
[INFO] [stderr]     Checking reqwest v0.11.23
[INFO] [stderr]     Checking product-os-request v0.0.18
[INFO] [stdout] error[E0277]: the trait bound `product_os_http::HeaderValue: product_os_http::header::map::as_header_name::AsHeaderName` is not satisfied
[INFO] [stdout]    --> /opt/rustwide/cargo-home/registry/src/index.crates.io-6f17d22bba15001f/product-os-request-0.0.18/src/lib.rs:530:31
[INFO] [stdout]     |
[INFO] [stdout] 530 |         self.headers.append::<HeaderValue>(name.as_str(), header_value);
[INFO] [stdout]     |                      ------   ^^^^^^^^^^^ the trait `product_os_http::header::map::as_header_name::AsHeaderName` is not implemented for `product_os_http::HeaderValue`
[INFO] [stdout]     |                      |
[INFO] [stdout]     |                      required by a bound introduced by this call
[INFO] [stdout]     |
[INFO] [stdout]     = help: the following other types implement trait `product_os_http::header::map::as_header_name::AsHeaderName`:
[INFO] [stdout]               product_os_http::HeaderName
[INFO] [stdout]               std::string::String
[INFO] [stdout]               &'a product_os_http::HeaderName
[INFO] [stdout]               &'a str
[INFO] [stdout]               &'a std::string::String
[INFO] [stdout] note: required by a bound in `product_os_http::HeaderMap::<T>::append`
[INFO] [stdout]    --> /opt/rustwide/cargo-home/registry/src/index.crates.io-6f17d22bba15001f/product-os-http-0.0.3/src/header/map.rs:103:22
[INFO] [stdout]     |
[INFO] [stdout] 103 |     pub fn append<K: AsHeaderName>(&mut self, key: K, value: T) -> bool
[INFO] [stdout]     |                      ^^^^^^^^^^^^ required by this bound in `HeaderMap::<T>::append`
[INFO] [stdout] 
[INFO] [stdout] 
[INFO] [stdout] error[E0308]: mismatched types
[INFO] [stdout]    --> /opt/rustwide/cargo-home/registry/src/index.crates.io-6f17d22bba15001f/product-os-request-0.0.18/src/lib.rs:530:44
[INFO] [stdout]     |
[INFO] [stdout] 530 |         self.headers.append::<HeaderValue>(name.as_str(), header_value);
[INFO] [stdout]     |                      --------------------- ^^^^^^^^^^^^^ expected `HeaderValue`, found `&str`
[INFO] [stdout]     |                      |
[INFO] [stdout]     |                      arguments to this method are incorrect
[INFO] [stdout]     |
[INFO] [stdout] note: method defined here
[INFO] [stdout]    --> /opt/rustwide/cargo-home/registry/src/index.crates.io-6f17d22bba15001f/product-os-http-0.0.3/src/header/map.rs:103:12
[INFO] [stdout]     |
[INFO] [stdout] 103 |     pub fn append<K: AsHeaderName>(&mut self, key: K, value: T) -> bool
[INFO] [stdout]     |            ^^^^^^
[INFO] [stdout] 
[INFO] [stdout] 
[INFO] [stdout] error: aborting due to 2 previous errors
[INFO] [stdout] 
[INFO] [stdout] 
[INFO] [stdout] Some errors have detailed explanations: E0277, E0308.
[INFO] [stdout] 
[INFO] [stdout] For more information about an error, try `rustc --explain E0277`.
[INFO] [stdout] 
[INFO] [stderr] error: could not compile `product-os-request` (lib) due to 3 previous errors
[INFO] running `Command { std: "docker" "inspect" "fd64bf631fe168c05f74dcb21e644ed6b9a020093e7f706b336c50f5e4901ef4", kill_on_drop: false }`
[INFO] running `Command { std: "docker" "rm" "-f" "fd64bf631fe168c05f74dcb21e644ed6b9a020093e7f706b336c50f5e4901ef4", kill_on_drop: false }`
[INFO] [stdout] fd64bf631fe168c05f74dcb21e644ed6b9a020093e7f706b336c50f5e4901ef4
