[INFO] fetching crate pressurize 0.0.1...
[INFO] documenting pressurize-0.0.1 against 1.75.0 for beta-1.76-rustdoc-1
[INFO] extracting crate pressurize 0.0.1 into /workspace/builds/worker-3-tc1/source
[INFO] validating manifest of crates.io crate pressurize 0.0.1 on toolchain 1.75.0
[INFO] running `Command { std: CARGO_HOME="/workspace/cargo-home" RUSTUP_HOME="/workspace/rustup-home" "/workspace/cargo-home/bin/cargo" "+1.75.0" "metadata" "--manifest-path" "Cargo.toml" "--no-deps", kill_on_drop: false }`
[INFO] started tweaking crates.io crate pressurize 0.0.1
[INFO] finished tweaking crates.io crate pressurize 0.0.1
[INFO] tweaked toml for crates.io crate pressurize 0.0.1 written to /workspace/builds/worker-3-tc1/source/Cargo.toml
[INFO] crate crates.io crate pressurize 0.0.1 already has a lockfile, it will not be regenerated
[INFO] running `Command { std: CARGO_HOME="/workspace/cargo-home" RUSTUP_HOME="/workspace/rustup-home" "/workspace/cargo-home/bin/cargo" "+1.75.0" "fetch" "--manifest-path" "Cargo.toml", kill_on_drop: false }`
[INFO] [stderr]     Updating crates.io index
[INFO] [stderr]  Downloading crates ...
[INFO] [stderr]   Downloaded dogstatsd v0.6.2
[INFO] [stderr]   Downloaded perf-event-open-sys v1.0.1
[INFO] [stderr]   Downloaded ctrlc v3.1.8
[INFO] [stderr]   Downloaded syn v1.0.68
[INFO] [stderr]   Downloaded bcc v0.0.31
[INFO] [stderr]   Downloaded bcc-sys v0.18.0
[INFO] running `Command { std: "docker" "create" "-v" "/var/lib/crater-agent-workspace/builds/worker-3-tc1/target:/opt/rustwide/target:rw,Z" "-v" "/var/lib/crater-agent-workspace/builds/worker-3-tc1/source:/opt/rustwide/workdir:ro,Z" "-v" "/var/lib/crater-agent-workspace/cargo-home:/opt/rustwide/cargo-home:ro,Z" "-v" "/var/lib/crater-agent-workspace/rustup-home:/opt/rustwide/rustup-home:ro,Z" "-e" "SOURCE_DIR=/opt/rustwide/workdir" "-e" "CARGO_TARGET_DIR=/opt/rustwide/target" "-e" "CARGO_HOME=/opt/rustwide/cargo-home" "-e" "RUSTUP_HOME=/opt/rustwide/rustup-home" "-w" "/opt/rustwide/workdir" "-m" "1610612736" "--user" "0:0" "--network" "none" "ghcr.io/rust-lang/crates-build-env/linux@sha256:2788e3201cd34a07e3172128adcd8b3090168a8e3bcc40d7c032b9dda1df7d1c" "/opt/rustwide/cargo-home/bin/cargo" "+1.75.0" "metadata" "--no-deps" "--format-version=1", kill_on_drop: false }`
[INFO] [stdout] 3f644399aefc8646e9c7a1101aeb0c9d1ff202c8084725732d9fe145754b8bc5
[INFO] running `Command { std: "docker" "start" "-a" "3f644399aefc8646e9c7a1101aeb0c9d1ff202c8084725732d9fe145754b8bc5", kill_on_drop: false }`
[INFO] running `Command { std: "docker" "inspect" "3f644399aefc8646e9c7a1101aeb0c9d1ff202c8084725732d9fe145754b8bc5", kill_on_drop: false }`
[INFO] running `Command { std: "docker" "rm" "-f" "3f644399aefc8646e9c7a1101aeb0c9d1ff202c8084725732d9fe145754b8bc5", kill_on_drop: false }`
[INFO] [stdout] 3f644399aefc8646e9c7a1101aeb0c9d1ff202c8084725732d9fe145754b8bc5
[INFO] running `Command { std: "docker" "create" "-v" "/var/lib/crater-agent-workspace/builds/worker-3-tc1/target:/opt/rustwide/target:rw,Z" "-v" "/var/lib/crater-agent-workspace/builds/worker-3-tc1/source:/opt/rustwide/workdir:ro,Z" "-v" "/var/lib/crater-agent-workspace/cargo-home:/opt/rustwide/cargo-home:ro,Z" "-v" "/var/lib/crater-agent-workspace/rustup-home:/opt/rustwide/rustup-home:ro,Z" "-e" "SOURCE_DIR=/opt/rustwide/workdir" "-e" "CARGO_TARGET_DIR=/opt/rustwide/target" "-e" "CARGO_INCREMENTAL=0" "-e" "RUST_BACKTRACE=full" "-e" "RUSTFLAGS=--cap-lints=warn" "-e" "RUSTDOCFLAGS=--cap-lints=warn" "-e" "CARGO_HOME=/opt/rustwide/cargo-home" "-e" "RUSTUP_HOME=/opt/rustwide/rustup-home" "-w" "/opt/rustwide/workdir" "-m" "1610612736" "--user" "0:0" "--network" "none" "ghcr.io/rust-lang/crates-build-env/linux@sha256:2788e3201cd34a07e3172128adcd8b3090168a8e3bcc40d7c032b9dda1df7d1c" "/opt/rustwide/cargo-home/bin/cargo" "+1.75.0" "doc" "--frozen" "--no-deps" "--document-private-items" "--message-format=json", kill_on_drop: false }`
[INFO] [stdout] 5848d3cf9f0234c75a5a58929d9b11d55cbed9aa7d3014203818db5853e36196
[INFO] running `Command { std: "docker" "start" "-a" "5848d3cf9f0234c75a5a58929d9b11d55cbed9aa7d3014203818db5853e36196", kill_on_drop: false }`
[INFO] [stderr]    Compiling libc v0.2.92
[INFO] [stderr]    Compiling proc-macro2 v1.0.26
[INFO] [stderr]    Compiling unicode-xid v0.2.1
[INFO] [stderr]    Compiling memchr v2.3.4
[INFO] [stderr]    Compiling syn v1.0.68
[INFO] [stderr]    Compiling bcc-sys v0.18.0
[INFO] [stderr]    Compiling log v0.4.14
[INFO] [stderr]    Compiling anyhow v1.0.40
[INFO] [stderr]     Checking unicode-width v0.1.8
[INFO] [stderr]     Checking regex-syntax v0.6.23
[INFO] [stderr]     Checking ansi_term v0.11.0
[INFO] [stderr]     Checking textwrap v0.11.0
[INFO] [stderr]     Checking aho-corasick v0.7.15
[INFO] [stderr]    Compiling quote v1.0.9
[INFO] [stderr]     Checking time v0.1.44
[INFO] [stderr]     Checking atty v0.2.14
[INFO] [stderr]     Checking nix v0.20.0
[INFO] [stderr]     Checking memmap v0.7.0
[INFO] [stderr]     Checking perf-event-open-sys v1.0.1
[INFO] [stderr]     Checking clap v2.33.3
[INFO] [stderr]     Checking chrono v0.4.19
[INFO] [stderr]     Checking regex v1.4.5
[INFO] [stderr]     Checking dogstatsd v0.6.2
[INFO] [stderr]    Compiling thiserror-impl v1.0.24
[INFO] [stderr]     Checking thiserror v1.0.24
[INFO] [stderr]     Checking bcc v0.0.31
[INFO] [stderr]     Checking ctrlc v3.1.8
[INFO] [stderr]  Documenting pressurize v0.0.1 (/opt/rustwide/workdir)
[INFO] [stderr]     Checking pressurize v0.0.1 (/opt/rustwide/workdir)
[INFO] [stdout] warning: unused imports: `error`, `info`
[INFO] [stdout]    --> src/counters/mod.rs:114:11
[INFO] [stdout]     |
[INFO] [stdout] 114 | use log::{error, info};
[INFO] [stdout]     |           ^^^^^  ^^^^
[INFO] [stdout]     |
[INFO] [stdout]     = note: `#[warn(unused_imports)]` on by default
[INFO] [stdout] 
[INFO] [stdout] 
[INFO] [stdout] error[E0554]: `#![feature]` may not be used on the stable release channel
[INFO] [stdout]  --> src/lib.rs:1:12
[INFO] [stdout]   |
[INFO] [stdout] 1 | #![feature(asm)]
[INFO] [stdout]   |            ^^^
[INFO] [stdout] 
[INFO] [stdout] 
[INFO] [stdout] warning: the feature `asm` has been stable since 1.59.0 and no longer requires an attribute to enable
[INFO] [stdout]  --> src/lib.rs:1:12
[INFO] [stdout]   |
[INFO] [stdout] 1 | #![feature(asm)]
[INFO] [stdout]   |            ^^^
[INFO] [stdout]   |
[INFO] [stdout]   = note: `#[warn(stable_features)]` on by default
[INFO] [stdout] 
[INFO] [stdout] 
[INFO] [stdout] error[E0554]: `#![feature]` may not be used on the stable release channel
[INFO] [stdout]  --> src/lib.rs:1:12
[INFO] [stdout]   |
[INFO] [stdout] 1 | #![feature(asm)]
[INFO] [stdout]   |            ^^^
[INFO] [stdout] 
[INFO] [stdout] 
[INFO] [stdout] error: aborting due to previous error; 2 warnings emitted
[INFO] [stdout] 
[INFO] [stdout] 
[INFO] [stdout] For more information about this error, try `rustc --explain E0554`.
[INFO] [stdout] 
[INFO] [stderr] error: could not compile `pressurize` (lib) due to 2 previous errors; 2 warnings emitted
[INFO] [stderr] warning: build failed, waiting for other jobs to finish...
[INFO] [stdout] error: aborting due to previous error
[INFO] [stdout] 
[INFO] [stdout] 
[INFO] [stdout] For more information about this error, try `rustc --explain E0554`.
[INFO] [stdout] 
[INFO] [stderr] error: could not document `pressurize`
[INFO] [stderr] 
[INFO] [stderr] Caused by:
[INFO] [stderr]   process didn't exit successfully: `/opt/rustwide/rustup-home/toolchains/1.75.0-x86_64-unknown-linux-gnu/bin/rustdoc --edition=2018 --crate-type lib --crate-name pressurize src/lib.rs -o /opt/rustwide/target/doc --error-format=json --json=diagnostic-rendered-ansi,artifacts,future-incompat --document-private-items -C metadata=bc8546a2c020cedc -L dependency=/opt/rustwide/target/debug/deps --extern anyhow=/opt/rustwide/target/debug/deps/libanyhow-c1550c83d6168395.rmeta --extern bcc=/opt/rustwide/target/debug/deps/libbcc-3f8be70e861beb0d.rmeta --extern clap=/opt/rustwide/target/debug/deps/libclap-5f0c19dffc392e34.rmeta --extern ctrlc=/opt/rustwide/target/debug/deps/libctrlc-f1c398a2ee004286.rmeta --extern dogstatsd=/opt/rustwide/target/debug/deps/libdogstatsd-bd973d6dd30fe958.rmeta --extern log=/opt/rustwide/target/debug/deps/liblog-1623ee4af9d117b5.rmeta --extern memmap=/opt/rustwide/target/debug/deps/libmemmap-ce505d10e4a13900.rmeta --extern perf_event_open_sys=/opt/rustwide/target/debug/deps/libperf_event_open_sys-06d302328d2de7f2.rmeta --cap-lints=warn --crate-version 0.0.1` (exit status: 1)
[INFO] running `Command { std: "docker" "inspect" "5848d3cf9f0234c75a5a58929d9b11d55cbed9aa7d3014203818db5853e36196", kill_on_drop: false }`
[INFO] running `Command { std: "docker" "rm" "-f" "5848d3cf9f0234c75a5a58929d9b11d55cbed9aa7d3014203818db5853e36196", kill_on_drop: false }`
[INFO] [stdout] 5848d3cf9f0234c75a5a58929d9b11d55cbed9aa7d3014203818db5853e36196
[INFO] documenting pressurize-0.0.1 against beta-2023-12-22 for beta-1.76-rustdoc-1
[INFO] extracting crate pressurize 0.0.1 into /workspace/builds/worker-3-tc2/source
[INFO] validating manifest of crates.io crate pressurize 0.0.1 on toolchain beta-2023-12-22
[INFO] running `Command { std: CARGO_HOME="/workspace/cargo-home" RUSTUP_HOME="/workspace/rustup-home" "/workspace/cargo-home/bin/cargo" "+beta-2023-12-22" "metadata" "--manifest-path" "Cargo.toml" "--no-deps", kill_on_drop: false }`
[INFO] started tweaking crates.io crate pressurize 0.0.1
[INFO] finished tweaking crates.io crate pressurize 0.0.1
[INFO] tweaked toml for crates.io crate pressurize 0.0.1 written to /workspace/builds/worker-3-tc2/source/Cargo.toml
[INFO] crate crates.io crate pressurize 0.0.1 already has a lockfile, it will not be regenerated
[INFO] running `Command { std: CARGO_HOME="/workspace/cargo-home" RUSTUP_HOME="/workspace/rustup-home" "/workspace/cargo-home/bin/cargo" "+beta-2023-12-22" "fetch" "--manifest-path" "Cargo.toml", kill_on_drop: false }`
[INFO] running `Command { std: "docker" "create" "-v" "/var/lib/crater-agent-workspace/builds/worker-3-tc2/target:/opt/rustwide/target:rw,Z" "-v" "/var/lib/crater-agent-workspace/builds/worker-3-tc2/source:/opt/rustwide/workdir:ro,Z" "-v" "/var/lib/crater-agent-workspace/cargo-home:/opt/rustwide/cargo-home:ro,Z" "-v" "/var/lib/crater-agent-workspace/rustup-home:/opt/rustwide/rustup-home:ro,Z" "-e" "SOURCE_DIR=/opt/rustwide/workdir" "-e" "CARGO_TARGET_DIR=/opt/rustwide/target" "-e" "CARGO_HOME=/opt/rustwide/cargo-home" "-e" "RUSTUP_HOME=/opt/rustwide/rustup-home" "-w" "/opt/rustwide/workdir" "-m" "1610612736" "--user" "0:0" "--network" "none" "ghcr.io/rust-lang/crates-build-env/linux@sha256:2788e3201cd34a07e3172128adcd8b3090168a8e3bcc40d7c032b9dda1df7d1c" "/opt/rustwide/cargo-home/bin/cargo" "+beta-2023-12-22" "metadata" "--no-deps" "--format-version=1", kill_on_drop: false }`
[INFO] [stdout] 8739b1c8e6e648f057d3d5ba8fc5f33b50d2361f32691cda28096c4bd1fb6849
[INFO] running `Command { std: "docker" "start" "-a" "8739b1c8e6e648f057d3d5ba8fc5f33b50d2361f32691cda28096c4bd1fb6849", kill_on_drop: false }`
[INFO] running `Command { std: "docker" "inspect" "8739b1c8e6e648f057d3d5ba8fc5f33b50d2361f32691cda28096c4bd1fb6849", kill_on_drop: false }`
[INFO] running `Command { std: "docker" "rm" "-f" "8739b1c8e6e648f057d3d5ba8fc5f33b50d2361f32691cda28096c4bd1fb6849", kill_on_drop: false }`
[INFO] [stdout] 8739b1c8e6e648f057d3d5ba8fc5f33b50d2361f32691cda28096c4bd1fb6849
[INFO] running `Command { std: "docker" "create" "-v" "/var/lib/crater-agent-workspace/builds/worker-3-tc2/target:/opt/rustwide/target:rw,Z" "-v" "/var/lib/crater-agent-workspace/builds/worker-3-tc2/source:/opt/rustwide/workdir:ro,Z" "-v" "/var/lib/crater-agent-workspace/cargo-home:/opt/rustwide/cargo-home:ro,Z" "-v" "/var/lib/crater-agent-workspace/rustup-home:/opt/rustwide/rustup-home:ro,Z" "-e" "SOURCE_DIR=/opt/rustwide/workdir" "-e" "CARGO_TARGET_DIR=/opt/rustwide/target" "-e" "CARGO_INCREMENTAL=0" "-e" "RUST_BACKTRACE=full" "-e" "RUSTFLAGS=--cap-lints=warn" "-e" "RUSTDOCFLAGS=--cap-lints=warn" "-e" "CARGO_HOME=/opt/rustwide/cargo-home" "-e" "RUSTUP_HOME=/opt/rustwide/rustup-home" "-w" "/opt/rustwide/workdir" "-m" "1610612736" "--user" "0:0" "--network" "none" "ghcr.io/rust-lang/crates-build-env/linux@sha256:2788e3201cd34a07e3172128adcd8b3090168a8e3bcc40d7c032b9dda1df7d1c" "/opt/rustwide/cargo-home/bin/cargo" "+beta-2023-12-22" "doc" "--frozen" "--no-deps" "--document-private-items" "--message-format=json", kill_on_drop: false }`
[INFO] [stdout] 9fc6d5666127d380d96d5880df0c4a447b306400b267fa73cca1fb174ab3ab1a
[INFO] running `Command { std: "docker" "start" "-a" "9fc6d5666127d380d96d5880df0c4a447b306400b267fa73cca1fb174ab3ab1a", kill_on_drop: false }`
[INFO] [stderr]    Compiling libc v0.2.92
[INFO] [stderr]    Compiling proc-macro2 v1.0.26
[INFO] [stderr]    Compiling unicode-xid v0.2.1
[INFO] [stderr]    Compiling memchr v2.3.4
[INFO] [stderr]    Compiling syn v1.0.68
[INFO] [stderr]    Compiling bcc-sys v0.18.0
[INFO] [stderr]     Checking regex-syntax v0.6.23
[INFO] [stderr]    Compiling log v0.4.14
[INFO] [stderr]     Checking unicode-width v0.1.8
[INFO] [stderr]    Compiling anyhow v1.0.40
[INFO] [stderr]     Checking ansi_term v0.11.0
[INFO] [stderr]     Checking textwrap v0.11.0
[INFO] [stderr]     Checking aho-corasick v0.7.15
[INFO] [stderr]    Compiling quote v1.0.9
[INFO] [stderr]     Checking time v0.1.44
[INFO] [stderr]     Checking atty v0.2.14
[INFO] [stderr]     Checking nix v0.20.0
[INFO] [stderr]     Checking memmap v0.7.0
[INFO] [stderr]     Checking perf-event-open-sys v1.0.1
[INFO] [stderr]     Checking clap v2.33.3
[INFO] [stderr]     Checking chrono v0.4.19
[INFO] [stderr]     Checking regex v1.4.5
[INFO] [stderr]     Checking dogstatsd v0.6.2
[INFO] [stderr]    Compiling thiserror-impl v1.0.24
[INFO] [stderr]     Checking thiserror v1.0.24
[INFO] [stderr]     Checking bcc v0.0.31
[INFO] [stderr]     Checking ctrlc v3.1.8
[INFO] [stderr]  Documenting pressurize v0.0.1 (/opt/rustwide/workdir)
[INFO] [stderr]     Checking pressurize v0.0.1 (/opt/rustwide/workdir)
[INFO] [stdout] warning: unused imports: `error`, `info`
[INFO] [stdout]    --> src/counters/mod.rs:114:11
[INFO] [stdout]     |
[INFO] [stdout] 114 | use log::{error, info};
[INFO] [stdout]     |           ^^^^^  ^^^^
[INFO] [stdout]     |
[INFO] [stdout]     = note: `#[warn(unused_imports)]` on by default
[INFO] [stdout] 
[INFO] [stdout] 
[INFO] [stdout] error[E0554]: `#![feature]` may not be used on the beta release channel
[INFO] [stdout]  --> src/lib.rs:1:12
[INFO] [stdout]   |
[INFO] [stdout] 1 | #![feature(asm)]
[INFO] [stdout]   |            ^^^
[INFO] [stdout] 
[INFO] [stdout] 
[INFO] [stdout] error[E0554]: `#![feature]` may not be used on the beta release channel
[INFO] [stdout]  --> src/lib.rs:1:12
[INFO] [stdout]   |
[INFO] [stdout] 1 | #![feature(asm)]
[INFO] [stdout]   |            ^^^
[INFO] [stdout] 
[INFO] [stdout] 
[INFO] [stdout] warning: the feature `asm` has been stable since 1.59.0 and no longer requires an attribute to enable
[INFO] [stdout]  --> src/lib.rs:1:12
[INFO] [stdout]   |
[INFO] [stdout] 1 | #![feature(asm)]
[INFO] [stdout]   |            ^^^
[INFO] [stdout]   |
[INFO] [stdout]   = note: `#[warn(stable_features)]` on by default
[INFO] [stdout] 
[INFO] [stdout] 
[INFO] [stdout] error: aborting due to 1 previous error; 2 warnings emitted
[INFO] [stdout] 
[INFO] [stdout] 
[INFO] [stdout] For more information about this error, try `rustc --explain E0554`.
[INFO] [stdout] 
[INFO] [stderr] error: could not compile `pressurize` (lib) due to 2 previous errors; 2 warnings emitted
[INFO] [stderr] warning: build failed, waiting for other jobs to finish...
[INFO] [stdout] error: aborting due to 1 previous error
[INFO] [stdout] 
[INFO] [stdout] 
[INFO] [stdout] For more information about this error, try `rustc --explain E0554`.
[INFO] [stdout] 
[INFO] [stderr] error: could not document `pressurize`
[INFO] [stderr] 
[INFO] [stderr] Caused by:
[INFO] [stderr]   process didn't exit successfully: `/opt/rustwide/rustup-home/toolchains/beta-2023-12-22-x86_64-unknown-linux-gnu/bin/rustdoc --edition=2018 --crate-type lib --crate-name pressurize src/lib.rs -o /opt/rustwide/target/doc --error-format=json --json=diagnostic-rendered-ansi,artifacts,future-incompat --document-private-items -C metadata=b74054418875f61a -L dependency=/opt/rustwide/target/debug/deps --extern anyhow=/opt/rustwide/target/debug/deps/libanyhow-79070ab18639c740.rmeta --extern bcc=/opt/rustwide/target/debug/deps/libbcc-3184144296ed0ed6.rmeta --extern clap=/opt/rustwide/target/debug/deps/libclap-3d0bb07ca250124d.rmeta --extern ctrlc=/opt/rustwide/target/debug/deps/libctrlc-ed9d6021310cc4fc.rmeta --extern dogstatsd=/opt/rustwide/target/debug/deps/libdogstatsd-71e3fc13eb7c1fcf.rmeta --extern log=/opt/rustwide/target/debug/deps/liblog-9da88930f8072c86.rmeta --extern memmap=/opt/rustwide/target/debug/deps/libmemmap-efe735718334e9c9.rmeta --extern perf_event_open_sys=/opt/rustwide/target/debug/deps/libperf_event_open_sys-10ceba70122868ff.rmeta --cap-lints=warn --crate-version 0.0.1` (exit status: 1)
[INFO] running `Command { std: "docker" "inspect" "9fc6d5666127d380d96d5880df0c4a447b306400b267fa73cca1fb174ab3ab1a", kill_on_drop: false }`
[INFO] running `Command { std: "docker" "rm" "-f" "9fc6d5666127d380d96d5880df0c4a447b306400b267fa73cca1fb174ab3ab1a", kill_on_drop: false }`
[INFO] [stdout] 9fc6d5666127d380d96d5880df0c4a447b306400b267fa73cca1fb174ab3ab1a
