[INFO] fetching crate preach 0.2.1...
[INFO] documenting preach-0.2.1 against 1.75.0 for beta-1.76-rustdoc-1
[INFO] extracting crate preach 0.2.1 into /workspace/builds/worker-6-tc1/source
[INFO] validating manifest of crates.io crate preach 0.2.1 on toolchain 1.75.0
[INFO] running `Command { std: CARGO_HOME="/workspace/cargo-home" RUSTUP_HOME="/workspace/rustup-home" "/workspace/cargo-home/bin/cargo" "+1.75.0" "metadata" "--manifest-path" "Cargo.toml" "--no-deps", kill_on_drop: false }`
[INFO] started tweaking crates.io crate preach 0.2.1
[INFO] finished tweaking crates.io crate preach 0.2.1
[INFO] tweaked toml for crates.io crate preach 0.2.1 written to /workspace/builds/worker-6-tc1/source/Cargo.toml
[INFO] running `Command { std: CARGO_HOME="/workspace/cargo-home" RUSTUP_HOME="/workspace/rustup-home" "/workspace/cargo-home/bin/cargo" "+1.75.0" "generate-lockfile" "--manifest-path" "Cargo.toml", kill_on_drop: false }`
[INFO] [stderr]     Updating crates.io index
[INFO] running `Command { std: CARGO_HOME="/workspace/cargo-home" RUSTUP_HOME="/workspace/rustup-home" "/workspace/cargo-home/bin/cargo" "+1.75.0" "fetch" "--manifest-path" "Cargo.toml", kill_on_drop: false }`
[INFO] [stderr]  Downloading crates ...
[INFO] [stderr]   Downloaded cpp_common v0.5.9
[INFO] [stderr]   Downloaded cpp_build v0.5.9
[INFO] [stderr]   Downloaded webrtc-sdp v0.3.10
[INFO] [stderr]   Downloaded dummy-waker v1.1.0
[INFO] [stderr]   Downloaded wasm_main_executor v0.1.0
[INFO] [stderr]   Downloaded datachannel v0.9.1
[INFO] [stderr]   Downloaded datachannel-sys v0.18.5
[INFO] running `Command { std: "docker" "create" "-v" "/var/lib/crater-agent-workspace/builds/worker-6-tc1/target:/opt/rustwide/target:rw,Z" "-v" "/var/lib/crater-agent-workspace/builds/worker-6-tc1/source:/opt/rustwide/workdir:ro,Z" "-v" "/var/lib/crater-agent-workspace/cargo-home:/opt/rustwide/cargo-home:ro,Z" "-v" "/var/lib/crater-agent-workspace/rustup-home:/opt/rustwide/rustup-home:ro,Z" "-e" "SOURCE_DIR=/opt/rustwide/workdir" "-e" "CARGO_TARGET_DIR=/opt/rustwide/target" "-e" "CARGO_HOME=/opt/rustwide/cargo-home" "-e" "RUSTUP_HOME=/opt/rustwide/rustup-home" "-w" "/opt/rustwide/workdir" "-m" "1610612736" "--user" "0:0" "--network" "none" "ghcr.io/rust-lang/crates-build-env/linux@sha256:2788e3201cd34a07e3172128adcd8b3090168a8e3bcc40d7c032b9dda1df7d1c" "/opt/rustwide/cargo-home/bin/cargo" "+1.75.0" "metadata" "--no-deps" "--format-version=1", kill_on_drop: false }`
[INFO] [stdout] 2636dd1a20f050db678f9d946ef6ad94319f2212ea4367bc2cd9c4c59e67b575
[INFO] running `Command { std: "docker" "start" "-a" "2636dd1a20f050db678f9d946ef6ad94319f2212ea4367bc2cd9c4c59e67b575", kill_on_drop: false }`
[INFO] running `Command { std: "docker" "inspect" "2636dd1a20f050db678f9d946ef6ad94319f2212ea4367bc2cd9c4c59e67b575", kill_on_drop: false }`
[INFO] running `Command { std: "docker" "rm" "-f" "2636dd1a20f050db678f9d946ef6ad94319f2212ea4367bc2cd9c4c59e67b575", kill_on_drop: false }`
[INFO] [stdout] 2636dd1a20f050db678f9d946ef6ad94319f2212ea4367bc2cd9c4c59e67b575
[INFO] running `Command { std: "docker" "create" "-v" "/var/lib/crater-agent-workspace/builds/worker-6-tc1/target:/opt/rustwide/target:rw,Z" "-v" "/var/lib/crater-agent-workspace/builds/worker-6-tc1/source:/opt/rustwide/workdir:ro,Z" "-v" "/var/lib/crater-agent-workspace/cargo-home:/opt/rustwide/cargo-home:ro,Z" "-v" "/var/lib/crater-agent-workspace/rustup-home:/opt/rustwide/rustup-home:ro,Z" "-e" "SOURCE_DIR=/opt/rustwide/workdir" "-e" "CARGO_TARGET_DIR=/opt/rustwide/target" "-e" "CARGO_INCREMENTAL=0" "-e" "RUST_BACKTRACE=full" "-e" "RUSTFLAGS=--cap-lints=warn" "-e" "RUSTDOCFLAGS=--cap-lints=warn" "-e" "CARGO_HOME=/opt/rustwide/cargo-home" "-e" "RUSTUP_HOME=/opt/rustwide/rustup-home" "-w" "/opt/rustwide/workdir" "-m" "1610612736" "--user" "0:0" "--network" "none" "ghcr.io/rust-lang/crates-build-env/linux@sha256:2788e3201cd34a07e3172128adcd8b3090168a8e3bcc40d7c032b9dda1df7d1c" "/opt/rustwide/cargo-home/bin/cargo" "+1.75.0" "doc" "--frozen" "--no-deps" "--document-private-items" "--message-format=json", kill_on_drop: false }`
[INFO] [stdout] 076a94704249d2fba75571e607628cd9e954417b09d60831fecdeb149e21a104
[INFO] running `Command { std: "docker" "start" "-a" "076a94704249d2fba75571e607628cd9e954417b09d60831fecdeb149e21a104", kill_on_drop: false }`
[INFO] [stderr]    Compiling proc-macro2 v1.0.76
[INFO] [stderr]    Compiling glob v0.3.1
[INFO] [stderr]    Compiling rustix v0.38.28
[INFO] [stderr]    Compiling prettyplease v0.2.16
[INFO] [stderr]    Compiling memchr v2.7.1
[INFO] [stderr]    Compiling regex-syntax v0.8.2
[INFO] [stderr]    Compiling linux-raw-sys v0.4.12
[INFO] [stderr]    Compiling minimal-lexical v0.2.1
[INFO] [stderr]    Compiling bitflags v2.4.1
[INFO] [stderr]    Compiling bindgen v0.65.1
[INFO] [stderr]    Compiling home v0.5.9
[INFO] [stderr]    Compiling either v1.9.0
[INFO] [stderr]    Compiling libloading v0.8.1
[INFO] [stderr]    Compiling rustc-hash v1.1.0
[INFO] [stderr]    Compiling peeking_take_while v0.1.2
[INFO] [stderr]    Compiling shlex v1.2.0
[INFO] [stderr]    Compiling lazycell v1.3.0
[INFO] [stderr]    Compiling bitflags v1.3.2
[INFO] [stderr]    Compiling cmake v0.1.50
[INFO] [stderr]    Compiling syn v1.0.109
[INFO] [stderr]    Compiling serde v1.0.195
[INFO] [stderr]     Checking webrtc-sdp v0.3.10
[INFO] [stderr]    Compiling thiserror v1.0.56
[INFO] [stderr]     Checking parking_lot v0.12.1
[INFO] [stderr]     Checking arc-swap v1.6.0
[INFO] [stderr]    Compiling clang-sys v1.7.0
[INFO] [stderr]    Compiling quote v1.0.35
[INFO] [stderr]    Compiling nom v7.1.3
[INFO] [stderr]    Compiling syn v2.0.48
[INFO] [stderr]    Compiling regex-automata v0.4.3
[INFO] [stderr]    Compiling which v4.4.2
[INFO] [stderr]    Compiling cexpr v0.6.0
[INFO] [stderr]    Compiling derivative v2.2.0
[INFO] [stderr]    Compiling regex v1.10.2
[INFO] [stderr]    Compiling serde_derive v1.0.195
[INFO] [stderr]    Compiling thiserror-impl v1.0.56
[INFO] [stderr]    Compiling datachannel-sys v0.18.5
[INFO] [stderr] error: failed to run custom build command for `datachannel-sys v0.18.5`
[INFO] [stderr] note: To improve backtraces for build dependencies, set the CARGO_PROFILE_DEV_BUILD_OVERRIDE_DEBUG=true environment variable to enable debug information generation.
[INFO] [stderr] 
[INFO] [stderr] Caused by:
[INFO] [stderr]   process didn't exit successfully: `/opt/rustwide/target/debug/build/datachannel-sys-8147d1ff889d780d/build-script-build` (exit status: 101)
[INFO] [stderr]   --- stdout
[INFO] [stderr]   cargo:rerun-if-env-changed=OPENSSL_ROOT_DIR
[INFO] [stderr]   cargo:rerun-if-env-changed=OPENSSL_LIBRARIES
[INFO] [stderr]   CMAKE_TOOLCHAIN_FILE_x86_64-unknown-linux-gnu = None
[INFO] [stderr]   CMAKE_TOOLCHAIN_FILE_x86_64_unknown_linux_gnu = None
[INFO] [stderr]   HOST_CMAKE_TOOLCHAIN_FILE = None
[INFO] [stderr]   CMAKE_TOOLCHAIN_FILE = None
[INFO] [stderr]   CMAKE_GENERATOR_x86_64-unknown-linux-gnu = None
[INFO] [stderr]   CMAKE_GENERATOR_x86_64_unknown_linux_gnu = None
[INFO] [stderr]   HOST_CMAKE_GENERATOR = None
[INFO] [stderr]   CMAKE_GENERATOR = None
[INFO] [stderr]   CMAKE_PREFIX_PATH_x86_64-unknown-linux-gnu = None
[INFO] [stderr]   CMAKE_PREFIX_PATH_x86_64_unknown_linux_gnu = None
[INFO] [stderr]   HOST_CMAKE_PREFIX_PATH = None
[INFO] [stderr]   CMAKE_PREFIX_PATH = None
[INFO] [stderr]   CMAKE_x86_64-unknown-linux-gnu = None
[INFO] [stderr]   CMAKE_x86_64_unknown_linux_gnu = None
[INFO] [stderr]   HOST_CMAKE = None
[INFO] [stderr]   CMAKE = None
[INFO] [stderr]   running: cd "/opt/rustwide/target/debug/build/datachannel-sys-3e8a33a5f5389f51/out/build" && CMAKE_PREFIX_PATH="" "cmake" "/opt/rustwide/cargo-home/registry/src/index.crates.io-6f17d22bba15001f/datachannel-sys-0.18.5/libdatachannel" "-DNO_WEBSOCKET=ON" "-DNO_EXAMPLES=ON" "-DNO_MEDIA=ON" "-DCMAKE_INSTALL_PREFIX=/opt/rustwide/target/debug/build/datachannel-sys-3e8a33a5f5389f51/out" "-DCMAKE_C_FLAGS= -ffunction-sections -fdata-sections -fPIC -m64" "-DCMAKE_C_COMPILER=/usr/bin/cc" "-DCMAKE_CXX_FLAGS= -ffunction-sections -fdata-sections -fPIC -m64" "-DCMAKE_CXX_COMPILER=/usr/bin/c++" "-DCMAKE_ASM_FLAGS= -ffunction-sections -fdata-sections -fPIC -m64" "-DCMAKE_ASM_COMPILER=/usr/bin/cc" "-DCMAKE_BUILD_TYPE=Debug"
[INFO] [stderr]   -- The CXX compiler identification is GNU 11.4.0
[INFO] [stderr]   -- Detecting CXX compiler ABI info
[INFO] [stderr]   -- Detecting CXX compiler ABI info - done
[INFO] [stderr]   -- Check for working CXX compiler: /usr/bin/c++ - skipped
[INFO] [stderr]   -- Detecting CXX compile features
[INFO] [stderr]   -- Detecting CXX compile features - done
[INFO] [stderr]   -- Looking for C++ include pthread.h
[INFO] [stderr]   -- Looking for C++ include pthread.h - found
[INFO] [stderr]   -- Performing Test CMAKE_HAVE_LIBC_PTHREAD
[INFO] [stderr]   -- Performing Test CMAKE_HAVE_LIBC_PTHREAD - Success
[INFO] [stderr]   -- Found Threads: TRUE  
[INFO] [stderr]   -- The C compiler identification is GNU 11.4.0
[INFO] [stderr]   -- Detecting C compiler ABI info
[INFO] [stderr]   -- Detecting C compiler ABI info - done
[INFO] [stderr]   -- Check for working C compiler: /usr/bin/cc - skipped
[INFO] [stderr]   -- Detecting C compile features
[INFO] [stderr]   -- Detecting C compile features - done
[INFO] [stderr]   -- Looking for include file sys/queue.h
[INFO] [stderr]   -- Looking for include file sys/queue.h - found
[INFO] [stderr]   -- Looking for include files sys/socket.h, linux/if_addr.h
[INFO] [stderr]   -- Looking for include files sys/socket.h, linux/if_addr.h - found
[INFO] [stderr]   -- Looking for include files sys/socket.h, linux/rtnetlink.h
[INFO] [stderr]   -- Looking for include files sys/socket.h, linux/rtnetlink.h - found
[INFO] [stderr]   -- Looking for 4 include files sys/types.h, ..., netinet/ip_icmp.h
[INFO] [stderr]   -- Looking for 4 include files sys/types.h, ..., netinet/ip_icmp.h - found
[INFO] [stderr]   -- Looking for 3 include files sys/types.h, ..., net/route.h
[INFO] [stderr]   -- Looking for 3 include files sys/types.h, ..., net/route.h - found
[INFO] [stderr]   -- Looking for include file stdatomic.h
[INFO] [stderr]   -- Looking for include file stdatomic.h - found
[INFO] [stderr]   -- Looking for usrsctp.h
[INFO] [stderr]   -- Looking for usrsctp.h - found
[INFO] [stderr]   -- Performing Test have_sa_len
[INFO] [stderr]   -- Performing Test have_sa_len - Failed
[INFO] [stderr]   -- Performing Test have_sin_len
[INFO] [stderr]   -- Performing Test have_sin_len - Failed
[INFO] [stderr]   -- Performing Test have_sin6_len
[INFO] [stderr]   -- Performing Test have_sin6_len - Failed
[INFO] [stderr]   -- Performing Test have_sconn_len
[INFO] [stderr]   -- Performing Test have_sconn_len - Failed
[INFO] [stderr]   -- Performing Test has_wfloat_equal
[INFO] [stderr]   -- Performing Test has_wfloat_equal - Success
[INFO] [stderr]   -- Performing Test has_wshadow
[INFO] [stderr]   -- Performing Test has_wshadow - Success
[INFO] [stderr]   -- Performing Test has_wpointer_aritih
[INFO] [stderr]   -- Performing Test has_wpointer_aritih - Success
[INFO] [stderr]   -- Performing Test has_wunreachable_code
[INFO] [stderr]   -- Performing Test has_wunreachable_code - Success
[INFO] [stderr]   -- Performing Test has_winit_self
[INFO] [stderr]   -- Performing Test has_winit_self - Success
[INFO] [stderr]   -- Performing Test has_wno_unused_function
[INFO] [stderr]   -- Performing Test has_wno_unused_function - Success
[INFO] [stderr]   -- Performing Test has_wno_unused_parameter
[INFO] [stderr]   -- Performing Test has_wno_unused_parameter - Success
[INFO] [stderr]   -- Performing Test has_wno_unreachable_code
[INFO] [stderr]   -- Performing Test has_wno_unreachable_code - Success
[INFO] [stderr]   -- Performing Test has_wstrict_prototypes
[INFO] [stderr]   -- Performing Test has_wstrict_prototypes - Success
[INFO] [stderr]   -- Compiler flags (CMAKE_C_FLAGS):  -ffunction-sections -fdata-sections -fPIC -m64 -std=c99 -pedantic -Wall -Wextra -Wfloat-equal -Wshadow -Wpointer-arith -Wunreachable-code -Winit-self -Wno-unused-function -Wno-unused-parameter -Wno-unreachable-code -Wstrict-prototypes -Werror
[INFO] [stderr]   -- Performing Test has_wno_address_of_packed_member
[INFO] [stderr]   -- Performing Test has_wno_address_of_packed_member - Success
[INFO] [stderr]   -- Performing Test has_wno_deprecated_declarations
[INFO] [stderr]   -- Performing Test has_wno_deprecated_declarations - Success
[INFO] [stderr]   -- Found OpenSSL: /usr/lib/x86_64-linux-gnu/libcrypto.so (found version "3.0.2")  
[INFO] [stderr]   -- Performing Test COMPILER_HAS_HIDDEN_VISIBILITY
[INFO] [stderr]   -- Performing Test COMPILER_HAS_HIDDEN_VISIBILITY - Success
[INFO] [stderr]   -- Performing Test COMPILER_HAS_HIDDEN_INLINE_VISIBILITY
[INFO] [stderr]   -- Performing Test COMPILER_HAS_HIDDEN_INLINE_VISIBILITY - Success
[INFO] [stderr]   -- Performing Test COMPILER_HAS_DEPRECATED_ATTR
[INFO] [stderr]   -- Performing Test COMPILER_HAS_DEPRECATED_ATTR - Success
[INFO] [stderr]   -- Configuring done
[INFO] [stderr]   -- Generating done
[INFO] [stderr]   -- Build files have been written to: /opt/rustwide/target/debug/build/datachannel-sys-3e8a33a5f5389f51/out/build
[INFO] [stderr]   running: cd "/opt/rustwide/target/debug/build/datachannel-sys-3e8a33a5f5389f51/out/build" && MAKEFLAGS="-j --jobserver-fds=7,8 --jobserver-auth=7,8" "cmake" "--build" "." "--target" "install" "--config" "Debug"
[INFO] [stderr]   [  0%] Building C object deps/usrsctp/usrsctplib/CMakeFiles/usrsctp.dir/netinet/sctp_asconf.c.o
[INFO] [stderr]   [  3%] Building C object deps/usrsctp/usrsctplib/CMakeFiles/usrsctp.dir/netinet/sctp_bsd_addr.c.o
[INFO] [stderr]   [  3%] Building C object deps/libjuice/CMakeFiles/juice-static.dir/src/addr.c.o
[INFO] [stderr]   [  3%] Building C object deps/usrsctp/usrsctplib/CMakeFiles/usrsctp.dir/netinet/sctp_auth.c.o
[INFO] [stderr]   [  5%] Building C object deps/usrsctp/usrsctplib/CMakeFiles/usrsctp.dir/netinet/sctp_callout.c.o
[INFO] [stderr]   [  7%] Building C object deps/libjuice/CMakeFiles/juice-static.dir/src/crc32.c.o
[INFO] [stderr]   [  7%] Building C object deps/usrsctp/usrsctplib/CMakeFiles/usrsctp.dir/netinet/sctp_cc_functions.c.o
[INFO] [stderr]   [  7%] Building C object deps/libjuice/CMakeFiles/juice-static.dir/src/const_time.c.o
[INFO] [stderr]   [  7%] Building C object deps/usrsctp/usrsctplib/CMakeFiles/usrsctp.dir/netinet/sctp_indata.c.o
[INFO] [stderr]   [  7%] Building C object deps/libjuice/CMakeFiles/juice-static.dir/src/conn_poll.c.o
[INFO] [stderr]   [  7%] Building C object deps/libjuice/CMakeFiles/juice-static.dir/src/agent.c.o
[INFO] [stderr]   [ 10%] Building C object deps/libjuice/CMakeFiles/juice-static.dir/src/conn_thread.c.o
[INFO] [stderr]   [ 10%] Building C object deps/libjuice/CMakeFiles/juice-static.dir/src/conn.c.o
[INFO] [stderr]   [ 12%] Building C object deps/usrsctp/usrsctplib/CMakeFiles/usrsctp.dir/netinet/sctp_crc32.c.o
[INFO] [stderr]   [ 14%] Building C object deps/usrsctp/usrsctplib/CMakeFiles/usrsctp.dir/netinet/sctp_input.c.o
[INFO] [stderr]   [ 14%] Building C object deps/usrsctp/usrsctplib/CMakeFiles/usrsctp.dir/netinet/sctp_output.c.o
[INFO] [stderr]   [ 14%] Building C object deps/libjuice/CMakeFiles/juice-static.dir/src/conn_mux.c.o
[INFO] [stderr]   [ 16%] Building C object deps/libjuice/CMakeFiles/juice-static.dir/src/base64.c.o
[INFO] [stderr]   [ 16%] Building C object deps/libjuice/CMakeFiles/juice-static.dir/src/hash.c.o
[INFO] [stderr]   [ 17%] Building C object deps/libjuice/CMakeFiles/juice-static.dir/src/hmac.c.o
[INFO] [stderr]   [ 17%] Building C object deps/libjuice/CMakeFiles/juice-static.dir/src/ice.c.o
[INFO] [stderr]   [ 19%] Building C object deps/usrsctp/usrsctplib/CMakeFiles/usrsctp.dir/netinet/sctp_pcb.c.o
[INFO] [stderr]   [ 21%] Building C object deps/libjuice/CMakeFiles/juice-static.dir/src/juice.c.o
[INFO] [stderr]   [ 21%] Building C object deps/usrsctp/usrsctplib/CMakeFiles/usrsctp.dir/netinet/sctp_peeloff.c.o
[INFO] [stderr]   [ 21%] Building C object deps/libjuice/CMakeFiles/juice-static.dir/src/log.c.o
[INFO] [stderr]   [ 23%] Building C object deps/usrsctp/usrsctplib/CMakeFiles/usrsctp.dir/netinet/sctp_sha1.c.o
[INFO] [stderr]   [ 25%] Building C object deps/libjuice/CMakeFiles/juice-static.dir/src/random.c.o
[INFO] [stderr]   [ 25%] Building C object deps/libjuice/CMakeFiles/juice-static.dir/src/server.c.o
[INFO] [stderr]   [ 26%] Building C object deps/libjuice/CMakeFiles/juice-static.dir/src/timestamp.c.o
[INFO] [stderr]   [ 26%] Building C object deps/libjuice/CMakeFiles/juice-static.dir/src/stun.c.o
[INFO] [stderr]   [ 26%] Building C object deps/usrsctp/usrsctplib/CMakeFiles/usrsctp.dir/netinet/sctp_ss_functions.c.o
[INFO] [stderr]   [ 28%] Building C object deps/libjuice/CMakeFiles/juice-static.dir/src/turn.c.o
[INFO] [stderr]   [ 30%] Building C object deps/usrsctp/usrsctplib/CMakeFiles/usrsctp.dir/netinet/sctp_sysctl.c.o
[INFO] [stderr]   [ 30%] Building C object deps/usrsctp/usrsctplib/CMakeFiles/usrsctp.dir/netinet/sctp_timer.c.o
[INFO] [stderr]   [ 30%] Building C object deps/libjuice/CMakeFiles/juice-static.dir/src/udp.c.o
[INFO] [stderr]   [ 32%] Building C object deps/usrsctp/usrsctplib/CMakeFiles/usrsctp.dir/netinet/sctp_userspace.c.o
[INFO] [stderr]   [ 32%] Building C object deps/usrsctp/usrsctplib/CMakeFiles/usrsctp.dir/netinet/sctp_usrreq.c.o
[INFO] [stderr]   [ 33%] Building C object deps/usrsctp/usrsctplib/CMakeFiles/usrsctp.dir/netinet/sctputil.c.o
[INFO] [stderr]   [ 33%] Building C object deps/usrsctp/usrsctplib/CMakeFiles/usrsctp.dir/netinet6/sctp6_usrreq.c.o
[INFO] [stderr]   [ 35%] Building C object deps/usrsctp/usrsctplib/CMakeFiles/usrsctp.dir/user_environment.c.o
[INFO] [stderr]   [ 35%] Building C object deps/usrsctp/usrsctplib/CMakeFiles/usrsctp.dir/user_mbuf.c.o
[INFO] [stderr]   [ 37%] Building C object deps/usrsctp/usrsctplib/CMakeFiles/usrsctp.dir/user_recv_thread.c.o
[INFO] [stderr]   [ 37%] Building C object deps/usrsctp/usrsctplib/CMakeFiles/usrsctp.dir/user_socket.c.o
[INFO] [stderr]   [ 39%] Linking C static library libjuice-static.a
[INFO] [stderr]   [ 39%] Built target juice-static
[INFO] [stderr]   [ 41%] Linking C static library libusrsctp.a
[INFO] [stderr]   [ 41%] Built target usrsctp
[INFO] [stderr]   [ 42%] Building CXX object CMakeFiles/datachannel.dir/src/candidate.cpp.o
[INFO] [stderr]   [ 42%] Building CXX object CMakeFiles/datachannel.dir/src/channel.cpp.o
[INFO] [stderr]   [ 42%] Building CXX object CMakeFiles/datachannel.dir/src/configuration.cpp.o
[INFO] [stderr]   [ 42%] Building CXX object CMakeFiles/datachannel.dir/src/global.cpp.o
[INFO] [stderr]   [ 44%] Building CXX object CMakeFiles/datachannel.dir/src/description.cpp.o
[INFO] [stderr]   [ 46%] Building CXX object CMakeFiles/datachannel.dir/src/message.cpp.o
[INFO] [stderr]   [ 46%] Building CXX object CMakeFiles/datachannel.dir/src/peerconnection.cpp.o
[INFO] [stderr]   [ 46%] Building CXX object CMakeFiles/datachannel.dir/src/datachannel.cpp.o
[INFO] [stderr]   [ 48%] Building CXX object CMakeFiles/datachannel.dir/src/track.cpp.o
[INFO] [stderr]   [ 48%] Building CXX object CMakeFiles/datachannel.dir/src/rtcpreceivingsession.cpp.o
[INFO] [stderr]   [ 50%] Building CXX object CMakeFiles/datachannel.dir/src/websocket.cpp.o
[INFO] [stderr]   [ 50%] Building CXX object CMakeFiles/datachannel.dir/src/websocketserver.cpp.o
[INFO] [stderr]   [ 51%] Building CXX object CMakeFiles/datachannel.dir/src/rtppacketizationconfig.cpp.o
[INFO] [stderr]   [ 51%] Building CXX object CMakeFiles/datachannel.dir/src/rtcpsrreporter.cpp.o
[INFO] [stderr]   [ 53%] Building CXX object CMakeFiles/datachannel.dir/src/opusrtppacketizer.cpp.o
[INFO] [stderr]   [ 53%] Building CXX object CMakeFiles/datachannel.dir/src/rtppacketizer.cpp.o
[INFO] [stderr]   [ 57%] Building CXX object CMakeFiles/datachannel.dir/src/h264rtppacketizer.cpp.o
[INFO] [stderr]   [ 58%] Building CXX object CMakeFiles/datachannel.dir/src/mediahandlerelement.cpp.o
[INFO] [stderr]   [ 58%] Building CXX object CMakeFiles/datachannel.dir/src/nalunit.cpp.o
[INFO] [stderr]   [ 58%] Building CXX object CMakeFiles/datachannel.dir/src/mediachainablehandler.cpp.o
[INFO] [stderr]   [ 58%] Building CXX object CMakeFiles/datachannel.dir/src/opuspacketizationhandler.cpp.o
[INFO] [stderr]   [ 60%] Building CXX object CMakeFiles/datachannel.dir/src/mediahandlerrootelement.cpp.o
[INFO] [stderr]   [ 60%] Building CXX object CMakeFiles/datachannel.dir/src/h264packetizationhandler.cpp.o
[INFO] [stderr]   [ 62%] Building CXX object CMakeFiles/datachannel.dir/src/impl/channel.cpp.o
[INFO] [stderr]   [ 62%] Building CXX object CMakeFiles/datachannel.dir/src/rtcpnackresponder.cpp.o
[INFO] [stderr]   [ 64%] Building CXX object CMakeFiles/datachannel.dir/src/rtp.cpp.o
[INFO] [stderr]   [ 64%] Building CXX object CMakeFiles/datachannel.dir/src/impl/certificate.cpp.o
[INFO] [stderr]   [ 66%] Building CXX object CMakeFiles/datachannel.dir/src/capi.cpp.o
[INFO] [stderr]   [ 66%] Building CXX object CMakeFiles/datachannel.dir/src/impl/dtlssrtptransport.cpp.o
[INFO] [stderr]   [ 66%] Building CXX object CMakeFiles/datachannel.dir/src/impl/datachannel.cpp.o
[INFO] [stderr]   [ 67%] Building CXX object CMakeFiles/datachannel.dir/src/impl/dtlstransport.cpp.o
[INFO] [stderr] 
[INFO] [stderr]   --- stderr
[INFO] [stderr]   CMake Warning:
[INFO] [stderr]     Manually-specified variables were not used by the project:
[INFO] [stderr] 
[INFO] [stderr]       CMAKE_ASM_COMPILER
[INFO] [stderr]       CMAKE_ASM_FLAGS
[INFO] [stderr] 
[INFO] [stderr] 
[INFO] [stderr]   c++: fatal error: Killed signal terminated program cc1plus
[INFO] [stderr]   compilation terminated.
[INFO] [stderr]   gmake[2]: *** [CMakeFiles/datachannel.dir/build.make:132: CMakeFiles/datachannel.dir/src/description.cpp.o] Error 1
[INFO] [stderr]   gmake[2]: *** Waiting for unfinished jobs....
[INFO] [stderr]   c++: fatal error: Killed signal terminated program cc1plus
[INFO] [stderr]   compilation terminated.
[INFO] [stderr]   gmake[2]: *** [CMakeFiles/datachannel.dir/build.make:202: CMakeFiles/datachannel.dir/src/track.cpp.o] Error 1
[INFO] [stderr]   c++: fatal error: Killed signal terminated program cc1plus
[INFO] [stderr]   compilation terminated.
[INFO] [stderr]   gmake[2]: *** [CMakeFiles/datachannel.dir/build.make:146: CMakeFiles/datachannel.dir/src/global.cpp.o] Error 1
[INFO] [stderr]   c++: fatal error: Killed signal terminated program cc1plus
[INFO] [stderr]   compilation terminated.
[INFO] [stderr]   gmake[2]: *** [CMakeFiles/datachannel.dir/build.make:174: CMakeFiles/datachannel.dir/src/peerconnection.cpp.o] Error 1
[INFO] [stderr]   gmake[1]: *** [CMakeFiles/Makefile2:155: CMakeFiles/datachannel.dir/all] Error 2
[INFO] [stderr]   gmake: *** [Makefile:136: all] Error 2
[INFO] [stderr]   thread 'main' panicked at /opt/rustwide/cargo-home/registry/src/index.crates.io-6f17d22bba15001f/cmake-0.1.50/src/lib.rs:1098:5:
[INFO] [stderr] 
[INFO] [stderr]   command did not execute successfully, got: exit status: 2
[INFO] [stderr] 
[INFO] [stderr]   build script failed, must exit now
[INFO] [stderr]   stack backtrace:
[INFO] [stderr]      0:     0x561975be677c - std::backtrace_rs::backtrace::libunwind::trace::ha637c64ce894333a
[INFO] [stderr]                                  at /rustc/82e1608dfa6e0b5569232559e3d385fea5a93112/library/std/src/../../backtrace/src/backtrace/libunwind.rs:104:5
[INFO] [stderr]      1:     0x561975be677c - std::backtrace_rs::backtrace::trace_unsynchronized::h47f62dea28e0c88d
[INFO] [stderr]                                  at /rustc/82e1608dfa6e0b5569232559e3d385fea5a93112/library/std/src/../../backtrace/src/backtrace/mod.rs:66:5
[INFO] [stderr]      2:     0x561975be677c - std::sys_common::backtrace::_print_fmt::h9eef0abe20ede486
[INFO] [stderr]                                  at /rustc/82e1608dfa6e0b5569232559e3d385fea5a93112/library/std/src/sys_common/backtrace.rs:67:5
[INFO] [stderr]      3:     0x561975be677c - <std::sys_common::backtrace::_print::DisplayBacktrace as core::fmt::Display>::fmt::hed7f999df88cc644
[INFO] [stderr]                                  at /rustc/82e1608dfa6e0b5569232559e3d385fea5a93112/library/std/src/sys_common/backtrace.rs:44:22
[INFO] [stderr]      4:     0x561975c12580 - core::fmt::rt::Argument::fmt::h1539a9308b8d058d
[INFO] [stderr]                                  at /rustc/82e1608dfa6e0b5569232559e3d385fea5a93112/library/core/src/fmt/rt.rs:142:9
[INFO] [stderr]      5:     0x561975c12580 - core::fmt::write::h3a39390d8560d9c9
[INFO] [stderr]                                  at /rustc/82e1608dfa6e0b5569232559e3d385fea5a93112/library/core/src/fmt/mod.rs:1120:17
[INFO] [stderr]      6:     0x561975be397f - std::io::Write::write_fmt::h5fc9997dfe05f882
[INFO] [stderr]                                  at /rustc/82e1608dfa6e0b5569232559e3d385fea5a93112/library/std/src/io/mod.rs:1762:15
[INFO] [stderr]      7:     0x561975be6564 - std::sys_common::backtrace::_print::h894006fb5c6f3d45
[INFO] [stderr]                                  at /rustc/82e1608dfa6e0b5569232559e3d385fea5a93112/library/std/src/sys_common/backtrace.rs:47:5
[INFO] [stderr]      8:     0x561975be6564 - std::sys_common::backtrace::print::h23a2d212c6fff936
[INFO] [stderr]                                  at /rustc/82e1608dfa6e0b5569232559e3d385fea5a93112/library/std/src/sys_common/backtrace.rs:34:9
[INFO] [stderr]      9:     0x561975be7d77 - std::panicking::default_hook::{{closure}}::h8a1d2ee00185001a
[INFO] [stderr]     10:     0x561975be7adf - std::panicking::default_hook::h6038f2eba384e475
[INFO] [stderr]                                  at /rustc/82e1608dfa6e0b5569232559e3d385fea5a93112/library/std/src/panicking.rs:292:9
[INFO] [stderr]     11:     0x561975be81f8 - std::panicking::rust_panic_with_hook::h2b5517d590cab22e
[INFO] [stderr]                                  at /rustc/82e1608dfa6e0b5569232559e3d385fea5a93112/library/std/src/panicking.rs:779:13
[INFO] [stderr]     12:     0x561975be80de - std::panicking::begin_panic_handler::{{closure}}::h233112c06e0ef43e
[INFO] [stderr]                                  at /rustc/82e1608dfa6e0b5569232559e3d385fea5a93112/library/std/src/panicking.rs:657:13
[INFO] [stderr]     13:     0x561975be6c46 - std::sys_common::backtrace::__rust_end_short_backtrace::h6e893f24d7ebbff8
[INFO] [stderr]                                  at /rustc/82e1608dfa6e0b5569232559e3d385fea5a93112/library/std/src/sys_common/backtrace.rs:170:18
[INFO] [stderr]     14:     0x561975be7e42 - rust_begin_unwind
[INFO] [stderr]                                  at /rustc/82e1608dfa6e0b5569232559e3d385fea5a93112/library/std/src/panicking.rs:645:5
[INFO] [stderr]     15:     0x5619756407b5 - core::panicking::panic_fmt::hbf0e066aabfa482c
[INFO] [stderr]                                  at /rustc/82e1608dfa6e0b5569232559e3d385fea5a93112/library/core/src/panicking.rs:72:14
[INFO] [stderr]     16:     0x561975b82091 - cmake::fail::h7a5caf818fa20d52
[INFO] [stderr]     17:     0x561975b81817 - cmake::run::hbdd51256d1726b59
[INFO] [stderr]     18:     0x561975b7e131 - cmake::Config::build::he7f58d1afe21f6cc
[INFO] [stderr]     19:     0x5619756441dc - build_script_build::main::h0d013725233213c0
[INFO] [stderr]     20:     0x561975641b23 - core::ops::function::FnOnce::call_once::hd5b0675db80abaef
[INFO] [stderr]     21:     0x561975641156 - std::sys_common::backtrace::__rust_begin_short_backtrace::h4272d384b0396ae0
[INFO] [stderr]     22:     0x561975641819 - std::rt::lang_start::{{closure}}::hec35c5b48f7e24f7
[INFO] [stderr]     23:     0x561975bdef77 - core::ops::function::impls::<impl core::ops::function::FnOnce<A> for &F>::call_once::hd95060ecd5e1ca24
[INFO] [stderr]                                  at /rustc/82e1608dfa6e0b5569232559e3d385fea5a93112/library/core/src/ops/function.rs:284:13
[INFO] [stderr]     24:     0x561975bdef77 - std::panicking::try::do_call::h6e8cf51db32a6e4b
[INFO] [stderr]                                  at /rustc/82e1608dfa6e0b5569232559e3d385fea5a93112/library/std/src/panicking.rs:552:40
[INFO] [stderr]     25:     0x561975bdef77 - std::panicking::try::h3a52eefe24fe3c29
[INFO] [stderr]                                  at /rustc/82e1608dfa6e0b5569232559e3d385fea5a93112/library/std/src/panicking.rs:516:19
[INFO] [stderr]     26:     0x561975bdef77 - std::panic::catch_unwind::h24c28c23c02c3841
[INFO] [stderr]                                  at /rustc/82e1608dfa6e0b5569232559e3d385fea5a93112/library/std/src/panic.rs:142:14
[INFO] [stderr]     27:     0x561975bdef77 - std::rt::lang_start_internal::{{closure}}::h705d3c9cbc06ef47
[INFO] [stderr]                                  at /rustc/82e1608dfa6e0b5569232559e3d385fea5a93112/library/std/src/rt.rs:148:48
[INFO] [stderr]     28:     0x561975bdef77 - std::panicking::try::do_call::ha21f52ba13158470
[INFO] [stderr]                                  at /rustc/82e1608dfa6e0b5569232559e3d385fea5a93112/library/std/src/panicking.rs:552:40
[INFO] [stderr]     29:     0x561975bdef77 - std::panicking::try::h5581346bf6aeb1f8
[INFO] [stderr]                                  at /rustc/82e1608dfa6e0b5569232559e3d385fea5a93112/library/std/src/panicking.rs:516:19
[INFO] [stderr]     30:     0x561975bdef77 - std::panic::catch_unwind::h7919645a6b72e25b
[INFO] [stderr]                                  at /rustc/82e1608dfa6e0b5569232559e3d385fea5a93112/library/std/src/panic.rs:142:14
[INFO] [stderr]     31:     0x561975bdef77 - std::rt::lang_start_internal::h12de51168669836e
[INFO] [stderr]                                  at /rustc/82e1608dfa6e0b5569232559e3d385fea5a93112/library/std/src/rt.rs:148:20
[INFO] [stderr]     32:     0x5619756417f7 - std::rt::lang_start::h40aa177e88e28173
[INFO] [stderr]     33:     0x5619756444b5 - main
[INFO] [stderr]     34:     0x7fb2ff357d90 - <unknown>
[INFO] [stderr]     35:     0x7fb2ff357e40 - __libc_start_main
[INFO] [stderr]     36:     0x561975641085 - _start
[INFO] [stderr]     37:                0x0 - <unknown>
[INFO] running `Command { std: "docker" "inspect" "076a94704249d2fba75571e607628cd9e954417b09d60831fecdeb149e21a104", kill_on_drop: false }`
[INFO] running `Command { std: "docker" "rm" "-f" "076a94704249d2fba75571e607628cd9e954417b09d60831fecdeb149e21a104", kill_on_drop: false }`
[INFO] [stdout] 076a94704249d2fba75571e607628cd9e954417b09d60831fecdeb149e21a104
[INFO] documenting preach-0.2.1 against beta-2023-12-22 for beta-1.76-rustdoc-1
[INFO] extracting crate preach 0.2.1 into /workspace/builds/worker-6-tc2/source
[INFO] validating manifest of crates.io crate preach 0.2.1 on toolchain beta-2023-12-22
[INFO] running `Command { std: CARGO_HOME="/workspace/cargo-home" RUSTUP_HOME="/workspace/rustup-home" "/workspace/cargo-home/bin/cargo" "+beta-2023-12-22" "metadata" "--manifest-path" "Cargo.toml" "--no-deps", kill_on_drop: false }`
[INFO] started tweaking crates.io crate preach 0.2.1
[INFO] finished tweaking crates.io crate preach 0.2.1
[INFO] tweaked toml for crates.io crate preach 0.2.1 written to /workspace/builds/worker-6-tc2/source/Cargo.toml
[INFO] running `Command { std: CARGO_HOME="/workspace/cargo-home" RUSTUP_HOME="/workspace/rustup-home" "/workspace/cargo-home/bin/cargo" "+beta-2023-12-22" "generate-lockfile" "--manifest-path" "Cargo.toml", kill_on_drop: false }`
[INFO] [stderr]     Blocking waiting for file lock on package cache
[INFO] [stderr]     Updating crates.io index
[INFO] running `Command { std: CARGO_HOME="/workspace/cargo-home" RUSTUP_HOME="/workspace/rustup-home" "/workspace/cargo-home/bin/cargo" "+beta-2023-12-22" "fetch" "--manifest-path" "Cargo.toml", kill_on_drop: false }`
[INFO] [stderr]     Blocking waiting for file lock on package cache
[INFO] running `Command { std: "docker" "create" "-v" "/var/lib/crater-agent-workspace/builds/worker-6-tc2/target:/opt/rustwide/target:rw,Z" "-v" "/var/lib/crater-agent-workspace/builds/worker-6-tc2/source:/opt/rustwide/workdir:ro,Z" "-v" "/var/lib/crater-agent-workspace/cargo-home:/opt/rustwide/cargo-home:ro,Z" "-v" "/var/lib/crater-agent-workspace/rustup-home:/opt/rustwide/rustup-home:ro,Z" "-e" "SOURCE_DIR=/opt/rustwide/workdir" "-e" "CARGO_TARGET_DIR=/opt/rustwide/target" "-e" "CARGO_HOME=/opt/rustwide/cargo-home" "-e" "RUSTUP_HOME=/opt/rustwide/rustup-home" "-w" "/opt/rustwide/workdir" "-m" "1610612736" "--user" "0:0" "--network" "none" "ghcr.io/rust-lang/crates-build-env/linux@sha256:2788e3201cd34a07e3172128adcd8b3090168a8e3bcc40d7c032b9dda1df7d1c" "/opt/rustwide/cargo-home/bin/cargo" "+beta-2023-12-22" "metadata" "--no-deps" "--format-version=1", kill_on_drop: false }`
[INFO] [stdout] fb9d95d526ba043d3f84b1f907ebf3470eec11394afa9e932c536fd4a86e9289
[INFO] running `Command { std: "docker" "start" "-a" "fb9d95d526ba043d3f84b1f907ebf3470eec11394afa9e932c536fd4a86e9289", kill_on_drop: false }`
[INFO] running `Command { std: "docker" "inspect" "fb9d95d526ba043d3f84b1f907ebf3470eec11394afa9e932c536fd4a86e9289", kill_on_drop: false }`
[INFO] running `Command { std: "docker" "rm" "-f" "fb9d95d526ba043d3f84b1f907ebf3470eec11394afa9e932c536fd4a86e9289", kill_on_drop: false }`
[INFO] [stdout] fb9d95d526ba043d3f84b1f907ebf3470eec11394afa9e932c536fd4a86e9289
[INFO] running `Command { std: "docker" "create" "-v" "/var/lib/crater-agent-workspace/builds/worker-6-tc2/target:/opt/rustwide/target:rw,Z" "-v" "/var/lib/crater-agent-workspace/builds/worker-6-tc2/source:/opt/rustwide/workdir:ro,Z" "-v" "/var/lib/crater-agent-workspace/cargo-home:/opt/rustwide/cargo-home:ro,Z" "-v" "/var/lib/crater-agent-workspace/rustup-home:/opt/rustwide/rustup-home:ro,Z" "-e" "SOURCE_DIR=/opt/rustwide/workdir" "-e" "CARGO_TARGET_DIR=/opt/rustwide/target" "-e" "CARGO_INCREMENTAL=0" "-e" "RUST_BACKTRACE=full" "-e" "RUSTFLAGS=--cap-lints=warn" "-e" "RUSTDOCFLAGS=--cap-lints=warn" "-e" "CARGO_HOME=/opt/rustwide/cargo-home" "-e" "RUSTUP_HOME=/opt/rustwide/rustup-home" "-w" "/opt/rustwide/workdir" "-m" "1610612736" "--user" "0:0" "--network" "none" "ghcr.io/rust-lang/crates-build-env/linux@sha256:2788e3201cd34a07e3172128adcd8b3090168a8e3bcc40d7c032b9dda1df7d1c" "/opt/rustwide/cargo-home/bin/cargo" "+beta-2023-12-22" "doc" "--frozen" "--no-deps" "--document-private-items" "--message-format=json", kill_on_drop: false }`
[INFO] [stdout] d2ec4ec522b788b4fcbdfbaca12d3260f1ae95df78b66c22e296f2b307904d65
[INFO] running `Command { std: "docker" "start" "-a" "d2ec4ec522b788b4fcbdfbaca12d3260f1ae95df78b66c22e296f2b307904d65", kill_on_drop: false }`
[INFO] [stderr]    Compiling proc-macro2 v1.0.76
[INFO] [stderr]    Compiling glob v0.3.1
[INFO] [stderr]    Compiling rustix v0.38.28
[INFO] [stderr]    Compiling prettyplease v0.2.16
[INFO] [stderr]    Compiling linux-raw-sys v0.4.12
[INFO] [stderr]    Compiling memchr v2.7.1
[INFO] [stderr]    Compiling regex-syntax v0.8.2
[INFO] [stderr]    Compiling bitflags v2.4.1
[INFO] [stderr]    Compiling minimal-lexical v0.2.1
[INFO] [stderr]    Compiling home v0.5.9
[INFO] [stderr]    Compiling bindgen v0.65.1
[INFO] [stderr]    Compiling either v1.9.0
[INFO] [stderr]    Compiling libloading v0.8.1
[INFO] [stderr]    Compiling rustc-hash v1.1.0
[INFO] [stderr]    Compiling bitflags v1.3.2
[INFO] [stderr]    Compiling peeking_take_while v0.1.2
[INFO] [stderr]    Compiling shlex v1.2.0
[INFO] [stderr]    Compiling lazycell v1.3.0
[INFO] [stderr]    Compiling cmake v0.1.50
[INFO] [stderr]    Compiling syn v1.0.109
[INFO] [stderr]    Compiling serde v1.0.195
[INFO] [stderr]    Compiling thiserror v1.0.56
[INFO] [stderr]     Checking webrtc-sdp v0.3.10
[INFO] [stderr]     Checking parking_lot v0.12.1
[INFO] [stderr]     Checking arc-swap v1.6.0
[INFO] [stderr]    Compiling clang-sys v1.7.0
[INFO] [stderr]    Compiling nom v7.1.3
[INFO] [stderr]    Compiling quote v1.0.35
[INFO] [stderr]    Compiling syn v2.0.48
[INFO] [stderr]    Compiling which v4.4.2
[INFO] [stderr]    Compiling regex-automata v0.4.3
[INFO] [stderr]    Compiling cexpr v0.6.0
[INFO] [stderr]    Compiling derivative v2.2.0
[INFO] [stderr]    Compiling regex v1.10.2
[INFO] [stderr]    Compiling serde_derive v1.0.195
[INFO] [stderr]    Compiling thiserror-impl v1.0.56
[INFO] [stderr]    Compiling datachannel-sys v0.18.5
[INFO] [stderr] error: failed to run custom build command for `datachannel-sys v0.18.5`
[INFO] [stderr] note: To improve backtraces for build dependencies, set the CARGO_PROFILE_DEV_BUILD_OVERRIDE_DEBUG=true environment variable to enable debug information generation.
[INFO] [stderr] 
[INFO] [stderr] Caused by:
[INFO] [stderr]   process didn't exit successfully: `/opt/rustwide/target/debug/build/datachannel-sys-f349a0661e786890/build-script-build` (exit status: 101)
[INFO] [stderr]   --- stdout
[INFO] [stderr]   cargo:rerun-if-env-changed=OPENSSL_ROOT_DIR
[INFO] [stderr]   cargo:rerun-if-env-changed=OPENSSL_LIBRARIES
[INFO] [stderr]   CMAKE_TOOLCHAIN_FILE_x86_64-unknown-linux-gnu = None
[INFO] [stderr]   CMAKE_TOOLCHAIN_FILE_x86_64_unknown_linux_gnu = None
[INFO] [stderr]   HOST_CMAKE_TOOLCHAIN_FILE = None
[INFO] [stderr]   CMAKE_TOOLCHAIN_FILE = None
[INFO] [stderr]   CMAKE_GENERATOR_x86_64-unknown-linux-gnu = None
[INFO] [stderr]   CMAKE_GENERATOR_x86_64_unknown_linux_gnu = None
[INFO] [stderr]   HOST_CMAKE_GENERATOR = None
[INFO] [stderr]   CMAKE_GENERATOR = None
[INFO] [stderr]   CMAKE_PREFIX_PATH_x86_64-unknown-linux-gnu = None
[INFO] [stderr]   CMAKE_PREFIX_PATH_x86_64_unknown_linux_gnu = None
[INFO] [stderr]   HOST_CMAKE_PREFIX_PATH = None
[INFO] [stderr]   CMAKE_PREFIX_PATH = None
[INFO] [stderr]   CMAKE_x86_64-unknown-linux-gnu = None
[INFO] [stderr]   CMAKE_x86_64_unknown_linux_gnu = None
[INFO] [stderr]   HOST_CMAKE = None
[INFO] [stderr]   CMAKE = None
[INFO] [stderr]   running: cd "/opt/rustwide/target/debug/build/datachannel-sys-6fe3ed7943632b15/out/build" && CMAKE_PREFIX_PATH="" "cmake" "/opt/rustwide/cargo-home/registry/src/index.crates.io-6f17d22bba15001f/datachannel-sys-0.18.5/libdatachannel" "-DNO_WEBSOCKET=ON" "-DNO_EXAMPLES=ON" "-DNO_MEDIA=ON" "-DCMAKE_INSTALL_PREFIX=/opt/rustwide/target/debug/build/datachannel-sys-6fe3ed7943632b15/out" "-DCMAKE_C_FLAGS= -ffunction-sections -fdata-sections -fPIC -m64" "-DCMAKE_C_COMPILER=/usr/bin/cc" "-DCMAKE_CXX_FLAGS= -ffunction-sections -fdata-sections -fPIC -m64" "-DCMAKE_CXX_COMPILER=/usr/bin/c++" "-DCMAKE_ASM_FLAGS= -ffunction-sections -fdata-sections -fPIC -m64" "-DCMAKE_ASM_COMPILER=/usr/bin/cc" "-DCMAKE_BUILD_TYPE=Debug"
[INFO] [stderr]   -- The CXX compiler identification is GNU 11.4.0
[INFO] [stderr]   -- Detecting CXX compiler ABI info
[INFO] [stderr]   -- Detecting CXX compiler ABI info - done
[INFO] [stderr]   -- Check for working CXX compiler: /usr/bin/c++ - skipped
[INFO] [stderr]   -- Detecting CXX compile features
[INFO] [stderr]   -- Detecting CXX compile features - done
[INFO] [stderr]   -- Looking for C++ include pthread.h
[INFO] [stderr]   -- Looking for C++ include pthread.h - found
[INFO] [stderr]   -- Performing Test CMAKE_HAVE_LIBC_PTHREAD
[INFO] [stderr]   -- Performing Test CMAKE_HAVE_LIBC_PTHREAD - Success
[INFO] [stderr]   -- Found Threads: TRUE  
[INFO] [stderr]   -- The C compiler identification is GNU 11.4.0
[INFO] [stderr]   -- Detecting C compiler ABI info
[INFO] [stderr]   -- Detecting C compiler ABI info - done
[INFO] [stderr]   -- Check for working C compiler: /usr/bin/cc - skipped
[INFO] [stderr]   -- Detecting C compile features
[INFO] [stderr]   -- Detecting C compile features - done
[INFO] [stderr]   -- Looking for include file sys/queue.h
[INFO] [stderr]   -- Looking for include file sys/queue.h - found
[INFO] [stderr]   -- Looking for include files sys/socket.h, linux/if_addr.h
[INFO] [stderr]   -- Looking for include files sys/socket.h, linux/if_addr.h - found
[INFO] [stderr]   -- Looking for include files sys/socket.h, linux/rtnetlink.h
[INFO] [stderr]   -- Looking for include files sys/socket.h, linux/rtnetlink.h - found
[INFO] [stderr]   -- Looking for 4 include files sys/types.h, ..., netinet/ip_icmp.h
[INFO] [stderr]   -- Looking for 4 include files sys/types.h, ..., netinet/ip_icmp.h - found
[INFO] [stderr]   -- Looking for 3 include files sys/types.h, ..., net/route.h
[INFO] [stderr]   -- Looking for 3 include files sys/types.h, ..., net/route.h - found
[INFO] [stderr]   -- Looking for include file stdatomic.h
[INFO] [stderr]   -- Looking for include file stdatomic.h - found
[INFO] [stderr]   -- Looking for usrsctp.h
[INFO] [stderr]   -- Looking for usrsctp.h - found
[INFO] [stderr]   -- Performing Test have_sa_len
[INFO] [stderr]   -- Performing Test have_sa_len - Failed
[INFO] [stderr]   -- Performing Test have_sin_len
[INFO] [stderr]   -- Performing Test have_sin_len - Failed
[INFO] [stderr]   -- Performing Test have_sin6_len
[INFO] [stderr]   -- Performing Test have_sin6_len - Failed
[INFO] [stderr]   -- Performing Test have_sconn_len
[INFO] [stderr]   -- Performing Test have_sconn_len - Failed
[INFO] [stderr]   -- Performing Test has_wfloat_equal
[INFO] [stderr]   -- Performing Test has_wfloat_equal - Success
[INFO] [stderr]   -- Performing Test has_wshadow
[INFO] [stderr]   -- Performing Test has_wshadow - Success
[INFO] [stderr]   -- Performing Test has_wpointer_aritih
[INFO] [stderr]   -- Performing Test has_wpointer_aritih - Success
[INFO] [stderr]   -- Performing Test has_wunreachable_code
[INFO] [stderr]   -- Performing Test has_wunreachable_code - Success
[INFO] [stderr]   -- Performing Test has_winit_self
[INFO] [stderr]   -- Performing Test has_winit_self - Success
[INFO] [stderr]   -- Performing Test has_wno_unused_function
[INFO] [stderr]   -- Performing Test has_wno_unused_function - Success
[INFO] [stderr]   -- Performing Test has_wno_unused_parameter
[INFO] [stderr]   -- Performing Test has_wno_unused_parameter - Success
[INFO] [stderr]   -- Performing Test has_wno_unreachable_code
[INFO] [stderr]   -- Performing Test has_wno_unreachable_code - Success
[INFO] [stderr]   -- Performing Test has_wstrict_prototypes
[INFO] [stderr]   -- Performing Test has_wstrict_prototypes - Success
[INFO] [stderr]   -- Compiler flags (CMAKE_C_FLAGS):  -ffunction-sections -fdata-sections -fPIC -m64 -std=c99 -pedantic -Wall -Wextra -Wfloat-equal -Wshadow -Wpointer-arith -Wunreachable-code -Winit-self -Wno-unused-function -Wno-unused-parameter -Wno-unreachable-code -Wstrict-prototypes -Werror
[INFO] [stderr]   -- Performing Test has_wno_address_of_packed_member
[INFO] [stderr]   -- Performing Test has_wno_address_of_packed_member - Success
[INFO] [stderr]   -- Performing Test has_wno_deprecated_declarations
[INFO] [stderr]   -- Performing Test has_wno_deprecated_declarations - Success
[INFO] [stderr]   -- Found OpenSSL: /usr/lib/x86_64-linux-gnu/libcrypto.so (found version "3.0.2")  
[INFO] [stderr]   -- Performing Test COMPILER_HAS_HIDDEN_VISIBILITY
[INFO] [stderr]   -- Performing Test COMPILER_HAS_HIDDEN_VISIBILITY - Success
[INFO] [stderr]   -- Performing Test COMPILER_HAS_HIDDEN_INLINE_VISIBILITY
[INFO] [stderr]   -- Performing Test COMPILER_HAS_HIDDEN_INLINE_VISIBILITY - Success
[INFO] [stderr]   -- Performing Test COMPILER_HAS_DEPRECATED_ATTR
[INFO] [stderr]   -- Performing Test COMPILER_HAS_DEPRECATED_ATTR - Success
[INFO] [stderr]   -- Configuring done
[INFO] [stderr]   -- Generating done
[INFO] [stderr]   -- Build files have been written to: /opt/rustwide/target/debug/build/datachannel-sys-6fe3ed7943632b15/out/build
[INFO] [stderr]   running: cd "/opt/rustwide/target/debug/build/datachannel-sys-6fe3ed7943632b15/out/build" && MAKEFLAGS="-j --jobserver-fds=7,8 --jobserver-auth=7,8" "cmake" "--build" "." "--target" "install" "--config" "Debug"
[INFO] [stderr]   [  1%] Building C object deps/libjuice/CMakeFiles/juice-static.dir/src/addr.c.o
[INFO] [stderr]   [  1%] Building C object deps/libjuice/CMakeFiles/juice-static.dir/src/const_time.c.o
[INFO] [stderr]   [  1%] Building C object deps/usrsctp/usrsctplib/CMakeFiles/usrsctp.dir/netinet/sctp_bsd_addr.c.o
[INFO] [stderr]   [  1%] Building C object deps/libjuice/CMakeFiles/juice-static.dir/src/agent.c.o
[INFO] [stderr]   [  3%] Building C object deps/usrsctp/usrsctplib/CMakeFiles/usrsctp.dir/netinet/sctp_callout.c.o
[INFO] [stderr]   [  5%] Building C object deps/usrsctp/usrsctplib/CMakeFiles/usrsctp.dir/netinet/sctp_auth.c.o
[INFO] [stderr]   [  7%] Building C object deps/libjuice/CMakeFiles/juice-static.dir/src/crc32.c.o
[INFO] [stderr]   [  7%] Building C object deps/usrsctp/usrsctplib/CMakeFiles/usrsctp.dir/netinet/sctp_cc_functions.c.o
[INFO] [stderr]   [  7%] Building C object deps/usrsctp/usrsctplib/CMakeFiles/usrsctp.dir/netinet/sctp_asconf.c.o
[INFO] [stderr]   [  8%] Building C object deps/libjuice/CMakeFiles/juice-static.dir/src/conn.c.o
[INFO] [stderr]   [  8%] Building C object deps/libjuice/CMakeFiles/juice-static.dir/src/conn_poll.c.o
[INFO] [stderr]   [  8%] Building C object deps/libjuice/CMakeFiles/juice-static.dir/src/conn_mux.c.o
[INFO] [stderr]   [ 10%] Building C object deps/libjuice/CMakeFiles/juice-static.dir/src/conn_thread.c.o
[INFO] [stderr]   [ 12%] Building C object deps/usrsctp/usrsctplib/CMakeFiles/usrsctp.dir/netinet/sctp_crc32.c.o
[INFO] [stderr]   [ 14%] Building C object deps/libjuice/CMakeFiles/juice-static.dir/src/base64.c.o
[INFO] [stderr]   [ 14%] Building C object deps/usrsctp/usrsctplib/CMakeFiles/usrsctp.dir/netinet/sctp_indata.c.o
[INFO] [stderr]   [ 14%] Building C object deps/libjuice/CMakeFiles/juice-static.dir/src/hash.c.o
[INFO] [stderr]   [ 16%] Building C object deps/libjuice/CMakeFiles/juice-static.dir/src/hmac.c.o
[INFO] [stderr]   [ 16%] Building C object deps/libjuice/CMakeFiles/juice-static.dir/src/ice.c.o
[INFO] [stderr]   [ 17%] Building C object deps/usrsctp/usrsctplib/CMakeFiles/usrsctp.dir/netinet/sctp_input.c.o
[INFO] [stderr]   [ 19%] Building C object deps/libjuice/CMakeFiles/juice-static.dir/src/juice.c.o
[INFO] [stderr]   [ 19%] Building C object deps/usrsctp/usrsctplib/CMakeFiles/usrsctp.dir/netinet/sctp_output.c.o
[INFO] [stderr]   [ 19%] Building C object deps/libjuice/CMakeFiles/juice-static.dir/src/log.c.o
[INFO] [stderr]   [ 21%] Building C object deps/usrsctp/usrsctplib/CMakeFiles/usrsctp.dir/netinet/sctp_pcb.c.o
[INFO] [stderr]   [ 21%] Building C object deps/usrsctp/usrsctplib/CMakeFiles/usrsctp.dir/netinet/sctp_peeloff.c.o
[INFO] [stderr]   [ 23%] Building C object deps/libjuice/CMakeFiles/juice-static.dir/src/random.c.o
[INFO] [stderr]   [ 23%] Building C object deps/libjuice/CMakeFiles/juice-static.dir/src/server.c.o
[INFO] [stderr]   [ 25%] Building C object deps/libjuice/CMakeFiles/juice-static.dir/src/stun.c.o
[INFO] [stderr]   [ 26%] Building C object deps/usrsctp/usrsctplib/CMakeFiles/usrsctp.dir/netinet/sctp_sha1.c.o
[INFO] [stderr]   [ 26%] Building C object deps/usrsctp/usrsctplib/CMakeFiles/usrsctp.dir/netinet/sctp_ss_functions.c.o
[INFO] [stderr]   [ 26%] Building C object deps/libjuice/CMakeFiles/juice-static.dir/src/timestamp.c.o
[INFO] [stderr]   [ 28%] Building C object deps/libjuice/CMakeFiles/juice-static.dir/src/turn.c.o
[INFO] [stderr]   [ 28%] Building C object deps/usrsctp/usrsctplib/CMakeFiles/usrsctp.dir/netinet/sctp_timer.c.o
[INFO] [stderr]   [ 30%] Building C object deps/usrsctp/usrsctplib/CMakeFiles/usrsctp.dir/netinet/sctp_sysctl.c.o
[INFO] [stderr]   [ 32%] Building C object deps/usrsctp/usrsctplib/CMakeFiles/usrsctp.dir/netinet/sctp_userspace.c.o
[INFO] [stderr]   [ 32%] Building C object deps/usrsctp/usrsctplib/CMakeFiles/usrsctp.dir/netinet/sctp_usrreq.c.o
[INFO] [stderr]   [ 33%] Building C object deps/libjuice/CMakeFiles/juice-static.dir/src/udp.c.o
[INFO] [stderr]   [ 33%] Building C object deps/usrsctp/usrsctplib/CMakeFiles/usrsctp.dir/netinet/sctputil.c.o
[INFO] [stderr]   [ 33%] Building C object deps/usrsctp/usrsctplib/CMakeFiles/usrsctp.dir/netinet6/sctp6_usrreq.c.o
[INFO] [stderr]   [ 33%] Building C object deps/usrsctp/usrsctplib/CMakeFiles/usrsctp.dir/user_mbuf.c.o
[INFO] [stderr]   [ 35%] Building C object deps/usrsctp/usrsctplib/CMakeFiles/usrsctp.dir/user_recv_thread.c.o
[INFO] [stderr]   [ 37%] Building C object deps/usrsctp/usrsctplib/CMakeFiles/usrsctp.dir/user_environment.c.o
[INFO] [stderr]   [ 37%] Building C object deps/usrsctp/usrsctplib/CMakeFiles/usrsctp.dir/user_socket.c.o
[INFO] [stderr]   [ 39%] Linking C static library libjuice-static.a
[INFO] [stderr]   [ 39%] Built target juice-static
[INFO] [stderr]   [ 41%] Linking C static library libusrsctp.a
[INFO] [stderr]   [ 41%] Built target usrsctp
[INFO] [stderr]   [ 42%] Building CXX object CMakeFiles/datachannel.dir/src/candidate.cpp.o
[INFO] [stderr]   [ 42%] Building CXX object CMakeFiles/datachannel.dir/src/configuration.cpp.o
[INFO] [stderr]   [ 42%] Building CXX object CMakeFiles/datachannel.dir/src/datachannel.cpp.o
[INFO] [stderr]   [ 42%] Building CXX object CMakeFiles/datachannel.dir/src/global.cpp.o
[INFO] [stderr]   [ 42%] Building CXX object CMakeFiles/datachannel.dir/src/channel.cpp.o
[INFO] [stderr]   [ 44%] Building CXX object CMakeFiles/datachannel.dir/src/message.cpp.o
[INFO] [stderr]   [ 46%] Building CXX object CMakeFiles/datachannel.dir/src/description.cpp.o
[INFO] [stderr]   [ 46%] Building CXX object CMakeFiles/datachannel.dir/src/rtcpsrreporter.cpp.o
[INFO] [stderr]   [ 48%] Building CXX object CMakeFiles/datachannel.dir/src/websocket.cpp.o
[INFO] [stderr]   [ 48%] Building CXX object CMakeFiles/datachannel.dir/src/track.cpp.o
[INFO] [stderr]   [ 48%] Building CXX object CMakeFiles/datachannel.dir/src/peerconnection.cpp.o
[INFO] [stderr]   [ 50%] Building CXX object CMakeFiles/datachannel.dir/src/rtcpreceivingsession.cpp.o
[INFO] [stderr]   [ 51%] Building CXX object CMakeFiles/datachannel.dir/src/rtppacketizer.cpp.o
[INFO] [stderr]   [ 51%] Building CXX object CMakeFiles/datachannel.dir/src/websocketserver.cpp.o
[INFO] [stderr]   [ 53%] Building CXX object CMakeFiles/datachannel.dir/src/rtppacketizationconfig.cpp.o
[INFO] [stderr]   [ 53%] Building CXX object CMakeFiles/datachannel.dir/src/opusrtppacketizer.cpp.o
[INFO] [stderr]   [ 55%] Building CXX object CMakeFiles/datachannel.dir/src/opuspacketizationhandler.cpp.o
[INFO] [stderr]   [ 55%] Building CXX object CMakeFiles/datachannel.dir/src/h264rtppacketizer.cpp.o
[INFO] [stderr]   [ 57%] Building CXX object CMakeFiles/datachannel.dir/src/nalunit.cpp.o
[INFO] [stderr]   [ 57%] Building CXX object CMakeFiles/datachannel.dir/src/h264packetizationhandler.cpp.o
[INFO] [stderr]   [ 58%] Building CXX object CMakeFiles/datachannel.dir/src/mediahandlerrootelement.cpp.o
[INFO] [stderr]   [ 60%] Building CXX object CMakeFiles/datachannel.dir/src/mediachainablehandler.cpp.o
[INFO] [stderr]   [ 60%] Building CXX object CMakeFiles/datachannel.dir/src/mediahandlerelement.cpp.o
[INFO] [stderr]   [ 60%] Building CXX object CMakeFiles/datachannel.dir/src/rtcpnackresponder.cpp.o
[INFO] [stderr]   [ 62%] Building CXX object CMakeFiles/datachannel.dir/src/rtp.cpp.o
[INFO] [stderr]   [ 62%] Building CXX object CMakeFiles/datachannel.dir/src/capi.cpp.o
[INFO] [stderr]   [ 62%] Building CXX object CMakeFiles/datachannel.dir/src/impl/channel.cpp.o
[INFO] [stderr]   [ 64%] Building CXX object CMakeFiles/datachannel.dir/src/impl/certificate.cpp.o
[INFO] [stderr]   [ 64%] Building CXX object CMakeFiles/datachannel.dir/src/impl/dtlssrtptransport.cpp.o
[INFO] [stderr]   [ 66%] Building CXX object CMakeFiles/datachannel.dir/src/impl/datachannel.cpp.o
[INFO] [stderr]   [ 67%] Building CXX object CMakeFiles/datachannel.dir/src/impl/dtlstransport.cpp.o
[INFO] [stderr] 
[INFO] [stderr]   --- stderr
[INFO] [stderr]   CMake Warning:
[INFO] [stderr]     Manually-specified variables were not used by the project:
[INFO] [stderr] 
[INFO] [stderr]       CMAKE_ASM_COMPILER
[INFO] [stderr]       CMAKE_ASM_FLAGS
[INFO] [stderr] 
[INFO] [stderr] 
[INFO] [stderr]   c++: fatal error: Killed signal terminated program cc1plus
[INFO] [stderr]   compilation terminated.
[INFO] [stderr]   gmake[2]: *** [CMakeFiles/datachannel.dir/build.make:146: CMakeFiles/datachannel.dir/src/global.cpp.o] Error 1
[INFO] [stderr]   gmake[2]: *** Waiting for unfinished jobs....
[INFO] [stderr]   c++: fatal error: Killed signal terminated program cc1plus
[INFO] [stderr]   compilation terminated.
[INFO] [stderr]   gmake[2]: *** [CMakeFiles/datachannel.dir/build.make:174: CMakeFiles/datachannel.dir/src/peerconnection.cpp.o] Error 1
[INFO] [stderr]   c++: fatal error: Killed signal terminated program cc1plus
[INFO] [stderr]   compilation terminated.
[INFO] [stderr]   gmake[2]: *** [CMakeFiles/datachannel.dir/build.make:118: CMakeFiles/datachannel.dir/src/datachannel.cpp.o] Error 1
[INFO] [stderr]   gmake[1]: *** [CMakeFiles/Makefile2:155: CMakeFiles/datachannel.dir/all] Error 2
[INFO] [stderr]   gmake: *** [Makefile:136: all] Error 2
[INFO] [stderr]   thread 'main' panicked at /opt/rustwide/cargo-home/registry/src/index.crates.io-6f17d22bba15001f/cmake-0.1.50/src/lib.rs:1098:5:
[INFO] [stderr] 
[INFO] [stderr]   command did not execute successfully, got: exit status: 2
[INFO] [stderr] 
[INFO] [stderr]   build script failed, must exit now
[INFO] [stderr]   stack backtrace:
[INFO] [stderr]      0:     0x56321c433c76 - std::backtrace_rs::backtrace::libunwind::trace::h261606ad26a499c1
[INFO] [stderr]                                  at /rustc/0e09125c6c3c2fd70d7de961bcf0e51575235fad/library/std/src/../../backtrace/src/backtrace/libunwind.rs:104:5
[INFO] [stderr]      1:     0x56321c433c76 - std::backtrace_rs::backtrace::trace_unsynchronized::hd183f0625477fb28
[INFO] [stderr]                                  at /rustc/0e09125c6c3c2fd70d7de961bcf0e51575235fad/library/std/src/../../backtrace/src/backtrace/mod.rs:66:5
[INFO] [stderr]      2:     0x56321c433c76 - std::sys_common::backtrace::_print_fmt::hd7f8fef21b4eda67
[INFO] [stderr]                                  at /rustc/0e09125c6c3c2fd70d7de961bcf0e51575235fad/library/std/src/sys_common/backtrace.rs:68:5
[INFO] [stderr]      3:     0x56321c433c76 - <std::sys_common::backtrace::_print::DisplayBacktrace as core::fmt::Display>::fmt::h623d9b51f2f453f1
[INFO] [stderr]                                  at /rustc/0e09125c6c3c2fd70d7de961bcf0e51575235fad/library/std/src/sys_common/backtrace.rs:44:22
[INFO] [stderr]      4:     0x56321c45edc0 - core::fmt::rt::Argument::fmt::h9f417ac76a86f368
[INFO] [stderr]                                  at /rustc/0e09125c6c3c2fd70d7de961bcf0e51575235fad/library/core/src/fmt/rt.rs:142:9
[INFO] [stderr]      5:     0x56321c45edc0 - core::fmt::write::hc9b6faf4ac2aeff7
[INFO] [stderr]                                  at /rustc/0e09125c6c3c2fd70d7de961bcf0e51575235fad/library/core/src/fmt/mod.rs:1120:17
[INFO] [stderr]      6:     0x56321c430fef - std::io::Write::write_fmt::hfead1eee52c2e65e
[INFO] [stderr]                                  at /rustc/0e09125c6c3c2fd70d7de961bcf0e51575235fad/library/std/src/io/mod.rs:1810:15
[INFO] [stderr]      7:     0x56321c433a54 - std::sys_common::backtrace::_print::hd5d66399c7df88a2
[INFO] [stderr]                                  at /rustc/0e09125c6c3c2fd70d7de961bcf0e51575235fad/library/std/src/sys_common/backtrace.rs:47:5
[INFO] [stderr]      8:     0x56321c433a54 - std::sys_common::backtrace::print::he81ed2da642d37e5
[INFO] [stderr]                                  at /rustc/0e09125c6c3c2fd70d7de961bcf0e51575235fad/library/std/src/sys_common/backtrace.rs:34:9
[INFO] [stderr]      9:     0x56321c435337 - std::panicking::default_hook::{{closure}}::h85773f4fa117163d
[INFO] [stderr]     10:     0x56321c435099 - std::panicking::default_hook::h6a1694a91d09b278
[INFO] [stderr]                                  at /rustc/0e09125c6c3c2fd70d7de961bcf0e51575235fad/library/std/src/panicking.rs:292:9
[INFO] [stderr]     11:     0x56321c4357c8 - std::panicking::rust_panic_with_hook::h0a7ad96e90f7145b
[INFO] [stderr]                                  at /rustc/0e09125c6c3c2fd70d7de961bcf0e51575235fad/library/std/src/panicking.rs:779:13
[INFO] [stderr]     12:     0x56321c4356a2 - std::panicking::begin_panic_handler::{{closure}}::h7919090525c6485e
[INFO] [stderr]                                  at /rustc/0e09125c6c3c2fd70d7de961bcf0e51575235fad/library/std/src/panicking.rs:657:13
[INFO] [stderr]     13:     0x56321c434176 - std::sys_common::backtrace::__rust_end_short_backtrace::hf3289479464f7dfe
[INFO] [stderr]                                  at /rustc/0e09125c6c3c2fd70d7de961bcf0e51575235fad/library/std/src/sys_common/backtrace.rs:171:18
[INFO] [stderr]     14:     0x56321c435400 - rust_begin_unwind
[INFO] [stderr]                                  at /rustc/0e09125c6c3c2fd70d7de961bcf0e51575235fad/library/std/src/panicking.rs:645:5
[INFO] [stderr]     15:     0x56321be767c5 - core::panicking::panic_fmt::hcc9f77c5c132af55
[INFO] [stderr]                                  at /rustc/0e09125c6c3c2fd70d7de961bcf0e51575235fad/library/core/src/panicking.rs:72:14
[INFO] [stderr]     16:     0x56321c3cddd1 - cmake::fail::h08ddde5275cf866f
[INFO] [stderr]     17:     0x56321c3cd567 - cmake::run::hb09ef5cc2ea4ba27
[INFO] [stderr]     18:     0x56321c3c9e9d - cmake::Config::build::h9d422ae75ceaf627
[INFO] [stderr]     19:     0x56321be7a21a - build_script_build::main::hcad77303848ec093
[INFO] [stderr]     20:     0x56321be77b43 - core::ops::function::FnOnce::call_once::hea593d6de14ebab3
[INFO] [stderr]     21:     0x56321be77176 - std::sys_common::backtrace::__rust_begin_short_backtrace::hbed9ab04131928a9
[INFO] [stderr]     22:     0x56321be77809 - std::rt::lang_start::{{closure}}::hffa934e9bcf7946d
[INFO] [stderr]     23:     0x56321c42c341 - core::ops::function::impls::<impl core::ops::function::FnOnce<A> for &F>::call_once::h4eb4c5e1620f29b0
[INFO] [stderr]                                  at /rustc/0e09125c6c3c2fd70d7de961bcf0e51575235fad/library/core/src/ops/function.rs:284:13
[INFO] [stderr]     24:     0x56321c42c341 - std::panicking::try::do_call::h73fd26535faffcdf
[INFO] [stderr]                                  at /rustc/0e09125c6c3c2fd70d7de961bcf0e51575235fad/library/std/src/panicking.rs:552:40
[INFO] [stderr]     25:     0x56321c42c341 - std::panicking::try::h77ff1d98f0fb9f39
[INFO] [stderr]                                  at /rustc/0e09125c6c3c2fd70d7de961bcf0e51575235fad/library/std/src/panicking.rs:516:19
[INFO] [stderr]     26:     0x56321c42c341 - std::panic::catch_unwind::hab3caf2448b95e37
[INFO] [stderr]                                  at /rustc/0e09125c6c3c2fd70d7de961bcf0e51575235fad/library/std/src/panic.rs:142:14
[INFO] [stderr]     27:     0x56321c42c341 - std::rt::lang_start_internal::{{closure}}::h8086711f9c783f78
[INFO] [stderr]                                  at /rustc/0e09125c6c3c2fd70d7de961bcf0e51575235fad/library/std/src/rt.rs:148:48
[INFO] [stderr]     28:     0x56321c42c341 - std::panicking::try::do_call::hf920d4dc291cd6ca
[INFO] [stderr]                                  at /rustc/0e09125c6c3c2fd70d7de961bcf0e51575235fad/library/std/src/panicking.rs:552:40
[INFO] [stderr]     29:     0x56321c42c341 - std::panicking::try::h2b806ccc0a85db74
[INFO] [stderr]                                  at /rustc/0e09125c6c3c2fd70d7de961bcf0e51575235fad/library/std/src/panicking.rs:516:19
[INFO] [stderr]     30:     0x56321c42c341 - std::panic::catch_unwind::h038489539c507df2
[INFO] [stderr]                                  at /rustc/0e09125c6c3c2fd70d7de961bcf0e51575235fad/library/std/src/panic.rs:142:14
[INFO] [stderr]     31:     0x56321c42c341 - std::rt::lang_start_internal::h28503b88912e8a5c
[INFO] [stderr]                                  at /rustc/0e09125c6c3c2fd70d7de961bcf0e51575235fad/library/std/src/rt.rs:148:20
[INFO] [stderr]     32:     0x56321be777e7 - std::rt::lang_start::h84382f5e23c612a4
[INFO] [stderr]     33:     0x56321be7a4f5 - main
[INFO] [stderr]     34:     0x7f7e675f4d90 - <unknown>
[INFO] [stderr]     35:     0x7f7e675f4e40 - __libc_start_main
[INFO] [stderr]     36:     0x56321be770a5 - _start
[INFO] [stderr]     37:                0x0 - <unknown>
[INFO] running `Command { std: "docker" "inspect" "d2ec4ec522b788b4fcbdfbaca12d3260f1ae95df78b66c22e296f2b307904d65", kill_on_drop: false }`
[INFO] running `Command { std: "docker" "rm" "-f" "d2ec4ec522b788b4fcbdfbaca12d3260f1ae95df78b66c22e296f2b307904d65", kill_on_drop: false }`
[INFO] [stdout] d2ec4ec522b788b4fcbdfbaca12d3260f1ae95df78b66c22e296f2b307904d65
