[INFO] fetching crate polymesh-ink 0.5.9...
[INFO] documenting polymesh-ink-0.5.9 against 1.75.0 for beta-1.76-rustdoc-1
[INFO] extracting crate polymesh-ink 0.5.9 into /workspace/builds/worker-4-tc1/source
[INFO] validating manifest of crates.io crate polymesh-ink 0.5.9 on toolchain 1.75.0
[INFO] running `Command { std: CARGO_HOME="/workspace/cargo-home" RUSTUP_HOME="/workspace/rustup-home" "/workspace/cargo-home/bin/cargo" "+1.75.0" "metadata" "--manifest-path" "Cargo.toml" "--no-deps", kill_on_drop: false }`
[INFO] started tweaking crates.io crate polymesh-ink 0.5.9
[INFO] finished tweaking crates.io crate polymesh-ink 0.5.9
[INFO] tweaked toml for crates.io crate polymesh-ink 0.5.9 written to /workspace/builds/worker-4-tc1/source/Cargo.toml
[INFO] running `Command { std: CARGO_HOME="/workspace/cargo-home" RUSTUP_HOME="/workspace/rustup-home" "/workspace/cargo-home/bin/cargo" "+1.75.0" "generate-lockfile" "--manifest-path" "Cargo.toml", kill_on_drop: false }`
[INFO] [stderr]     Updating crates.io index
[INFO] running `Command { std: CARGO_HOME="/workspace/cargo-home" RUSTUP_HOME="/workspace/rustup-home" "/workspace/cargo-home/bin/cargo" "+1.75.0" "fetch" "--manifest-path" "Cargo.toml", kill_on_drop: false }`
[INFO] [stderr]  Downloading crates ...
[INFO] [stderr]   Downloaded sp-std v5.0.0
[INFO] [stderr]   Downloaded ink_prelude v3.4.0
[INFO] [stderr]   Downloaded ink_lang_ir v3.4.0
[INFO] [stderr]   Downloaded sp-runtime-interface-proc-macro v6.0.0
[INFO] [stderr]   Downloaded wasmi_core v0.2.1
[INFO] [stderr]   Downloaded ink_lang_codegen v3.4.0
[INFO] [stderr]   Downloaded sp-core v7.0.0
[INFO] [stderr]   Downloaded trie-root v0.17.0
[INFO] [stderr]   Downloaded sp-externalities v0.13.0
[INFO] [stderr]   Downloaded rlibc v1.0.0
[INFO] [stderr]   Downloaded ink_metadata v3.4.0
[INFO] [stderr]   Downloaded jsonrpsee v0.14.0
[INFO] [stderr]   Downloaded wasmi-validation v0.5.0
[INFO] [stderr]   Downloaded jsonrpsee-client-transport v0.14.0
[INFO] [stderr]   Downloaded sp-debug-derive v5.0.0
[INFO] [stderr]   Downloaded sp-panic-handler v5.0.0
[INFO] [stderr]   Downloaded scale-info v2.3.1
[INFO] [stderr]   Downloaded jsonrpsee-ws-client v0.14.0
[INFO] [stderr]   Downloaded memory-db v0.30.0
[INFO] [stderr]   Downloaded sp-keystore v0.13.0
[INFO] [stderr]   Downloaded sp-io v7.0.0
[INFO] [stderr]   Downloaded ink_storage v3.4.0
[INFO] [stderr]   Downloaded sp-arithmetic v9.0.0
[INFO] [stderr]   Downloaded sp-state-machine v0.13.0
[INFO] [stderr]   Downloaded ink_env v3.4.0
[INFO] [stderr]   Downloaded frame-metadata v15.1.0
[INFO] [stderr]   Downloaded polymesh-api v0.3.10
[INFO] [stderr]   Downloaded trie-db v0.24.0
[INFO] [stderr]   Downloaded sp-trie v7.0.0
[INFO] [stderr]   Downloaded jsonrpsee-core v0.14.0
[INFO] [stderr]   Downloaded wasmi v0.13.2
[INFO] [stderr]   Downloaded sp-runtime v7.0.0
[INFO] [stderr]   Downloaded array-bytes v4.2.0
[INFO] [stderr]   Downloaded ink_primitives v3.4.0
[INFO] [stderr]   Downloaded ink_engine v3.4.0
[INFO] [stderr]   Downloaded ink_lang v3.4.0
[INFO] [stderr]   Downloaded sp-core-hashing v5.0.0
[INFO] [stderr]   Downloaded sp-storage v7.0.0
[INFO] [stderr]   Downloaded ink_storage_derive v3.4.0
[INFO] [stderr]   Downloaded jsonrpsee-types v0.14.0
[INFO] [stderr]   Downloaded sp-std v6.0.0
[INFO] [stderr]   Downloaded parity-util-mem v0.12.0
[INFO] [stderr]   Downloaded sp-arithmetic v6.0.0
[INFO] [stderr]   Downloaded sp-runtime-interface v7.0.0
[INFO] [stderr]   Downloaded sp-application-crypto v7.0.0
[INFO] [stderr]   Downloaded sp-weights v4.0.0
[INFO] [stderr]   Downloaded ink_allocator v3.4.0
[INFO] [stderr]   Downloaded sp-wasm-interface v7.0.0
[INFO] [stderr]   Downloaded sp-tracing v6.0.0
[INFO] [stderr]   Downloaded ink_lang_macro v3.4.0
[INFO] [stderr]   Downloaded polymesh-api-ink v0.4.2
[INFO] [stderr]   Downloaded polymesh_ink_upgrade_tracker v0.3.0
[INFO] [stderr]   Downloaded polymesh-api-codegen-macro v1.1.0
[INFO] [stderr]   Downloaded jsonrpsee-http-client v0.14.0
[INFO] [stderr]   Downloaded polymesh-api-codegen v1.1.0
[INFO] [stderr]   Downloaded jsonrpsee-wasm-client v0.14.0
[INFO] [stderr]   Downloaded polymesh-api-client v1.0.2
[INFO] running `Command { std: "docker" "create" "-v" "/var/lib/crater-agent-workspace/builds/worker-4-tc1/target:/opt/rustwide/target:rw,Z" "-v" "/var/lib/crater-agent-workspace/builds/worker-4-tc1/source:/opt/rustwide/workdir:ro,Z" "-v" "/var/lib/crater-agent-workspace/cargo-home:/opt/rustwide/cargo-home:ro,Z" "-v" "/var/lib/crater-agent-workspace/rustup-home:/opt/rustwide/rustup-home:ro,Z" "-e" "SOURCE_DIR=/opt/rustwide/workdir" "-e" "CARGO_TARGET_DIR=/opt/rustwide/target" "-e" "CARGO_HOME=/opt/rustwide/cargo-home" "-e" "RUSTUP_HOME=/opt/rustwide/rustup-home" "-w" "/opt/rustwide/workdir" "-m" "1610612736" "--user" "0:0" "--network" "none" "ghcr.io/rust-lang/crates-build-env/linux@sha256:2788e3201cd34a07e3172128adcd8b3090168a8e3bcc40d7c032b9dda1df7d1c" "/opt/rustwide/cargo-home/bin/cargo" "+1.75.0" "metadata" "--no-deps" "--format-version=1", kill_on_drop: false }`
[INFO] [stdout] 8d504691d36cf8d77e9cb80443eebe068d7ab932227e2d9315a1625e303abb81
[INFO] running `Command { std: "docker" "start" "-a" "8d504691d36cf8d77e9cb80443eebe068d7ab932227e2d9315a1625e303abb81", kill_on_drop: false }`
[INFO] running `Command { std: "docker" "inspect" "8d504691d36cf8d77e9cb80443eebe068d7ab932227e2d9315a1625e303abb81", kill_on_drop: false }`
[INFO] running `Command { std: "docker" "rm" "-f" "8d504691d36cf8d77e9cb80443eebe068d7ab932227e2d9315a1625e303abb81", kill_on_drop: false }`
[INFO] [stdout] 8d504691d36cf8d77e9cb80443eebe068d7ab932227e2d9315a1625e303abb81
[INFO] running `Command { std: "docker" "create" "-v" "/var/lib/crater-agent-workspace/builds/worker-4-tc1/target:/opt/rustwide/target:rw,Z" "-v" "/var/lib/crater-agent-workspace/builds/worker-4-tc1/source:/opt/rustwide/workdir:ro,Z" "-v" "/var/lib/crater-agent-workspace/cargo-home:/opt/rustwide/cargo-home:ro,Z" "-v" "/var/lib/crater-agent-workspace/rustup-home:/opt/rustwide/rustup-home:ro,Z" "-e" "SOURCE_DIR=/opt/rustwide/workdir" "-e" "CARGO_TARGET_DIR=/opt/rustwide/target" "-e" "CARGO_INCREMENTAL=0" "-e" "RUST_BACKTRACE=full" "-e" "RUSTFLAGS=--cap-lints=warn" "-e" "RUSTDOCFLAGS=--cap-lints=warn" "-e" "CARGO_HOME=/opt/rustwide/cargo-home" "-e" "RUSTUP_HOME=/opt/rustwide/rustup-home" "-w" "/opt/rustwide/workdir" "-m" "1610612736" "--user" "0:0" "--network" "none" "ghcr.io/rust-lang/crates-build-env/linux@sha256:2788e3201cd34a07e3172128adcd8b3090168a8e3bcc40d7c032b9dda1df7d1c" "/opt/rustwide/cargo-home/bin/cargo" "+1.75.0" "doc" "--frozen" "--no-deps" "--document-private-items" "--message-format=json", kill_on_drop: false }`
[INFO] [stdout] 3a949c71fca9ec6664c961fac43f2f30ad38dd149ecbe62a4ce40d712a4a1de4
[INFO] running `Command { std: "docker" "start" "-a" "3a949c71fca9ec6664c961fac43f2f30ad38dd149ecbe62a4ce40d712a4a1de4", kill_on_drop: false }`
[INFO] [stderr]    Compiling proc-macro2 v1.0.76
[INFO] [stderr]    Compiling syn v1.0.109
[INFO] [stderr]    Compiling serde v1.0.195
[INFO] [stderr]    Compiling equivalent v1.0.1
[INFO] [stderr]    Compiling hashbrown v0.14.3
[INFO] [stderr]    Compiling winnow v0.5.33
[INFO] [stderr]    Compiling toml_datetime v0.6.3
[INFO] [stderr]     Checking subtle v2.4.1
[INFO] [stderr]    Compiling libc v0.2.151
[INFO] [stderr]    Compiling typenum v1.17.0
[INFO] [stderr]     Checking arrayvec v0.7.4
[INFO] [stderr]     Checking byte-slice-cast v1.2.2
[INFO] [stderr]     Checking bytes v1.5.0
[INFO] [stderr]     Checking getrandom v0.2.11
[INFO] [stderr]    Compiling quote v1.0.35
[INFO] [stderr]    Compiling num-traits v0.2.17
[INFO] [stderr]    Compiling syn v2.0.48
[INFO] [stderr]    Compiling indexmap v2.1.0
[INFO] [stderr]    Compiling generic-array v0.14.7
[INFO] [stderr]    Compiling once_cell v1.19.0
[INFO] [stderr]     Checking rand_core v0.6.4
[INFO] [stderr]     Checking byteorder v1.5.0
[INFO] [stderr]     Checking rand_chacha v0.3.1
[INFO] [stderr]    Compiling getrandom v0.1.16
[INFO] [stderr]     Checking static_assertions v1.1.0
[INFO] [stderr]     Checking rand v0.8.5
[INFO] [stderr]     Checking digest v0.10.7
[INFO] [stderr]     Checking cpufeatures v0.2.12
[INFO] [stderr]    Compiling block-buffer v0.10.4
[INFO] [stderr]    Compiling crypto-common v0.1.6
[INFO] [stderr]     Checking rand_core v0.5.1
[INFO] [stderr]     Checking digest v0.9.0
[INFO] [stderr]     Checking keccak v0.1.4
[INFO] [stderr]     Checking memchr v2.7.1
[INFO] [stderr]    Compiling crunchy v0.2.2
[INFO] [stderr]    Compiling cc v1.0.83
[INFO] [stderr]    Compiling toml_edit v0.20.2
[INFO] [stderr]    Compiling toml_edit v0.19.15
[INFO] [stderr]    Compiling num-integer v0.1.45
[INFO] [stderr]    Compiling regex-syntax v0.8.2
[INFO] [stderr]    Compiling aho-corasick v1.1.2
[INFO] [stderr]     Checking blake2 v0.10.6
[INFO] [stderr]    Compiling num-bigint v0.4.4
[INFO] [stderr]    Compiling secp256k1-sys v0.6.1
[INFO] [stderr]     Checking pin-project-lite v0.2.13
[INFO] [stderr]    Compiling proc-macro-crate v2.0.1
[INFO] [stderr]    Compiling unicode-xid v0.2.4
[INFO] [stderr]    Compiling proc-macro-crate v1.3.1
[INFO] [stderr]     Checking sp-std v5.0.0
[INFO] [stderr]    Compiling regex-automata v0.4.3
[INFO] [stderr]     Checking tracing-core v0.1.32
[INFO] [stderr]     Checking generic-array v0.12.4
[INFO] [stderr]    Compiling num-rational v0.4.1
[INFO] [stderr]    Compiling anyhow v1.0.79
[INFO] [stderr]     Checking arrayref v0.3.7
[INFO] [stderr]    Compiling thiserror v1.0.56
[INFO] [stderr]    Compiling libm v0.2.8
[INFO] [stderr]    Compiling libsecp256k1-core v0.3.0
[INFO] [stderr]     Checking sha3 v0.10.8
[INFO] [stderr]    Compiling regex v1.10.2
[INFO] [stderr]     Checking sha2 v0.10.8
[INFO] [stderr]    Compiling Inflector v0.11.4
[INFO] [stderr]    Compiling serde_derive v1.0.195
[INFO] [stderr]    Compiling zeroize_derive v1.4.2
[INFO] [stderr]    Compiling thiserror-impl v1.0.56
[INFO] [stderr]     Checking block-buffer v0.9.0
[INFO] [stderr]    Compiling slab v0.4.9
[INFO] [stderr]     Checking regex-syntax v0.6.29
[INFO] [stderr]    Compiling ref-cast v1.0.22
[INFO] [stderr]    Compiling serde_json v1.0.111
[INFO] [stderr]     Checking rustc-hex v2.1.0
[INFO] [stderr]     Checking hex v0.4.3
[INFO] [stderr]    Compiling parity-scale-codec-derive v3.6.9
[INFO] [stderr]    Compiling impl-trait-for-tuples v0.2.2
[INFO] [stderr]    Compiling derive_more v0.99.17
[INFO] [stderr]    Compiling scale-info-derive v2.10.0
[INFO] [stderr]     Checking zeroize v1.7.0
[INFO] [stderr]     Checking opaque-debug v0.3.0
[INFO] [stderr]     Checking byte-tools v0.3.1
[INFO] [stderr]     Checking block-padding v0.1.5
[INFO] [stderr]     Checking regex-automata v0.1.10
[INFO] [stderr]     Checking sha2 v0.9.9
[INFO] [stderr]    Compiling sp-debug-derive v5.0.0
[INFO] [stderr]     Checking secp256k1 v0.24.3
[INFO] [stderr]    Compiling ref-cast-impl v1.0.22
[INFO] [stderr]     Checking digest v0.8.1
[INFO] [stderr]     Checking rand_pcg v0.2.1
[INFO] [stderr]     Checking rand_chacha v0.2.2
[INFO] [stderr]    Compiling ahash v0.7.7
[INFO] [stderr]     Checking iana-time-zone v0.1.59
[INFO] [stderr]     Checking futures-sink v0.3.30
[INFO] [stderr]    Compiling ryu v1.0.16
[INFO] [stderr]     Checking futures-core v0.3.30
[INFO] [stderr]     Checking memory_units v0.4.0
[INFO] [stderr]     Checking parity-wasm v0.45.0
[INFO] [stderr]     Checking downcast-rs v1.2.0
[INFO] [stderr]    Compiling itoa v1.0.10
[INFO] [stderr]     Checking wasmi_core v0.2.1
[INFO] [stderr]     Checking futures-channel v0.3.30
[INFO] [stderr]     Checking sharded-slab v0.1.7
[INFO] [stderr]     Checking chrono v0.4.31
[INFO] [stderr]     Checking rand v0.7.3
[INFO] [stderr]     Checking matchers v0.0.1
[INFO] [stderr]     Checking block-buffer v0.7.3
[INFO] [stderr]     Checking uint v0.9.5
[INFO] [stderr]     Checking tracing-log v0.1.4
[INFO] [stderr]    Compiling futures-macro v0.3.30
[INFO] [stderr]    Compiling libsecp256k1-gen-genmult v0.3.0
[INFO] [stderr]     Checking wasmi-validation v0.5.0
[INFO] [stderr]    Compiling libsecp256k1-gen-ecmult v0.3.0
[INFO] [stderr]     Checking tracing v0.1.40
[INFO] [stderr]     Checking thread_local v1.1.7
[INFO] [stderr]     Checking crypto-mac v0.8.0
[INFO] [stderr]     Checking crypto-mac v0.11.1
[INFO] [stderr]     Checking ink_prelude v3.4.0
[INFO] [stderr]     Checking unicode-ident v1.0.12
[INFO] [stderr]     Checking futures-task v0.3.30
[INFO] [stderr]     Checking opaque-debug v0.2.3
[INFO] [stderr]    Compiling either v1.9.0
[INFO] [stderr]     Checking futures-io v0.3.30
[INFO] [stderr]     Checking ansi_term v0.12.1
[INFO] [stderr]    Compiling ppv-lite86 v0.2.17
[INFO] [stderr]     Checking fake-simd v0.1.2
[INFO] [stderr]    Compiling itertools v0.10.5
[INFO] [stderr]     Checking sha2 v0.8.2
[INFO] [stderr]     Checking wasmi v0.13.2
[INFO] [stderr]    Compiling libsecp256k1 v0.7.1
[INFO] [stderr]     Checking futures-util v0.3.30
[INFO] [stderr]     Checking curve25519-dalek v2.1.3
[INFO] [stderr]     Checking merlin v2.0.1
[INFO] [stderr]     Checking fixed-hash v0.8.0
[INFO] [stderr]     Checking num_cpus v1.16.0
[INFO] [stderr]     Checking environmental v1.1.4
[INFO] [stderr]     Checking arrayvec v0.5.2
[INFO] [stderr]     Checking hashbrown v0.12.3
[INFO] [stderr]     Checking schnorrkel v0.9.1
[INFO] [stderr]    Compiling ink_lang_ir v3.4.0
[INFO] [stderr]     Checking unicode-normalization v0.1.22
[INFO] [stderr]     Checking pbkdf2 v0.4.0
[INFO] [stderr]     Checking hmac v0.8.1
[INFO] [stderr]     Checking hmac v0.11.0
[INFO] [stderr]     Checking pbkdf2 v0.8.0
[INFO] [stderr]     Checking curve25519-dalek v3.2.0
[INFO] [stderr]    Compiling sp-runtime-interface-proc-macro v6.0.0
[INFO] [stderr]     Checking parity-scale-codec v3.6.9
[INFO] [stderr]     Checking impl-serde v0.4.0
[INFO] [stderr]     Checking impl-serde v0.3.2
[INFO] [stderr]     Checking scale-info v2.3.1
[INFO] [stderr]     Checking impl-codec v0.6.0
[INFO] [stderr]     Checking tracing-serde v0.1.3
[INFO] [stderr]     Checking sp-storage v7.0.0
[INFO] [stderr]     Checking tracing-subscriber v0.2.25
[INFO] [stderr]     Checking futures-executor v0.3.30
[INFO] [stderr]     Checking sp-wasm-interface v7.0.0
[INFO] [stderr]     Checking ink_engine v3.4.0
[INFO] [stderr]     Checking sp-externalities v0.13.0
[INFO] [stderr]     Checking ink_primitives v3.4.0
[INFO] [stderr]     Checking ink_metadata v3.4.0
[INFO] [stderr]     Checking primitive-types v0.12.2
[INFO] [stderr]    Compiling dyn-clonable-impl v0.9.0
[INFO] [stderr]     Checking num-format v0.4.4
[INFO] [stderr]    Compiling ss58-registry v1.45.0
[INFO] [stdout] error[E0599]: no function or associated item named `new_with_replace` found for struct `scale_info::Path` in the current scope
[INFO] [stdout]    --> /opt/rustwide/cargo-home/registry/src/index.crates.io-6f17d22bba15001f/primitive-types-0.12.2/src/lib.rs:35:44
[INFO] [stdout]     |
[INFO] [stdout] 35  |     #[cfg_attr(feature = "scale-info", derive(TypeInfo))]
[INFO] [stdout]     |                                               ^^^^^^^^ function or associated item not found in `Path<_>`
[INFO] [stdout]     |
[INFO] [stdout] note: if you're trying to build a new `scale_info::Path<_>` consider using one of the following associated functions:
[INFO] [stdout]       scale_info::Path::new
[INFO] [stdout]       scale_info::Path::from_segments
[INFO] [stdout]       scale_info::Path::prelude
[INFO] [stdout]       scale_info::Path::<T>::voldemort
[INFO] [stdout]       scale_info::Path::<T>::from_segments_unchecked
[INFO] [stdout]    --> /opt/rustwide/cargo-home/registry/src/index.crates.io-6f17d22bba15001f/scale-info-2.3.1/src/ty/path.rs:98:5
[INFO] [stdout]     |
[INFO] [stdout] 98  |       pub fn new(ident: &'static str, module_path: &'static str) -> Path {
[INFO] [stdout]     |       ^^^^^^^^^^^^^^^^^^^^^^^^^^^^^^^^^^^^^^^^^^^^^^^^^^^^^^^^^^^^^^^^^^
[INFO] [stdout] ...
[INFO] [stdout] 111 | /     pub fn from_segments<I>(segments: I) -> Result<Self, PathError>
[INFO] [stdout] 112 | |     where
[INFO] [stdout] 113 | |         I: IntoIterator<Item = <MetaForm as Form>::String>,
[INFO] [stdout]     | |___________________________________________________________^
[INFO] [stdout] ...
[INFO] [stdout] 130 |       pub(crate) fn prelude(ident: <MetaForm as Form>::String) -> Self {
[INFO] [stdout]     |       ^^^^^^^^^^^^^^^^^^^^^^^^^^^^^^^^^^^^^^^^^^^^^^^^^^^^^^^^^^^^^^^^
[INFO] [stdout] ...
[INFO] [stdout] 142 |       pub(crate) fn voldemort() -> Self {
[INFO] [stdout]     |       ^^^^^^^^^^^^^^^^^^^^^^^^^^^^^^^^^
[INFO] [stdout] ...
[INFO] [stdout] 151 | /     pub fn from_segments_unchecked<I>(segments: I) -> Path<T>
[INFO] [stdout] 152 | |     where
[INFO] [stdout] 153 | |         I: IntoIterator<Item = T::String>,
[INFO] [stdout]     | |__________________________________________^
[INFO] [stdout]     = note: this error originates in the derive macro `TypeInfo` (in Nightly builds, run with -Z macro-backtrace for more info)
[INFO] [stdout] 
[INFO] [stdout] 
[INFO] [stderr]    Compiling synstructure v0.12.6
[INFO] [stdout] error[E0599]: no function or associated item named `new_with_replace` found for struct `scale_info::Path` in the current scope
[INFO] [stdout]    --> /opt/rustwide/cargo-home/registry/src/index.crates.io-6f17d22bba15001f/primitive-types-0.12.2/src/lib.rs:40:44
[INFO] [stdout]     |
[INFO] [stdout] 40  |     #[cfg_attr(feature = "scale-info", derive(TypeInfo))]
[INFO] [stdout]     |                                               ^^^^^^^^ function or associated item not found in `Path<_>`
[INFO] [stdout]     |
[INFO] [stdout] note: if you're trying to build a new `scale_info::Path<_>` consider using one of the following associated functions:
[INFO] [stdout]       scale_info::Path::new
[INFO] [stdout]       scale_info::Path::from_segments
[INFO] [stdout]       scale_info::Path::prelude
[INFO] [stdout]       scale_info::Path::<T>::voldemort
[INFO] [stdout]       scale_info::Path::<T>::from_segments_unchecked
[INFO] [stdout]    --> /opt/rustwide/cargo-home/registry/src/index.crates.io-6f17d22bba15001f/scale-info-2.3.1/src/ty/path.rs:98:5
[INFO] [stdout]     |
[INFO] [stdout] 98  |       pub fn new(ident: &'static str, module_path: &'static str) -> Path {
[INFO] [stdout]     |       ^^^^^^^^^^^^^^^^^^^^^^^^^^^^^^^^^^^^^^^^^^^^^^^^^^^^^^^^^^^^^^^^^^
[INFO] [stdout] ...
[INFO] [stdout] 111 | /     pub fn from_segments<I>(segments: I) -> Result<Self, PathError>
[INFO] [stdout] 112 | |     where
[INFO] [stdout] 113 | |         I: IntoIterator<Item = <MetaForm as Form>::String>,
[INFO] [stdout]     | |___________________________________________________________^
[INFO] [stdout] ...
[INFO] [stdout] 130 |       pub(crate) fn prelude(ident: <MetaForm as Form>::String) -> Self {
[INFO] [stdout]     |       ^^^^^^^^^^^^^^^^^^^^^^^^^^^^^^^^^^^^^^^^^^^^^^^^^^^^^^^^^^^^^^^^
[INFO] [stdout] ...
[INFO] [stdout] 142 |       pub(crate) fn voldemort() -> Self {
[INFO] [stdout]     |       ^^^^^^^^^^^^^^^^^^^^^^^^^^^^^^^^^
[INFO] [stdout] ...
[INFO] [stdout] 151 | /     pub fn from_segments_unchecked<I>(segments: I) -> Path<T>
[INFO] [stdout] 152 | |     where
[INFO] [stdout] 153 | |         I: IntoIterator<Item = T::String>,
[INFO] [stdout]     | |__________________________________________^
[INFO] [stdout]     = note: this error originates in the derive macro `TypeInfo` (in Nightly builds, run with -Z macro-backtrace for more info)
[INFO] [stdout] 
[INFO] [stdout] 
[INFO] [stdout] error[E0599]: no function or associated item named `new_with_replace` found for struct `scale_info::Path` in the current scope
[INFO] [stdout]    --> /opt/rustwide/cargo-home/registry/src/index.crates.io-6f17d22bba15001f/primitive-types-0.12.2/src/lib.rs:45:44
[INFO] [stdout]     |
[INFO] [stdout] 45  |     #[cfg_attr(feature = "scale-info", derive(TypeInfo))]
[INFO] [stdout]     |                                               ^^^^^^^^ function or associated item not found in `Path<_>`
[INFO] [stdout]     |
[INFO] [stdout] note: if you're trying to build a new `scale_info::Path<_>` consider using one of the following associated functions:
[INFO] [stdout]       scale_info::Path::new
[INFO] [stdout]       scale_info::Path::from_segments
[INFO] [stdout]       scale_info::Path::prelude
[INFO] [stdout]       scale_info::Path::<T>::voldemort
[INFO] [stdout]       scale_info::Path::<T>::from_segments_unchecked
[INFO] [stdout]    --> /opt/rustwide/cargo-home/registry/src/index.crates.io-6f17d22bba15001f/scale-info-2.3.1/src/ty/path.rs:98:5
[INFO] [stdout]     |
[INFO] [stdout] 98  |       pub fn new(ident: &'static str, module_path: &'static str) -> Path {
[INFO] [stdout]     |       ^^^^^^^^^^^^^^^^^^^^^^^^^^^^^^^^^^^^^^^^^^^^^^^^^^^^^^^^^^^^^^^^^^
[INFO] [stdout] ...
[INFO] [stdout] 111 | /     pub fn from_segments<I>(segments: I) -> Result<Self, PathError>
[INFO] [stdout] 112 | |     where
[INFO] [stdout] 113 | |         I: IntoIterator<Item = <MetaForm as Form>::String>,
[INFO] [stdout]     | |___________________________________________________________^
[INFO] [stdout] ...
[INFO] [stdout] 130 |       pub(crate) fn prelude(ident: <MetaForm as Form>::String) -> Self {
[INFO] [stdout]     |       ^^^^^^^^^^^^^^^^^^^^^^^^^^^^^^^^^^^^^^^^^^^^^^^^^^^^^^^^^^^^^^^^
[INFO] [stdout] ...
[INFO] [stdout] 142 |       pub(crate) fn voldemort() -> Self {
[INFO] [stdout]     |       ^^^^^^^^^^^^^^^^^^^^^^^^^^^^^^^^^
[INFO] [stdout] ...
[INFO] [stdout] 151 | /     pub fn from_segments_unchecked<I>(segments: I) -> Path<T>
[INFO] [stdout] 152 | |     where
[INFO] [stdout] 153 | |         I: IntoIterator<Item = T::String>,
[INFO] [stdout]     | |__________________________________________^
[INFO] [stdout]     = note: this error originates in the derive macro `TypeInfo` (in Nightly builds, run with -Z macro-backtrace for more info)
[INFO] [stdout] 
[INFO] [stdout] 
[INFO] [stdout] error[E0599]: no function or associated item named `new_with_replace` found for struct `scale_info::Path` in the current scope
[INFO] [stdout]    --> /opt/rustwide/cargo-home/registry/src/index.crates.io-6f17d22bba15001f/primitive-types-0.12.2/src/lib.rs:51:44
[INFO] [stdout]     |
[INFO] [stdout] 51  |     #[cfg_attr(feature = "scale-info", derive(TypeInfo))]
[INFO] [stdout]     |                                               ^^^^^^^^ function or associated item not found in `Path<_>`
[INFO] [stdout]     |
[INFO] [stdout] note: if you're trying to build a new `scale_info::Path<_>` consider using one of the following associated functions:
[INFO] [stdout]       scale_info::Path::new
[INFO] [stdout]       scale_info::Path::from_segments
[INFO] [stdout]       scale_info::Path::prelude
[INFO] [stdout]       scale_info::Path::<T>::voldemort
[INFO] [stdout]       scale_info::Path::<T>::from_segments_unchecked
[INFO] [stdout]    --> /opt/rustwide/cargo-home/registry/src/index.crates.io-6f17d22bba15001f/scale-info-2.3.1/src/ty/path.rs:98:5
[INFO] [stdout]     |
[INFO] [stdout] 98  |       pub fn new(ident: &'static str, module_path: &'static str) -> Path {
[INFO] [stdout]     |       ^^^^^^^^^^^^^^^^^^^^^^^^^^^^^^^^^^^^^^^^^^^^^^^^^^^^^^^^^^^^^^^^^^
[INFO] [stdout] ...
[INFO] [stdout] 111 | /     pub fn from_segments<I>(segments: I) -> Result<Self, PathError>
[INFO] [stdout] 112 | |     where
[INFO] [stdout] 113 | |         I: IntoIterator<Item = <MetaForm as Form>::String>,
[INFO] [stdout]     | |___________________________________________________________^
[INFO] [stdout] ...
[INFO] [stdout] 130 |       pub(crate) fn prelude(ident: <MetaForm as Form>::String) -> Self {
[INFO] [stdout]     |       ^^^^^^^^^^^^^^^^^^^^^^^^^^^^^^^^^^^^^^^^^^^^^^^^^^^^^^^^^^^^^^^^
[INFO] [stdout] ...
[INFO] [stdout] 142 |       pub(crate) fn voldemort() -> Self {
[INFO] [stdout]     |       ^^^^^^^^^^^^^^^^^^^^^^^^^^^^^^^^^
[INFO] [stdout] ...
[INFO] [stdout] 151 | /     pub fn from_segments_unchecked<I>(segments: I) -> Path<T>
[INFO] [stdout] 152 | |     where
[INFO] [stdout] 153 | |         I: IntoIterator<Item = T::String>,
[INFO] [stdout]     | |__________________________________________^
[INFO] [stdout]     = note: this error originates in the derive macro `TypeInfo` (in Nightly builds, run with -Z macro-backtrace for more info)
[INFO] [stdout] 
[INFO] [stdout] 
[INFO] [stdout] error[E0599]: no function or associated item named `new_with_replace` found for struct `scale_info::Path` in the current scope
[INFO] [stdout]    --> /opt/rustwide/cargo-home/registry/src/index.crates.io-6f17d22bba15001f/primitive-types-0.12.2/src/lib.rs:57:44
[INFO] [stdout]     |
[INFO] [stdout] 57  |     #[cfg_attr(feature = "scale-info", derive(TypeInfo))]
[INFO] [stdout]     |                                               ^^^^^^^^ function or associated item not found in `Path<_>`
[INFO] [stdout]     |
[INFO] [stdout] note: if you're trying to build a new `scale_info::Path<_>` consider using one of the following associated functions:
[INFO] [stdout]       scale_info::Path::new
[INFO] [stdout]       scale_info::Path::from_segments
[INFO] [stdout]       scale_info::Path::prelude
[INFO] [stdout]       scale_info::Path::<T>::voldemort
[INFO] [stdout]       scale_info::Path::<T>::from_segments_unchecked
[INFO] [stdout]    --> /opt/rustwide/cargo-home/registry/src/index.crates.io-6f17d22bba15001f/scale-info-2.3.1/src/ty/path.rs:98:5
[INFO] [stdout]     |
[INFO] [stdout] 98  |       pub fn new(ident: &'static str, module_path: &'static str) -> Path {
[INFO] [stdout]     |       ^^^^^^^^^^^^^^^^^^^^^^^^^^^^^^^^^^^^^^^^^^^^^^^^^^^^^^^^^^^^^^^^^^
[INFO] [stdout] ...
[INFO] [stdout] 111 | /     pub fn from_segments<I>(segments: I) -> Result<Self, PathError>
[INFO] [stdout] 112 | |     where
[INFO] [stdout] 113 | |         I: IntoIterator<Item = <MetaForm as Form>::String>,
[INFO] [stdout]     | |___________________________________________________________^
[INFO] [stdout] ...
[INFO] [stdout] 130 |       pub(crate) fn prelude(ident: <MetaForm as Form>::String) -> Self {
[INFO] [stdout]     |       ^^^^^^^^^^^^^^^^^^^^^^^^^^^^^^^^^^^^^^^^^^^^^^^^^^^^^^^^^^^^^^^^
[INFO] [stdout] ...
[INFO] [stdout] 142 |       pub(crate) fn voldemort() -> Self {
[INFO] [stdout]     |       ^^^^^^^^^^^^^^^^^^^^^^^^^^^^^^^^^
[INFO] [stdout] ...
[INFO] [stdout] 151 | /     pub fn from_segments_unchecked<I>(segments: I) -> Path<T>
[INFO] [stdout] 152 | |     where
[INFO] [stdout] 153 | |         I: IntoIterator<Item = T::String>,
[INFO] [stdout]     | |__________________________________________^
[INFO] [stdout]     = note: this error originates in the derive macro `TypeInfo` (in Nightly builds, run with -Z macro-backtrace for more info)
[INFO] [stdout] 
[INFO] [stdout] 
[INFO] [stdout] error[E0599]: no function or associated item named `new_with_replace` found for struct `scale_info::Path` in the current scope
[INFO] [stdout]    --> /opt/rustwide/cargo-home/registry/src/index.crates.io-6f17d22bba15001f/primitive-types-0.12.2/src/lib.rs:62:44
[INFO] [stdout]     |
[INFO] [stdout] 62  |     #[cfg_attr(feature = "scale-info", derive(TypeInfo))]
[INFO] [stdout]     |                                               ^^^^^^^^ function or associated item not found in `Path<_>`
[INFO] [stdout]     |
[INFO] [stdout] note: if you're trying to build a new `scale_info::Path<_>` consider using one of the following associated functions:
[INFO] [stdout]       scale_info::Path::new
[INFO] [stdout]       scale_info::Path::from_segments
[INFO] [stdout]       scale_info::Path::prelude
[INFO] [stdout]       scale_info::Path::<T>::voldemort
[INFO] [stdout]       scale_info::Path::<T>::from_segments_unchecked
[INFO] [stdout]    --> /opt/rustwide/cargo-home/registry/src/index.crates.io-6f17d22bba15001f/scale-info-2.3.1/src/ty/path.rs:98:5
[INFO] [stdout]     |
[INFO] [stdout] 98  |       pub fn new(ident: &'static str, module_path: &'static str) -> Path {
[INFO] [stdout]     |       ^^^^^^^^^^^^^^^^^^^^^^^^^^^^^^^^^^^^^^^^^^^^^^^^^^^^^^^^^^^^^^^^^^
[INFO] [stdout] ...
[INFO] [stdout] 111 | /     pub fn from_segments<I>(segments: I) -> Result<Self, PathError>
[INFO] [stdout] 112 | |     where
[INFO] [stdout] 113 | |         I: IntoIterator<Item = <MetaForm as Form>::String>,
[INFO] [stdout]     | |___________________________________________________________^
[INFO] [stdout] ...
[INFO] [stdout] 130 |       pub(crate) fn prelude(ident: <MetaForm as Form>::String) -> Self {
[INFO] [stdout]     |       ^^^^^^^^^^^^^^^^^^^^^^^^^^^^^^^^^^^^^^^^^^^^^^^^^^^^^^^^^^^^^^^^
[INFO] [stdout] ...
[INFO] [stdout] 142 |       pub(crate) fn voldemort() -> Self {
[INFO] [stdout]     |       ^^^^^^^^^^^^^^^^^^^^^^^^^^^^^^^^^
[INFO] [stdout] ...
[INFO] [stdout] 151 | /     pub fn from_segments_unchecked<I>(segments: I) -> Path<T>
[INFO] [stdout] 152 | |     where
[INFO] [stdout] 153 | |         I: IntoIterator<Item = T::String>,
[INFO] [stdout]     | |__________________________________________^
[INFO] [stdout]     = note: this error originates in the derive macro `TypeInfo` (in Nightly builds, run with -Z macro-backtrace for more info)
[INFO] [stdout] 
[INFO] [stdout] 
[INFO] [stdout] error[E0599]: no function or associated item named `new_with_replace` found for struct `scale_info::Path` in the current scope
[INFO] [stdout]    --> /opt/rustwide/cargo-home/registry/src/index.crates.io-6f17d22bba15001f/primitive-types-0.12.2/src/lib.rs:67:44
[INFO] [stdout]     |
[INFO] [stdout] 67  |     #[cfg_attr(feature = "scale-info", derive(TypeInfo))]
[INFO] [stdout]     |                                               ^^^^^^^^ function or associated item not found in `Path<_>`
[INFO] [stdout]     |
[INFO] [stdout] note: if you're trying to build a new `scale_info::Path<_>` consider using one of the following associated functions:
[INFO] [stdout]       scale_info::Path::new
[INFO] [stdout]       scale_info::Path::from_segments
[INFO] [stdout]       scale_info::Path::prelude
[INFO] [stdout]       scale_info::Path::<T>::voldemort
[INFO] [stdout]       scale_info::Path::<T>::from_segments_unchecked
[INFO] [stdout]    --> /opt/rustwide/cargo-home/registry/src/index.crates.io-6f17d22bba15001f/scale-info-2.3.1/src/ty/path.rs:98:5
[INFO] [stdout]     |
[INFO] [stdout] 98  |       pub fn new(ident: &'static str, module_path: &'static str) -> Path {
[INFO] [stdout]     |       ^^^^^^^^^^^^^^^^^^^^^^^^^^^^^^^^^^^^^^^^^^^^^^^^^^^^^^^^^^^^^^^^^^
[INFO] [stdout] ...
[INFO] [stdout] 111 | /     pub fn from_segments<I>(segments: I) -> Result<Self, PathError>
[INFO] [stdout] 112 | |     where
[INFO] [stdout] 113 | |         I: IntoIterator<Item = <MetaForm as Form>::String>,
[INFO] [stdout]     | |___________________________________________________________^
[INFO] [stdout] ...
[INFO] [stdout] 130 |       pub(crate) fn prelude(ident: <MetaForm as Form>::String) -> Self {
[INFO] [stdout]     |       ^^^^^^^^^^^^^^^^^^^^^^^^^^^^^^^^^^^^^^^^^^^^^^^^^^^^^^^^^^^^^^^^
[INFO] [stdout] ...
[INFO] [stdout] 142 |       pub(crate) fn voldemort() -> Self {
[INFO] [stdout]     |       ^^^^^^^^^^^^^^^^^^^^^^^^^^^^^^^^^
[INFO] [stdout] ...
[INFO] [stdout] 151 | /     pub fn from_segments_unchecked<I>(segments: I) -> Path<T>
[INFO] [stdout] 152 | |     where
[INFO] [stdout] 153 | |         I: IntoIterator<Item = T::String>,
[INFO] [stdout]     | |__________________________________________^
[INFO] [stdout]     = note: this error originates in the derive macro `TypeInfo` (in Nightly builds, run with -Z macro-backtrace for more info)
[INFO] [stdout] 
[INFO] [stdout] 
[INFO] [stdout] error[E0599]: no function or associated item named `new_with_replace` found for struct `scale_info::Path` in the current scope
[INFO] [stdout]    --> /opt/rustwide/cargo-home/registry/src/index.crates.io-6f17d22bba15001f/primitive-types-0.12.2/src/lib.rs:72:44
[INFO] [stdout]     |
[INFO] [stdout] 72  |     #[cfg_attr(feature = "scale-info", derive(TypeInfo))]
[INFO] [stdout]     |                                               ^^^^^^^^ function or associated item not found in `Path<_>`
[INFO] [stdout]     |
[INFO] [stdout] note: if you're trying to build a new `scale_info::Path<_>` consider using one of the following associated functions:
[INFO] [stdout]       scale_info::Path::new
[INFO] [stdout]       scale_info::Path::from_segments
[INFO] [stdout]       scale_info::Path::prelude
[INFO] [stdout]       scale_info::Path::<T>::voldemort
[INFO] [stdout]       scale_info::Path::<T>::from_segments_unchecked
[INFO] [stdout]    --> /opt/rustwide/cargo-home/registry/src/index.crates.io-6f17d22bba15001f/scale-info-2.3.1/src/ty/path.rs:98:5
[INFO] [stdout]     |
[INFO] [stdout] 98  |       pub fn new(ident: &'static str, module_path: &'static str) -> Path {
[INFO] [stdout]     |       ^^^^^^^^^^^^^^^^^^^^^^^^^^^^^^^^^^^^^^^^^^^^^^^^^^^^^^^^^^^^^^^^^^
[INFO] [stdout] ...
[INFO] [stdout] 111 | /     pub fn from_segments<I>(segments: I) -> Result<Self, PathError>
[INFO] [stdout] 112 | |     where
[INFO] [stdout] 113 | |         I: IntoIterator<Item = <MetaForm as Form>::String>,
[INFO] [stdout]     | |___________________________________________________________^
[INFO] [stdout] ...
[INFO] [stdout] 130 |       pub(crate) fn prelude(ident: <MetaForm as Form>::String) -> Self {
[INFO] [stdout]     |       ^^^^^^^^^^^^^^^^^^^^^^^^^^^^^^^^^^^^^^^^^^^^^^^^^^^^^^^^^^^^^^^^
[INFO] [stdout] ...
[INFO] [stdout] 142 |       pub(crate) fn voldemort() -> Self {
[INFO] [stdout]     |       ^^^^^^^^^^^^^^^^^^^^^^^^^^^^^^^^^
[INFO] [stdout] ...
[INFO] [stdout] 151 | /     pub fn from_segments_unchecked<I>(segments: I) -> Path<T>
[INFO] [stdout] 152 | |     where
[INFO] [stdout] 153 | |         I: IntoIterator<Item = T::String>,
[INFO] [stdout]     | |__________________________________________^
[INFO] [stdout]     = note: this error originates in the derive macro `TypeInfo` (in Nightly builds, run with -Z macro-backtrace for more info)
[INFO] [stdout] 
[INFO] [stdout] 
[INFO] [stdout] error[E0599]: no function or associated item named `new_with_replace` found for struct `scale_info::Path` in the current scope
[INFO] [stdout]    --> /opt/rustwide/cargo-home/registry/src/index.crates.io-6f17d22bba15001f/primitive-types-0.12.2/src/lib.rs:77:44
[INFO] [stdout]     |
[INFO] [stdout] 77  |     #[cfg_attr(feature = "scale-info", derive(TypeInfo))]
[INFO] [stdout]     |                                               ^^^^^^^^ function or associated item not found in `Path<_>`
[INFO] [stdout]     |
[INFO] [stdout] note: if you're trying to build a new `scale_info::Path<_>` consider using one of the following associated functions:
[INFO] [stdout]       scale_info::Path::new
[INFO] [stdout]       scale_info::Path::from_segments
[INFO] [stdout]       scale_info::Path::prelude
[INFO] [stdout]       scale_info::Path::<T>::voldemort
[INFO] [stdout]       scale_info::Path::<T>::from_segments_unchecked
[INFO] [stdout]    --> /opt/rustwide/cargo-home/registry/src/index.crates.io-6f17d22bba15001f/scale-info-2.3.1/src/ty/path.rs:98:5
[INFO] [stdout]     |
[INFO] [stdout] 98  |       pub fn new(ident: &'static str, module_path: &'static str) -> Path {
[INFO] [stdout]     |       ^^^^^^^^^^^^^^^^^^^^^^^^^^^^^^^^^^^^^^^^^^^^^^^^^^^^^^^^^^^^^^^^^^
[INFO] [stdout] ...
[INFO] [stdout] 111 | /     pub fn from_segments<I>(segments: I) -> Result<Self, PathError>
[INFO] [stdout] 112 | |     where
[INFO] [stdout] 113 | |         I: IntoIterator<Item = <MetaForm as Form>::String>,
[INFO] [stdout]     | |___________________________________________________________^
[INFO] [stdout] ...
[INFO] [stdout] 130 |       pub(crate) fn prelude(ident: <MetaForm as Form>::String) -> Self {
[INFO] [stdout]     |       ^^^^^^^^^^^^^^^^^^^^^^^^^^^^^^^^^^^^^^^^^^^^^^^^^^^^^^^^^^^^^^^^
[INFO] [stdout] ...
[INFO] [stdout] 142 |       pub(crate) fn voldemort() -> Self {
[INFO] [stdout]     |       ^^^^^^^^^^^^^^^^^^^^^^^^^^^^^^^^^
[INFO] [stdout] ...
[INFO] [stdout] 151 | /     pub fn from_segments_unchecked<I>(segments: I) -> Path<T>
[INFO] [stdout] 152 | |     where
[INFO] [stdout] 153 | |         I: IntoIterator<Item = T::String>,
[INFO] [stdout]     | |__________________________________________^
[INFO] [stdout]     = note: this error originates in the derive macro `TypeInfo` (in Nightly builds, run with -Z macro-backtrace for more info)
[INFO] [stdout] 
[INFO] [stdout] 
[INFO] [stdout] error: aborting due to 9 previous errors
[INFO] [stdout] 
[INFO] [stdout] 
[INFO] [stdout] For more information about this error, try `rustc --explain E0599`.
[INFO] [stdout] 
[INFO] [stderr] error: could not compile `primitive-types` (lib) due to 10 previous errors
[INFO] [stderr] warning: build failed, waiting for other jobs to finish...
[INFO] running `Command { std: "docker" "inspect" "3a949c71fca9ec6664c961fac43f2f30ad38dd149ecbe62a4ce40d712a4a1de4", kill_on_drop: false }`
[INFO] running `Command { std: "docker" "rm" "-f" "3a949c71fca9ec6664c961fac43f2f30ad38dd149ecbe62a4ce40d712a4a1de4", kill_on_drop: false }`
[INFO] [stdout] 3a949c71fca9ec6664c961fac43f2f30ad38dd149ecbe62a4ce40d712a4a1de4
