[INFO] fetching crate podcast2text 0.0.3...
[INFO] documenting podcast2text-0.0.3 against 1.75.0 for beta-1.76-rustdoc-1
[INFO] extracting crate podcast2text 0.0.3 into /workspace/builds/worker-3-tc1/source
[INFO] validating manifest of crates.io crate podcast2text 0.0.3 on toolchain 1.75.0
[INFO] running `Command { std: CARGO_HOME="/workspace/cargo-home" RUSTUP_HOME="/workspace/rustup-home" "/workspace/cargo-home/bin/cargo" "+1.75.0" "metadata" "--manifest-path" "Cargo.toml" "--no-deps", kill_on_drop: false }`
[INFO] started tweaking crates.io crate podcast2text 0.0.3
[INFO] finished tweaking crates.io crate podcast2text 0.0.3
[INFO] tweaked toml for crates.io crate podcast2text 0.0.3 written to /workspace/builds/worker-3-tc1/source/Cargo.toml
[INFO] crate crates.io crate podcast2text 0.0.3 already has a lockfile, it will not be regenerated
[INFO] running `Command { std: CARGO_HOME="/workspace/cargo-home" RUSTUP_HOME="/workspace/rustup-home" "/workspace/cargo-home/bin/cargo" "+1.75.0" "fetch" "--manifest-path" "Cargo.toml", kill_on_drop: false }`
[INFO] [stderr]     Updating crates.io index
[INFO] [stderr]  Downloading crates ...
[INFO] [stderr]   Downloaded symphonia-format-ogg v0.5.1
[INFO] [stderr]   Downloaded symphonia-metadata v0.5.1
[INFO] [stderr]   Downloaded atom_syndication v0.11.0
[INFO] [stderr]   Downloaded symphonia-codec-vorbis v0.5.1
[INFO] [stderr]   Downloaded lofty_attr v0.4.0
[INFO] [stderr]   Downloaded symphonia-bundle-flac v0.5.1
[INFO] [stderr]   Downloaded symphonia-utils-xiph v0.5.1
[INFO] [stderr]   Downloaded ogg_pager v0.3.2
[INFO] [stderr]   Downloaded diligent-date-parser v0.1.3
[INFO] [stderr]   Downloaded symphonia-format-mkv v0.5.1
[INFO] [stderr]   Downloaded symphonia-format-wav v0.5.1
[INFO] [stderr]   Downloaded rubato v0.12.0
[INFO] [stderr]   Downloaded symphonia-bundle-mp3 v0.5.1
[INFO] [stderr]   Downloaded symphonia-codec-pcm v0.5.1
[INFO] [stderr]   Downloaded uuid v1.2.2
[INFO] [stderr]   Downloaded symphonia-core v0.5.1
[INFO] [stderr]   Downloaded rss v2.0.1
[INFO] [stderr]   Downloaded symphonia v0.5.1
[INFO] [stderr]   Downloaded bitreader v0.3.6
[INFO] [stderr]   Downloaded lofty v0.9.0
[INFO] [stderr]   Downloaded jupiter_common v0.0.1
[INFO] [stderr]   Downloaded realfft v3.1.0
[INFO] [stderr]   Downloaded stt v0.0.1
[INFO] [stderr]   Downloaded whisper-rs v0.2.0
[INFO] [stderr]   Downloaded jupiter_downloader v0.0.1
[INFO] [stderr]   Downloaded whisper-rs-sys v0.2.0
[INFO] running `Command { std: "docker" "create" "-v" "/var/lib/crater-agent-workspace/builds/worker-3-tc1/target:/opt/rustwide/target:rw,Z" "-v" "/var/lib/crater-agent-workspace/builds/worker-3-tc1/source:/opt/rustwide/workdir:ro,Z" "-v" "/var/lib/crater-agent-workspace/cargo-home:/opt/rustwide/cargo-home:ro,Z" "-v" "/var/lib/crater-agent-workspace/rustup-home:/opt/rustwide/rustup-home:ro,Z" "-e" "SOURCE_DIR=/opt/rustwide/workdir" "-e" "CARGO_TARGET_DIR=/opt/rustwide/target" "-e" "CARGO_HOME=/opt/rustwide/cargo-home" "-e" "RUSTUP_HOME=/opt/rustwide/rustup-home" "-w" "/opt/rustwide/workdir" "-m" "1610612736" "--user" "0:0" "--network" "none" "ghcr.io/rust-lang/crates-build-env/linux@sha256:2788e3201cd34a07e3172128adcd8b3090168a8e3bcc40d7c032b9dda1df7d1c" "/opt/rustwide/cargo-home/bin/cargo" "+1.75.0" "metadata" "--no-deps" "--format-version=1", kill_on_drop: false }`
[INFO] [stdout] da2e0155974d7c16e99c6998b6c31aec36cac4f7672f90e30a60a6e08e1d458d
[INFO] running `Command { std: "docker" "start" "-a" "da2e0155974d7c16e99c6998b6c31aec36cac4f7672f90e30a60a6e08e1d458d", kill_on_drop: false }`
[INFO] running `Command { std: "docker" "inspect" "da2e0155974d7c16e99c6998b6c31aec36cac4f7672f90e30a60a6e08e1d458d", kill_on_drop: false }`
[INFO] running `Command { std: "docker" "rm" "-f" "da2e0155974d7c16e99c6998b6c31aec36cac4f7672f90e30a60a6e08e1d458d", kill_on_drop: false }`
[INFO] [stdout] da2e0155974d7c16e99c6998b6c31aec36cac4f7672f90e30a60a6e08e1d458d
[INFO] running `Command { std: "docker" "create" "-v" "/var/lib/crater-agent-workspace/builds/worker-3-tc1/target:/opt/rustwide/target:rw,Z" "-v" "/var/lib/crater-agent-workspace/builds/worker-3-tc1/source:/opt/rustwide/workdir:ro,Z" "-v" "/var/lib/crater-agent-workspace/cargo-home:/opt/rustwide/cargo-home:ro,Z" "-v" "/var/lib/crater-agent-workspace/rustup-home:/opt/rustwide/rustup-home:ro,Z" "-e" "SOURCE_DIR=/opt/rustwide/workdir" "-e" "CARGO_TARGET_DIR=/opt/rustwide/target" "-e" "CARGO_INCREMENTAL=0" "-e" "RUST_BACKTRACE=full" "-e" "RUSTFLAGS=--cap-lints=warn" "-e" "RUSTDOCFLAGS=--cap-lints=warn" "-e" "CARGO_HOME=/opt/rustwide/cargo-home" "-e" "RUSTUP_HOME=/opt/rustwide/rustup-home" "-w" "/opt/rustwide/workdir" "-m" "1610612736" "--user" "0:0" "--network" "none" "ghcr.io/rust-lang/crates-build-env/linux@sha256:2788e3201cd34a07e3172128adcd8b3090168a8e3bcc40d7c032b9dda1df7d1c" "/opt/rustwide/cargo-home/bin/cargo" "+1.75.0" "doc" "--frozen" "--no-deps" "--document-private-items" "--message-format=json", kill_on_drop: false }`
[INFO] [stdout] dc6c67ce8cfca74b233d15497ed4488e87a2ed129c47046e505bf6069caa8f69
[INFO] running `Command { std: "docker" "start" "-a" "dc6c67ce8cfca74b233d15497ed4488e87a2ed129c47046e505bf6069caa8f69", kill_on_drop: false }`
[INFO] [stderr]    Compiling proc-macro2 v1.0.47
[INFO] [stderr]    Compiling quote v1.0.21
[INFO] [stderr]    Compiling unicode-ident v1.0.5
[INFO] [stderr]    Compiling syn v1.0.103
[INFO] [stderr]    Compiling libc v0.2.137
[INFO] [stderr]    Compiling log v0.4.17
[INFO] [stderr]    Compiling memchr v2.5.0
[INFO] [stderr]    Compiling num-traits v0.2.15
[INFO] [stderr]    Compiling encoding_rs v0.8.31
[INFO] [stderr]    Compiling num-integer v0.1.45
[INFO] [stderr]    Compiling cc v1.0.77
[INFO] [stderr]     Checking bytemuck v1.12.3
[INFO] [stderr]    Compiling serde_derive v1.0.147
[INFO] [stderr]     Checking once_cell v1.16.0
[INFO] [stderr]     Checking pin-project-lite v0.2.9
[INFO] [stderr]     Checking arrayvec v0.7.2
[INFO] [stderr]    Compiling futures-core v0.3.25
[INFO] [stderr]    Compiling serde v1.0.147
[INFO] [stderr]    Compiling lock_api v0.4.9
[INFO] [stderr]    Compiling parking_lot_core v0.9.4
[INFO] [stderr]    Compiling pkg-config v0.3.26
[INFO] [stderr]    Compiling glob v0.3.0
[INFO] [stderr]    Compiling slab v0.4.7
[INFO] [stderr]     Checking scopeguard v1.1.0
[INFO] [stderr]     Checking symphonia-core v0.5.1
[INFO] [stderr]     Checking smallvec v1.10.0
[INFO] [stderr]    Compiling strsim v0.10.0
[INFO] [stderr]     Checking bytes v1.3.0
[INFO] [stderr]    Compiling futures-channel v0.3.25
[INFO] [stderr]    Compiling futures-task v0.3.25
[INFO] [stderr]     Checking futures-sink v0.3.25
[INFO] [stderr]     Checking itoa v1.0.4
[INFO] [stderr]    Compiling tokio v1.22.0
[INFO] [stderr]    Compiling clang-sys v1.4.0
[INFO] [stderr]    Compiling futures-util v0.3.25
[INFO] [stderr]    Compiling minimal-lexical v0.2.1
[INFO] [stderr]    Compiling aho-corasick v0.7.19
[INFO] [stderr]    Compiling libloading v0.7.4
[INFO] [stderr]     Checking socket2 v0.4.7
[INFO] [stderr]     Checking mio v0.8.5
[INFO] [stderr]     Checking signal-hook-registry v1.4.0
[INFO] [stderr]     Checking num_cpus v1.14.0
[INFO] [stderr]    Compiling nom v7.1.1
[INFO] [stderr]     Checking tinyvec_macros v0.1.0
[INFO] [stderr]     Checking futures-io v0.3.25
[INFO] [stderr]     Checking parking_lot v0.12.1
[INFO] [stderr]    Compiling regex-syntax v0.6.28
[INFO] [stderr]    Compiling either v1.8.0
[INFO] [stderr]    Compiling bindgen v0.61.0
[INFO] [stderr]     Checking tinyvec v1.6.0
[INFO] [stderr]    Compiling openssl-sys v0.9.77
[INFO] [stderr]     Checking tracing-core v0.1.30
[INFO] [stderr]    Compiling which v4.3.0
[INFO] [stderr]    Compiling indexmap v1.9.2
[INFO] [stderr]    Compiling bitflags v1.3.2
[INFO] [stderr]    Compiling shlex v1.1.0
[INFO] [stderr]     Checking symphonia-metadata v0.5.1
[INFO] [stderr]     Checking percent-encoding v2.2.0
[INFO] [stderr]    Compiling maybe-uninit v2.0.0
[INFO] [stderr]    Compiling openssl v0.10.42
[INFO] [stderr]    Compiling peeking_take_while v0.1.2
[INFO] [stderr]     Checking foreign-types-shared v0.1.1
[INFO] [stderr]    Compiling lazycell v1.3.0
[INFO] [stderr]    Compiling rustc-hash v1.1.0
[INFO] [stderr]     Checking foreign-types v0.3.2
[INFO] [stderr]     Checking form_urlencoded v1.1.0
[INFO] [stderr]     Checking http v0.2.8
[INFO] [stderr]     Checking time v0.1.44
[INFO] [stderr]     Checking tracing v0.1.37
[INFO] [stderr]    Compiling rustfft v6.1.0
[INFO] [stderr]    Compiling native-tls v0.2.11
[INFO] [stderr]     Checking unicode-bidi v0.3.8
[INFO] [stderr]     Checking symphonia-utils-xiph v0.5.1
[INFO] [stderr]     Checking iana-time-zone v0.1.53
[INFO] [stderr]     Checking strength_reduce v0.2.4
[INFO] [stderr]     Checking primal-check v0.3.3
[INFO] [stderr]     Checking num-complex v0.4.2
[INFO] [stderr]     Checking bitreader v0.3.6
[INFO] [stderr]     Checking transpose v0.2.2
[INFO] [stderr]    Compiling proc-macro-error-attr v1.0.4
[INFO] [stderr]     Checking try-lock v0.2.3
[INFO] [stderr]     Checking ryu v1.0.11
[INFO] [stderr]    Compiling anyhow v1.0.66
[INFO] [stderr]     Checking mp4parse v0.10.1
[INFO] [stderr]     Checking smallvec v0.6.14
[INFO] [stderr]     Checking want v0.3.0
[INFO] [stderr]     Checking quick-xml v0.22.0
[INFO] [stderr]     Checking unicode-normalization v0.1.22
[INFO] [stderr]     Checking ogg v0.7.1
[INFO] [stderr]    Compiling proc-macro-error v1.0.4
[INFO] [stderr]     Checking dasp_sample v0.11.0
[INFO] [stderr]    Compiling serde_json v1.0.88
[INFO] [stderr]     Checking httpdate v1.0.2
[INFO] [stderr]     Checking never v0.1.0
[INFO] [stderr]     Checking lewton v0.9.4
[INFO] [stderr]     Checking miniz_oxide v0.5.4
[INFO] [stderr]     Checking http-body v0.4.5
[INFO] [stderr]     Checking alac v0.5.0
[INFO] [stderr]     Checking dasp_frame v0.11.0
[INFO] [stderr]     Checking symphonia-format-ogg v0.5.1
[INFO] [stderr]     Checking symphonia-format-mkv v0.5.1
[INFO] [stderr]     Checking symphonia-bundle-flac v0.5.1
[INFO] [stderr]     Checking symphonia-codec-vorbis v0.5.1
[INFO] [stderr]     Checking idna v0.3.0
[INFO] [stderr]     Checking symphonia-format-wav v0.5.1
[INFO] [stderr]     Checking symphonia-bundle-mp3 v0.5.1
[INFO] [stderr]     Checking symphonia-codec-pcm v0.5.1
[INFO] [stderr]    Compiling stt v0.0.1
[INFO] [stderr]     Checking getrandom v0.2.8
[INFO] [stderr]     Checking caf v0.1.0
[INFO] [stderr]     Checking hound v3.5.0
[INFO] [stderr]     Checking claxon v0.4.3
[INFO] [stderr]     Checking uuid v1.2.2
[INFO] [stderr]     Checking flate2 v1.0.24
[INFO] [stderr]     Checking url v2.3.1
[INFO] [stderr]     Checking ogg_pager v0.3.2
[INFO] [stderr]    Compiling cexpr v0.6.0
[INFO] [stderr]    Compiling regex v1.7.0
[INFO] [stderr]     Checking mime v0.3.16
[INFO] [stderr]     Checking os_str_bytes v6.4.1
[INFO] [stderr]     Checking audrey v0.3.0
[INFO] [stderr]    Compiling heck v0.4.0
[INFO] [stderr]     Checking symphonia v0.5.1
[INFO] [stderr]     Checking ipnet v2.5.1
[INFO] [stderr]    Compiling paste v1.0.9
[INFO] [stderr]     Checking clap_lex v0.3.0
[INFO] [stderr]     Checking atty v0.2.14
[INFO] [stderr]     Checking termcolor v1.1.3
[INFO] [stderr]    Compiling darling_core v0.12.4
[INFO] [stderr]    Compiling futures-macro v0.3.25
[INFO] [stderr]    Compiling tokio-macros v1.8.0
[INFO] [stderr]    Compiling openssl-macros v0.1.0
[INFO] [stderr]    Compiling lofty_attr v0.4.0
[INFO] [stderr]    Compiling clap_derive v4.0.21
[INFO] [stderr]     Checking realfft v3.1.0
[INFO] [stderr]    Compiling darling_macro v0.12.4
[INFO] [stderr]     Checking rubato v0.12.0
[INFO] [stderr]     Checking lofty v0.9.0
[INFO] [stderr]    Compiling darling v0.12.4
[INFO] [stderr]    Compiling derive_builder_core v0.10.2
[INFO] [stderr]     Checking clap v4.0.26
[INFO] [stderr]    Compiling derive_builder_macro v0.10.2
[INFO] [stderr]     Checking derive_builder v0.10.2
[INFO] [stderr]    Compiling whisper-rs-sys v0.2.0
[INFO] [stderr]     Checking futures-executor v0.3.25
[INFO] [stderr]     Checking futures v0.3.25
[INFO] [stderr]     Checking tokio-util v0.7.4
[INFO] [stderr]     Checking tokio-native-tls v0.3.0
[INFO] [stderr]     Checking h2 v0.3.15
[INFO] [stderr]     Checking chrono v0.4.23
[INFO] [stderr]     Checking serde_urlencoded v0.7.1
[INFO] [stderr]     Checking diligent-date-parser v0.1.3
[INFO] [stderr]     Checking atom_syndication v0.11.0
[INFO] [stderr]     Checking hyper v0.14.23
[INFO] [stderr]     Checking rss v2.0.1
[INFO] [stderr]     Checking jupiter_common v0.0.1
[INFO] [stderr]     Checking hyper-tls v0.5.0
[INFO] [stderr]     Checking reqwest v0.11.13
[INFO] [stderr] error: failed to run custom build command for `whisper-rs-sys v0.2.0`
[INFO] [stderr] note: To improve backtraces for build dependencies, set the CARGO_PROFILE_DEV_BUILD_OVERRIDE_DEBUG=true environment variable to enable debug information generation.
[INFO] [stderr] 
[INFO] [stderr] Caused by:
[INFO] [stderr]   process didn't exit successfully: `/opt/rustwide/target/debug/build/whisper-rs-sys-3a521c13196eeeca/build-script-build` (exit status: 101)
[INFO] [stderr]   --- stdout
[INFO] [stderr]   cargo:rustc-link-search=/opt/rustwide/target/debug/build/whisper-rs-sys-afe611210d32c6c9/out
[INFO] [stderr]   cargo:rustc-link-lib=static=whisper
[INFO] [stderr]   cargo:rerun-if-changed=wrapper.h
[INFO] [stderr]   cargo:rerun-if-changed=./whisper.cpp/whisper.h
[INFO] [stderr]   cargo:rerun-if-changed=/usr/lib/llvm-14/lib/clang/14.0.0/include/stdint.h
[INFO] [stderr]   cargo:rerun-if-changed=/usr/include/stdint.h
[INFO] [stderr]   cargo:rerun-if-changed=/usr/include/x86_64-linux-gnu/bits/libc-header-start.h
[INFO] [stderr]   cargo:rerun-if-changed=/usr/include/features.h
[INFO] [stderr]   cargo:rerun-if-changed=/usr/include/features-time64.h
[INFO] [stderr]   cargo:rerun-if-changed=/usr/include/x86_64-linux-gnu/bits/wordsize.h
[INFO] [stderr]   cargo:rerun-if-changed=/usr/include/x86_64-linux-gnu/bits/timesize.h
[INFO] [stderr]   cargo:rerun-if-changed=/usr/include/x86_64-linux-gnu/bits/wordsize.h
[INFO] [stderr]   cargo:rerun-if-changed=/usr/include/stdc-predef.h
[INFO] [stderr]   cargo:rerun-if-changed=/usr/include/x86_64-linux-gnu/sys/cdefs.h
[INFO] [stderr]   cargo:rerun-if-changed=/usr/include/x86_64-linux-gnu/bits/wordsize.h
[INFO] [stderr]   cargo:rerun-if-changed=/usr/include/x86_64-linux-gnu/bits/long-double.h
[INFO] [stderr]   cargo:rerun-if-changed=/usr/include/x86_64-linux-gnu/gnu/stubs.h
[INFO] [stderr]   cargo:rerun-if-changed=/usr/include/x86_64-linux-gnu/gnu/stubs-64.h
[INFO] [stderr]   cargo:rerun-if-changed=/usr/include/x86_64-linux-gnu/bits/types.h
[INFO] [stderr]   cargo:rerun-if-changed=/usr/include/features.h
[INFO] [stderr]   cargo:rerun-if-changed=/usr/include/x86_64-linux-gnu/bits/wordsize.h
[INFO] [stderr]   cargo:rerun-if-changed=/usr/include/x86_64-linux-gnu/bits/timesize.h
[INFO] [stderr]   cargo:rerun-if-changed=/usr/include/x86_64-linux-gnu/bits/wordsize.h
[INFO] [stderr]   cargo:rerun-if-changed=/usr/include/x86_64-linux-gnu/bits/typesizes.h
[INFO] [stderr]   cargo:rerun-if-changed=/usr/include/x86_64-linux-gnu/bits/time64.h
[INFO] [stderr]   cargo:rerun-if-changed=/usr/include/x86_64-linux-gnu/bits/wchar.h
[INFO] [stderr]   cargo:rerun-if-changed=/usr/include/x86_64-linux-gnu/bits/wordsize.h
[INFO] [stderr]   cargo:rerun-if-changed=/usr/include/x86_64-linux-gnu/bits/stdint-intn.h
[INFO] [stderr]   cargo:rerun-if-changed=/usr/include/x86_64-linux-gnu/bits/types.h
[INFO] [stderr]   cargo:rerun-if-changed=/usr/include/x86_64-linux-gnu/bits/stdint-uintn.h
[INFO] [stderr]   cargo:rerun-if-changed=/usr/include/x86_64-linux-gnu/bits/types.h
[INFO] [stderr]   cargo:rerun-if-changed=/usr/lib/llvm-14/lib/clang/14.0.0/include/stdbool.h
[INFO] [stderr]   cc  -I.              -O3 -std=c11   -pthread -mavx -mavx2 -mfma -mf16c   -c ggml.c
[INFO] [stderr] 
[INFO] [stderr]   --- stderr
[INFO] [stderr]   error: 'rustfmt' is not installed for the toolchain '1.75.0-x86_64-unknown-linux-gnu'
[INFO] [stderr]   To install, run `rustup component add rustfmt --toolchain 1.75.0-x86_64-unknown-linux-gnu`
[INFO] [stderr]   Failed to run rustfmt: Internal rustfmt error (non-fatal, continuing)
[INFO] [stderr]   Assembler messages:
[INFO] [stderr]   Fatal error: can't create ggml.o: Read-only file system
[INFO] [stderr]   make: *** [Makefile:81: ggml.o] Error 1
[INFO] [stderr]   thread 'main' panicked at /opt/rustwide/cargo-home/registry/src/index.crates.io-6f17d22bba15001f/whisper-rs-sys-0.2.0/build.rs:54:9:
[INFO] [stderr]   Failed to build libwhisper.a
[INFO] [stderr]   stack backtrace:
[INFO] [stderr]      0:     0x5582152a07ac - std::backtrace_rs::backtrace::libunwind::trace::ha637c64ce894333a
[INFO] [stderr]                                  at /rustc/82e1608dfa6e0b5569232559e3d385fea5a93112/library/std/src/../../backtrace/src/backtrace/libunwind.rs:104:5
[INFO] [stderr]      1:     0x5582152a07ac - std::backtrace_rs::backtrace::trace_unsynchronized::h47f62dea28e0c88d
[INFO] [stderr]                                  at /rustc/82e1608dfa6e0b5569232559e3d385fea5a93112/library/std/src/../../backtrace/src/backtrace/mod.rs:66:5
[INFO] [stderr]      2:     0x5582152a07ac - std::sys_common::backtrace::_print_fmt::h9eef0abe20ede486
[INFO] [stderr]                                  at /rustc/82e1608dfa6e0b5569232559e3d385fea5a93112/library/std/src/sys_common/backtrace.rs:67:5
[INFO] [stderr]      3:     0x5582152a07ac - <std::sys_common::backtrace::_print::DisplayBacktrace as core::fmt::Display>::fmt::hed7f999df88cc644
[INFO] [stderr]                                  at /rustc/82e1608dfa6e0b5569232559e3d385fea5a93112/library/std/src/sys_common/backtrace.rs:44:22
[INFO] [stderr]      4:     0x5582152cb860 - core::fmt::rt::Argument::fmt::h1539a9308b8d058d
[INFO] [stderr]                                  at /rustc/82e1608dfa6e0b5569232559e3d385fea5a93112/library/core/src/fmt/rt.rs:142:9
[INFO] [stderr]      5:     0x5582152cb860 - core::fmt::write::h3a39390d8560d9c9
[INFO] [stderr]                                  at /rustc/82e1608dfa6e0b5569232559e3d385fea5a93112/library/core/src/fmt/mod.rs:1120:17
[INFO] [stderr]      6:     0x55821529ddbf - std::io::Write::write_fmt::h5fc9997dfe05f882
[INFO] [stderr]                                  at /rustc/82e1608dfa6e0b5569232559e3d385fea5a93112/library/std/src/io/mod.rs:1762:15
[INFO] [stderr]      7:     0x5582152a0594 - std::sys_common::backtrace::_print::h894006fb5c6f3d45
[INFO] [stderr]                                  at /rustc/82e1608dfa6e0b5569232559e3d385fea5a93112/library/std/src/sys_common/backtrace.rs:47:5
[INFO] [stderr]      8:     0x5582152a0594 - std::sys_common::backtrace::print::h23a2d212c6fff936
[INFO] [stderr]                                  at /rustc/82e1608dfa6e0b5569232559e3d385fea5a93112/library/std/src/sys_common/backtrace.rs:34:9
[INFO] [stderr]      9:     0x5582152a1b97 - std::panicking::default_hook::{{closure}}::h8a1d2ee00185001a
[INFO] [stderr]     10:     0x5582152a18ff - std::panicking::default_hook::h6038f2eba384e475
[INFO] [stderr]                                  at /rustc/82e1608dfa6e0b5569232559e3d385fea5a93112/library/std/src/panicking.rs:292:9
[INFO] [stderr]     11:     0x5582152a2018 - std::panicking::rust_panic_with_hook::h2b5517d590cab22e
[INFO] [stderr]                                  at /rustc/82e1608dfa6e0b5569232559e3d385fea5a93112/library/std/src/panicking.rs:779:13
[INFO] [stderr]     12:     0x5582152a1ec9 - std::panicking::begin_panic_handler::{{closure}}::h233112c06e0ef43e
[INFO] [stderr]                                  at /rustc/82e1608dfa6e0b5569232559e3d385fea5a93112/library/std/src/panicking.rs:649:13
[INFO] [stderr]     13:     0x5582152a0c76 - std::sys_common::backtrace::__rust_end_short_backtrace::h6e893f24d7ebbff8
[INFO] [stderr]                                  at /rustc/82e1608dfa6e0b5569232559e3d385fea5a93112/library/std/src/sys_common/backtrace.rs:170:18
[INFO] [stderr]     14:     0x5582152a1c62 - rust_begin_unwind
[INFO] [stderr]                                  at /rustc/82e1608dfa6e0b5569232559e3d385fea5a93112/library/std/src/panicking.rs:645:5
[INFO] [stderr]     15:     0x558214d414e5 - core::panicking::panic_fmt::hbf0e066aabfa482c
[INFO] [stderr]                                  at /rustc/82e1608dfa6e0b5569232559e3d385fea5a93112/library/core/src/panicking.rs:72:14
[INFO] [stderr]     16:     0x558214d447bd - build_script_build::main::hb97baf3b69cc5f53
[INFO] [stderr]     17:     0x558214d42a13 - core::ops::function::FnOnce::call_once::hb6dc50ffe6846ace
[INFO] [stderr]     18:     0x558214d41e86 - std::sys_common::backtrace::__rust_begin_short_backtrace::h03a9d65b8e00cb98
[INFO] [stderr]     19:     0x558214d42669 - std::rt::lang_start::{{closure}}::h5de84a6111150286
[INFO] [stderr]     20:     0x558215299df7 - core::ops::function::impls::<impl core::ops::function::FnOnce<A> for &F>::call_once::hd95060ecd5e1ca24
[INFO] [stderr]                                  at /rustc/82e1608dfa6e0b5569232559e3d385fea5a93112/library/core/src/ops/function.rs:284:13
[INFO] [stderr]     21:     0x558215299df7 - std::panicking::try::do_call::h6e8cf51db32a6e4b
[INFO] [stderr]                                  at /rustc/82e1608dfa6e0b5569232559e3d385fea5a93112/library/std/src/panicking.rs:552:40
[INFO] [stderr]     22:     0x558215299df7 - std::panicking::try::h3a52eefe24fe3c29
[INFO] [stderr]                                  at /rustc/82e1608dfa6e0b5569232559e3d385fea5a93112/library/std/src/panicking.rs:516:19
[INFO] [stderr]     23:     0x558215299df7 - std::panic::catch_unwind::h24c28c23c02c3841
[INFO] [stderr]                                  at /rustc/82e1608dfa6e0b5569232559e3d385fea5a93112/library/std/src/panic.rs:142:14
[INFO] [stderr]     24:     0x558215299df7 - std::rt::lang_start_internal::{{closure}}::h705d3c9cbc06ef47
[INFO] [stderr]                                  at /rustc/82e1608dfa6e0b5569232559e3d385fea5a93112/library/std/src/rt.rs:148:48
[INFO] [stderr]     25:     0x558215299df7 - std::panicking::try::do_call::ha21f52ba13158470
[INFO] [stderr]                                  at /rustc/82e1608dfa6e0b5569232559e3d385fea5a93112/library/std/src/panicking.rs:552:40
[INFO] [stderr]     26:     0x558215299df7 - std::panicking::try::h5581346bf6aeb1f8
[INFO] [stderr]                                  at /rustc/82e1608dfa6e0b5569232559e3d385fea5a93112/library/std/src/panicking.rs:516:19
[INFO] [stderr]     27:     0x558215299df7 - std::panic::catch_unwind::h7919645a6b72e25b
[INFO] [stderr]                                  at /rustc/82e1608dfa6e0b5569232559e3d385fea5a93112/library/std/src/panic.rs:142:14
[INFO] [stderr]     28:     0x558215299df7 - std::rt::lang_start_internal::h12de51168669836e
[INFO] [stderr]                                  at /rustc/82e1608dfa6e0b5569232559e3d385fea5a93112/library/std/src/rt.rs:148:20
[INFO] [stderr]     29:     0x558214d42647 - std::rt::lang_start::h3fcfc089c40cec17
[INFO] [stderr]     30:     0x558214d449c5 - main
[INFO] [stderr]     31:     0x7f99da8fed90 - <unknown>
[INFO] [stderr]     32:     0x7f99da8fee40 - __libc_start_main
[INFO] [stderr]     33:     0x558214d41db5 - _start
[INFO] [stderr]     34:                0x0 - <unknown>
[INFO] [stderr] warning: build failed, waiting for other jobs to finish...
[INFO] running `Command { std: "docker" "inspect" "dc6c67ce8cfca74b233d15497ed4488e87a2ed129c47046e505bf6069caa8f69", kill_on_drop: false }`
[INFO] running `Command { std: "docker" "rm" "-f" "dc6c67ce8cfca74b233d15497ed4488e87a2ed129c47046e505bf6069caa8f69", kill_on_drop: false }`
[INFO] [stdout] dc6c67ce8cfca74b233d15497ed4488e87a2ed129c47046e505bf6069caa8f69
[INFO] documenting podcast2text-0.0.3 against beta-2023-12-22 for beta-1.76-rustdoc-1
[INFO] extracting crate podcast2text 0.0.3 into /workspace/builds/worker-3-tc2/source
[INFO] validating manifest of crates.io crate podcast2text 0.0.3 on toolchain beta-2023-12-22
[INFO] running `Command { std: CARGO_HOME="/workspace/cargo-home" RUSTUP_HOME="/workspace/rustup-home" "/workspace/cargo-home/bin/cargo" "+beta-2023-12-22" "metadata" "--manifest-path" "Cargo.toml" "--no-deps", kill_on_drop: false }`
[INFO] started tweaking crates.io crate podcast2text 0.0.3
[INFO] finished tweaking crates.io crate podcast2text 0.0.3
[INFO] tweaked toml for crates.io crate podcast2text 0.0.3 written to /workspace/builds/worker-3-tc2/source/Cargo.toml
[INFO] crate crates.io crate podcast2text 0.0.3 already has a lockfile, it will not be regenerated
[INFO] running `Command { std: CARGO_HOME="/workspace/cargo-home" RUSTUP_HOME="/workspace/rustup-home" "/workspace/cargo-home/bin/cargo" "+beta-2023-12-22" "fetch" "--manifest-path" "Cargo.toml", kill_on_drop: false }`
[INFO] running `Command { std: "docker" "create" "-v" "/var/lib/crater-agent-workspace/builds/worker-3-tc2/target:/opt/rustwide/target:rw,Z" "-v" "/var/lib/crater-agent-workspace/builds/worker-3-tc2/source:/opt/rustwide/workdir:ro,Z" "-v" "/var/lib/crater-agent-workspace/cargo-home:/opt/rustwide/cargo-home:ro,Z" "-v" "/var/lib/crater-agent-workspace/rustup-home:/opt/rustwide/rustup-home:ro,Z" "-e" "SOURCE_DIR=/opt/rustwide/workdir" "-e" "CARGO_TARGET_DIR=/opt/rustwide/target" "-e" "CARGO_HOME=/opt/rustwide/cargo-home" "-e" "RUSTUP_HOME=/opt/rustwide/rustup-home" "-w" "/opt/rustwide/workdir" "-m" "1610612736" "--user" "0:0" "--network" "none" "ghcr.io/rust-lang/crates-build-env/linux@sha256:2788e3201cd34a07e3172128adcd8b3090168a8e3bcc40d7c032b9dda1df7d1c" "/opt/rustwide/cargo-home/bin/cargo" "+beta-2023-12-22" "metadata" "--no-deps" "--format-version=1", kill_on_drop: false }`
[INFO] [stdout] 95c2095779f29e25602cccbf7ebc9e0d9f0c0f7f355f9b574a883fbd0bf13479
[INFO] running `Command { std: "docker" "start" "-a" "95c2095779f29e25602cccbf7ebc9e0d9f0c0f7f355f9b574a883fbd0bf13479", kill_on_drop: false }`
[INFO] running `Command { std: "docker" "inspect" "95c2095779f29e25602cccbf7ebc9e0d9f0c0f7f355f9b574a883fbd0bf13479", kill_on_drop: false }`
[INFO] running `Command { std: "docker" "rm" "-f" "95c2095779f29e25602cccbf7ebc9e0d9f0c0f7f355f9b574a883fbd0bf13479", kill_on_drop: false }`
[INFO] [stdout] 95c2095779f29e25602cccbf7ebc9e0d9f0c0f7f355f9b574a883fbd0bf13479
[INFO] running `Command { std: "docker" "create" "-v" "/var/lib/crater-agent-workspace/builds/worker-3-tc2/target:/opt/rustwide/target:rw,Z" "-v" "/var/lib/crater-agent-workspace/builds/worker-3-tc2/source:/opt/rustwide/workdir:ro,Z" "-v" "/var/lib/crater-agent-workspace/cargo-home:/opt/rustwide/cargo-home:ro,Z" "-v" "/var/lib/crater-agent-workspace/rustup-home:/opt/rustwide/rustup-home:ro,Z" "-e" "SOURCE_DIR=/opt/rustwide/workdir" "-e" "CARGO_TARGET_DIR=/opt/rustwide/target" "-e" "CARGO_INCREMENTAL=0" "-e" "RUST_BACKTRACE=full" "-e" "RUSTFLAGS=--cap-lints=warn" "-e" "RUSTDOCFLAGS=--cap-lints=warn" "-e" "CARGO_HOME=/opt/rustwide/cargo-home" "-e" "RUSTUP_HOME=/opt/rustwide/rustup-home" "-w" "/opt/rustwide/workdir" "-m" "1610612736" "--user" "0:0" "--network" "none" "ghcr.io/rust-lang/crates-build-env/linux@sha256:2788e3201cd34a07e3172128adcd8b3090168a8e3bcc40d7c032b9dda1df7d1c" "/opt/rustwide/cargo-home/bin/cargo" "+beta-2023-12-22" "doc" "--frozen" "--no-deps" "--document-private-items" "--message-format=json", kill_on_drop: false }`
[INFO] [stdout] 59ab6e0aa05b10bac5cc6a49851defcbf492f9efc6e5f027bec5120813f33e37
[INFO] running `Command { std: "docker" "start" "-a" "59ab6e0aa05b10bac5cc6a49851defcbf492f9efc6e5f027bec5120813f33e37", kill_on_drop: false }`
[INFO] [stderr]    Compiling proc-macro2 v1.0.47
[INFO] [stderr]    Compiling quote v1.0.21
[INFO] [stderr]    Compiling unicode-ident v1.0.5
[INFO] [stderr]    Compiling syn v1.0.103
[INFO] [stderr]    Compiling libc v0.2.137
[INFO] [stderr]    Compiling log v0.4.17
[INFO] [stderr]    Compiling memchr v2.5.0
[INFO] [stderr]    Compiling num-traits v0.2.15
[INFO] [stderr]    Compiling encoding_rs v0.8.31
[INFO] [stderr]    Compiling num-integer v0.1.45
[INFO] [stderr]    Compiling cc v1.0.77
[INFO] [stderr]    Compiling serde_derive v1.0.147
[INFO] [stderr]     Checking bytemuck v1.12.3
[INFO] [stderr]     Checking arrayvec v0.7.2
[INFO] [stderr]     Checking once_cell v1.16.0
[INFO] [stderr]     Checking pin-project-lite v0.2.9
[INFO] [stderr]    Compiling futures-core v0.3.25
[INFO] [stderr]    Compiling serde v1.0.147
[INFO] [stderr]    Compiling lock_api v0.4.9
[INFO] [stderr]    Compiling parking_lot_core v0.9.4
[INFO] [stderr]    Compiling glob v0.3.0
[INFO] [stderr]    Compiling pkg-config v0.3.26
[INFO] [stderr]    Compiling slab v0.4.7
[INFO] [stderr]     Checking symphonia-core v0.5.1
[INFO] [stderr]     Checking futures-sink v0.3.25
[INFO] [stderr]     Checking bytes v1.3.0
[INFO] [stderr]    Compiling strsim v0.10.0
[INFO] [stderr]     Checking itoa v1.0.4
[INFO] [stderr]    Compiling futures-channel v0.3.25
[INFO] [stderr]    Compiling futures-task v0.3.25
[INFO] [stderr]     Checking smallvec v1.10.0
[INFO] [stderr]    Compiling clang-sys v1.4.0
[INFO] [stderr]     Checking scopeguard v1.1.0
[INFO] [stderr]    Compiling tokio v1.22.0
[INFO] [stderr]    Compiling futures-util v0.3.25
[INFO] [stderr]    Compiling minimal-lexical v0.2.1
[INFO] [stderr]     Checking mio v0.8.5
[INFO] [stderr]     Checking num_cpus v1.14.0
[INFO] [stderr]     Checking signal-hook-registry v1.4.0
[INFO] [stderr]     Checking socket2 v0.4.7
[INFO] [stderr]    Compiling nom v7.1.1
[INFO] [stderr]     Checking parking_lot v0.12.1
[INFO] [stderr]    Compiling aho-corasick v0.7.19
[INFO] [stderr]    Compiling libloading v0.7.4
[INFO] [stderr]    Compiling bindgen v0.61.0
[INFO] [stderr]    Compiling either v1.8.0
[INFO] [stderr]     Checking futures-io v0.3.25
[INFO] [stderr]    Compiling regex-syntax v0.6.28
[INFO] [stderr]    Compiling openssl-sys v0.9.77
[INFO] [stderr]     Checking tinyvec_macros v0.1.0
[INFO] [stderr]    Compiling which v4.3.0
[INFO] [stderr]     Checking tracing-core v0.1.30
[INFO] [stderr]     Checking tinyvec v1.6.0
[INFO] [stderr]    Compiling indexmap v1.9.2
[INFO] [stderr]     Checking foreign-types-shared v0.1.1
[INFO] [stderr]     Checking percent-encoding v2.2.0
[INFO] [stderr]    Compiling peeking_take_while v0.1.2
[INFO] [stderr]    Compiling bitflags v1.3.2
[INFO] [stderr]    Compiling shlex v1.1.0
[INFO] [stderr]    Compiling openssl v0.10.42
[INFO] [stderr]    Compiling maybe-uninit v2.0.0
[INFO] [stderr]    Compiling lazycell v1.3.0
[INFO] [stderr]    Compiling rustc-hash v1.1.0
[INFO] [stderr]     Checking http v0.2.8
[INFO] [stderr]     Checking symphonia-metadata v0.5.1
[INFO] [stderr]     Checking form_urlencoded v1.1.0
[INFO] [stderr]     Checking foreign-types v0.3.2
[INFO] [stderr]     Checking time v0.1.44
[INFO] [stderr]     Checking tracing v0.1.37
[INFO] [stderr]    Compiling rustfft v6.1.0
[INFO] [stderr]    Compiling native-tls v0.2.11
[INFO] [stderr]     Checking strength_reduce v0.2.4
[INFO] [stderr]     Checking iana-time-zone v0.1.53
[INFO] [stderr]     Checking unicode-bidi v0.3.8
[INFO] [stderr]     Checking primal-check v0.3.3
[INFO] [stderr]     Checking symphonia-utils-xiph v0.5.1
[INFO] [stderr]     Checking transpose v0.2.2
[INFO] [stderr]     Checking num-complex v0.4.2
[INFO] [stderr]     Checking bitreader v0.3.6
[INFO] [stderr]    Compiling proc-macro-error-attr v1.0.4
[INFO] [stderr]    Compiling anyhow v1.0.66
[INFO] [stderr]     Checking ryu v1.0.11
[INFO] [stderr]     Checking try-lock v0.2.3
[INFO] [stderr]     Checking mp4parse v0.10.1
[INFO] [stderr]     Checking unicode-normalization v0.1.22
[INFO] [stderr]     Checking smallvec v0.6.14
[INFO] [stderr]     Checking want v0.3.0
[INFO] [stderr]     Checking http-body v0.4.5
[INFO] [stderr]     Checking quick-xml v0.22.0
[INFO] [stderr]     Checking ogg v0.7.1
[INFO] [stderr]    Compiling proc-macro-error v1.0.4
[INFO] [stderr]     Checking dasp_sample v0.11.0
[INFO] [stderr]     Checking httpdate v1.0.2
[INFO] [stderr]    Compiling serde_json v1.0.88
[INFO] [stderr]     Checking never v0.1.0
[INFO] [stderr]     Checking miniz_oxide v0.5.4
[INFO] [stderr]     Checking lewton v0.9.4
[INFO] [stderr]     Checking symphonia-codec-vorbis v0.5.1
[INFO] [stderr]     Checking dasp_frame v0.11.0
[INFO] [stderr]     Checking idna v0.3.0
[INFO] [stderr]     Checking alac v0.5.0
[INFO] [stderr]     Checking symphonia-format-mkv v0.5.1
[INFO] [stderr]     Checking symphonia-bundle-flac v0.5.1
[INFO] [stderr]     Checking symphonia-format-ogg v0.5.1
[INFO] [stderr]     Checking symphonia-bundle-mp3 v0.5.1
[INFO] [stderr]     Checking symphonia-format-wav v0.5.1
[INFO] [stderr]     Checking symphonia-codec-pcm v0.5.1
[INFO] [stderr]    Compiling stt v0.0.1
[INFO] [stderr]    Compiling cexpr v0.6.0
[INFO] [stderr]     Checking getrandom v0.2.8
[INFO] [stderr]     Checking url v2.3.1
[INFO] [stderr]     Checking caf v0.1.0
[INFO] [stderr]     Checking claxon v0.4.3
[INFO] [stderr]     Checking hound v3.5.0
[INFO] [stderr]    Compiling regex v1.7.0
[INFO] [stderr]     Checking flate2 v1.0.24
[INFO] [stderr]     Checking uuid v1.2.2
[INFO] [stderr]     Checking ogg_pager v0.3.2
[INFO] [stderr]    Compiling paste v1.0.9
[INFO] [stderr]     Checking symphonia v0.5.1
[INFO] [stderr]     Checking os_str_bytes v6.4.1
[INFO] [stderr]     Checking audrey v0.3.0
[INFO] [stderr]    Compiling heck v0.4.0
[INFO] [stderr]     Checking mime v0.3.16
[INFO] [stderr]     Checking ipnet v2.5.1
[INFO] [stderr]     Checking atty v0.2.14
[INFO] [stderr]     Checking termcolor v1.1.3
[INFO] [stderr]     Checking clap_lex v0.3.0
[INFO] [stderr]    Compiling darling_core v0.12.4
[INFO] [stderr]    Compiling tokio-macros v1.8.0
[INFO] [stderr]    Compiling futures-macro v0.3.25
[INFO] [stderr]    Compiling openssl-macros v0.1.0
[INFO] [stderr]    Compiling lofty_attr v0.4.0
[INFO] [stderr]    Compiling clap_derive v4.0.21
[INFO] [stderr]     Checking realfft v3.1.0
[INFO] [stderr]    Compiling darling_macro v0.12.4
[INFO] [stderr]     Checking rubato v0.12.0
[INFO] [stderr]     Checking lofty v0.9.0
[INFO] [stderr]    Compiling darling v0.12.4
[INFO] [stderr]    Compiling derive_builder_core v0.10.2
[INFO] [stderr]     Checking clap v4.0.26
[INFO] [stderr]    Compiling derive_builder_macro v0.10.2
[INFO] [stderr]     Checking derive_builder v0.10.2
[INFO] [stderr]    Compiling whisper-rs-sys v0.2.0
[INFO] [stderr]     Checking futures-executor v0.3.25
[INFO] [stderr]     Checking futures v0.3.25
[INFO] [stderr]     Checking tokio-util v0.7.4
[INFO] [stderr]     Checking tokio-native-tls v0.3.0
[INFO] [stderr]     Checking h2 v0.3.15
[INFO] [stderr]     Checking chrono v0.4.23
[INFO] [stderr]     Checking serde_urlencoded v0.7.1
[INFO] [stderr]     Checking diligent-date-parser v0.1.3
[INFO] [stderr]     Checking atom_syndication v0.11.0
[INFO] [stderr]     Checking hyper v0.14.23
[INFO] [stderr]     Checking rss v2.0.1
[INFO] [stderr]     Checking jupiter_common v0.0.1
[INFO] [stderr]     Checking hyper-tls v0.5.0
[INFO] [stderr]     Checking reqwest v0.11.13
[INFO] [stderr] error: failed to run custom build command for `whisper-rs-sys v0.2.0`
[INFO] [stderr] note: To improve backtraces for build dependencies, set the CARGO_PROFILE_DEV_BUILD_OVERRIDE_DEBUG=true environment variable to enable debug information generation.
[INFO] [stderr] 
[INFO] [stderr] Caused by:
[INFO] [stderr]   process didn't exit successfully: `/opt/rustwide/target/debug/build/whisper-rs-sys-1bb9cbb9cf0d6708/build-script-build` (exit status: 101)
[INFO] [stderr]   --- stdout
[INFO] [stderr]   cargo:rustc-link-search=/opt/rustwide/target/debug/build/whisper-rs-sys-60c8f9b5171809eb/out
[INFO] [stderr]   cargo:rustc-link-lib=static=whisper
[INFO] [stderr]   cargo:rerun-if-changed=wrapper.h
[INFO] [stderr]   cargo:rerun-if-changed=./whisper.cpp/whisper.h
[INFO] [stderr]   cargo:rerun-if-changed=/usr/lib/llvm-14/lib/clang/14.0.0/include/stdint.h
[INFO] [stderr]   cargo:rerun-if-changed=/usr/include/stdint.h
[INFO] [stderr]   cargo:rerun-if-changed=/usr/include/x86_64-linux-gnu/bits/libc-header-start.h
[INFO] [stderr]   cargo:rerun-if-changed=/usr/include/features.h
[INFO] [stderr]   cargo:rerun-if-changed=/usr/include/features-time64.h
[INFO] [stderr]   cargo:rerun-if-changed=/usr/include/x86_64-linux-gnu/bits/wordsize.h
[INFO] [stderr]   cargo:rerun-if-changed=/usr/include/x86_64-linux-gnu/bits/timesize.h
[INFO] [stderr]   cargo:rerun-if-changed=/usr/include/x86_64-linux-gnu/bits/wordsize.h
[INFO] [stderr]   cargo:rerun-if-changed=/usr/include/stdc-predef.h
[INFO] [stderr]   cargo:rerun-if-changed=/usr/include/x86_64-linux-gnu/sys/cdefs.h
[INFO] [stderr]   cargo:rerun-if-changed=/usr/include/x86_64-linux-gnu/bits/wordsize.h
[INFO] [stderr]   cargo:rerun-if-changed=/usr/include/x86_64-linux-gnu/bits/long-double.h
[INFO] [stderr]   cargo:rerun-if-changed=/usr/include/x86_64-linux-gnu/gnu/stubs.h
[INFO] [stderr]   cargo:rerun-if-changed=/usr/include/x86_64-linux-gnu/gnu/stubs-64.h
[INFO] [stderr]   cargo:rerun-if-changed=/usr/include/x86_64-linux-gnu/bits/types.h
[INFO] [stderr]   cargo:rerun-if-changed=/usr/include/features.h
[INFO] [stderr]   cargo:rerun-if-changed=/usr/include/x86_64-linux-gnu/bits/wordsize.h
[INFO] [stderr]   cargo:rerun-if-changed=/usr/include/x86_64-linux-gnu/bits/timesize.h
[INFO] [stderr]   cargo:rerun-if-changed=/usr/include/x86_64-linux-gnu/bits/wordsize.h
[INFO] [stderr]   cargo:rerun-if-changed=/usr/include/x86_64-linux-gnu/bits/typesizes.h
[INFO] [stderr]   cargo:rerun-if-changed=/usr/include/x86_64-linux-gnu/bits/time64.h
[INFO] [stderr]   cargo:rerun-if-changed=/usr/include/x86_64-linux-gnu/bits/wchar.h
[INFO] [stderr]   cargo:rerun-if-changed=/usr/include/x86_64-linux-gnu/bits/wordsize.h
[INFO] [stderr]   cargo:rerun-if-changed=/usr/include/x86_64-linux-gnu/bits/stdint-intn.h
[INFO] [stderr]   cargo:rerun-if-changed=/usr/include/x86_64-linux-gnu/bits/types.h
[INFO] [stderr]   cargo:rerun-if-changed=/usr/include/x86_64-linux-gnu/bits/stdint-uintn.h
[INFO] [stderr]   cargo:rerun-if-changed=/usr/include/x86_64-linux-gnu/bits/types.h
[INFO] [stderr]   cargo:rerun-if-changed=/usr/lib/llvm-14/lib/clang/14.0.0/include/stdbool.h
[INFO] [stderr]   cc  -I.              -O3 -std=c11   -pthread -mavx -mavx2 -mfma -mf16c   -c ggml.c
[INFO] [stderr] 
[INFO] [stderr]   --- stderr
[INFO] [stderr]   error: 'rustfmt' is not installed for the toolchain 'beta-2023-12-22-x86_64-unknown-linux-gnu'
[INFO] [stderr]   To install, run `rustup component add rustfmt --toolchain beta-2023-12-22-x86_64-unknown-linux-gnu`
[INFO] [stderr]   Failed to run rustfmt: Internal rustfmt error (non-fatal, continuing)
[INFO] [stderr]   Assembler messages:
[INFO] [stderr]   Fatal error: can't create ggml.o: Read-only file system
[INFO] [stderr]   make: *** [Makefile:81: ggml.o] Error 1
[INFO] [stderr]   thread 'main' panicked at /opt/rustwide/cargo-home/registry/src/index.crates.io-6f17d22bba15001f/whisper-rs-sys-0.2.0/build.rs:54:9:
[INFO] [stderr]   Failed to build libwhisper.a
[INFO] [stderr]   stack backtrace:
[INFO] [stderr]      0:     0x562f439ee746 - std::backtrace_rs::backtrace::libunwind::trace::h261606ad26a499c1
[INFO] [stderr]                                  at /rustc/0e09125c6c3c2fd70d7de961bcf0e51575235fad/library/std/src/../../backtrace/src/backtrace/libunwind.rs:104:5
[INFO] [stderr]      1:     0x562f439ee746 - std::backtrace_rs::backtrace::trace_unsynchronized::hd183f0625477fb28
[INFO] [stderr]                                  at /rustc/0e09125c6c3c2fd70d7de961bcf0e51575235fad/library/std/src/../../backtrace/src/backtrace/mod.rs:66:5
[INFO] [stderr]      2:     0x562f439ee746 - std::sys_common::backtrace::_print_fmt::hd7f8fef21b4eda67
[INFO] [stderr]                                  at /rustc/0e09125c6c3c2fd70d7de961bcf0e51575235fad/library/std/src/sys_common/backtrace.rs:68:5
[INFO] [stderr]      3:     0x562f439ee746 - <std::sys_common::backtrace::_print::DisplayBacktrace as core::fmt::Display>::fmt::h623d9b51f2f453f1
[INFO] [stderr]                                  at /rustc/0e09125c6c3c2fd70d7de961bcf0e51575235fad/library/std/src/sys_common/backtrace.rs:44:22
[INFO] [stderr]      4:     0x562f43a18b10 - core::fmt::rt::Argument::fmt::h9f417ac76a86f368
[INFO] [stderr]                                  at /rustc/0e09125c6c3c2fd70d7de961bcf0e51575235fad/library/core/src/fmt/rt.rs:142:9
[INFO] [stderr]      5:     0x562f43a18b10 - core::fmt::write::hc9b6faf4ac2aeff7
[INFO] [stderr]                                  at /rustc/0e09125c6c3c2fd70d7de961bcf0e51575235fad/library/core/src/fmt/mod.rs:1120:17
[INFO] [stderr]      6:     0x562f439ebeaf - std::io::Write::write_fmt::hfead1eee52c2e65e
[INFO] [stderr]                                  at /rustc/0e09125c6c3c2fd70d7de961bcf0e51575235fad/library/std/src/io/mod.rs:1810:15
[INFO] [stderr]      7:     0x562f439ee524 - std::sys_common::backtrace::_print::hd5d66399c7df88a2
[INFO] [stderr]                                  at /rustc/0e09125c6c3c2fd70d7de961bcf0e51575235fad/library/std/src/sys_common/backtrace.rs:47:5
[INFO] [stderr]      8:     0x562f439ee524 - std::sys_common::backtrace::print::he81ed2da642d37e5
[INFO] [stderr]                                  at /rustc/0e09125c6c3c2fd70d7de961bcf0e51575235fad/library/std/src/sys_common/backtrace.rs:34:9
[INFO] [stderr]      9:     0x562f439efbf7 - std::panicking::default_hook::{{closure}}::h85773f4fa117163d
[INFO] [stderr]     10:     0x562f439ef959 - std::panicking::default_hook::h6a1694a91d09b278
[INFO] [stderr]                                  at /rustc/0e09125c6c3c2fd70d7de961bcf0e51575235fad/library/std/src/panicking.rs:292:9
[INFO] [stderr]     11:     0x562f439f0088 - std::panicking::rust_panic_with_hook::h0a7ad96e90f7145b
[INFO] [stderr]                                  at /rustc/0e09125c6c3c2fd70d7de961bcf0e51575235fad/library/std/src/panicking.rs:779:13
[INFO] [stderr]     12:     0x562f439eff29 - std::panicking::begin_panic_handler::{{closure}}::h7919090525c6485e
[INFO] [stderr]                                  at /rustc/0e09125c6c3c2fd70d7de961bcf0e51575235fad/library/std/src/panicking.rs:649:13
[INFO] [stderr]     13:     0x562f439eec46 - std::sys_common::backtrace::__rust_end_short_backtrace::hf3289479464f7dfe
[INFO] [stderr]                                  at /rustc/0e09125c6c3c2fd70d7de961bcf0e51575235fad/library/std/src/sys_common/backtrace.rs:171:18
[INFO] [stderr]     14:     0x562f439efcc0 - rust_begin_unwind
[INFO] [stderr]                                  at /rustc/0e09125c6c3c2fd70d7de961bcf0e51575235fad/library/std/src/panicking.rs:645:5
[INFO] [stderr]     15:     0x562f4347c4e5 - core::panicking::panic_fmt::hcc9f77c5c132af55
[INFO] [stderr]                                  at /rustc/0e09125c6c3c2fd70d7de961bcf0e51575235fad/library/core/src/panicking.rs:72:14
[INFO] [stderr]     16:     0x562f4347f803 - build_script_build::main::ha2c62ebd7d2a479a
[INFO] [stderr]     17:     0x562f4347d9c3 - core::ops::function::FnOnce::call_once::h0708f0df5263ac28
[INFO] [stderr]     18:     0x562f4347ce96 - std::sys_common::backtrace::__rust_begin_short_backtrace::h9c0d4ce0df0cbf81
[INFO] [stderr]     19:     0x562f4347d659 - std::rt::lang_start::{{closure}}::h654f9bbb55c9bba9
[INFO] [stderr]     20:     0x562f439e7c51 - core::ops::function::impls::<impl core::ops::function::FnOnce<A> for &F>::call_once::h4eb4c5e1620f29b0
[INFO] [stderr]                                  at /rustc/0e09125c6c3c2fd70d7de961bcf0e51575235fad/library/core/src/ops/function.rs:284:13
[INFO] [stderr]     21:     0x562f439e7c51 - std::panicking::try::do_call::h73fd26535faffcdf
[INFO] [stderr]                                  at /rustc/0e09125c6c3c2fd70d7de961bcf0e51575235fad/library/std/src/panicking.rs:552:40
[INFO] [stderr]     22:     0x562f439e7c51 - std::panicking::try::h77ff1d98f0fb9f39
[INFO] [stderr]                                  at /rustc/0e09125c6c3c2fd70d7de961bcf0e51575235fad/library/std/src/panicking.rs:516:19
[INFO] [stderr]     23:     0x562f439e7c51 - std::panic::catch_unwind::hab3caf2448b95e37
[INFO] [stderr]                                  at /rustc/0e09125c6c3c2fd70d7de961bcf0e51575235fad/library/std/src/panic.rs:142:14
[INFO] [stderr]     24:     0x562f439e7c51 - std::rt::lang_start_internal::{{closure}}::h8086711f9c783f78
[INFO] [stderr]                                  at /rustc/0e09125c6c3c2fd70d7de961bcf0e51575235fad/library/std/src/rt.rs:148:48
[INFO] [stderr]     25:     0x562f439e7c51 - std::panicking::try::do_call::hf920d4dc291cd6ca
[INFO] [stderr]                                  at /rustc/0e09125c6c3c2fd70d7de961bcf0e51575235fad/library/std/src/panicking.rs:552:40
[INFO] [stderr]     26:     0x562f439e7c51 - std::panicking::try::h2b806ccc0a85db74
[INFO] [stderr]                                  at /rustc/0e09125c6c3c2fd70d7de961bcf0e51575235fad/library/std/src/panicking.rs:516:19
[INFO] [stderr]     27:     0x562f439e7c51 - std::panic::catch_unwind::h038489539c507df2
[INFO] [stderr]                                  at /rustc/0e09125c6c3c2fd70d7de961bcf0e51575235fad/library/std/src/panic.rs:142:14
[INFO] [stderr]     28:     0x562f439e7c51 - std::rt::lang_start_internal::h28503b88912e8a5c
[INFO] [stderr]                                  at /rustc/0e09125c6c3c2fd70d7de961bcf0e51575235fad/library/std/src/rt.rs:148:20
[INFO] [stderr]     29:     0x562f4347d637 - std::rt::lang_start::h72ca61860ef730e0
[INFO] [stderr]     30:     0x562f4347fa05 - main
[INFO] [stderr]     31:     0x7f222b6f0d90 - <unknown>
[INFO] [stderr]     32:     0x7f222b6f0e40 - __libc_start_main
[INFO] [stderr]     33:     0x562f4347cdc5 - _start
[INFO] [stderr]     34:                0x0 - <unknown>
[INFO] [stderr] warning: build failed, waiting for other jobs to finish...
[INFO] running `Command { std: "docker" "inspect" "59ab6e0aa05b10bac5cc6a49851defcbf492f9efc6e5f027bec5120813f33e37", kill_on_drop: false }`
[INFO] running `Command { std: "docker" "rm" "-f" "59ab6e0aa05b10bac5cc6a49851defcbf492f9efc6e5f027bec5120813f33e37", kill_on_drop: false }`
[INFO] [stdout] 59ab6e0aa05b10bac5cc6a49851defcbf492f9efc6e5f027bec5120813f33e37
