[INFO] fetching crate plcnext-commons 0.1.0...
[INFO] documenting plcnext-commons-0.1.0 against 1.75.0 for beta-1.76-rustdoc-1
[INFO] extracting crate plcnext-commons 0.1.0 into /workspace/builds/worker-5-tc1/source
[INFO] validating manifest of crates.io crate plcnext-commons 0.1.0 on toolchain 1.75.0
[INFO] running `Command { std: CARGO_HOME="/workspace/cargo-home" RUSTUP_HOME="/workspace/rustup-home" "/workspace/cargo-home/bin/cargo" "+1.75.0" "metadata" "--manifest-path" "Cargo.toml" "--no-deps", kill_on_drop: false }`
[INFO] started tweaking crates.io crate plcnext-commons 0.1.0
[INFO] finished tweaking crates.io crate plcnext-commons 0.1.0
[INFO] tweaked toml for crates.io crate plcnext-commons 0.1.0 written to /workspace/builds/worker-5-tc1/source/Cargo.toml
[INFO] running `Command { std: CARGO_HOME="/workspace/cargo-home" RUSTUP_HOME="/workspace/rustup-home" "/workspace/cargo-home/bin/cargo" "+1.75.0" "generate-lockfile" "--manifest-path" "Cargo.toml", kill_on_drop: false }`
[INFO] [stderr]     Updating crates.io index
[INFO] running `Command { std: CARGO_HOME="/workspace/cargo-home" RUSTUP_HOME="/workspace/rustup-home" "/workspace/cargo-home/bin/cargo" "+1.75.0" "fetch" "--manifest-path" "Cargo.toml", kill_on_drop: false }`
[INFO] [stderr]  Downloading crates ...
[INFO] [stderr]   Downloaded cpp_macros v0.4.0
[INFO] [stderr]   Downloaded cpp v0.4.0
[INFO] [stderr]   Downloaded cpp_common v0.4.0
[INFO] [stderr]   Downloaded cpp_build v0.4.0
[INFO] running `Command { std: "docker" "create" "-v" "/var/lib/crater-agent-workspace/builds/worker-5-tc1/target:/opt/rustwide/target:rw,Z" "-v" "/var/lib/crater-agent-workspace/builds/worker-5-tc1/source:/opt/rustwide/workdir:ro,Z" "-v" "/var/lib/crater-agent-workspace/cargo-home:/opt/rustwide/cargo-home:ro,Z" "-v" "/var/lib/crater-agent-workspace/rustup-home:/opt/rustwide/rustup-home:ro,Z" "-e" "SOURCE_DIR=/opt/rustwide/workdir" "-e" "CARGO_TARGET_DIR=/opt/rustwide/target" "-e" "CARGO_HOME=/opt/rustwide/cargo-home" "-e" "RUSTUP_HOME=/opt/rustwide/rustup-home" "-w" "/opt/rustwide/workdir" "-m" "1610612736" "--user" "0:0" "--network" "none" "ghcr.io/rust-lang/crates-build-env/linux@sha256:2788e3201cd34a07e3172128adcd8b3090168a8e3bcc40d7c032b9dda1df7d1c" "/opt/rustwide/cargo-home/bin/cargo" "+1.75.0" "metadata" "--no-deps" "--format-version=1", kill_on_drop: false }`
[INFO] [stdout] 1bee1711f6b4de914e8a5de207998cf9b421b97e84b6a8cb27b16c1b9be63cac
[INFO] running `Command { std: "docker" "start" "-a" "1bee1711f6b4de914e8a5de207998cf9b421b97e84b6a8cb27b16c1b9be63cac", kill_on_drop: false }`
[INFO] running `Command { std: "docker" "inspect" "1bee1711f6b4de914e8a5de207998cf9b421b97e84b6a8cb27b16c1b9be63cac", kill_on_drop: false }`
[INFO] running `Command { std: "docker" "rm" "-f" "1bee1711f6b4de914e8a5de207998cf9b421b97e84b6a8cb27b16c1b9be63cac", kill_on_drop: false }`
[INFO] [stdout] 1bee1711f6b4de914e8a5de207998cf9b421b97e84b6a8cb27b16c1b9be63cac
[INFO] running `Command { std: "docker" "create" "-v" "/var/lib/crater-agent-workspace/builds/worker-5-tc1/target:/opt/rustwide/target:rw,Z" "-v" "/var/lib/crater-agent-workspace/builds/worker-5-tc1/source:/opt/rustwide/workdir:ro,Z" "-v" "/var/lib/crater-agent-workspace/cargo-home:/opt/rustwide/cargo-home:ro,Z" "-v" "/var/lib/crater-agent-workspace/rustup-home:/opt/rustwide/rustup-home:ro,Z" "-e" "SOURCE_DIR=/opt/rustwide/workdir" "-e" "CARGO_TARGET_DIR=/opt/rustwide/target" "-e" "CARGO_INCREMENTAL=0" "-e" "RUST_BACKTRACE=full" "-e" "RUSTFLAGS=--cap-lints=warn" "-e" "RUSTDOCFLAGS=--cap-lints=warn" "-e" "CARGO_HOME=/opt/rustwide/cargo-home" "-e" "RUSTUP_HOME=/opt/rustwide/rustup-home" "-w" "/opt/rustwide/workdir" "-m" "1610612736" "--user" "0:0" "--network" "none" "ghcr.io/rust-lang/crates-build-env/linux@sha256:2788e3201cd34a07e3172128adcd8b3090168a8e3bcc40d7c032b9dda1df7d1c" "/opt/rustwide/cargo-home/bin/cargo" "+1.75.0" "doc" "--frozen" "--no-deps" "--document-private-items" "--message-format=json", kill_on_drop: false }`
[INFO] [stdout] 01bc07bf84b5ac4bd6ed8e12617e3ee524bcce7544f4e48adc7a986ce4c8eb5b
[INFO] running `Command { std: "docker" "start" "-a" "01bc07bf84b5ac4bd6ed8e12617e3ee524bcce7544f4e48adc7a986ce4c8eb5b", kill_on_drop: false }`
[INFO] [stderr]    Compiling unicode-xid v0.0.4
[INFO] [stderr]    Compiling quote v0.3.15
[INFO] [stderr]    Compiling libc v0.2.151
[INFO] [stderr]    Compiling lazy_static v1.4.0
[INFO] [stderr]    Compiling memchr v2.7.1
[INFO] [stderr]    Compiling byteorder v1.5.0
[INFO] [stderr]    Compiling cpp_synom v0.12.0
[INFO] [stderr]    Compiling cpp_syn v0.12.0
[INFO] [stderr]    Compiling aho-corasick v0.6.10
[INFO] [stderr]    Compiling memchr v1.0.2
[INFO] [stderr]    Compiling cc v1.0.83
[INFO] [stderr]    Compiling cpp_common v0.4.0
[INFO] [stderr]    Compiling cpp_synmap v0.3.0
[INFO] [stderr]    Compiling cpp_build v0.4.0
[INFO] [stderr]    Compiling cpp_macros v0.4.0
[INFO] [stderr]    Compiling plcnext-commons v0.1.0 (/opt/rustwide/workdir)
[INFO] [stderr]     Checking cpp v0.4.0
[INFO] [stderr] The following warnings were emitted during compilation:
[INFO] [stderr] 
[INFO] [stderr] warning: plcnext-commons@0.1.0: /opt/rustwide/workdir/src/lib.rs:8:14: fatal error: Arp/System/Commons/Logging.h: No such file or directory
[INFO] [stderr] warning: plcnext-commons@0.1.0:     8 |     #include "Arp/System/Commons/Logging.h"
[INFO] [stderr] warning: plcnext-commons@0.1.0:       |              ^~~~~~~~~~~~~~~~~~~~~~~~~~~~~~
[INFO] [stderr] warning: plcnext-commons@0.1.0: compilation terminated.
[INFO] [stderr] 
[INFO] [stderr] error: failed to run custom build command for `plcnext-commons v0.1.0 (/opt/rustwide/workdir)`
[INFO] [stderr] note: To improve backtraces for build dependencies, set the CARGO_PROFILE_DEV_BUILD_OVERRIDE_DEBUG=true environment variable to enable debug information generation.
[INFO] [stderr] 
[INFO] [stderr] Caused by:
[INFO] [stderr]   process didn't exit successfully: `/opt/rustwide/target/debug/build/plcnext-commons-2e2a7160532e3de1/build-script-main` (exit status: 1)
[INFO] [stderr]   --- stdout
[INFO] [stderr]   TARGET = Some("x86_64-unknown-linux-gnu")
[INFO] [stderr]   OPT_LEVEL = Some("0")
[INFO] [stderr]   HOST = Some("x86_64-unknown-linux-gnu")
[INFO] [stderr]   cargo:rerun-if-env-changed=CXX_x86_64-unknown-linux-gnu
[INFO] [stderr]   CXX_x86_64-unknown-linux-gnu = None
[INFO] [stderr]   cargo:rerun-if-env-changed=CXX_x86_64_unknown_linux_gnu
[INFO] [stderr]   CXX_x86_64_unknown_linux_gnu = None
[INFO] [stderr]   cargo:rerun-if-env-changed=HOST_CXX
[INFO] [stderr]   HOST_CXX = None
[INFO] [stderr]   cargo:rerun-if-env-changed=CXX
[INFO] [stderr]   CXX = None
[INFO] [stderr]   cargo:rerun-if-env-changed=CRATE_CC_NO_DEFAULTS
[INFO] [stderr]   CRATE_CC_NO_DEFAULTS = None
[INFO] [stderr]   DEBUG = Some("true")
[INFO] [stderr]   CARGO_CFG_TARGET_FEATURE = Some("fxsr,sse,sse2")
[INFO] [stderr]   cargo:rerun-if-env-changed=CXXFLAGS_x86_64-unknown-linux-gnu
[INFO] [stderr]   CXXFLAGS_x86_64-unknown-linux-gnu = None
[INFO] [stderr]   cargo:rerun-if-env-changed=CXXFLAGS_x86_64_unknown_linux_gnu
[INFO] [stderr]   CXXFLAGS_x86_64_unknown_linux_gnu = None
[INFO] [stderr]   cargo:rerun-if-env-changed=HOST_CXXFLAGS
[INFO] [stderr]   HOST_CXXFLAGS = None
[INFO] [stderr]   cargo:rerun-if-env-changed=CXXFLAGS
[INFO] [stderr]   CXXFLAGS = None
[INFO] [stderr]   cargo:rerun-if-env-changed=CXX_x86_64-unknown-linux-gnu
[INFO] [stderr]   CXX_x86_64-unknown-linux-gnu = None
[INFO] [stderr]   cargo:rerun-if-env-changed=CXX_x86_64_unknown_linux_gnu
[INFO] [stderr]   CXX_x86_64_unknown_linux_gnu = None
[INFO] [stderr]   cargo:rerun-if-env-changed=HOST_CXX
[INFO] [stderr]   HOST_CXX = None
[INFO] [stderr]   cargo:rerun-if-env-changed=CXX
[INFO] [stderr]   CXX = None
[INFO] [stderr]   cargo:rerun-if-env-changed=CRATE_CC_NO_DEFAULTS
[INFO] [stderr]   CRATE_CC_NO_DEFAULTS = None
[INFO] [stderr]   CARGO_CFG_TARGET_FEATURE = Some("fxsr,sse,sse2")
[INFO] [stderr]   cargo:rerun-if-env-changed=CXXFLAGS_x86_64-unknown-linux-gnu
[INFO] [stderr]   CXXFLAGS_x86_64-unknown-linux-gnu = None
[INFO] [stderr]   cargo:rerun-if-env-changed=CXXFLAGS_x86_64_unknown_linux_gnu
[INFO] [stderr]   CXXFLAGS_x86_64_unknown_linux_gnu = None
[INFO] [stderr]   cargo:rerun-if-env-changed=HOST_CXXFLAGS
[INFO] [stderr]   HOST_CXXFLAGS = None
[INFO] [stderr]   cargo:rerun-if-env-changed=CXXFLAGS
[INFO] [stderr]   CXXFLAGS = None
[INFO] [stderr]   running: "c++" "-O0" "-ffunction-sections" "-fdata-sections" "-fPIC" "-gdwarf-4" "-fno-omit-frame-pointer" "-m64" "-I" "/opt/rustwide/workdir" "-Wall" "-Wextra" "-std=c++11" "-o" "/opt/rustwide/target/debug/build/plcnext-commons-4f7b0608888ad675/out/69345aeefd812595-cpp_closures.o" "-c" "/opt/rustwide/target/debug/build/plcnext-commons-4f7b0608888ad675/out/rust_cpp/cpp_closures.cpp"
[INFO] [stderr]   cargo:warning=/opt/rustwide/workdir/src/lib.rs:8:14: fatal error: Arp/System/Commons/Logging.h: No such file or directory
[INFO] [stderr] 
[INFO] [stderr]   cargo:warning=    8 |     #include "Arp/System/Commons/Logging.h"
[INFO] [stderr] 
[INFO] [stderr]   cargo:warning=      |              ^~~~~~~~~~~~~~~~~~~~~~~~~~~~~~
[INFO] [stderr] 
[INFO] [stderr]   cargo:warning=compilation terminated.
[INFO] [stderr] 
[INFO] [stderr]   exit status: 1
[INFO] [stderr] 
[INFO] [stderr]   --- stderr
[INFO] [stderr] 
[INFO] [stderr] 
[INFO] [stderr]   error occurred: Command "c++" "-O0" "-ffunction-sections" "-fdata-sections" "-fPIC" "-gdwarf-4" "-fno-omit-frame-pointer" "-m64" "-I" "/opt/rustwide/workdir" "-Wall" "-Wextra" "-std=c++11" "-o" "/opt/rustwide/target/debug/build/plcnext-commons-4f7b0608888ad675/out/69345aeefd812595-cpp_closures.o" "-c" "/opt/rustwide/target/debug/build/plcnext-commons-4f7b0608888ad675/out/rust_cpp/cpp_closures.cpp" with args "c++" did not execute successfully (status code exit status: 1).
[INFO] [stderr] 
[INFO] [stderr] 
[INFO] running `Command { std: "docker" "inspect" "01bc07bf84b5ac4bd6ed8e12617e3ee524bcce7544f4e48adc7a986ce4c8eb5b", kill_on_drop: false }`
[INFO] running `Command { std: "docker" "rm" "-f" "01bc07bf84b5ac4bd6ed8e12617e3ee524bcce7544f4e48adc7a986ce4c8eb5b", kill_on_drop: false }`
[INFO] [stdout] 01bc07bf84b5ac4bd6ed8e12617e3ee524bcce7544f4e48adc7a986ce4c8eb5b
[INFO] documenting plcnext-commons-0.1.0 against beta-2023-12-22 for beta-1.76-rustdoc-1
[INFO] extracting crate plcnext-commons 0.1.0 into /workspace/builds/worker-5-tc2/source
[INFO] validating manifest of crates.io crate plcnext-commons 0.1.0 on toolchain beta-2023-12-22
[INFO] running `Command { std: CARGO_HOME="/workspace/cargo-home" RUSTUP_HOME="/workspace/rustup-home" "/workspace/cargo-home/bin/cargo" "+beta-2023-12-22" "metadata" "--manifest-path" "Cargo.toml" "--no-deps", kill_on_drop: false }`
[INFO] started tweaking crates.io crate plcnext-commons 0.1.0
[INFO] finished tweaking crates.io crate plcnext-commons 0.1.0
[INFO] tweaked toml for crates.io crate plcnext-commons 0.1.0 written to /workspace/builds/worker-5-tc2/source/Cargo.toml
[INFO] running `Command { std: CARGO_HOME="/workspace/cargo-home" RUSTUP_HOME="/workspace/rustup-home" "/workspace/cargo-home/bin/cargo" "+beta-2023-12-22" "generate-lockfile" "--manifest-path" "Cargo.toml", kill_on_drop: false }`
[INFO] [stderr]     Updating crates.io index
[INFO] running `Command { std: CARGO_HOME="/workspace/cargo-home" RUSTUP_HOME="/workspace/rustup-home" "/workspace/cargo-home/bin/cargo" "+beta-2023-12-22" "fetch" "--manifest-path" "Cargo.toml", kill_on_drop: false }`
[INFO] [stderr]     Blocking waiting for file lock on package cache
[INFO] [stderr]     Blocking waiting for file lock on package cache
[INFO] running `Command { std: "docker" "create" "-v" "/var/lib/crater-agent-workspace/builds/worker-5-tc2/target:/opt/rustwide/target:rw,Z" "-v" "/var/lib/crater-agent-workspace/builds/worker-5-tc2/source:/opt/rustwide/workdir:ro,Z" "-v" "/var/lib/crater-agent-workspace/cargo-home:/opt/rustwide/cargo-home:ro,Z" "-v" "/var/lib/crater-agent-workspace/rustup-home:/opt/rustwide/rustup-home:ro,Z" "-e" "SOURCE_DIR=/opt/rustwide/workdir" "-e" "CARGO_TARGET_DIR=/opt/rustwide/target" "-e" "CARGO_HOME=/opt/rustwide/cargo-home" "-e" "RUSTUP_HOME=/opt/rustwide/rustup-home" "-w" "/opt/rustwide/workdir" "-m" "1610612736" "--user" "0:0" "--network" "none" "ghcr.io/rust-lang/crates-build-env/linux@sha256:2788e3201cd34a07e3172128adcd8b3090168a8e3bcc40d7c032b9dda1df7d1c" "/opt/rustwide/cargo-home/bin/cargo" "+beta-2023-12-22" "metadata" "--no-deps" "--format-version=1", kill_on_drop: false }`
[INFO] [stdout] e4ad6d5597cb228162b3f469894b344c2911bf86af4cd652fe9b610004c6d83f
[INFO] running `Command { std: "docker" "start" "-a" "e4ad6d5597cb228162b3f469894b344c2911bf86af4cd652fe9b610004c6d83f", kill_on_drop: false }`
[INFO] running `Command { std: "docker" "inspect" "e4ad6d5597cb228162b3f469894b344c2911bf86af4cd652fe9b610004c6d83f", kill_on_drop: false }`
[INFO] running `Command { std: "docker" "rm" "-f" "e4ad6d5597cb228162b3f469894b344c2911bf86af4cd652fe9b610004c6d83f", kill_on_drop: false }`
[INFO] [stdout] e4ad6d5597cb228162b3f469894b344c2911bf86af4cd652fe9b610004c6d83f
[INFO] running `Command { std: "docker" "create" "-v" "/var/lib/crater-agent-workspace/builds/worker-5-tc2/target:/opt/rustwide/target:rw,Z" "-v" "/var/lib/crater-agent-workspace/builds/worker-5-tc2/source:/opt/rustwide/workdir:ro,Z" "-v" "/var/lib/crater-agent-workspace/cargo-home:/opt/rustwide/cargo-home:ro,Z" "-v" "/var/lib/crater-agent-workspace/rustup-home:/opt/rustwide/rustup-home:ro,Z" "-e" "SOURCE_DIR=/opt/rustwide/workdir" "-e" "CARGO_TARGET_DIR=/opt/rustwide/target" "-e" "CARGO_INCREMENTAL=0" "-e" "RUST_BACKTRACE=full" "-e" "RUSTFLAGS=--cap-lints=warn" "-e" "RUSTDOCFLAGS=--cap-lints=warn" "-e" "CARGO_HOME=/opt/rustwide/cargo-home" "-e" "RUSTUP_HOME=/opt/rustwide/rustup-home" "-w" "/opt/rustwide/workdir" "-m" "1610612736" "--user" "0:0" "--network" "none" "ghcr.io/rust-lang/crates-build-env/linux@sha256:2788e3201cd34a07e3172128adcd8b3090168a8e3bcc40d7c032b9dda1df7d1c" "/opt/rustwide/cargo-home/bin/cargo" "+beta-2023-12-22" "doc" "--frozen" "--no-deps" "--document-private-items" "--message-format=json", kill_on_drop: false }`
[INFO] [stdout] f08f745cea8d467a5c0738de76279c6781aa248461c109b59a6401e00778574a
[INFO] running `Command { std: "docker" "start" "-a" "f08f745cea8d467a5c0738de76279c6781aa248461c109b59a6401e00778574a", kill_on_drop: false }`
[INFO] [stderr]    Compiling unicode-xid v0.0.4
[INFO] [stderr]    Compiling quote v0.3.15
[INFO] [stderr]    Compiling libc v0.2.151
[INFO] [stderr]    Compiling lazy_static v1.4.0
[INFO] [stderr]    Compiling memchr v2.7.1
[INFO] [stderr]    Compiling byteorder v1.5.0
[INFO] [stderr]    Compiling cpp_synom v0.12.0
[INFO] [stderr]    Compiling cpp_syn v0.12.0
[INFO] [stderr]    Compiling aho-corasick v0.6.10
[INFO] [stderr]    Compiling memchr v1.0.2
[INFO] [stderr]    Compiling cc v1.0.83
[INFO] [stderr]    Compiling cpp_common v0.4.0
[INFO] [stderr]    Compiling cpp_synmap v0.3.0
[INFO] [stderr]    Compiling cpp_build v0.4.0
[INFO] [stderr]    Compiling cpp_macros v0.4.0
[INFO] [stderr]    Compiling plcnext-commons v0.1.0 (/opt/rustwide/workdir)
[INFO] [stderr]     Checking cpp v0.4.0
[INFO] [stderr] The following warnings were emitted during compilation:
[INFO] [stderr] 
[INFO] [stderr] warning: plcnext-commons@0.1.0: /opt/rustwide/workdir/src/lib.rs:8:14: fatal error: Arp/System/Commons/Logging.h: No such file or directory
[INFO] [stderr] warning: plcnext-commons@0.1.0:     8 |     #include "Arp/System/Commons/Logging.h"
[INFO] [stderr] warning: plcnext-commons@0.1.0:       |              ^~~~~~~~~~~~~~~~~~~~~~~~~~~~~~
[INFO] [stderr] warning: plcnext-commons@0.1.0: compilation terminated.
[INFO] [stderr] 
[INFO] [stderr] error: failed to run custom build command for `plcnext-commons v0.1.0 (/opt/rustwide/workdir)`
[INFO] [stderr] note: To improve backtraces for build dependencies, set the CARGO_PROFILE_DEV_BUILD_OVERRIDE_DEBUG=true environment variable to enable debug information generation.
[INFO] [stderr] 
[INFO] [stderr] Caused by:
[INFO] [stderr]   process didn't exit successfully: `/opt/rustwide/target/debug/build/plcnext-commons-3ef87e5507d3fd50/build-script-main` (exit status: 1)
[INFO] [stderr]   --- stdout
[INFO] [stderr]   TARGET = Some("x86_64-unknown-linux-gnu")
[INFO] [stderr]   OPT_LEVEL = Some("0")
[INFO] [stderr]   HOST = Some("x86_64-unknown-linux-gnu")
[INFO] [stderr]   cargo:rerun-if-env-changed=CXX_x86_64-unknown-linux-gnu
[INFO] [stderr]   CXX_x86_64-unknown-linux-gnu = None
[INFO] [stderr]   cargo:rerun-if-env-changed=CXX_x86_64_unknown_linux_gnu
[INFO] [stderr]   CXX_x86_64_unknown_linux_gnu = None
[INFO] [stderr]   cargo:rerun-if-env-changed=HOST_CXX
[INFO] [stderr]   HOST_CXX = None
[INFO] [stderr]   cargo:rerun-if-env-changed=CXX
[INFO] [stderr]   CXX = None
[INFO] [stderr]   cargo:rerun-if-env-changed=CRATE_CC_NO_DEFAULTS
[INFO] [stderr]   CRATE_CC_NO_DEFAULTS = None
[INFO] [stderr]   DEBUG = Some("true")
[INFO] [stderr]   CARGO_CFG_TARGET_FEATURE = Some("fxsr,sse,sse2")
[INFO] [stderr]   cargo:rerun-if-env-changed=CXXFLAGS_x86_64-unknown-linux-gnu
[INFO] [stderr]   CXXFLAGS_x86_64-unknown-linux-gnu = None
[INFO] [stderr]   cargo:rerun-if-env-changed=CXXFLAGS_x86_64_unknown_linux_gnu
[INFO] [stderr]   CXXFLAGS_x86_64_unknown_linux_gnu = None
[INFO] [stderr]   cargo:rerun-if-env-changed=HOST_CXXFLAGS
[INFO] [stderr]   HOST_CXXFLAGS = None
[INFO] [stderr]   cargo:rerun-if-env-changed=CXXFLAGS
[INFO] [stderr]   CXXFLAGS = None
[INFO] [stderr]   cargo:rerun-if-env-changed=CXX_x86_64-unknown-linux-gnu
[INFO] [stderr]   CXX_x86_64-unknown-linux-gnu = None
[INFO] [stderr]   cargo:rerun-if-env-changed=CXX_x86_64_unknown_linux_gnu
[INFO] [stderr]   CXX_x86_64_unknown_linux_gnu = None
[INFO] [stderr]   cargo:rerun-if-env-changed=HOST_CXX
[INFO] [stderr]   HOST_CXX = None
[INFO] [stderr]   cargo:rerun-if-env-changed=CXX
[INFO] [stderr]   CXX = None
[INFO] [stderr]   cargo:rerun-if-env-changed=CRATE_CC_NO_DEFAULTS
[INFO] [stderr]   CRATE_CC_NO_DEFAULTS = None
[INFO] [stderr]   CARGO_CFG_TARGET_FEATURE = Some("fxsr,sse,sse2")
[INFO] [stderr]   cargo:rerun-if-env-changed=CXXFLAGS_x86_64-unknown-linux-gnu
[INFO] [stderr]   CXXFLAGS_x86_64-unknown-linux-gnu = None
[INFO] [stderr]   cargo:rerun-if-env-changed=CXXFLAGS_x86_64_unknown_linux_gnu
[INFO] [stderr]   CXXFLAGS_x86_64_unknown_linux_gnu = None
[INFO] [stderr]   cargo:rerun-if-env-changed=HOST_CXXFLAGS
[INFO] [stderr]   HOST_CXXFLAGS = None
[INFO] [stderr]   cargo:rerun-if-env-changed=CXXFLAGS
[INFO] [stderr]   CXXFLAGS = None
[INFO] [stderr]   running: "c++" "-O0" "-ffunction-sections" "-fdata-sections" "-fPIC" "-gdwarf-4" "-fno-omit-frame-pointer" "-m64" "-I" "/opt/rustwide/workdir" "-Wall" "-Wextra" "-std=c++11" "-o" "/opt/rustwide/target/debug/build/plcnext-commons-5e037143bfcf2f51/out/661e18e0912c25b5-cpp_closures.o" "-c" "/opt/rustwide/target/debug/build/plcnext-commons-5e037143bfcf2f51/out/rust_cpp/cpp_closures.cpp"
[INFO] [stderr]   cargo:warning=/opt/rustwide/workdir/src/lib.rs:8:14: fatal error: Arp/System/Commons/Logging.h: No such file or directory
[INFO] [stderr] 
[INFO] [stderr]   cargo:warning=    8 |     #include "Arp/System/Commons/Logging.h"
[INFO] [stderr] 
[INFO] [stderr]   cargo:warning=      |              ^~~~~~~~~~~~~~~~~~~~~~~~~~~~~~
[INFO] [stderr] 
[INFO] [stderr]   cargo:warning=compilation terminated.
[INFO] [stderr] 
[INFO] [stderr]   exit status: 1
[INFO] [stderr] 
[INFO] [stderr]   --- stderr
[INFO] [stderr] 
[INFO] [stderr] 
[INFO] [stderr]   error occurred: Command "c++" "-O0" "-ffunction-sections" "-fdata-sections" "-fPIC" "-gdwarf-4" "-fno-omit-frame-pointer" "-m64" "-I" "/opt/rustwide/workdir" "-Wall" "-Wextra" "-std=c++11" "-o" "/opt/rustwide/target/debug/build/plcnext-commons-5e037143bfcf2f51/out/661e18e0912c25b5-cpp_closures.o" "-c" "/opt/rustwide/target/debug/build/plcnext-commons-5e037143bfcf2f51/out/rust_cpp/cpp_closures.cpp" with args "c++" did not execute successfully (status code exit status: 1).
[INFO] [stderr] 
[INFO] [stderr] 
[INFO] running `Command { std: "docker" "inspect" "f08f745cea8d467a5c0738de76279c6781aa248461c109b59a6401e00778574a", kill_on_drop: false }`
[INFO] running `Command { std: "docker" "rm" "-f" "f08f745cea8d467a5c0738de76279c6781aa248461c109b59a6401e00778574a", kill_on_drop: false }`
[INFO] [stdout] f08f745cea8d467a5c0738de76279c6781aa248461c109b59a6401e00778574a
