[INFO] fetching crate phylogeny 0.0.1...
[INFO] documenting phylogeny-0.0.1 against 1.75.0 for beta-1.76-rustdoc-1
[INFO] extracting crate phylogeny 0.0.1 into /workspace/builds/worker-4-tc1/source
[INFO] validating manifest of crates.io crate phylogeny 0.0.1 on toolchain 1.75.0
[INFO] running `Command { std: CARGO_HOME="/workspace/cargo-home" RUSTUP_HOME="/workspace/rustup-home" "/workspace/cargo-home/bin/cargo" "+1.75.0" "metadata" "--manifest-path" "Cargo.toml" "--no-deps", kill_on_drop: false }`
[INFO] started tweaking crates.io crate phylogeny 0.0.1
[INFO] finished tweaking crates.io crate phylogeny 0.0.1
[INFO] tweaked toml for crates.io crate phylogeny 0.0.1 written to /workspace/builds/worker-4-tc1/source/Cargo.toml
[INFO] crate crates.io crate phylogeny 0.0.1 already has a lockfile, it will not be regenerated
[INFO] running `Command { std: CARGO_HOME="/workspace/cargo-home" RUSTUP_HOME="/workspace/rustup-home" "/workspace/cargo-home/bin/cargo" "+1.75.0" "fetch" "--manifest-path" "Cargo.toml", kill_on_drop: false }`
[INFO] [stderr]  Downloading crates ...
[INFO] [stderr]   Downloaded num-complex v0.4.0
[INFO] [stderr]   Downloaded strum_macros v0.23.0
[INFO] [stderr]   Downloaded ordered-float v2.8.0
[INFO] running `Command { std: "docker" "create" "-v" "/var/lib/crater-agent-workspace/builds/worker-4-tc1/target:/opt/rustwide/target:rw,Z" "-v" "/var/lib/crater-agent-workspace/builds/worker-4-tc1/source:/opt/rustwide/workdir:ro,Z" "-v" "/var/lib/crater-agent-workspace/cargo-home:/opt/rustwide/cargo-home:ro,Z" "-v" "/var/lib/crater-agent-workspace/rustup-home:/opt/rustwide/rustup-home:ro,Z" "-e" "SOURCE_DIR=/opt/rustwide/workdir" "-e" "CARGO_TARGET_DIR=/opt/rustwide/target" "-e" "CARGO_HOME=/opt/rustwide/cargo-home" "-e" "RUSTUP_HOME=/opt/rustwide/rustup-home" "-w" "/opt/rustwide/workdir" "-m" "1610612736" "--user" "0:0" "--network" "none" "ghcr.io/rust-lang/crates-build-env/linux@sha256:2788e3201cd34a07e3172128adcd8b3090168a8e3bcc40d7c032b9dda1df7d1c" "/opt/rustwide/cargo-home/bin/cargo" "+1.75.0" "metadata" "--no-deps" "--format-version=1", kill_on_drop: false }`
[INFO] [stdout] 65bb998394f147ceccb47e613e6c2839c3aae71a9102bb9a17fce02ceca23d25
[INFO] running `Command { std: "docker" "start" "-a" "65bb998394f147ceccb47e613e6c2839c3aae71a9102bb9a17fce02ceca23d25", kill_on_drop: false }`
[INFO] running `Command { std: "docker" "inspect" "65bb998394f147ceccb47e613e6c2839c3aae71a9102bb9a17fce02ceca23d25", kill_on_drop: false }`
[INFO] running `Command { std: "docker" "rm" "-f" "65bb998394f147ceccb47e613e6c2839c3aae71a9102bb9a17fce02ceca23d25", kill_on_drop: false }`
[INFO] [stdout] 65bb998394f147ceccb47e613e6c2839c3aae71a9102bb9a17fce02ceca23d25
[INFO] running `Command { std: "docker" "create" "-v" "/var/lib/crater-agent-workspace/builds/worker-4-tc1/target:/opt/rustwide/target:rw,Z" "-v" "/var/lib/crater-agent-workspace/builds/worker-4-tc1/source:/opt/rustwide/workdir:ro,Z" "-v" "/var/lib/crater-agent-workspace/cargo-home:/opt/rustwide/cargo-home:ro,Z" "-v" "/var/lib/crater-agent-workspace/rustup-home:/opt/rustwide/rustup-home:ro,Z" "-e" "SOURCE_DIR=/opt/rustwide/workdir" "-e" "CARGO_TARGET_DIR=/opt/rustwide/target" "-e" "CARGO_INCREMENTAL=0" "-e" "RUST_BACKTRACE=full" "-e" "RUSTFLAGS=--cap-lints=warn" "-e" "RUSTDOCFLAGS=--cap-lints=warn" "-e" "CARGO_HOME=/opt/rustwide/cargo-home" "-e" "RUSTUP_HOME=/opt/rustwide/rustup-home" "-w" "/opt/rustwide/workdir" "-m" "1610612736" "--user" "0:0" "--network" "none" "ghcr.io/rust-lang/crates-build-env/linux@sha256:2788e3201cd34a07e3172128adcd8b3090168a8e3bcc40d7c032b9dda1df7d1c" "/opt/rustwide/cargo-home/bin/cargo" "+1.75.0" "doc" "--frozen" "--no-deps" "--document-private-items" "--message-format=json", kill_on_drop: false }`
[INFO] [stdout] 56b874deb14a2fb6a905298c96ea5d0d9b8a4adca4b7c6cebea0cbeecba3e27e
[INFO] running `Command { std: "docker" "start" "-a" "56b874deb14a2fb6a905298c96ea5d0d9b8a4adca4b7c6cebea0cbeecba3e27e", kill_on_drop: false }`
[INFO] [stderr]    Compiling num-traits v0.2.14
[INFO] [stderr]    Compiling proc-macro2 v1.0.32
[INFO] [stderr]    Compiling num-integer v0.1.44
[INFO] [stderr]    Compiling syn v1.0.81
[INFO] [stderr]    Compiling libc v0.2.107
[INFO] [stderr]    Compiling num-bigint v0.4.3
[INFO] [stderr]    Compiling num-rational v0.4.0
[INFO] [stderr]    Compiling num-iter v0.1.42
[INFO] [stderr]     Checking unicode-width v0.1.9
[INFO] [stderr]    Compiling rustversion v1.0.5
[INFO] [stderr]     Checking textwrap v0.11.0
[INFO] [stderr]     Checking yaml-rust v0.3.5
[INFO] [stderr]     Checking ansi_term v0.11.0
[INFO] [stderr]     Checking strsim v0.8.0
[INFO] [stderr]     Checking either v1.6.1
[INFO] [stderr]     Checking strum v0.23.0
[INFO] [stderr]     Checking itertools v0.10.1
[INFO] [stderr]    Compiling quote v1.0.10
[INFO] [stderr]     Checking atty v0.2.14
[INFO] [stderr]    Compiling proc-macro-error-attr v1.0.4
[INFO] [stderr]     Checking clap v2.33.3
[INFO] [stderr]     Checking num-complex v0.4.0
[INFO] [stderr]     Checking ordered-float v2.8.0
[INFO] [stderr]     Checking num v0.4.0
[INFO] [stderr]    Compiling proc-macro-error v1.0.4
[INFO] [stderr]    Compiling structopt-derive v0.4.18
[INFO] [stderr]    Compiling strum_macros v0.23.0
[INFO] [stderr]     Checking structopt v0.3.25
[INFO] [stderr]     Checking phylogeny v0.0.1 (/opt/rustwide/workdir)
[INFO] [stderr]  Documenting phylogeny v0.0.1 (/opt/rustwide/workdir)
[INFO] [stdout] error[E0554]: `#![feature]` may not be used on the stable release channel
[INFO] [stdout]  --> src/lib.rs:2:1
[INFO] [stdout]   |
[INFO] [stdout] 2 | #![feature(destructuring_assignment)]
[INFO] [stdout]   | ^^^^^^^^^^^^^^^^^^^^^^^^^^^^^^^^^^^^^ help: remove the attribute
[INFO] [stdout]   |
[INFO] [stdout]   = help: the feature `destructuring_assignment` has been stable since `1.59.0` and no longer requires an attribute to enable
[INFO] [stdout] 
[INFO] [stdout] 
[INFO] [stdout] warning: the feature `destructuring_assignment` has been stable since 1.59.0 and no longer requires an attribute to enable
[INFO] [stdout]  --> src/lib.rs:2:12
[INFO] [stdout]   |
[INFO] [stdout] 2 | #![feature(destructuring_assignment)]
[INFO] [stdout]   |            ^^^^^^^^^^^^^^^^^^^^^^^^
[INFO] [stdout]   |
[INFO] [stdout]   = note: `#[warn(stable_features)]` on by default
[INFO] [stdout] 
[INFO] [stdout] 
[INFO] [stdout] error[E0554]: `#![feature]` may not be used on the stable release channel
[INFO] [stdout]  --> src/lib.rs:2:1
[INFO] [stdout]   |
[INFO] [stdout] 2 | #![feature(destructuring_assignment)]
[INFO] [stdout]   | ^^^^^^^^^^^^^^^^^^^^^^^^^^^^^^^^^^^^^ help: remove the attribute
[INFO] [stdout]   |
[INFO] [stdout]   = help: the feature `destructuring_assignment` has been stable since `1.59.0` and no longer requires an attribute to enable
[INFO] [stdout] 
[INFO] [stdout] 
[INFO] [stdout] error: aborting due to previous error; 1 warning emitted
[INFO] [stdout] 
[INFO] [stdout] 
[INFO] [stdout] For more information about this error, try `rustc --explain E0554`.
[INFO] [stdout] 
[INFO] [stderr] error: could not compile `phylogeny` (lib) due to 2 previous errors; 1 warning emitted
[INFO] [stderr] warning: build failed, waiting for other jobs to finish...
[INFO] [stdout] error: aborting due to previous error
[INFO] [stdout] 
[INFO] [stdout] 
[INFO] [stdout] For more information about this error, try `rustc --explain E0554`.
[INFO] [stdout] 
[INFO] [stderr] error: could not document `phylogeny`
[INFO] [stderr] 
[INFO] [stderr] Caused by:
[INFO] [stderr]   process didn't exit successfully: `/opt/rustwide/rustup-home/toolchains/1.75.0-x86_64-unknown-linux-gnu/bin/rustdoc --edition=2018 --crate-type lib --crate-name phylogeny src/lib.rs -o /opt/rustwide/target/doc --error-format=json --json=diagnostic-rendered-ansi,artifacts,future-incompat --document-private-items -C metadata=9e12d6aa9cb34197 -L dependency=/opt/rustwide/target/debug/deps --extern clap=/opt/rustwide/target/debug/deps/libclap-5974a07941c01764.rmeta --extern itertools=/opt/rustwide/target/debug/deps/libitertools-46496f8164fa850b.rmeta --extern num=/opt/rustwide/target/debug/deps/libnum-4d0ac5aee86ca7f9.rmeta --extern ordered_float=/opt/rustwide/target/debug/deps/libordered_float-963418603a85fd45.rmeta --extern structopt=/opt/rustwide/target/debug/deps/libstructopt-887dbf035099de1f.rmeta --extern strum=/opt/rustwide/target/debug/deps/libstrum-034a8218e64449b7.rmeta --extern strum_macros=/opt/rustwide/target/debug/deps/libstrum_macros-35eb20d966d95b31.so --cap-lints=warn --crate-version 0.0.1` (exit status: 1)
[INFO] running `Command { std: "docker" "inspect" "56b874deb14a2fb6a905298c96ea5d0d9b8a4adca4b7c6cebea0cbeecba3e27e", kill_on_drop: false }`
[INFO] running `Command { std: "docker" "rm" "-f" "56b874deb14a2fb6a905298c96ea5d0d9b8a4adca4b7c6cebea0cbeecba3e27e", kill_on_drop: false }`
[INFO] [stdout] 56b874deb14a2fb6a905298c96ea5d0d9b8a4adca4b7c6cebea0cbeecba3e27e
[INFO] documenting phylogeny-0.0.1 against beta-2023-12-22 for beta-1.76-rustdoc-1
[INFO] extracting crate phylogeny 0.0.1 into /workspace/builds/worker-4-tc2/source
[INFO] validating manifest of crates.io crate phylogeny 0.0.1 on toolchain beta-2023-12-22
[INFO] running `Command { std: CARGO_HOME="/workspace/cargo-home" RUSTUP_HOME="/workspace/rustup-home" "/workspace/cargo-home/bin/cargo" "+beta-2023-12-22" "metadata" "--manifest-path" "Cargo.toml" "--no-deps", kill_on_drop: false }`
[INFO] started tweaking crates.io crate phylogeny 0.0.1
[INFO] finished tweaking crates.io crate phylogeny 0.0.1
[INFO] tweaked toml for crates.io crate phylogeny 0.0.1 written to /workspace/builds/worker-4-tc2/source/Cargo.toml
[INFO] crate crates.io crate phylogeny 0.0.1 already has a lockfile, it will not be regenerated
[INFO] running `Command { std: CARGO_HOME="/workspace/cargo-home" RUSTUP_HOME="/workspace/rustup-home" "/workspace/cargo-home/bin/cargo" "+beta-2023-12-22" "fetch" "--manifest-path" "Cargo.toml", kill_on_drop: false }`
[INFO] running `Command { std: "docker" "create" "-v" "/var/lib/crater-agent-workspace/builds/worker-4-tc2/target:/opt/rustwide/target:rw,Z" "-v" "/var/lib/crater-agent-workspace/builds/worker-4-tc2/source:/opt/rustwide/workdir:ro,Z" "-v" "/var/lib/crater-agent-workspace/cargo-home:/opt/rustwide/cargo-home:ro,Z" "-v" "/var/lib/crater-agent-workspace/rustup-home:/opt/rustwide/rustup-home:ro,Z" "-e" "SOURCE_DIR=/opt/rustwide/workdir" "-e" "CARGO_TARGET_DIR=/opt/rustwide/target" "-e" "CARGO_HOME=/opt/rustwide/cargo-home" "-e" "RUSTUP_HOME=/opt/rustwide/rustup-home" "-w" "/opt/rustwide/workdir" "-m" "1610612736" "--user" "0:0" "--network" "none" "ghcr.io/rust-lang/crates-build-env/linux@sha256:2788e3201cd34a07e3172128adcd8b3090168a8e3bcc40d7c032b9dda1df7d1c" "/opt/rustwide/cargo-home/bin/cargo" "+beta-2023-12-22" "metadata" "--no-deps" "--format-version=1", kill_on_drop: false }`
[INFO] [stdout] 7e45b2bc2f9368499b04d87cd926e1c13ca03bc2946217b4bc3f0368b34b1981
[INFO] running `Command { std: "docker" "start" "-a" "7e45b2bc2f9368499b04d87cd926e1c13ca03bc2946217b4bc3f0368b34b1981", kill_on_drop: false }`
[INFO] running `Command { std: "docker" "inspect" "7e45b2bc2f9368499b04d87cd926e1c13ca03bc2946217b4bc3f0368b34b1981", kill_on_drop: false }`
[INFO] running `Command { std: "docker" "rm" "-f" "7e45b2bc2f9368499b04d87cd926e1c13ca03bc2946217b4bc3f0368b34b1981", kill_on_drop: false }`
[INFO] [stdout] 7e45b2bc2f9368499b04d87cd926e1c13ca03bc2946217b4bc3f0368b34b1981
[INFO] running `Command { std: "docker" "create" "-v" "/var/lib/crater-agent-workspace/builds/worker-4-tc2/target:/opt/rustwide/target:rw,Z" "-v" "/var/lib/crater-agent-workspace/builds/worker-4-tc2/source:/opt/rustwide/workdir:ro,Z" "-v" "/var/lib/crater-agent-workspace/cargo-home:/opt/rustwide/cargo-home:ro,Z" "-v" "/var/lib/crater-agent-workspace/rustup-home:/opt/rustwide/rustup-home:ro,Z" "-e" "SOURCE_DIR=/opt/rustwide/workdir" "-e" "CARGO_TARGET_DIR=/opt/rustwide/target" "-e" "CARGO_INCREMENTAL=0" "-e" "RUST_BACKTRACE=full" "-e" "RUSTFLAGS=--cap-lints=warn" "-e" "RUSTDOCFLAGS=--cap-lints=warn" "-e" "CARGO_HOME=/opt/rustwide/cargo-home" "-e" "RUSTUP_HOME=/opt/rustwide/rustup-home" "-w" "/opt/rustwide/workdir" "-m" "1610612736" "--user" "0:0" "--network" "none" "ghcr.io/rust-lang/crates-build-env/linux@sha256:2788e3201cd34a07e3172128adcd8b3090168a8e3bcc40d7c032b9dda1df7d1c" "/opt/rustwide/cargo-home/bin/cargo" "+beta-2023-12-22" "doc" "--frozen" "--no-deps" "--document-private-items" "--message-format=json", kill_on_drop: false }`
[INFO] [stdout] 61b417e4cf66dc78c26a9096cfbfec283a6dab531b04967f036d61f050e7f847
[INFO] running `Command { std: "docker" "start" "-a" "61b417e4cf66dc78c26a9096cfbfec283a6dab531b04967f036d61f050e7f847", kill_on_drop: false }`
[INFO] [stderr]    Compiling num-traits v0.2.14
[INFO] [stderr]    Compiling proc-macro2 v1.0.32
[INFO] [stderr]    Compiling num-integer v0.1.44
[INFO] [stderr]    Compiling syn v1.0.81
[INFO] [stderr]    Compiling libc v0.2.107
[INFO] [stderr]    Compiling num-bigint v0.4.3
[INFO] [stderr]    Compiling num-iter v0.1.42
[INFO] [stderr]    Compiling num-rational v0.4.0
[INFO] [stderr]    Compiling rustversion v1.0.5
[INFO] [stderr]     Checking unicode-width v0.1.9
[INFO] [stderr]     Checking textwrap v0.11.0
[INFO] [stderr]     Checking strsim v0.8.0
[INFO] [stderr]     Checking ansi_term v0.11.0
[INFO] [stderr]     Checking yaml-rust v0.3.5
[INFO] [stderr]     Checking either v1.6.1
[INFO] [stderr]     Checking strum v0.23.0
[INFO] [stderr]     Checking itertools v0.10.1
[INFO] [stderr]    Compiling quote v1.0.10
[INFO] [stderr]     Checking atty v0.2.14
[INFO] [stderr]     Checking clap v2.33.3
[INFO] [stderr]     Checking num-complex v0.4.0
[INFO] [stderr]     Checking ordered-float v2.8.0
[INFO] [stderr]    Compiling proc-macro-error-attr v1.0.4
[INFO] [stderr]     Checking num v0.4.0
[INFO] [stderr]    Compiling proc-macro-error v1.0.4
[INFO] [stderr]    Compiling structopt-derive v0.4.18
[INFO] [stderr]    Compiling strum_macros v0.23.0
[INFO] [stderr]     Checking structopt v0.3.25
[INFO] [stderr]     Checking phylogeny v0.0.1 (/opt/rustwide/workdir)
[INFO] [stderr]  Documenting phylogeny v0.0.1 (/opt/rustwide/workdir)
[INFO] [stdout] error[E0554]: `#![feature]` may not be used on the beta release channel
[INFO] [stdout]  --> src/lib.rs:2:1
[INFO] [stdout]   |
[INFO] [stdout] 2 | #![feature(destructuring_assignment)]
[INFO] [stdout]   | ^^^^^^^^^^^^^^^^^^^^^^^^^^^^^^^^^^^^^ help: remove the attribute
[INFO] [stdout]   |
[INFO] [stdout]   = help: the feature `destructuring_assignment` has been stable since `1.59.0` and no longer requires an attribute to enable
[INFO] [stdout] 
[INFO] [stdout] 
[INFO] [stdout] error[E0554]: `#![feature]` may not be used on the beta release channel
[INFO] [stdout]  --> src/lib.rs:2:1
[INFO] [stdout]   |
[INFO] [stdout] 2 | #![feature(destructuring_assignment)]
[INFO] [stdout]   | ^^^^^^^^^^^^^^^^^^^^^^^^^^^^^^^^^^^^^ help: remove the attribute
[INFO] [stdout]   |
[INFO] [stdout]   = help: the feature `destructuring_assignment` has been stable since `1.59.0` and no longer requires an attribute to enable
[INFO] [stdout] 
[INFO] [stdout] 
[INFO] [stdout] warning: the feature `destructuring_assignment` has been stable since 1.59.0 and no longer requires an attribute to enable
[INFO] [stdout]  --> src/lib.rs:2:12
[INFO] [stdout]   |
[INFO] [stdout] 2 | #![feature(destructuring_assignment)]
[INFO] [stdout]   |            ^^^^^^^^^^^^^^^^^^^^^^^^
[INFO] [stdout]   |
[INFO] [stdout]   = note: `#[warn(stable_features)]` on by default
[INFO] [stdout] 
[INFO] [stdout] 
[INFO] [stdout] error: aborting due to 1 previous error
[INFO] [stdout] 
[INFO] [stdout] 
[INFO] [stdout] For more information about this error, try `rustc --explain E0554`.
[INFO] [stdout] 
[INFO] [stderr] error: could not document `phylogeny`
[INFO] [stderr] 
[INFO] [stderr] Caused by:
[INFO] [stderr]   process didn't exit successfully: `/opt/rustwide/rustup-home/toolchains/beta-2023-12-22-x86_64-unknown-linux-gnu/bin/rustdoc --edition=2018 --crate-type lib --crate-name phylogeny src/lib.rs -o /opt/rustwide/target/doc --error-format=json --json=diagnostic-rendered-ansi,artifacts,future-incompat --document-private-items -C metadata=f9dcc788bf83c0dc -L dependency=/opt/rustwide/target/debug/deps --extern clap=/opt/rustwide/target/debug/deps/libclap-5e01dd96f85612a8.rmeta --extern itertools=/opt/rustwide/target/debug/deps/libitertools-484669b2709f2b69.rmeta --extern num=/opt/rustwide/target/debug/deps/libnum-94b4f590dadec366.rmeta --extern ordered_float=/opt/rustwide/target/debug/deps/libordered_float-f86a3027abe16513.rmeta --extern structopt=/opt/rustwide/target/debug/deps/libstructopt-51f9fb37498ec965.rmeta --extern strum=/opt/rustwide/target/debug/deps/libstrum-9de19c5ecab2b50c.rmeta --extern strum_macros=/opt/rustwide/target/debug/deps/libstrum_macros-59b92e0db55305c4.so --cap-lints=warn --crate-version 0.0.1` (exit status: 1)
[INFO] [stderr] warning: build failed, waiting for other jobs to finish...
[INFO] [stdout] error: aborting due to 1 previous error; 1 warning emitted
[INFO] [stdout] 
[INFO] [stdout] 
[INFO] [stdout] For more information about this error, try `rustc --explain E0554`.
[INFO] [stdout] 
[INFO] [stderr] error: could not compile `phylogeny` (lib) due to 2 previous errors; 1 warning emitted
[INFO] running `Command { std: "docker" "inspect" "61b417e4cf66dc78c26a9096cfbfec283a6dab531b04967f036d61f050e7f847", kill_on_drop: false }`
[INFO] running `Command { std: "docker" "rm" "-f" "61b417e4cf66dc78c26a9096cfbfec283a6dab531b04967f036d61f050e7f847", kill_on_drop: false }`
[INFO] [stdout] 61b417e4cf66dc78c26a9096cfbfec283a6dab531b04967f036d61f050e7f847
