[INFO] fetching crate passlane 2.2.2...
[INFO] documenting passlane-2.2.2 against 1.75.0 for beta-1.76-rustdoc-1
[INFO] extracting crate passlane 2.2.2 into /workspace/builds/worker-5-tc1/source
[INFO] validating manifest of crates.io crate passlane 2.2.2 on toolchain 1.75.0
[INFO] running `Command { std: CARGO_HOME="/workspace/cargo-home" RUSTUP_HOME="/workspace/rustup-home" "/workspace/cargo-home/bin/cargo" "+1.75.0" "metadata" "--manifest-path" "Cargo.toml" "--no-deps", kill_on_drop: false }`
[INFO] started tweaking crates.io crate passlane 2.2.2
[INFO] finished tweaking crates.io crate passlane 2.2.2
[INFO] tweaked toml for crates.io crate passlane 2.2.2 written to /workspace/builds/worker-5-tc1/source/Cargo.toml
[INFO] crate crates.io crate passlane 2.2.2 already has a lockfile, it will not be regenerated
[INFO] running `Command { std: CARGO_HOME="/workspace/cargo-home" RUSTUP_HOME="/workspace/rustup-home" "/workspace/cargo-home/bin/cargo" "+1.75.0" "fetch" "--manifest-path" "Cargo.toml", kill_on_drop: false }`
[INFO] [stderr]     Updating crates.io index
[INFO] [stderr]  Downloading crates ...
[INFO] [stderr]   Downloaded blowfish v0.7.0
[INFO] [stderr]   Downloaded rpassword v6.0.1
[INFO] [stderr]   Downloaded pwhash v1.0.0
[INFO] [stderr]   Downloaded comfy-table v6.0.0
[INFO] [stderr]   Downloaded enumflags2_derive v0.6.4
[INFO] [stderr]   Downloaded json-decode v0.6.0
[INFO] [stderr]   Downloaded clipboard v0.5.0
[INFO] [stderr]   Downloaded clipboard-win v2.2.0
[INFO] [stderr]   Downloaded nb-connect v1.2.0
[INFO] [stderr]   Downloaded zvariant_derive v2.10.0
[INFO] [stderr]   Downloaded cynic v1.0.0
[INFO] [stderr]   Downloaded keyring v1.1.2
[INFO] [stderr]   Downloaded serde_path_to_error v0.1.7
[INFO] [stderr]   Downloaded xcb v0.8.2
[INFO] [stderr]   Downloaded graphql-parser v0.3.0
[INFO] [stderr]   Downloaded enumflags2 v0.6.4
[INFO] [stderr]   Downloaded zbus v1.9.1
[INFO] [stderr]   Downloaded zbus_macros v1.9.1
[INFO] [stderr]   Downloaded zvariant v2.10.0
[INFO] [stderr]   Downloaded block-modes v0.7.0
[INFO] [stderr]   Downloaded async-io v1.6.0
[INFO] [stderr]   Downloaded strum_macros v0.24.2
[INFO] [stderr]   Downloaded rustversion v1.0.7
[INFO] [stderr]   Downloaded secret-service v2.0.1
[INFO] [stderr]   Downloaded async-trait v0.1.58
[INFO] [stderr]   Downloaded cynic-proc-macros v1.0.0
[INFO] [stderr]   Downloaded x11-clipboard v0.3.3
[INFO] [stderr]   Downloaded serde_repr v0.1.8
[INFO] [stderr]   Downloaded webbrowser v0.7.1
[INFO] [stderr]   Downloaded crc-any v2.4.2
[INFO] [stderr]   Downloaded cynic-codegen v1.0.0
[INFO] running `Command { std: "docker" "create" "-v" "/var/lib/crater-agent-workspace/builds/worker-5-tc1/target:/opt/rustwide/target:rw,Z" "-v" "/var/lib/crater-agent-workspace/builds/worker-5-tc1/source:/opt/rustwide/workdir:ro,Z" "-v" "/var/lib/crater-agent-workspace/cargo-home:/opt/rustwide/cargo-home:ro,Z" "-v" "/var/lib/crater-agent-workspace/rustup-home:/opt/rustwide/rustup-home:ro,Z" "-e" "SOURCE_DIR=/opt/rustwide/workdir" "-e" "CARGO_TARGET_DIR=/opt/rustwide/target" "-e" "CARGO_HOME=/opt/rustwide/cargo-home" "-e" "RUSTUP_HOME=/opt/rustwide/rustup-home" "-w" "/opt/rustwide/workdir" "-m" "1610612736" "--user" "0:0" "--network" "none" "ghcr.io/rust-lang/crates-build-env/linux@sha256:2788e3201cd34a07e3172128adcd8b3090168a8e3bcc40d7c032b9dda1df7d1c" "/opt/rustwide/cargo-home/bin/cargo" "+1.75.0" "metadata" "--no-deps" "--format-version=1", kill_on_drop: false }`
[INFO] [stdout] c9e14855f889a059eaa32f0f4eb816729b695f873a0f171fc7cca168b91ddb90
[INFO] running `Command { std: "docker" "start" "-a" "c9e14855f889a059eaa32f0f4eb816729b695f873a0f171fc7cca168b91ddb90", kill_on_drop: false }`
[INFO] running `Command { std: "docker" "inspect" "c9e14855f889a059eaa32f0f4eb816729b695f873a0f171fc7cca168b91ddb90", kill_on_drop: false }`
[INFO] running `Command { std: "docker" "rm" "-f" "c9e14855f889a059eaa32f0f4eb816729b695f873a0f171fc7cca168b91ddb90", kill_on_drop: false }`
[INFO] [stdout] c9e14855f889a059eaa32f0f4eb816729b695f873a0f171fc7cca168b91ddb90
[INFO] running `Command { std: "docker" "create" "-v" "/var/lib/crater-agent-workspace/builds/worker-5-tc1/target:/opt/rustwide/target:rw,Z" "-v" "/var/lib/crater-agent-workspace/builds/worker-5-tc1/source:/opt/rustwide/workdir:ro,Z" "-v" "/var/lib/crater-agent-workspace/cargo-home:/opt/rustwide/cargo-home:ro,Z" "-v" "/var/lib/crater-agent-workspace/rustup-home:/opt/rustwide/rustup-home:ro,Z" "-e" "SOURCE_DIR=/opt/rustwide/workdir" "-e" "CARGO_TARGET_DIR=/opt/rustwide/target" "-e" "CARGO_INCREMENTAL=0" "-e" "RUST_BACKTRACE=full" "-e" "RUSTFLAGS=--cap-lints=warn" "-e" "RUSTDOCFLAGS=--cap-lints=warn" "-e" "CARGO_HOME=/opt/rustwide/cargo-home" "-e" "RUSTUP_HOME=/opt/rustwide/rustup-home" "-w" "/opt/rustwide/workdir" "-m" "1610612736" "--user" "0:0" "--network" "none" "ghcr.io/rust-lang/crates-build-env/linux@sha256:2788e3201cd34a07e3172128adcd8b3090168a8e3bcc40d7c032b9dda1df7d1c" "/opt/rustwide/cargo-home/bin/cargo" "+1.75.0" "doc" "--frozen" "--no-deps" "--document-private-items" "--message-format=json", kill_on_drop: false }`
[INFO] [stdout] 40717f1e970728339da7125795b32adabff6fc1844f8ccc13cdb8b00318485bf
[INFO] running `Command { std: "docker" "start" "-a" "40717f1e970728339da7125795b32adabff6fc1844f8ccc13cdb8b00318485bf", kill_on_drop: false }`
[INFO] [stderr]    Compiling libc v0.2.139
[INFO] [stderr]    Compiling proc-macro2 v1.0.47
[INFO] [stderr]    Compiling unicode-ident v1.0.5
[INFO] [stderr]    Compiling syn v1.0.103
[INFO] [stderr]    Compiling typenum v1.15.0
[INFO] [stderr]    Compiling log v0.4.16
[INFO] [stderr]     Checking once_cell v1.13.0
[INFO] [stderr]    Compiling cc v1.0.73
[INFO] [stderr]    Compiling serde_derive v1.0.137
[INFO] [stderr]    Compiling serde v1.0.137
[INFO] [stderr]    Compiling futures-core v0.3.21
[INFO] [stderr]    Compiling generic-array v0.14.5
[INFO] [stderr]    Compiling lock_api v0.4.7
[INFO] [stderr]    Compiling parking_lot_core v0.9.3
[INFO] [stderr]    Compiling futures-task v0.3.21
[INFO] [stderr]     Checking smallvec v1.8.1
[INFO] [stderr]     Checking futures-io v0.3.21
[INFO] [stderr]    Compiling futures-channel v0.3.21
[INFO] [stderr]     Checking futures-sink v0.3.21
[INFO] [stderr]     Checking scopeguard v1.1.0
[INFO] [stderr]    Compiling futures-util v0.3.21
[INFO] [stderr]     Checking slab v0.4.6
[INFO] [stderr]     Checking itoa v1.0.2
[INFO] [stderr]     Checking bytes v1.1.0
[INFO] [stderr]    Compiling num-traits v0.2.15
[INFO] [stderr]    Compiling tokio v1.20.0
[INFO] [stderr]    Compiling pkg-config v0.3.25
[INFO] [stderr]     Checking subtle v2.4.1
[INFO] [stderr]     Checking block-padding v0.2.1
[INFO] [stderr]    Compiling num-integer v0.1.45
[INFO] [stderr]     Checking cpufeatures v0.2.2
[INFO] [stderr]     Checking tracing-core v0.1.28
[INFO] [stderr]    Compiling indexmap v1.8.1
[INFO] [stderr]    Compiling openssl v0.10.41
[INFO] [stderr]    Compiling httparse v1.7.1
[INFO] [stderr]     Checking foreign-types-shared v0.1.1
[INFO] [stderr]     Checking http v0.2.8
[INFO] [stderr]     Checking matches v0.1.9
[INFO] [stderr]     Checking tinyvec_macros v0.1.0
[INFO] [stderr]     Checking ryu v1.0.9
[INFO] [stderr]     Checking hashbrown v0.11.2
[INFO] [stderr]     Checking tinyvec v1.6.0
[INFO] [stderr]     Checking foreign-types v0.3.2
[INFO] [stderr]     Checking percent-encoding v2.1.0
[INFO] [stderr]     Checking tracing v0.1.35
[INFO] [stderr]    Compiling native-tls v0.2.10
[INFO] [stderr]    Compiling quote v1.0.18
[INFO] [stderr]     Checking try-lock v0.2.3
[INFO] [stderr]    Compiling rustls v0.20.6
[INFO] [stderr]    Compiling memchr v2.5.0
[INFO] [stderr]    Compiling serde_json v1.0.83
[INFO] [stderr]     Checking want v0.3.0
[INFO] [stderr]     Checking form_urlencoded v1.0.1
[INFO] [stderr]    Compiling num-bigint v0.3.3
[INFO] [stderr]    Compiling void v1.0.2
[INFO] [stderr]     Checking unicode-bidi v0.3.8
[INFO] [stderr]    Compiling ring v0.16.20
[INFO] [stderr]    Compiling openssl-sys v0.9.75
[INFO] [stderr]     Checking ppv-lite86 v0.2.16
[INFO] [stderr]     Checking http-body v0.4.5
[INFO] [stderr]    Compiling unreachable v1.0.0
[INFO] [stderr]    Compiling num-iter v0.1.43
[INFO] [stderr]    Compiling num-rational v0.3.2
[INFO] [stderr]    Compiling signal-hook v0.3.14
[INFO] [stderr]    Compiling encoding_rs v0.8.31
[INFO] [stderr]     Checking unicode-normalization v0.1.21
[INFO] [stderr]     Checking waker-fn v1.1.0
[INFO] [stderr]     Checking socket2 v0.4.4
[INFO] [stderr]     Checking signal-hook-registry v1.4.0
[INFO] [stderr]     Checking mio v0.8.4
[INFO] [stderr]     Checking num_cpus v1.13.1
[INFO] [stderr]     Checking getrandom v0.2.6
[INFO] [stderr]     Checking fastrand v1.7.0
[INFO] [stderr]    Compiling either v1.7.0
[INFO] [stderr]     Checking parking v2.0.0
[INFO] [stderr]     Checking rand_core v0.6.3
[INFO] [stderr]     Checking parking_lot v0.12.1
[INFO] [stderr]    Compiling nix v0.17.0
[INFO] [stderr]     Checking digest v0.9.0
[INFO] [stderr]     Checking block-buffer v0.9.0
[INFO] [stderr]     Checking cipher v0.2.5
[INFO] [stderr]     Checking block-buffer v0.10.2
[INFO] [stderr]     Checking idna v0.2.3
[INFO] [stderr]     Checking crypto-mac v0.10.1
[INFO] [stderr]     Checking rand_chacha v0.3.1
[INFO] [stderr]     Checking crypto-common v0.1.6
[INFO] [stderr]     Checking cache-padded v1.2.0
[INFO] [stderr]    Compiling ascii v0.9.3
[INFO] [stderr]    Compiling io-lifetimes v1.0.4
[INFO] [stderr]    Compiling byteorder v1.4.3
[INFO] [stderr]     Checking hmac v0.10.1
[INFO] [stderr]     Checking concurrent-queue v1.2.2
[INFO] [stderr]     Checking sha2 v0.9.9
[INFO] [stderr]    Compiling xcb v0.8.2
[INFO] [stderr]     Checking digest v0.10.3
[INFO] [stderr]     Checking cipher v0.3.0
[INFO] [stderr]     Checking futures-lite v1.12.0
[INFO] [stderr]     Checking rand v0.8.5
[INFO] [stderr]    Compiling combine v3.8.1
[INFO] [stderr]     Checking polling v2.2.0
[INFO] [stderr]     Checking cfg-if v0.1.10
[INFO] [stderr]    Compiling rustversion v1.0.7
[INFO] [stderr]    Compiling rustix v0.36.7
[INFO] [stderr]     Checking aes-soft v0.6.4
[INFO] [stderr]     Checking nb-connect v1.2.0
[INFO] [stderr]     Checking num-complex v0.3.1
[INFO] [stderr]     Checking rustls-pemfile v1.0.0
[INFO] [stderr]     Checking scoped-tls v1.0.0
[INFO] [stderr]     Checking ipnet v2.5.0
[INFO] [stderr] error: failed to run custom build command for `xcb v0.8.2`
[INFO] [stderr] note: To improve backtraces for build dependencies, set the CARGO_PROFILE_DEV_BUILD_OVERRIDE_DEBUG=true environment variable to enable debug information generation.
[INFO] [stderr] 
[INFO] [stderr] Caused by:
[INFO] [stderr]   process didn't exit successfully: `/opt/rustwide/target/debug/build/xcb-b098549fdfbe4144/build-script-build` (exit status: 101)
[INFO] [stderr]   --- stderr
[INFO] [stderr]   error occured in handler:  ('request: ', ('xcb', 'SELinux', 'GetClientContext'))
[INFO] [stderr]   Traceback (most recent call last):
[INFO] [stderr]     File "/opt/rustwide/cargo-home/registry/src/index.crates.io-6f17d22bba15001f/xcb-0.8.2/rs_client.py", line 2448, in <module>
[INFO] [stderr]       module.generate()
[INFO] [stderr]     File "/opt/rustwide/cargo-home/registry/src/index.crates.io-6f17d22bba15001f/xcb-0.8.2/xcbgen/state.py", line 108, in generate
[INFO] [stderr]       self.close()
[INFO] [stderr]     File "/opt/rustwide/cargo-home/registry/src/index.crates.io-6f17d22bba15001f/xcb-0.8.2/rs_client.py", line 296, in rs_close
[INFO] [stderr]       _f.writeout(os.path.join(module.rs_srcdir, "ffi", "%s.rs" % _module_name(_ns.ext_name)))
[INFO] [stderr]     File "/opt/rustwide/cargo-home/registry/src/index.crates.io-6f17d22bba15001f/xcb-0.8.2/rs_client.py", line 114, in writeout
[INFO] [stderr]       with open(path, 'w') as f:
[INFO] [stderr]   OSError: [Errno 30] Read-only file system: '/opt/rustwide/cargo-home/registry/src/index.crates.io-6f17d22bba15001f/xcb-0.8.2/src/ffi/selinux.rs'
[INFO] [stderr]   thread 'main' panicked at /opt/rustwide/cargo-home/registry/src/index.crates.io-6f17d22bba15001f/xcb-0.8.2/build.rs:75:17:
[INFO] [stderr]   processing of /opt/rustwide/cargo-home/registry/src/index.crates.io-6f17d22bba15001f/xcb-0.8.2/xml/xselinux.xml returned non-zero (1)
[INFO] [stderr]   stack backtrace:
[INFO] [stderr]      0:     0x55b7e3d832cc - std::backtrace_rs::backtrace::libunwind::trace::ha637c64ce894333a
[INFO] [stderr]                                  at /rustc/82e1608dfa6e0b5569232559e3d385fea5a93112/library/std/src/../../backtrace/src/backtrace/libunwind.rs:104:5
[INFO] [stderr]      1:     0x55b7e3d832cc - std::backtrace_rs::backtrace::trace_unsynchronized::h47f62dea28e0c88d
[INFO] [stderr]                                  at /rustc/82e1608dfa6e0b5569232559e3d385fea5a93112/library/std/src/../../backtrace/src/backtrace/mod.rs:66:5
[INFO] [stderr]      2:     0x55b7e3d832cc - std::sys_common::backtrace::_print_fmt::h9eef0abe20ede486
[INFO] [stderr]                                  at /rustc/82e1608dfa6e0b5569232559e3d385fea5a93112/library/std/src/sys_common/backtrace.rs:67:5
[INFO] [stderr]      3:     0x55b7e3d832cc - <std::sys_common::backtrace::_print::DisplayBacktrace as core::fmt::Display>::fmt::hed7f999df88cc644
[INFO] [stderr]                                  at /rustc/82e1608dfa6e0b5569232559e3d385fea5a93112/library/std/src/sys_common/backtrace.rs:44:22
[INFO] [stderr]      4:     0x55b7e3da66c0 - core::fmt::rt::Argument::fmt::h1539a9308b8d058d
[INFO] [stderr]                                  at /rustc/82e1608dfa6e0b5569232559e3d385fea5a93112/library/core/src/fmt/rt.rs:142:9
[INFO] [stderr]      5:     0x55b7e3da66c0 - core::fmt::write::h3a39390d8560d9c9
[INFO] [stderr]                                  at /rustc/82e1608dfa6e0b5569232559e3d385fea5a93112/library/core/src/fmt/mod.rs:1120:17
[INFO] [stderr]      6:     0x55b7e3d8129f - std::io::Write::write_fmt::h5fc9997dfe05f882
[INFO] [stderr]                                  at /rustc/82e1608dfa6e0b5569232559e3d385fea5a93112/library/std/src/io/mod.rs:1762:15
[INFO] [stderr]      7:     0x55b7e3d830b4 - std::sys_common::backtrace::_print::h894006fb5c6f3d45
[INFO] [stderr]                                  at /rustc/82e1608dfa6e0b5569232559e3d385fea5a93112/library/std/src/sys_common/backtrace.rs:47:5
[INFO] [stderr]      8:     0x55b7e3d830b4 - std::sys_common::backtrace::print::h23a2d212c6fff936
[INFO] [stderr]                                  at /rustc/82e1608dfa6e0b5569232559e3d385fea5a93112/library/std/src/sys_common/backtrace.rs:34:9
[INFO] [stderr]      9:     0x55b7e3d84757 - std::panicking::default_hook::{{closure}}::h8a1d2ee00185001a
[INFO] [stderr]     10:     0x55b7e3d844bf - std::panicking::default_hook::h6038f2eba384e475
[INFO] [stderr]                                  at /rustc/82e1608dfa6e0b5569232559e3d385fea5a93112/library/std/src/panicking.rs:292:9
[INFO] [stderr]     11:     0x55b7e3d84bd8 - std::panicking::rust_panic_with_hook::h2b5517d590cab22e
[INFO] [stderr]                                  at /rustc/82e1608dfa6e0b5569232559e3d385fea5a93112/library/std/src/panicking.rs:779:13
[INFO] [stderr]     12:     0x55b7e3d84abe - std::panicking::begin_panic_handler::{{closure}}::h233112c06e0ef43e
[INFO] [stderr]                                  at /rustc/82e1608dfa6e0b5569232559e3d385fea5a93112/library/std/src/panicking.rs:657:13
[INFO] [stderr]     13:     0x55b7e3d83796 - std::sys_common::backtrace::__rust_end_short_backtrace::h6e893f24d7ebbff8
[INFO] [stderr]                                  at /rustc/82e1608dfa6e0b5569232559e3d385fea5a93112/library/std/src/sys_common/backtrace.rs:170:18
[INFO] [stderr]     14:     0x55b7e3d84822 - rust_begin_unwind
[INFO] [stderr]                                  at /rustc/82e1608dfa6e0b5569232559e3d385fea5a93112/library/std/src/panicking.rs:645:5
[INFO] [stderr]     15:     0x55b7e3d5d285 - core::panicking::panic_fmt::hbf0e066aabfa482c
[INFO] [stderr]                                  at /rustc/82e1608dfa6e0b5569232559e3d385fea5a93112/library/core/src/panicking.rs:72:14
[INFO] [stderr]     16:     0x55b7e3d631e1 - build_script_build::main::{{closure}}::hf03235a70d095b0d
[INFO] [stderr]     17:     0x55b7e3d620d5 - build_script_build::visit_xml::h3ab5235085f5c096
[INFO] [stderr]     18:     0x55b7e3d62773 - build_script_build::main::h201e4f4cfd3b68f5
[INFO] [stderr]     19:     0x55b7e3d5ee03 - core::ops::function::FnOnce::call_once::hacb7eb7a570fc6f3
[INFO] [stderr]     20:     0x55b7e3d5ddc6 - std::sys_common::backtrace::__rust_begin_short_backtrace::he1eaafd5b657c0da
[INFO] [stderr]     21:     0x55b7e3d5e509 - std::rt::lang_start::{{closure}}::ha59a1389172b44bb
[INFO] [stderr]     22:     0x55b7e3d7dfa7 - core::ops::function::impls::<impl core::ops::function::FnOnce<A> for &F>::call_once::hd95060ecd5e1ca24
[INFO] [stderr]                                  at /rustc/82e1608dfa6e0b5569232559e3d385fea5a93112/library/core/src/ops/function.rs:284:13
[INFO] [stderr]     23:     0x55b7e3d7dfa7 - std::panicking::try::do_call::h6e8cf51db32a6e4b
[INFO] [stderr]                                  at /rustc/82e1608dfa6e0b5569232559e3d385fea5a93112/library/std/src/panicking.rs:552:40
[INFO] [stderr]     24:     0x55b7e3d7dfa7 - std::panicking::try::h3a52eefe24fe3c29
[INFO] [stderr]                                  at /rustc/82e1608dfa6e0b5569232559e3d385fea5a93112/library/std/src/panicking.rs:516:19
[INFO] [stderr]     25:     0x55b7e3d7dfa7 - std::panic::catch_unwind::h24c28c23c02c3841
[INFO] [stderr]                                  at /rustc/82e1608dfa6e0b5569232559e3d385fea5a93112/library/std/src/panic.rs:142:14
[INFO] [stderr]     26:     0x55b7e3d7dfa7 - std::rt::lang_start_internal::{{closure}}::h705d3c9cbc06ef47
[INFO] [stderr]                                  at /rustc/82e1608dfa6e0b5569232559e3d385fea5a93112/library/std/src/rt.rs:148:48
[INFO] [stderr]     27:     0x55b7e3d7dfa7 - std::panicking::try::do_call::ha21f52ba13158470
[INFO] [stderr]                                  at /rustc/82e1608dfa6e0b5569232559e3d385fea5a93112/library/std/src/panicking.rs:552:40
[INFO] [stderr]     28:     0x55b7e3d7dfa7 - std::panicking::try::h5581346bf6aeb1f8
[INFO] [stderr]                                  at /rustc/82e1608dfa6e0b5569232559e3d385fea5a93112/library/std/src/panicking.rs:516:19
[INFO] [stderr]     29:     0x55b7e3d7dfa7 - std::panic::catch_unwind::h7919645a6b72e25b
[INFO] [stderr]                                  at /rustc/82e1608dfa6e0b5569232559e3d385fea5a93112/library/std/src/panic.rs:142:14
[INFO] [stderr]     30:     0x55b7e3d7dfa7 - std::rt::lang_start_internal::h12de51168669836e
[INFO] [stderr]                                  at /rustc/82e1608dfa6e0b5569232559e3d385fea5a93112/library/std/src/rt.rs:148:20
[INFO] [stderr]     31:     0x55b7e3d5e4e7 - std::rt::lang_start::h71e2a34e25cebe2a
[INFO] [stderr]     32:     0x55b7e3d63265 - main
[INFO] [stderr]     33:     0x7f811eee1d90 - <unknown>
[INFO] [stderr]     34:     0x7f811eee1e40 - __libc_start_main
[INFO] [stderr]     35:     0x55b7e3d5d9a5 - _start
[INFO] [stderr]     36:                0x0 - <unknown>
[INFO] [stderr] warning: build failed, waiting for other jobs to finish...
[INFO] running `Command { std: "docker" "inspect" "40717f1e970728339da7125795b32adabff6fc1844f8ccc13cdb8b00318485bf", kill_on_drop: false }`
[INFO] running `Command { std: "docker" "rm" "-f" "40717f1e970728339da7125795b32adabff6fc1844f8ccc13cdb8b00318485bf", kill_on_drop: false }`
[INFO] [stdout] 40717f1e970728339da7125795b32adabff6fc1844f8ccc13cdb8b00318485bf
[INFO] documenting passlane-2.2.2 against beta-2023-12-22 for beta-1.76-rustdoc-1
[INFO] extracting crate passlane 2.2.2 into /workspace/builds/worker-5-tc2/source
[INFO] validating manifest of crates.io crate passlane 2.2.2 on toolchain beta-2023-12-22
[INFO] running `Command { std: CARGO_HOME="/workspace/cargo-home" RUSTUP_HOME="/workspace/rustup-home" "/workspace/cargo-home/bin/cargo" "+beta-2023-12-22" "metadata" "--manifest-path" "Cargo.toml" "--no-deps", kill_on_drop: false }`
[INFO] started tweaking crates.io crate passlane 2.2.2
[INFO] finished tweaking crates.io crate passlane 2.2.2
[INFO] tweaked toml for crates.io crate passlane 2.2.2 written to /workspace/builds/worker-5-tc2/source/Cargo.toml
[INFO] crate crates.io crate passlane 2.2.2 already has a lockfile, it will not be regenerated
[INFO] running `Command { std: CARGO_HOME="/workspace/cargo-home" RUSTUP_HOME="/workspace/rustup-home" "/workspace/cargo-home/bin/cargo" "+beta-2023-12-22" "fetch" "--manifest-path" "Cargo.toml", kill_on_drop: false }`
[INFO] running `Command { std: "docker" "create" "-v" "/var/lib/crater-agent-workspace/builds/worker-5-tc2/target:/opt/rustwide/target:rw,Z" "-v" "/var/lib/crater-agent-workspace/builds/worker-5-tc2/source:/opt/rustwide/workdir:ro,Z" "-v" "/var/lib/crater-agent-workspace/cargo-home:/opt/rustwide/cargo-home:ro,Z" "-v" "/var/lib/crater-agent-workspace/rustup-home:/opt/rustwide/rustup-home:ro,Z" "-e" "SOURCE_DIR=/opt/rustwide/workdir" "-e" "CARGO_TARGET_DIR=/opt/rustwide/target" "-e" "CARGO_HOME=/opt/rustwide/cargo-home" "-e" "RUSTUP_HOME=/opt/rustwide/rustup-home" "-w" "/opt/rustwide/workdir" "-m" "1610612736" "--user" "0:0" "--network" "none" "ghcr.io/rust-lang/crates-build-env/linux@sha256:2788e3201cd34a07e3172128adcd8b3090168a8e3bcc40d7c032b9dda1df7d1c" "/opt/rustwide/cargo-home/bin/cargo" "+beta-2023-12-22" "metadata" "--no-deps" "--format-version=1", kill_on_drop: false }`
[INFO] [stdout] d6ae462670fe4f33e4546f0b6e73c8664e10f1c266e949320575addca147b414
[INFO] running `Command { std: "docker" "start" "-a" "d6ae462670fe4f33e4546f0b6e73c8664e10f1c266e949320575addca147b414", kill_on_drop: false }`
[INFO] running `Command { std: "docker" "inspect" "d6ae462670fe4f33e4546f0b6e73c8664e10f1c266e949320575addca147b414", kill_on_drop: false }`
[INFO] running `Command { std: "docker" "rm" "-f" "d6ae462670fe4f33e4546f0b6e73c8664e10f1c266e949320575addca147b414", kill_on_drop: false }`
[INFO] [stdout] d6ae462670fe4f33e4546f0b6e73c8664e10f1c266e949320575addca147b414
[INFO] running `Command { std: "docker" "create" "-v" "/var/lib/crater-agent-workspace/builds/worker-5-tc2/target:/opt/rustwide/target:rw,Z" "-v" "/var/lib/crater-agent-workspace/builds/worker-5-tc2/source:/opt/rustwide/workdir:ro,Z" "-v" "/var/lib/crater-agent-workspace/cargo-home:/opt/rustwide/cargo-home:ro,Z" "-v" "/var/lib/crater-agent-workspace/rustup-home:/opt/rustwide/rustup-home:ro,Z" "-e" "SOURCE_DIR=/opt/rustwide/workdir" "-e" "CARGO_TARGET_DIR=/opt/rustwide/target" "-e" "CARGO_INCREMENTAL=0" "-e" "RUST_BACKTRACE=full" "-e" "RUSTFLAGS=--cap-lints=warn" "-e" "RUSTDOCFLAGS=--cap-lints=warn" "-e" "CARGO_HOME=/opt/rustwide/cargo-home" "-e" "RUSTUP_HOME=/opt/rustwide/rustup-home" "-w" "/opt/rustwide/workdir" "-m" "1610612736" "--user" "0:0" "--network" "none" "ghcr.io/rust-lang/crates-build-env/linux@sha256:2788e3201cd34a07e3172128adcd8b3090168a8e3bcc40d7c032b9dda1df7d1c" "/opt/rustwide/cargo-home/bin/cargo" "+beta-2023-12-22" "doc" "--frozen" "--no-deps" "--document-private-items" "--message-format=json", kill_on_drop: false }`
[INFO] [stdout] 38d324e6851885262042ae52dd4b4ef3729fee22882b7641c8414bfa6535e658
[INFO] running `Command { std: "docker" "start" "-a" "38d324e6851885262042ae52dd4b4ef3729fee22882b7641c8414bfa6535e658", kill_on_drop: false }`
[INFO] [stderr]    Compiling libc v0.2.139
[INFO] [stderr]    Compiling proc-macro2 v1.0.47
[INFO] [stderr]    Compiling unicode-ident v1.0.5
[INFO] [stderr]    Compiling syn v1.0.103
[INFO] [stderr]    Compiling typenum v1.15.0
[INFO] [stderr]    Compiling log v0.4.16
[INFO] [stderr]     Checking once_cell v1.13.0
[INFO] [stderr]    Compiling cc v1.0.73
[INFO] [stderr]    Compiling serde_derive v1.0.137
[INFO] [stderr]    Compiling serde v1.0.137
[INFO] [stderr]    Compiling futures-core v0.3.21
[INFO] [stderr]    Compiling generic-array v0.14.5
[INFO] [stderr]    Compiling lock_api v0.4.7
[INFO] [stderr]    Compiling parking_lot_core v0.9.3
[INFO] [stderr]     Checking smallvec v1.8.1
[INFO] [stderr]     Checking scopeguard v1.1.0
[INFO] [stderr]    Compiling futures-task v0.3.21
[INFO] [stderr]     Checking futures-sink v0.3.21
[INFO] [stderr]     Checking futures-io v0.3.21
[INFO] [stderr]    Compiling futures-channel v0.3.21
[INFO] [stderr]     Checking slab v0.4.6
[INFO] [stderr]    Compiling futures-util v0.3.21
[INFO] [stderr]     Checking itoa v1.0.2
[INFO] [stderr]     Checking bytes v1.1.0
[INFO] [stderr]    Compiling num-traits v0.2.15
[INFO] [stderr]    Compiling tokio v1.20.0
[INFO] [stderr]    Compiling pkg-config v0.3.25
[INFO] [stderr]     Checking subtle v2.4.1
[INFO] [stderr]     Checking block-padding v0.2.1
[INFO] [stderr]    Compiling num-integer v0.1.45
[INFO] [stderr]     Checking cpufeatures v0.2.2
[INFO] [stderr]     Checking tracing-core v0.1.28
[INFO] [stderr]    Compiling indexmap v1.8.1
[INFO] [stderr]     Checking ryu v1.0.9
[INFO] [stderr]    Compiling httparse v1.7.1
[INFO] [stderr]    Compiling openssl v0.10.41
[INFO] [stderr]     Checking tinyvec_macros v0.1.0
[INFO] [stderr]     Checking foreign-types-shared v0.1.1
[INFO] [stderr]     Checking hashbrown v0.11.2
[INFO] [stderr]     Checking matches v0.1.9
[INFO] [stderr]     Checking http v0.2.8
[INFO] [stderr]     Checking foreign-types v0.3.2
[INFO] [stderr]     Checking tinyvec v1.6.0
[INFO] [stderr]    Compiling native-tls v0.2.10
[INFO] [stderr]     Checking try-lock v0.2.3
[INFO] [stderr]    Compiling serde_json v1.0.83
[INFO] [stderr]     Checking tracing v0.1.35
[INFO] [stderr]    Compiling quote v1.0.18
[INFO] [stderr]    Compiling memchr v2.5.0
[INFO] [stderr]    Compiling rustls v0.20.6
[INFO] [stderr]     Checking percent-encoding v2.1.0
[INFO] [stderr]     Checking want v0.3.0
[INFO] [stderr]     Checking form_urlencoded v1.0.1
[INFO] [stderr]    Compiling num-bigint v0.3.3
[INFO] [stderr]     Checking ppv-lite86 v0.2.16
[INFO] [stderr]    Compiling void v1.0.2
[INFO] [stderr]     Checking unicode-bidi v0.3.8
[INFO] [stderr]    Compiling ring v0.16.20
[INFO] [stderr]    Compiling openssl-sys v0.9.75
[INFO] [stderr]    Compiling unreachable v1.0.0
[INFO] [stderr]     Checking http-body v0.4.5
[INFO] [stderr]    Compiling num-iter v0.1.43
[INFO] [stderr]    Compiling num-rational v0.3.2
[INFO] [stderr]    Compiling signal-hook v0.3.14
[INFO] [stderr]     Checking unicode-normalization v0.1.21
[INFO] [stderr]     Checking parking v2.0.0
[INFO] [stderr]    Compiling io-lifetimes v1.0.4
[INFO] [stderr]    Compiling nix v0.17.0
[INFO] [stderr]     Checking socket2 v0.4.4
[INFO] [stderr]     Checking signal-hook-registry v1.4.0
[INFO] [stderr]     Checking mio v0.8.4
[INFO] [stderr]     Checking num_cpus v1.13.1
[INFO] [stderr]     Checking getrandom v0.2.6
[INFO] [stderr]     Checking waker-fn v1.1.0
[INFO] [stderr]    Compiling encoding_rs v0.8.31
[INFO] [stderr]     Checking parking_lot v0.12.1
[INFO] [stderr]     Checking rand_core v0.6.3
[INFO] [stderr]     Checking fastrand v1.7.0
[INFO] [stderr]    Compiling byteorder v1.4.3
[INFO] [stderr]    Compiling ascii v0.9.3
[INFO] [stderr]     Checking cache-padded v1.2.0
[INFO] [stderr]     Checking idna v0.2.3
[INFO] [stderr]     Checking rand_chacha v0.3.1
[INFO] [stderr]    Compiling either v1.7.0
[INFO] [stderr]     Checking concurrent-queue v1.2.2
[INFO] [stderr]     Checking futures-lite v1.12.0
[INFO] [stderr]    Compiling xcb v0.8.2
[INFO] [stderr]     Checking digest v0.9.0
[INFO] [stderr]     Checking block-buffer v0.9.0
[INFO] [stderr]     Checking cipher v0.2.5
[INFO] [stderr]     Checking crypto-mac v0.10.1
[INFO] [stderr]     Checking crypto-common v0.1.6
[INFO] [stderr]     Checking block-buffer v0.10.2
[INFO] [stderr]     Checking rand v0.8.5
[INFO] [stderr]    Compiling combine v3.8.1
[INFO] [stderr]     Checking hmac v0.10.1
[INFO] [stderr]     Checking sha2 v0.9.9
[INFO] [stderr]     Checking cipher v0.3.0
[INFO] [stderr]     Checking digest v0.10.3
[INFO] [stderr]     Checking polling v2.2.0
[INFO] [stderr]    Compiling rustix v0.36.7
[INFO] [stderr]     Checking cfg-if v0.1.10
[INFO] [stderr]    Compiling rustversion v1.0.7
[INFO] [stderr]     Checking aes-soft v0.6.4
[INFO] [stderr]     Checking rustls-pemfile v1.0.0
[INFO] [stderr]     Checking nb-connect v1.2.0
[INFO] [stderr]     Checking num-complex v0.3.1
[INFO] [stderr]     Checking scoped-tls v1.0.0
[INFO] [stderr] error: failed to run custom build command for `xcb v0.8.2`
[INFO] [stderr] note: To improve backtraces for build dependencies, set the CARGO_PROFILE_DEV_BUILD_OVERRIDE_DEBUG=true environment variable to enable debug information generation.
[INFO] [stderr] 
[INFO] [stderr] Caused by:
[INFO] [stderr]   process didn't exit successfully: `/opt/rustwide/target/debug/build/xcb-100ce6a9cc7bf0bf/build-script-build` (exit status: 101)
[INFO] [stderr]   --- stderr
[INFO] [stderr]   error occured in handler:  ('request: ', ('xcb', 'SELinux', 'GetClientContext'))
[INFO] [stderr]   Traceback (most recent call last):
[INFO] [stderr]     File "/opt/rustwide/cargo-home/registry/src/index.crates.io-6f17d22bba15001f/xcb-0.8.2/rs_client.py", line 2448, in <module>
[INFO] [stderr]       module.generate()
[INFO] [stderr]     File "/opt/rustwide/cargo-home/registry/src/index.crates.io-6f17d22bba15001f/xcb-0.8.2/xcbgen/state.py", line 108, in generate
[INFO] [stderr]       self.close()
[INFO] [stderr]     File "/opt/rustwide/cargo-home/registry/src/index.crates.io-6f17d22bba15001f/xcb-0.8.2/rs_client.py", line 296, in rs_close
[INFO] [stderr]       _f.writeout(os.path.join(module.rs_srcdir, "ffi", "%s.rs" % _module_name(_ns.ext_name)))
[INFO] [stderr]     File "/opt/rustwide/cargo-home/registry/src/index.crates.io-6f17d22bba15001f/xcb-0.8.2/rs_client.py", line 114, in writeout
[INFO] [stderr]       with open(path, 'w') as f:
[INFO] [stderr]   OSError: [Errno 30] Read-only file system: '/opt/rustwide/cargo-home/registry/src/index.crates.io-6f17d22bba15001f/xcb-0.8.2/src/ffi/selinux.rs'
[INFO] [stderr]   thread 'main' panicked at /opt/rustwide/cargo-home/registry/src/index.crates.io-6f17d22bba15001f/xcb-0.8.2/build.rs:75:17:
[INFO] [stderr]   processing of /opt/rustwide/cargo-home/registry/src/index.crates.io-6f17d22bba15001f/xcb-0.8.2/xml/xselinux.xml returned non-zero (1)
[INFO] [stderr]   stack backtrace:
[INFO] [stderr]      0:     0x55a788dd8376 - std::backtrace_rs::backtrace::libunwind::trace::h261606ad26a499c1
[INFO] [stderr]                                  at /rustc/0e09125c6c3c2fd70d7de961bcf0e51575235fad/library/std/src/../../backtrace/src/backtrace/libunwind.rs:104:5
[INFO] [stderr]      1:     0x55a788dd8376 - std::backtrace_rs::backtrace::trace_unsynchronized::hd183f0625477fb28
[INFO] [stderr]                                  at /rustc/0e09125c6c3c2fd70d7de961bcf0e51575235fad/library/std/src/../../backtrace/src/backtrace/mod.rs:66:5
[INFO] [stderr]      2:     0x55a788dd8376 - std::sys_common::backtrace::_print_fmt::hd7f8fef21b4eda67
[INFO] [stderr]                                  at /rustc/0e09125c6c3c2fd70d7de961bcf0e51575235fad/library/std/src/sys_common/backtrace.rs:68:5
[INFO] [stderr]      3:     0x55a788dd8376 - <std::sys_common::backtrace::_print::DisplayBacktrace as core::fmt::Display>::fmt::h623d9b51f2f453f1
[INFO] [stderr]                                  at /rustc/0e09125c6c3c2fd70d7de961bcf0e51575235fad/library/std/src/sys_common/backtrace.rs:44:22
[INFO] [stderr]      4:     0x55a788dfaaa0 - core::fmt::rt::Argument::fmt::h9f417ac76a86f368
[INFO] [stderr]                                  at /rustc/0e09125c6c3c2fd70d7de961bcf0e51575235fad/library/core/src/fmt/rt.rs:142:9
[INFO] [stderr]      5:     0x55a788dfaaa0 - core::fmt::write::hc9b6faf4ac2aeff7
[INFO] [stderr]                                  at /rustc/0e09125c6c3c2fd70d7de961bcf0e51575235fad/library/core/src/fmt/mod.rs:1120:17
[INFO] [stderr]      6:     0x55a788dd63ef - std::io::Write::write_fmt::hfead1eee52c2e65e
[INFO] [stderr]                                  at /rustc/0e09125c6c3c2fd70d7de961bcf0e51575235fad/library/std/src/io/mod.rs:1810:15
[INFO] [stderr]      7:     0x55a788dd8154 - std::sys_common::backtrace::_print::hd5d66399c7df88a2
[INFO] [stderr]                                  at /rustc/0e09125c6c3c2fd70d7de961bcf0e51575235fad/library/std/src/sys_common/backtrace.rs:47:5
[INFO] [stderr]      8:     0x55a788dd8154 - std::sys_common::backtrace::print::he81ed2da642d37e5
[INFO] [stderr]                                  at /rustc/0e09125c6c3c2fd70d7de961bcf0e51575235fad/library/std/src/sys_common/backtrace.rs:34:9
[INFO] [stderr]      9:     0x55a788dd9847 - std::panicking::default_hook::{{closure}}::h85773f4fa117163d
[INFO] [stderr]     10:     0x55a788dd95a9 - std::panicking::default_hook::h6a1694a91d09b278
[INFO] [stderr]                                  at /rustc/0e09125c6c3c2fd70d7de961bcf0e51575235fad/library/std/src/panicking.rs:292:9
[INFO] [stderr]     11:     0x55a788dd9cd8 - std::panicking::rust_panic_with_hook::h0a7ad96e90f7145b
[INFO] [stderr]                                  at /rustc/0e09125c6c3c2fd70d7de961bcf0e51575235fad/library/std/src/panicking.rs:779:13
[INFO] [stderr]     12:     0x55a788dd9bb2 - std::panicking::begin_panic_handler::{{closure}}::h7919090525c6485e
[INFO] [stderr]                                  at /rustc/0e09125c6c3c2fd70d7de961bcf0e51575235fad/library/std/src/panicking.rs:657:13
[INFO] [stderr]     13:     0x55a788dd8876 - std::sys_common::backtrace::__rust_end_short_backtrace::hf3289479464f7dfe
[INFO] [stderr]                                  at /rustc/0e09125c6c3c2fd70d7de961bcf0e51575235fad/library/std/src/sys_common/backtrace.rs:171:18
[INFO] [stderr]     14:     0x55a788dd9910 - rust_begin_unwind
[INFO] [stderr]                                  at /rustc/0e09125c6c3c2fd70d7de961bcf0e51575235fad/library/std/src/panicking.rs:645:5
[INFO] [stderr]     15:     0x55a788db2285 - core::panicking::panic_fmt::hcc9f77c5c132af55
[INFO] [stderr]                                  at /rustc/0e09125c6c3c2fd70d7de961bcf0e51575235fad/library/core/src/panicking.rs:72:14
[INFO] [stderr]     16:     0x55a788db81b1 - build_script_build::main::{{closure}}::h711ce03f1a520324
[INFO] [stderr]     17:     0x55a788db70a3 - build_script_build::visit_xml::h8f7b38fe49cf19ea
[INFO] [stderr]     18:     0x55a788db7743 - build_script_build::main::hb1e078f9ab8ae411
[INFO] [stderr]     19:     0x55a788db3d73 - core::ops::function::FnOnce::call_once::h9916e90c7a12b2ef
[INFO] [stderr]     20:     0x55a788db2dd6 - std::sys_common::backtrace::__rust_begin_short_backtrace::hd0a1e10d48fb2bf0
[INFO] [stderr]     21:     0x55a788db3509 - std::rt::lang_start::{{closure}}::hd560360275821047
[INFO] [stderr]     22:     0x55a788dd2fd1 - core::ops::function::impls::<impl core::ops::function::FnOnce<A> for &F>::call_once::h4eb4c5e1620f29b0
[INFO] [stderr]                                  at /rustc/0e09125c6c3c2fd70d7de961bcf0e51575235fad/library/core/src/ops/function.rs:284:13
[INFO] [stderr]     23:     0x55a788dd2fd1 - std::panicking::try::do_call::h73fd26535faffcdf
[INFO] [stderr]                                  at /rustc/0e09125c6c3c2fd70d7de961bcf0e51575235fad/library/std/src/panicking.rs:552:40
[INFO] [stderr]     24:     0x55a788dd2fd1 - std::panicking::try::h77ff1d98f0fb9f39
[INFO] [stderr]                                  at /rustc/0e09125c6c3c2fd70d7de961bcf0e51575235fad/library/std/src/panicking.rs:516:19
[INFO] [stderr]     25:     0x55a788dd2fd1 - std::panic::catch_unwind::hab3caf2448b95e37
[INFO] [stderr]                                  at /rustc/0e09125c6c3c2fd70d7de961bcf0e51575235fad/library/std/src/panic.rs:142:14
[INFO] [stderr]     26:     0x55a788dd2fd1 - std::rt::lang_start_internal::{{closure}}::h8086711f9c783f78
[INFO] [stderr]                                  at /rustc/0e09125c6c3c2fd70d7de961bcf0e51575235fad/library/std/src/rt.rs:148:48
[INFO] [stderr]     27:     0x55a788dd2fd1 - std::panicking::try::do_call::hf920d4dc291cd6ca
[INFO] [stderr]                                  at /rustc/0e09125c6c3c2fd70d7de961bcf0e51575235fad/library/std/src/panicking.rs:552:40
[INFO] [stderr]     28:     0x55a788dd2fd1 - std::panicking::try::h2b806ccc0a85db74
[INFO] [stderr]                                  at /rustc/0e09125c6c3c2fd70d7de961bcf0e51575235fad/library/std/src/panicking.rs:516:19
[INFO] [stderr]     29:     0x55a788dd2fd1 - std::panic::catch_unwind::h038489539c507df2
[INFO] [stderr]                                  at /rustc/0e09125c6c3c2fd70d7de961bcf0e51575235fad/library/std/src/panic.rs:142:14
[INFO] [stderr]     30:     0x55a788dd2fd1 - std::rt::lang_start_internal::h28503b88912e8a5c
[INFO] [stderr]                                  at /rustc/0e09125c6c3c2fd70d7de961bcf0e51575235fad/library/std/src/rt.rs:148:20
[INFO] [stderr]     31:     0x55a788db34e7 - std::rt::lang_start::h9d135de3fb0cf74f
[INFO] [stderr]     32:     0x55a788db8235 - main
[INFO] [stderr]     33:     0x7f4c4ac5ed90 - <unknown>
[INFO] [stderr]     34:     0x7f4c4ac5ee40 - __libc_start_main
[INFO] [stderr]     35:     0x55a788db29b5 - _start
[INFO] [stderr]     36:                0x0 - <unknown>
[INFO] [stderr] warning: build failed, waiting for other jobs to finish...
[INFO] running `Command { std: "docker" "inspect" "38d324e6851885262042ae52dd4b4ef3729fee22882b7641c8414bfa6535e658", kill_on_drop: false }`
[INFO] running `Command { std: "docker" "rm" "-f" "38d324e6851885262042ae52dd4b4ef3729fee22882b7641c8414bfa6535e658", kill_on_drop: false }`
[INFO] [stdout] 38d324e6851885262042ae52dd4b4ef3729fee22882b7641c8414bfa6535e658
