[INFO] fetching crate parity-dapps-glue 1.9.1...
[INFO] documenting parity-dapps-glue-1.9.1 against 1.75.0 for beta-1.76-rustdoc-1
[INFO] extracting crate parity-dapps-glue 1.9.1 into /workspace/builds/worker-3-tc1/source
[INFO] validating manifest of crates.io crate parity-dapps-glue 1.9.1 on toolchain 1.75.0
[INFO] running `Command { std: CARGO_HOME="/workspace/cargo-home" RUSTUP_HOME="/workspace/rustup-home" "/workspace/cargo-home/bin/cargo" "+1.75.0" "metadata" "--manifest-path" "Cargo.toml" "--no-deps", kill_on_drop: false }`
[INFO] started tweaking crates.io crate parity-dapps-glue 1.9.1
[INFO] finished tweaking crates.io crate parity-dapps-glue 1.9.1
[INFO] tweaked toml for crates.io crate parity-dapps-glue 1.9.1 written to /workspace/builds/worker-3-tc1/source/Cargo.toml
[INFO] running `Command { std: CARGO_HOME="/workspace/cargo-home" RUSTUP_HOME="/workspace/rustup-home" "/workspace/cargo-home/bin/cargo" "+1.75.0" "generate-lockfile" "--manifest-path" "Cargo.toml", kill_on_drop: false }`
[INFO] [stderr]     Updating crates.io index
[INFO] running `Command { std: CARGO_HOME="/workspace/cargo-home" RUSTUP_HOME="/workspace/rustup-home" "/workspace/cargo-home/bin/cargo" "+1.75.0" "fetch" "--manifest-path" "Cargo.toml", kill_on_drop: false }`
[INFO] [stderr]  Downloading crates ...
[INFO] [stderr]   Downloaded syntex v0.58.1
[INFO] [stderr]   Downloaded quasi_codegen v0.32.0
[INFO] [stderr]   Downloaded quasi v0.32.0
[INFO] [stderr]   Downloaded aster v0.41.0
[INFO] [stderr]   Downloaded bitflags v0.8.2
[INFO] [stderr]   Downloaded syntex_pos v0.58.1
[INFO] [stderr]   Downloaded semver v0.2.3
[INFO] [stderr]   Downloaded syntex_syntax v0.58.1
[INFO] [stderr]   Downloaded syntex_errors v0.58.1
[INFO] [stderr]   Downloaded quasi_macros v0.32.0
[INFO] [stderr]   Downloaded clippy v0.0.103
[INFO] [stderr]   Downloaded clippy_lints v0.0.103
[INFO] running `Command { std: "docker" "create" "-v" "/var/lib/crater-agent-workspace/builds/worker-3-tc1/target:/opt/rustwide/target:rw,Z" "-v" "/var/lib/crater-agent-workspace/builds/worker-3-tc1/source:/opt/rustwide/workdir:ro,Z" "-v" "/var/lib/crater-agent-workspace/cargo-home:/opt/rustwide/cargo-home:ro,Z" "-v" "/var/lib/crater-agent-workspace/rustup-home:/opt/rustwide/rustup-home:ro,Z" "-e" "SOURCE_DIR=/opt/rustwide/workdir" "-e" "CARGO_TARGET_DIR=/opt/rustwide/target" "-e" "CARGO_HOME=/opt/rustwide/cargo-home" "-e" "RUSTUP_HOME=/opt/rustwide/rustup-home" "-w" "/opt/rustwide/workdir" "-m" "1610612736" "--user" "0:0" "--network" "none" "ghcr.io/rust-lang/crates-build-env/linux@sha256:2788e3201cd34a07e3172128adcd8b3090168a8e3bcc40d7c032b9dda1df7d1c" "/opt/rustwide/cargo-home/bin/cargo" "+1.75.0" "metadata" "--no-deps" "--format-version=1", kill_on_drop: false }`
[INFO] [stdout] 64b57e1a528f91a33fa4ff536ea9281f732671929078b7d44c70f241c3b470c8
[INFO] running `Command { std: "docker" "start" "-a" "64b57e1a528f91a33fa4ff536ea9281f732671929078b7d44c70f241c3b470c8", kill_on_drop: false }`
[INFO] running `Command { std: "docker" "inspect" "64b57e1a528f91a33fa4ff536ea9281f732671929078b7d44c70f241c3b470c8", kill_on_drop: false }`
[INFO] running `Command { std: "docker" "rm" "-f" "64b57e1a528f91a33fa4ff536ea9281f732671929078b7d44c70f241c3b470c8", kill_on_drop: false }`
[INFO] [stdout] 64b57e1a528f91a33fa4ff536ea9281f732671929078b7d44c70f241c3b470c8
[INFO] running `Command { std: "docker" "create" "-v" "/var/lib/crater-agent-workspace/builds/worker-3-tc1/target:/opt/rustwide/target:rw,Z" "-v" "/var/lib/crater-agent-workspace/builds/worker-3-tc1/source:/opt/rustwide/workdir:ro,Z" "-v" "/var/lib/crater-agent-workspace/cargo-home:/opt/rustwide/cargo-home:ro,Z" "-v" "/var/lib/crater-agent-workspace/rustup-home:/opt/rustwide/rustup-home:ro,Z" "-e" "SOURCE_DIR=/opt/rustwide/workdir" "-e" "CARGO_TARGET_DIR=/opt/rustwide/target" "-e" "CARGO_INCREMENTAL=0" "-e" "RUST_BACKTRACE=full" "-e" "RUSTFLAGS=--cap-lints=warn" "-e" "RUSTDOCFLAGS=--cap-lints=warn" "-e" "CARGO_HOME=/opt/rustwide/cargo-home" "-e" "RUSTUP_HOME=/opt/rustwide/rustup-home" "-w" "/opt/rustwide/workdir" "-m" "1610612736" "--user" "0:0" "--network" "none" "ghcr.io/rust-lang/crates-build-env/linux@sha256:2788e3201cd34a07e3172128adcd8b3090168a8e3bcc40d7c032b9dda1df7d1c" "/opt/rustwide/cargo-home/bin/cargo" "+1.75.0" "doc" "--frozen" "--no-deps" "--document-private-items" "--message-format=json", kill_on_drop: false }`
[INFO] [stdout] 44fc2e9239c925333d0aa6638c35952923a6a5d5272d4ef1a6dee4cb025ba781
[INFO] running `Command { std: "docker" "start" "-a" "44fc2e9239c925333d0aa6638c35952923a6a5d5272d4ef1a6dee4cb025ba781", kill_on_drop: false }`
[INFO] [stderr]    Compiling rustc-serialize v0.3.25
[INFO] [stderr]    Compiling term v0.4.6
[INFO] [stderr]    Compiling log v0.4.20
[INFO] [stderr]    Compiling unicode-xid v0.0.4
[INFO] [stderr]    Compiling bitflags v0.8.2
[INFO] [stderr]     Checking glob v0.2.11
[INFO] [stderr]     Checking log v0.3.9
[INFO] [stderr]     Checking syntex_pos v0.58.1
[INFO] [stderr]     Checking syntex_errors v0.58.1
[INFO] [stderr]     Checking syntex_syntax v0.58.1
[INFO] [stdout] error[E0423]: expected function, tuple struct or tuple variant, found struct `ast::Name`
[INFO] [stdout]    --> /opt/rustwide/cargo-home/registry/src/index.crates.io-6f17d22bba15001f/syntex_syntax-0.58.1/src/symbol.rs:146:27
[INFO] [stdout]     |
[INFO] [stdout] 146 |                       name: ast::Name($index),
[INFO] [stdout]     |                             ^^^^^^^^^
[INFO] [stdout] ...
[INFO] [stdout] 165 | / declare_keywords! {
[INFO] [stdout] 166 | |     // Invalid identifier
[INFO] [stdout] 167 | |     (0,  Invalid,        "")
[INFO] [stdout] 168 | |
[INFO] [stdout] ...   |
[INFO] [stdout] 231 | |     (56, CrateRoot, "{{root}}")
[INFO] [stdout] 232 | | }
[INFO] [stdout]     | |_- in this macro invocation
[INFO] [stdout]     |
[INFO] [stdout]     = note: this error originates in the macro `declare_keywords` (in Nightly builds, run with -Z macro-backtrace for more info)
[INFO] [stdout] 
[INFO] [stdout] 
[INFO] [stdout] error[E0423]: expected function, tuple struct or tuple variant, found struct `ast::Name`
[INFO] [stdout]    --> /opt/rustwide/cargo-home/registry/src/index.crates.io-6f17d22bba15001f/syntex_syntax-0.58.1/src/symbol.rs:146:27
[INFO] [stdout]     |
[INFO] [stdout] 146 |                       name: ast::Name($index),
[INFO] [stdout]     |                             ^^^^^^^^^
[INFO] [stdout] ...
[INFO] [stdout] 165 | / declare_keywords! {
[INFO] [stdout] 166 | |     // Invalid identifier
[INFO] [stdout] 167 | |     (0,  Invalid,        "")
[INFO] [stdout] 168 | |
[INFO] [stdout] ...   |
[INFO] [stdout] 231 | |     (56, CrateRoot, "{{root}}")
[INFO] [stdout] 232 | | }
[INFO] [stdout]     | |_- in this macro invocation
[INFO] [stdout]     |
[INFO] [stdout]     = note: this error originates in the macro `declare_keywords` (in Nightly builds, run with -Z macro-backtrace for more info)
[INFO] [stdout] 
[INFO] [stdout] 
[INFO] [stdout] error: aborting due to previous error
[INFO] [stdout] 
[INFO] [stdout] 
[INFO] [stdout] For more information about this error, try `rustc --explain E0423`.
[INFO] [stdout] 
[INFO] [stderr] error: could not compile `syntex_syntax` (lib) due to 2 previous errors
[INFO] [stderr] warning: build failed, waiting for other jobs to finish...
[INFO] [stdout] error: aborting due to previous error
[INFO] [stdout] 
[INFO] [stdout] 
[INFO] [stdout] For more information about this error, try `rustc --explain E0423`.
[INFO] [stdout] 
[INFO] [stderr] error: could not compile `syntex_syntax` (lib) due to 2 previous errors
[INFO] running `Command { std: "docker" "inspect" "44fc2e9239c925333d0aa6638c35952923a6a5d5272d4ef1a6dee4cb025ba781", kill_on_drop: false }`
[INFO] running `Command { std: "docker" "rm" "-f" "44fc2e9239c925333d0aa6638c35952923a6a5d5272d4ef1a6dee4cb025ba781", kill_on_drop: false }`
[INFO] [stdout] 44fc2e9239c925333d0aa6638c35952923a6a5d5272d4ef1a6dee4cb025ba781
[INFO] documenting parity-dapps-glue-1.9.1 against beta-2023-12-22 for beta-1.76-rustdoc-1
[INFO] extracting crate parity-dapps-glue 1.9.1 into /workspace/builds/worker-3-tc2/source
[INFO] validating manifest of crates.io crate parity-dapps-glue 1.9.1 on toolchain beta-2023-12-22
[INFO] running `Command { std: CARGO_HOME="/workspace/cargo-home" RUSTUP_HOME="/workspace/rustup-home" "/workspace/cargo-home/bin/cargo" "+beta-2023-12-22" "metadata" "--manifest-path" "Cargo.toml" "--no-deps", kill_on_drop: false }`
[INFO] started tweaking crates.io crate parity-dapps-glue 1.9.1
[INFO] finished tweaking crates.io crate parity-dapps-glue 1.9.1
[INFO] tweaked toml for crates.io crate parity-dapps-glue 1.9.1 written to /workspace/builds/worker-3-tc2/source/Cargo.toml
[INFO] running `Command { std: CARGO_HOME="/workspace/cargo-home" RUSTUP_HOME="/workspace/rustup-home" "/workspace/cargo-home/bin/cargo" "+beta-2023-12-22" "generate-lockfile" "--manifest-path" "Cargo.toml", kill_on_drop: false }`
[INFO] [stderr]     Updating crates.io index
[INFO] running `Command { std: CARGO_HOME="/workspace/cargo-home" RUSTUP_HOME="/workspace/rustup-home" "/workspace/cargo-home/bin/cargo" "+beta-2023-12-22" "fetch" "--manifest-path" "Cargo.toml", kill_on_drop: false }`
[INFO] running `Command { std: "docker" "create" "-v" "/var/lib/crater-agent-workspace/builds/worker-3-tc2/target:/opt/rustwide/target:rw,Z" "-v" "/var/lib/crater-agent-workspace/builds/worker-3-tc2/source:/opt/rustwide/workdir:ro,Z" "-v" "/var/lib/crater-agent-workspace/cargo-home:/opt/rustwide/cargo-home:ro,Z" "-v" "/var/lib/crater-agent-workspace/rustup-home:/opt/rustwide/rustup-home:ro,Z" "-e" "SOURCE_DIR=/opt/rustwide/workdir" "-e" "CARGO_TARGET_DIR=/opt/rustwide/target" "-e" "CARGO_HOME=/opt/rustwide/cargo-home" "-e" "RUSTUP_HOME=/opt/rustwide/rustup-home" "-w" "/opt/rustwide/workdir" "-m" "1610612736" "--user" "0:0" "--network" "none" "ghcr.io/rust-lang/crates-build-env/linux@sha256:2788e3201cd34a07e3172128adcd8b3090168a8e3bcc40d7c032b9dda1df7d1c" "/opt/rustwide/cargo-home/bin/cargo" "+beta-2023-12-22" "metadata" "--no-deps" "--format-version=1", kill_on_drop: false }`
[INFO] [stdout] dfdfc57da5b3b6327d5f9edd65263ee7fdf93c3f3b23abffcf0adeeec92f7f38
[INFO] running `Command { std: "docker" "start" "-a" "dfdfc57da5b3b6327d5f9edd65263ee7fdf93c3f3b23abffcf0adeeec92f7f38", kill_on_drop: false }`
[INFO] running `Command { std: "docker" "inspect" "dfdfc57da5b3b6327d5f9edd65263ee7fdf93c3f3b23abffcf0adeeec92f7f38", kill_on_drop: false }`
[INFO] running `Command { std: "docker" "rm" "-f" "dfdfc57da5b3b6327d5f9edd65263ee7fdf93c3f3b23abffcf0adeeec92f7f38", kill_on_drop: false }`
[INFO] [stdout] dfdfc57da5b3b6327d5f9edd65263ee7fdf93c3f3b23abffcf0adeeec92f7f38
[INFO] running `Command { std: "docker" "create" "-v" "/var/lib/crater-agent-workspace/builds/worker-3-tc2/target:/opt/rustwide/target:rw,Z" "-v" "/var/lib/crater-agent-workspace/builds/worker-3-tc2/source:/opt/rustwide/workdir:ro,Z" "-v" "/var/lib/crater-agent-workspace/cargo-home:/opt/rustwide/cargo-home:ro,Z" "-v" "/var/lib/crater-agent-workspace/rustup-home:/opt/rustwide/rustup-home:ro,Z" "-e" "SOURCE_DIR=/opt/rustwide/workdir" "-e" "CARGO_TARGET_DIR=/opt/rustwide/target" "-e" "CARGO_INCREMENTAL=0" "-e" "RUST_BACKTRACE=full" "-e" "RUSTFLAGS=--cap-lints=warn" "-e" "RUSTDOCFLAGS=--cap-lints=warn" "-e" "CARGO_HOME=/opt/rustwide/cargo-home" "-e" "RUSTUP_HOME=/opt/rustwide/rustup-home" "-w" "/opt/rustwide/workdir" "-m" "1610612736" "--user" "0:0" "--network" "none" "ghcr.io/rust-lang/crates-build-env/linux@sha256:2788e3201cd34a07e3172128adcd8b3090168a8e3bcc40d7c032b9dda1df7d1c" "/opt/rustwide/cargo-home/bin/cargo" "+beta-2023-12-22" "doc" "--frozen" "--no-deps" "--document-private-items" "--message-format=json", kill_on_drop: false }`
[INFO] [stdout] bdaa9a74387b0e1c3b7b59f065a91c369bd35589c8902ebfc00d8aa80b02a8c2
[INFO] running `Command { std: "docker" "start" "-a" "bdaa9a74387b0e1c3b7b59f065a91c369bd35589c8902ebfc00d8aa80b02a8c2", kill_on_drop: false }`
[INFO] [stderr]    Compiling rustc-serialize v0.3.25
[INFO] [stderr]    Compiling unicode-xid v0.0.4
[INFO] [stderr]    Compiling term v0.4.6
[INFO] [stderr]    Compiling log v0.4.20
[INFO] [stderr]    Compiling bitflags v0.8.2
[INFO] [stderr]     Checking glob v0.2.11
[INFO] [stderr]     Checking log v0.3.9
[INFO] [stderr]     Checking syntex_pos v0.58.1
[INFO] [stderr]     Checking syntex_errors v0.58.1
[INFO] [stderr]     Checking syntex_syntax v0.58.1
[INFO] [stdout] error[E0423]: expected function, tuple struct or tuple variant, found struct `ast::Name`
[INFO] [stdout]    --> /opt/rustwide/cargo-home/registry/src/index.crates.io-6f17d22bba15001f/syntex_syntax-0.58.1/src/symbol.rs:146:27
[INFO] [stdout]     |
[INFO] [stdout] 146 |                       name: ast::Name($index),
[INFO] [stdout]     |                             ^^^^^^^^^
[INFO] [stdout] ...
[INFO] [stdout] 165 | / declare_keywords! {
[INFO] [stdout] 166 | |     // Invalid identifier
[INFO] [stdout] 167 | |     (0,  Invalid,        "")
[INFO] [stdout] 168 | |
[INFO] [stdout] ...   |
[INFO] [stdout] 231 | |     (56, CrateRoot, "{{root}}")
[INFO] [stdout] 232 | | }
[INFO] [stdout]     | |_- in this macro invocation
[INFO] [stdout]     |
[INFO] [stdout]     = note: this error originates in the macro `declare_keywords` (in Nightly builds, run with -Z macro-backtrace for more info)
[INFO] [stdout] 
[INFO] [stdout] 
[INFO] [stdout] error[E0423]: expected function, tuple struct or tuple variant, found struct `ast::Name`
[INFO] [stdout]    --> /opt/rustwide/cargo-home/registry/src/index.crates.io-6f17d22bba15001f/syntex_syntax-0.58.1/src/symbol.rs:146:27
[INFO] [stdout]     |
[INFO] [stdout] 146 |                       name: ast::Name($index),
[INFO] [stdout]     |                             ^^^^^^^^^
[INFO] [stdout] ...
[INFO] [stdout] 165 | / declare_keywords! {
[INFO] [stdout] 166 | |     // Invalid identifier
[INFO] [stdout] 167 | |     (0,  Invalid,        "")
[INFO] [stdout] 168 | |
[INFO] [stdout] ...   |
[INFO] [stdout] 231 | |     (56, CrateRoot, "{{root}}")
[INFO] [stdout] 232 | | }
[INFO] [stdout]     | |_- in this macro invocation
[INFO] [stdout]     |
[INFO] [stdout]     = note: this error originates in the macro `declare_keywords` (in Nightly builds, run with -Z macro-backtrace for more info)
[INFO] [stdout] 
[INFO] [stdout] 
[INFO] [stdout] error: aborting due to 1 previous error
[INFO] [stdout] 
[INFO] [stdout] 
[INFO] [stdout] For more information about this error, try `rustc --explain E0423`.
[INFO] [stdout] 
[INFO] [stderr] error: could not compile `syntex_syntax` (lib) due to 2 previous errors
[INFO] [stderr] warning: build failed, waiting for other jobs to finish...
[INFO] [stdout] error: aborting due to 1 previous error
[INFO] [stdout] 
[INFO] [stdout] 
[INFO] [stdout] For more information about this error, try `rustc --explain E0423`.
[INFO] [stdout] 
[INFO] [stderr] error: could not compile `syntex_syntax` (lib) due to 2 previous errors
[INFO] running `Command { std: "docker" "inspect" "bdaa9a74387b0e1c3b7b59f065a91c369bd35589c8902ebfc00d8aa80b02a8c2", kill_on_drop: false }`
[INFO] running `Command { std: "docker" "rm" "-f" "bdaa9a74387b0e1c3b7b59f065a91c369bd35589c8902ebfc00d8aa80b02a8c2", kill_on_drop: false }`
[INFO] [stdout] bdaa9a74387b0e1c3b7b59f065a91c369bd35589c8902ebfc00d8aa80b02a8c2
