[INFO] fetching crate pallet-ovm 1.7.1...
[INFO] documenting pallet-ovm-1.7.1 against 1.75.0 for beta-1.76-rustdoc-1
[INFO] extracting crate pallet-ovm 1.7.1 into /workspace/builds/worker-4-tc1/source
[INFO] validating manifest of crates.io crate pallet-ovm 1.7.1 on toolchain 1.75.0
[INFO] running `Command { std: CARGO_HOME="/workspace/cargo-home" RUSTUP_HOME="/workspace/rustup-home" "/workspace/cargo-home/bin/cargo" "+1.75.0" "metadata" "--manifest-path" "Cargo.toml" "--no-deps", kill_on_drop: false }`
[INFO] started tweaking crates.io crate pallet-ovm 1.7.1
[INFO] finished tweaking crates.io crate pallet-ovm 1.7.1
[INFO] tweaked toml for crates.io crate pallet-ovm 1.7.1 written to /workspace/builds/worker-4-tc1/source/Cargo.toml
[INFO] running `Command { std: CARGO_HOME="/workspace/cargo-home" RUSTUP_HOME="/workspace/rustup-home" "/workspace/cargo-home/bin/cargo" "+1.75.0" "generate-lockfile" "--manifest-path" "Cargo.toml", kill_on_drop: false }`
[INFO] [stderr]     Updating crates.io index
[INFO] running `Command { std: CARGO_HOME="/workspace/cargo-home" RUSTUP_HOME="/workspace/rustup-home" "/workspace/cargo-home/bin/cargo" "+1.75.0" "fetch" "--manifest-path" "Cargo.toml", kill_on_drop: false }`
[INFO] [stderr]  Downloading crates ...
[INFO] [stderr]   Downloaded memory-db v0.26.0
[INFO] [stderr]   Downloaded frame-support-procedural-tools-derive v3.0.0
[INFO] [stderr]   Downloaded frame-support-procedural v3.0.0
[INFO] [stderr]   Downloaded sp-api v3.0.0
[INFO] [stderr]   Downloaded frame-benchmarking v3.1.0
[INFO] [stderr]   Downloaded sp-runtime v3.0.0
[INFO] [stderr]   Downloaded sp-keystore v0.9.0
[INFO] [stderr]   Downloaded sp-staking v3.0.0
[INFO] [stderr]   Downloaded frame-system v3.0.0
[INFO] [stderr]   Downloaded pallet-balances v3.0.0
[INFO] [stderr]   Downloaded frame-support v3.0.0
[INFO] [stderr]   Downloaded sp-state-machine v0.9.0
[INFO] [stderr]   Downloaded sp-api-proc-macro v3.0.0
[INFO] [stderr]   Downloaded sp-core v3.0.0
[INFO] [stderr]   Downloaded parity-util-mem v0.9.0
[INFO] [stderr]   Downloaded sp-application-crypto v3.0.0
[INFO] [stderr]   Downloaded sp-panic-handler v3.0.0
[INFO] [stderr]   Downloaded sp-runtime-interface-proc-macro v3.0.0
[INFO] [stderr]   Downloaded sp-trie v3.0.0
[INFO] [stderr]   Downloaded sp-runtime-interface v3.0.0
[INFO] [stderr]   Downloaded impl-codec v0.5.1
[INFO] [stderr]   Downloaded primitive-types v0.9.1
[INFO] [stderr]   Downloaded sp-storage v3.0.0
[INFO] [stderr]   Downloaded sp-version v3.0.0
[INFO] [stderr]   Downloaded sp-externalities v0.9.0
[INFO] [stderr]   Downloaded sp-tracing v3.0.0
[INFO] [stderr]   Downloaded sp-io v3.0.0
[INFO] [stderr]   Downloaded frame-metadata v13.0.0
[INFO] [stderr]   Downloaded frame-support-procedural-tools v3.0.0
[INFO] [stderr]   Downloaded sp-inherents v3.0.0
[INFO] [stderr]   Downloaded sp-wasm-interface v3.0.0
[INFO] [stderr]   Downloaded ovmi v0.3.0
[INFO] running `Command { std: "docker" "create" "-v" "/var/lib/crater-agent-workspace/builds/worker-4-tc1/target:/opt/rustwide/target:rw,Z" "-v" "/var/lib/crater-agent-workspace/builds/worker-4-tc1/source:/opt/rustwide/workdir:ro,Z" "-v" "/var/lib/crater-agent-workspace/cargo-home:/opt/rustwide/cargo-home:ro,Z" "-v" "/var/lib/crater-agent-workspace/rustup-home:/opt/rustwide/rustup-home:ro,Z" "-e" "SOURCE_DIR=/opt/rustwide/workdir" "-e" "CARGO_TARGET_DIR=/opt/rustwide/target" "-e" "CARGO_HOME=/opt/rustwide/cargo-home" "-e" "RUSTUP_HOME=/opt/rustwide/rustup-home" "-w" "/opt/rustwide/workdir" "-m" "1610612736" "--user" "0:0" "--network" "none" "ghcr.io/rust-lang/crates-build-env/linux@sha256:2788e3201cd34a07e3172128adcd8b3090168a8e3bcc40d7c032b9dda1df7d1c" "/opt/rustwide/cargo-home/bin/cargo" "+1.75.0" "metadata" "--no-deps" "--format-version=1", kill_on_drop: false }`
[INFO] [stdout] 47e9b0c187bc80895721ed6e7708045854302376adf7340de7e5bdaa1d8298cd
[INFO] running `Command { std: "docker" "start" "-a" "47e9b0c187bc80895721ed6e7708045854302376adf7340de7e5bdaa1d8298cd", kill_on_drop: false }`
[INFO] running `Command { std: "docker" "inspect" "47e9b0c187bc80895721ed6e7708045854302376adf7340de7e5bdaa1d8298cd", kill_on_drop: false }`
[INFO] running `Command { std: "docker" "rm" "-f" "47e9b0c187bc80895721ed6e7708045854302376adf7340de7e5bdaa1d8298cd", kill_on_drop: false }`
[INFO] [stdout] 47e9b0c187bc80895721ed6e7708045854302376adf7340de7e5bdaa1d8298cd
[INFO] running `Command { std: "docker" "create" "-v" "/var/lib/crater-agent-workspace/builds/worker-4-tc1/target:/opt/rustwide/target:rw,Z" "-v" "/var/lib/crater-agent-workspace/builds/worker-4-tc1/source:/opt/rustwide/workdir:ro,Z" "-v" "/var/lib/crater-agent-workspace/cargo-home:/opt/rustwide/cargo-home:ro,Z" "-v" "/var/lib/crater-agent-workspace/rustup-home:/opt/rustwide/rustup-home:ro,Z" "-e" "SOURCE_DIR=/opt/rustwide/workdir" "-e" "CARGO_TARGET_DIR=/opt/rustwide/target" "-e" "CARGO_INCREMENTAL=0" "-e" "RUST_BACKTRACE=full" "-e" "RUSTFLAGS=--cap-lints=warn" "-e" "RUSTDOCFLAGS=--cap-lints=warn" "-e" "CARGO_HOME=/opt/rustwide/cargo-home" "-e" "RUSTUP_HOME=/opt/rustwide/rustup-home" "-w" "/opt/rustwide/workdir" "-m" "1610612736" "--user" "0:0" "--network" "none" "ghcr.io/rust-lang/crates-build-env/linux@sha256:2788e3201cd34a07e3172128adcd8b3090168a8e3bcc40d7c032b9dda1df7d1c" "/opt/rustwide/cargo-home/bin/cargo" "+1.75.0" "doc" "--frozen" "--no-deps" "--document-private-items" "--message-format=json", kill_on_drop: false }`
[INFO] [stdout] 1e084c7b5883a0d4b1bc29dad213ef1ea47a947781d222f67b4718551a824527
[INFO] running `Command { std: "docker" "start" "-a" "1e084c7b5883a0d4b1bc29dad213ef1ea47a947781d222f67b4718551a824527", kill_on_drop: false }`
[INFO] [stderr]    Compiling proc-macro2 v1.0.76
[INFO] [stderr]    Compiling hashbrown v0.14.3
[INFO] [stderr]    Compiling equivalent v1.0.1
[INFO] [stderr]    Compiling winnow v0.5.33
[INFO] [stderr]    Compiling toml_datetime v0.6.5
[INFO] [stderr]    Compiling libm v0.2.8
[INFO] [stderr]    Compiling num-traits v0.2.17
[INFO] [stderr]     Checking funty v1.1.0
[INFO] [stderr]     Checking subtle v2.4.1
[INFO] [stderr]     Checking arrayvec v0.7.4
[INFO] [stderr]     Checking sp-std v3.0.0
[INFO] [stderr]    Compiling num-rational v0.2.4
[INFO] [stderr]     Checking uint v0.9.5
[INFO] [stderr]     Checking fixed-hash v0.7.0
[INFO] [stderr]     Checking parity-wasm v0.41.0
[INFO] [stderr]     Checking hash-db v0.15.2
[INFO] [stderr]     Checking sha2 v0.8.2
[INFO] [stderr]    Compiling parity-util-mem v0.9.0
[INFO] [stderr]    Compiling anyhow v1.0.79
[INFO] [stderr]    Compiling thiserror v1.0.56
[INFO] [stderr]     Checking environmental v1.1.4
[INFO] [stderr]     Checking arrayvec v0.5.2
[INFO] [stderr]     Checking crypto-mac v0.8.0
[INFO] [stderr]     Checking crypto-mac v0.11.1
[INFO] [stderr]     Checking hash256-std-hasher v0.15.2
[INFO] [stderr]    Compiling ahash v0.7.7
[INFO] [stderr]     Checking libsecp256k1 v0.3.5
[INFO] [stderr]     Checking hmac v0.8.1
[INFO] [stderr]     Checking hmac v0.11.0
[INFO] [stderr]     Checking pbkdf2 v0.8.0
[INFO] [stderr]     Checking pbkdf2 v0.4.0
[INFO] [stderr]     Checking trie-root v0.16.0
[INFO] [stderr]     Checking sp-panic-handler v3.0.0
[INFO] [stderr]     Checking bitvec v0.20.4
[INFO] [stderr]    Compiling indexmap v2.1.0
[INFO] [stderr]    Compiling quote v1.0.35
[INFO] [stderr]     Checking hashbrown v0.11.2
[INFO] [stderr]    Compiling syn v2.0.48
[INFO] [stderr]    Compiling syn v1.0.109
[INFO] [stderr]     Checking wasmi-validation v0.3.0
[INFO] [stderr]     Checking trie-db v0.22.6
[INFO] [stderr]     Checking num-integer v0.1.45
[INFO] [stderr]     Checking chrono v0.4.31
[INFO] [stderr]     Checking integer-sqrt v0.1.5
[INFO] [stderr]    Compiling toml_edit v0.19.15
[INFO] [stderr]     Checking num-bigint v0.2.6
[INFO] [stderr]     Checking wasmi v0.6.2
[INFO] [stderr]    Compiling proc-macro-crate v1.3.1
[INFO] [stderr]    Compiling synstructure v0.12.6
[INFO] [stderr]    Compiling serde_derive v1.0.195
[INFO] [stderr]    Compiling zeroize_derive v1.4.2
[INFO] [stderr]    Compiling ref-cast-impl v1.0.22
[INFO] [stderr]    Compiling futures-macro v0.3.30
[INFO] [stderr]    Compiling thiserror-impl v1.0.56
[INFO] [stderr]    Compiling async-trait v0.1.77
[INFO] [stderr]    Compiling impl-trait-for-tuples v0.2.2
[INFO] [stderr]    Compiling parity-scale-codec-derive v2.3.1
[INFO] [stderr]    Compiling sp-debug-derive v3.0.0
[INFO] [stderr]    Compiling parity-util-mem-derive v0.1.0
[INFO] [stderr]    Compiling dyn-clonable-impl v0.9.0
[INFO] [stderr]    Compiling derive_more v0.99.17
[INFO] [stderr]    Compiling frame-support-procedural-tools-derive v3.0.0
[INFO] [stderr]     Checking ref-cast v1.0.22
[INFO] [stderr]     Checking zeroize v1.3.0
[INFO] [stderr]     Checking dyn-clonable v0.9.0
[INFO] [stderr]     Checking merlin v2.0.1
[INFO] [stderr]     Checking curve25519-dalek v2.1.3
[INFO] [stderr]     Checking curve25519-dalek v3.2.1
[INFO] [stderr]     Checking secrecy v0.7.0
[INFO] [stderr]     Checking futures-util v0.3.30
[INFO] [stderr]     Checking tiny-bip39 v0.8.2
[INFO] [stderr]     Checking serde v1.0.195
[INFO] [stderr]     Checking futures-executor v0.3.30
[INFO] [stderr]     Checking futures v0.3.30
[INFO] [stderr]     Checking parity-scale-codec v2.3.1
[INFO] [stderr]     Checking impl-serde v0.3.2
[INFO] [stderr]     Checking serde_json v1.0.111
[INFO] [stderr]     Checking tracing-serde v0.1.3
[INFO] [stderr]     Checking schnorrkel v0.9.1
[INFO] [stderr]     Checking ed25519-dalek v1.0.1
[INFO] [stderr]    Compiling toml v0.5.11
[INFO] [stderr]     Checking substrate-bip39 v0.4.5
[INFO] [stderr]     Checking impl-codec v0.5.1
[INFO] [stderr]     Checking sp-storage v3.0.0
[INFO] [stderr]     Checking sp-wasm-interface v3.0.0
[INFO] [stderr]     Checking sp-arithmetic v3.0.0
[INFO] [stderr]     Checking primitive-types v0.9.1
[INFO] [stderr]     Checking sp-externalities v0.9.0
[INFO] [stderr]     Checking tracing-subscriber v0.2.25
[INFO] [stderr]     Checking ovmi v0.3.0
[INFO] [stderr]    Compiling proc-macro-crate v0.1.5
[INFO] [stderr]    Compiling frame-support-procedural-tools v3.0.0
[INFO] [stdout] error[E0603]: module `group` is private
[INFO] [stdout]    --> /opt/rustwide/cargo-home/registry/src/index.crates.io-6f17d22bba15001f/frame-support-procedural-tools-3.0.0/src/syn_ext.rs:47:53
[INFO] [stdout]     |
[INFO] [stdout] 47  |                 let syn::group::$name { token, content } = syn::group::$parse(input)?;
[INFO] [stdout]     |                                                                 ^^^^^ private module
[INFO] [stdout]     |
[INFO] [stdout] note: the module `group` is defined here
[INFO] [stdout]    --> /opt/rustwide/cargo-home/registry/src/index.crates.io-6f17d22bba15001f/syn-1.0.109/src/lib.rs:308:1
[INFO] [stdout]     |
[INFO] [stdout] 308 | mod group;
[INFO] [stdout]     | ^^^^^^^^^
[INFO] [stdout] help: consider importing this function instead
[INFO] [stdout]     |
[INFO] [stdout] 47  |                 let syn::group::$name { token, content } = syn::__private::parse_braces(input)?;
[INFO] [stdout]     |                                                            ~~~~~~~~~~~~~~~~~~~~~~~~~~~~
[INFO] [stdout] 
[INFO] [stdout] 
[INFO] [stdout] error[E0603]: module `group` is private
[INFO] [stdout]    --> /opt/rustwide/cargo-home/registry/src/index.crates.io-6f17d22bba15001f/frame-support-procedural-tools-3.0.0/src/syn_ext.rs:47:14
[INFO] [stdout]     |
[INFO] [stdout] 47  |                 let syn::group::$name { token, content } = syn::group::$parse(input)?;
[INFO] [stdout]     |                          ^^^^^ private module
[INFO] [stdout] ...
[INFO] [stdout] 71  | groups_impl!(Braces, Brace, Brace, parse_braces);
[INFO] [stdout]     |              ------ struct `Braces` is not publicly re-exported
[INFO] [stdout]     |
[INFO] [stdout] note: the module `group` is defined here
[INFO] [stdout]    --> /opt/rustwide/cargo-home/registry/src/index.crates.io-6f17d22bba15001f/syn-1.0.109/src/lib.rs:308:1
[INFO] [stdout]     |
[INFO] [stdout] 308 | mod group;
[INFO] [stdout]     | ^^^^^^^^^
[INFO] [stdout] 
[INFO] [stdout] 
[INFO] [stdout] error[E0603]: module `group` is private
[INFO] [stdout]    --> /opt/rustwide/cargo-home/registry/src/index.crates.io-6f17d22bba15001f/frame-support-procedural-tools-3.0.0/src/syn_ext.rs:47:53
[INFO] [stdout]     |
[INFO] [stdout] 47  |                 let syn::group::$name { token, content } = syn::group::$parse(input)?;
[INFO] [stdout]     |                                                                 ^^^^^ private module
[INFO] [stdout]     |
[INFO] [stdout] note: the module `group` is defined here
[INFO] [stdout]    --> /opt/rustwide/cargo-home/registry/src/index.crates.io-6f17d22bba15001f/syn-1.0.109/src/lib.rs:308:1
[INFO] [stdout]     |
[INFO] [stdout] 308 | mod group;
[INFO] [stdout]     | ^^^^^^^^^
[INFO] [stdout] help: consider importing this function instead
[INFO] [stdout]     |
[INFO] [stdout] 47  |                 let syn::group::$name { token, content } = syn::__private::parse_brackets(input)?;
[INFO] [stdout]     |                                                            ~~~~~~~~~~~~~~~~~~~~~~~~~~~~~~
[INFO] [stdout] 
[INFO] [stdout] 
[INFO] [stdout] error[E0603]: module `group` is private
[INFO] [stdout]    --> /opt/rustwide/cargo-home/registry/src/index.crates.io-6f17d22bba15001f/frame-support-procedural-tools-3.0.0/src/syn_ext.rs:47:14
[INFO] [stdout]     |
[INFO] [stdout] 47  |                 let syn::group::$name { token, content } = syn::group::$parse(input)?;
[INFO] [stdout]     |                          ^^^^^ private module
[INFO] [stdout] ...
[INFO] [stdout] 72  | groups_impl!(Brackets, Bracket, Bracket, parse_brackets);
[INFO] [stdout]     |              -------- struct `Brackets` is not publicly re-exported
[INFO] [stdout]     |
[INFO] [stdout] note: the module `group` is defined here
[INFO] [stdout]    --> /opt/rustwide/cargo-home/registry/src/index.crates.io-6f17d22bba15001f/syn-1.0.109/src/lib.rs:308:1
[INFO] [stdout]     |
[INFO] [stdout] 308 | mod group;
[INFO] [stdout]     | ^^^^^^^^^
[INFO] [stdout] 
[INFO] [stdout] 
[INFO] [stdout] error[E0603]: module `group` is private
[INFO] [stdout]    --> /opt/rustwide/cargo-home/registry/src/index.crates.io-6f17d22bba15001f/frame-support-procedural-tools-3.0.0/src/syn_ext.rs:47:53
[INFO] [stdout]     |
[INFO] [stdout] 47  |                 let syn::group::$name { token, content } = syn::group::$parse(input)?;
[INFO] [stdout]     |                                                                 ^^^^^ private module
[INFO] [stdout]     |
[INFO] [stdout] note: the module `group` is defined here
[INFO] [stdout]    --> /opt/rustwide/cargo-home/registry/src/index.crates.io-6f17d22bba15001f/syn-1.0.109/src/lib.rs:308:1
[INFO] [stdout]     |
[INFO] [stdout] 308 | mod group;
[INFO] [stdout]     | ^^^^^^^^^
[INFO] [stdout] help: consider importing this function instead
[INFO] [stdout]     |
[INFO] [stdout] 47  |                 let syn::group::$name { token, content } = syn::__private::parse_parens(input)?;
[INFO] [stdout]     |                                                            ~~~~~~~~~~~~~~~~~~~~~~~~~~~~
[INFO] [stdout] 
[INFO] [stdout] 
[INFO] [stdout] error[E0603]: module `group` is private
[INFO] [stdout]    --> /opt/rustwide/cargo-home/registry/src/index.crates.io-6f17d22bba15001f/frame-support-procedural-tools-3.0.0/src/syn_ext.rs:47:14
[INFO] [stdout]     |
[INFO] [stdout] 47  |                 let syn::group::$name { token, content } = syn::group::$parse(input)?;
[INFO] [stdout]     |                          ^^^^^ private module
[INFO] [stdout] ...
[INFO] [stdout] 73  | groups_impl!(Parens, Paren, Parenthesis, parse_parens);
[INFO] [stdout]     |              ------ struct `Parens` is not publicly re-exported
[INFO] [stdout]     |
[INFO] [stdout] note: the module `group` is defined here
[INFO] [stdout]    --> /opt/rustwide/cargo-home/registry/src/index.crates.io-6f17d22bba15001f/syn-1.0.109/src/lib.rs:308:1
[INFO] [stdout]     |
[INFO] [stdout] 308 | mod group;
[INFO] [stdout]     | ^^^^^^^^^
[INFO] [stdout] 
[INFO] [stdout] 
[INFO] [stdout] error: aborting due to 6 previous errors
[INFO] [stdout] 
[INFO] [stdout] 
[INFO] [stdout] For more information about this error, try `rustc --explain E0603`.
[INFO] [stdout] 
[INFO] [stderr] error: could not compile `frame-support-procedural-tools` (lib) due to 7 previous errors
[INFO] [stderr] warning: build failed, waiting for other jobs to finish...
[INFO] running `Command { std: "docker" "inspect" "1e084c7b5883a0d4b1bc29dad213ef1ea47a947781d222f67b4718551a824527", kill_on_drop: false }`
[INFO] running `Command { std: "docker" "rm" "-f" "1e084c7b5883a0d4b1bc29dad213ef1ea47a947781d222f67b4718551a824527", kill_on_drop: false }`
[INFO] [stdout] 1e084c7b5883a0d4b1bc29dad213ef1ea47a947781d222f67b4718551a824527
