[INFO] fetching crate pallet-cosmos-abci 0.0.1...
[INFO] documenting pallet-cosmos-abci-0.0.1 against 1.75.0 for beta-1.76-rustdoc-1
[INFO] extracting crate pallet-cosmos-abci 0.0.1 into /workspace/builds/worker-6-tc1/source
[INFO] validating manifest of crates.io crate pallet-cosmos-abci 0.0.1 on toolchain 1.75.0
[INFO] running `Command { std: CARGO_HOME="/workspace/cargo-home" RUSTUP_HOME="/workspace/rustup-home" "/workspace/cargo-home/bin/cargo" "+1.75.0" "metadata" "--manifest-path" "Cargo.toml" "--no-deps", kill_on_drop: false }`
[INFO] started tweaking crates.io crate pallet-cosmos-abci 0.0.1
[INFO] finished tweaking crates.io crate pallet-cosmos-abci 0.0.1
[INFO] tweaked toml for crates.io crate pallet-cosmos-abci 0.0.1 written to /workspace/builds/worker-6-tc1/source/Cargo.toml
[INFO] running `Command { std: CARGO_HOME="/workspace/cargo-home" RUSTUP_HOME="/workspace/rustup-home" "/workspace/cargo-home/bin/cargo" "+1.75.0" "generate-lockfile" "--manifest-path" "Cargo.toml", kill_on_drop: false }`
[INFO] [stderr]     Updating crates.io index
[INFO] running `Command { std: CARGO_HOME="/workspace/cargo-home" RUSTUP_HOME="/workspace/rustup-home" "/workspace/cargo-home/bin/cargo" "+1.75.0" "fetch" "--manifest-path" "Cargo.toml", kill_on_drop: false }`
[INFO] [stderr]  Downloading crates ...
[INFO] [stderr]   Downloaded sp-std v2.0.1
[INFO] [stderr]   Downloaded tower v0.3.1
[INFO] [stderr]   Downloaded sp-wasm-interface v2.0.1
[INFO] [stderr]   Downloaded sp-api v2.0.1
[INFO] [stderr]   Downloaded sp-inherents v2.0.1
[INFO] [stderr]   Downloaded tonic v0.3.1
[INFO] [stderr]   Downloaded sp-application-crypto v2.0.1
[INFO] [stderr]   Downloaded trie-root v0.16.0
[INFO] [stderr]   Downloaded sp-panic-handler v2.0.1
[INFO] [stderr]   Downloaded parity-util-mem-derive v0.1.0
[INFO] [stderr]   Downloaded memory-db v0.24.1
[INFO] [stderr]   Downloaded fixed-hash v0.6.1
[INFO] [stderr]   Downloaded parity-scale-codec-derive v1.2.3
[INFO] [stderr]   Downloaded tower-load-shed v0.3.0
[INFO] [stderr]   Downloaded tower-retry v0.3.0
[INFO] [stderr]   Downloaded uint v0.8.5
[INFO] [stderr]   Downloaded alt_serde v1.0.119
[INFO] [stderr]   Downloaded alt_serde_derive v1.0.119
[INFO] [stderr]   Downloaded mockall v0.8.3
[INFO] [stderr]   Downloaded sp-core v2.0.1
[INFO] [stderr]   Downloaded sp-runtime v2.0.1
[INFO] [stderr]   Downloaded sp-state-machine v0.8.1
[INFO] [stderr]   Downloaded mockall_derive v0.8.3
[INFO] [stderr]   Downloaded sp-runtime-interface-proc-macro v2.0.1
[INFO] [stderr]   Downloaded sp-io v2.0.1
[INFO] [stderr]   Downloaded trie-db v0.22.6
[INFO] [stderr]   Downloaded frame-system v2.0.1
[INFO] [stderr]   Downloaded frame-support v2.0.1
[INFO] [stderr]   Downloaded bitvec v0.17.4
[INFO] [stderr]   Downloaded parity-wasm v0.41.0
[INFO] [stderr]   Downloaded sp-trie v2.0.1
[INFO] [stderr]   Downloaded sp-tracing v2.0.1
[INFO] [stderr]   Downloaded bitmask v0.5.0
[INFO] [stderr]   Downloaded sp-externalities v0.8.1
[INFO] [stderr]   Downloaded sp-storage v2.0.1
[INFO] [stderr]   Downloaded frame-support-procedural v2.0.1
[INFO] [stderr]   Downloaded sp-runtime-interface v2.0.1
[INFO] [stderr]   Downloaded frame-support-procedural-tools-derive v2.0.1
[INFO] [stderr]   Downloaded tonic-build v0.3.1
[INFO] [stderr]   Downloaded secrecy v0.6.0
[INFO] [stderr]   Downloaded parity-util-mem v0.7.0
[INFO] [stderr]   Downloaded sp-api-proc-macro v2.0.1
[INFO] [stderr]   Downloaded primitive-types v0.7.3
[INFO] [stderr]   Downloaded tower-timeout v0.3.0
[INFO] [stderr]   Downloaded sp-debug-derive v2.0.1
[INFO] [stderr]   Downloaded impl-codec v0.4.2
[INFO] [stderr]   Downloaded tower-util v0.3.1
[INFO] [stderr]   Downloaded sp-version v2.0.1
[INFO] [stderr]   Downloaded frame-support-procedural-tools v2.0.1
[INFO] [stderr]   Downloaded parity-scale-codec v1.3.7
[INFO] [stderr]   Downloaded wasmi-validation v0.3.0
[INFO] [stderr]   Downloaded tiny-bip39 v0.7.3
[INFO] [stderr]   Downloaded wasmi v0.6.2
[INFO] [stderr]   Downloaded sp-arithmetic v2.0.1
[INFO] [stderr]   Downloaded frame-metadata v12.0.1
[INFO] [stderr]   Downloaded testcontainers v0.10.0
[INFO] [stderr]   Downloaded pallet-abci v0.0.1
[INFO] running `Command { std: "docker" "create" "-v" "/var/lib/crater-agent-workspace/builds/worker-6-tc1/target:/opt/rustwide/target:rw,Z" "-v" "/var/lib/crater-agent-workspace/builds/worker-6-tc1/source:/opt/rustwide/workdir:ro,Z" "-v" "/var/lib/crater-agent-workspace/cargo-home:/opt/rustwide/cargo-home:ro,Z" "-v" "/var/lib/crater-agent-workspace/rustup-home:/opt/rustwide/rustup-home:ro,Z" "-e" "SOURCE_DIR=/opt/rustwide/workdir" "-e" "CARGO_TARGET_DIR=/opt/rustwide/target" "-e" "CARGO_HOME=/opt/rustwide/cargo-home" "-e" "RUSTUP_HOME=/opt/rustwide/rustup-home" "-w" "/opt/rustwide/workdir" "-m" "1610612736" "--user" "0:0" "--network" "none" "ghcr.io/rust-lang/crates-build-env/linux@sha256:2788e3201cd34a07e3172128adcd8b3090168a8e3bcc40d7c032b9dda1df7d1c" "/opt/rustwide/cargo-home/bin/cargo" "+1.75.0" "metadata" "--no-deps" "--format-version=1", kill_on_drop: false }`
[INFO] [stdout] 03a5de30a77a12ba40d54d5faa6ddb2ec92d526501ae7217a761baee8d6e58fe
[INFO] running `Command { std: "docker" "start" "-a" "03a5de30a77a12ba40d54d5faa6ddb2ec92d526501ae7217a761baee8d6e58fe", kill_on_drop: false }`
[INFO] running `Command { std: "docker" "inspect" "03a5de30a77a12ba40d54d5faa6ddb2ec92d526501ae7217a761baee8d6e58fe", kill_on_drop: false }`
[INFO] running `Command { std: "docker" "rm" "-f" "03a5de30a77a12ba40d54d5faa6ddb2ec92d526501ae7217a761baee8d6e58fe", kill_on_drop: false }`
[INFO] [stdout] 03a5de30a77a12ba40d54d5faa6ddb2ec92d526501ae7217a761baee8d6e58fe
[INFO] running `Command { std: "docker" "create" "-v" "/var/lib/crater-agent-workspace/builds/worker-6-tc1/target:/opt/rustwide/target:rw,Z" "-v" "/var/lib/crater-agent-workspace/builds/worker-6-tc1/source:/opt/rustwide/workdir:ro,Z" "-v" "/var/lib/crater-agent-workspace/cargo-home:/opt/rustwide/cargo-home:ro,Z" "-v" "/var/lib/crater-agent-workspace/rustup-home:/opt/rustwide/rustup-home:ro,Z" "-e" "SOURCE_DIR=/opt/rustwide/workdir" "-e" "CARGO_TARGET_DIR=/opt/rustwide/target" "-e" "CARGO_INCREMENTAL=0" "-e" "RUST_BACKTRACE=full" "-e" "RUSTFLAGS=--cap-lints=warn" "-e" "RUSTDOCFLAGS=--cap-lints=warn" "-e" "CARGO_HOME=/opt/rustwide/cargo-home" "-e" "RUSTUP_HOME=/opt/rustwide/rustup-home" "-w" "/opt/rustwide/workdir" "-m" "1610612736" "--user" "0:0" "--network" "none" "ghcr.io/rust-lang/crates-build-env/linux@sha256:2788e3201cd34a07e3172128adcd8b3090168a8e3bcc40d7c032b9dda1df7d1c" "/opt/rustwide/cargo-home/bin/cargo" "+1.75.0" "doc" "--frozen" "--no-deps" "--document-private-items" "--message-format=json", kill_on_drop: false }`
[INFO] [stdout] 235ba158abad98b8f0b142d3a947217bff523358d67785ac4fe0b6204ca4ee06
[INFO] running `Command { std: "docker" "start" "-a" "235ba158abad98b8f0b142d3a947217bff523358d67785ac4fe0b6204ca4ee06", kill_on_drop: false }`
[INFO] [stderr]    Compiling proc-macro2 v1.0.76
[INFO] [stderr]    Compiling libc v0.2.151
[INFO] [stderr]    Compiling syn v1.0.109
[INFO] [stderr]     Checking memchr v2.7.1
[INFO] [stderr]     Checking smallvec v1.11.2
[INFO] [stderr]    Compiling serde v1.0.195
[INFO] [stderr]     Checking futures-core v0.3.30
[INFO] [stderr]     Checking byteorder v1.5.0
[INFO] [stderr]     Checking arrayvec v0.5.2
[INFO] [stderr]     Checking futures-sink v0.3.30
[INFO] [stderr]     Checking either v1.9.0
[INFO] [stderr]     Checking radium v0.3.0
[INFO] [stderr]     Checking byte-slice-cast v0.3.5
[INFO] [stderr]     Checking futures-task v0.3.30
[INFO] [stderr]     Checking futures-io v0.3.30
[INFO] [stderr]     Checking subtle v2.4.1
[INFO] [stderr]     Checking regex-syntax v0.8.2
[INFO] [stderr]     Checking futures-channel v0.3.30
[INFO] [stderr]    Compiling num-bigint v0.2.6
[INFO] [stderr]    Compiling serde_json v1.0.111
[INFO] [stderr]     Checking sp-std v2.0.1
[INFO] [stderr]     Checking bitvec v0.17.4
[INFO] [stderr]     Checking crypto-mac v0.7.0
[INFO] [stderr]    Compiling num-rational v0.2.4
[INFO] [stderr]     Checking block-buffer v0.7.3
[INFO] [stderr]     Checking iana-time-zone v0.1.59
[INFO] [stderr]    Compiling ref-cast v1.0.22
[INFO] [stderr]     Checking sha2 v0.8.2
[INFO] [stderr]     Checking chrono v0.4.31
[INFO] [stderr]     Checking uint v0.8.5
[INFO] [stderr]    Compiling hashbrown v0.8.2
[INFO] [stderr]     Checking parity-wasm v0.41.0
[INFO] [stderr]     Checking lock_api v0.3.4
[INFO] [stderr]     Checking matchers v0.0.1
[INFO] [stderr]    Compiling quote v1.0.35
[INFO] [stderr]     Checking aho-corasick v1.1.2
[INFO] [stderr]     Checking object v0.32.2
[INFO] [stderr]     Checking hmac v0.7.1
[INFO] [stderr]     Checking crypto-mac v0.11.1
[INFO] [stderr]     Checking hash-db v0.15.2
[INFO] [stderr]    Compiling pin-project-internal v0.4.30
[INFO] [stderr]    Compiling parity-util-mem v0.7.0
[INFO] [stderr]    Compiling syn v2.0.48
[INFO] [stderr]     Checking ahash v0.3.8
[INFO] [stderr]     Checking sha2 v0.9.9
[INFO] [stderr]    Compiling indexmap v1.9.3
[INFO] [stderr]     Checking environmental v1.1.4
[INFO] [stderr]     Checking hmac v0.11.0
[INFO] [stderr]     Checking pbkdf2 v0.8.0
[INFO] [stderr]     Checking hmac-drbg v0.2.0
[INFO] [stderr]     Checking pbkdf2 v0.3.0
[INFO] [stderr]     Checking dyn-clone v1.0.16
[INFO] [stderr]     Checking wasmi-validation v0.3.0
[INFO] [stderr]    Compiling anyhow v1.0.79
[INFO] [stderr]     Checking blake2-rfc v0.2.18
[INFO] [stderr]     Checking hash256-std-hasher v0.15.2
[INFO] [stderr]     Checking trie-root v0.16.0
[INFO] [stderr]    Compiling proc-macro-hack v0.5.20+deprecated
[INFO] [stderr]    Compiling rustix v0.38.28
[INFO] [stderr]    Compiling linux-raw-sys v0.4.12
[INFO] [stderr]    Compiling bitflags v2.4.1
[INFO] [stderr]    Compiling itertools v0.8.2
[INFO] [stderr]     Checking integer-sqrt v0.1.5
[INFO] [stderr]    Compiling fastrand v2.0.1
[INFO] [stderr]     Checking parking_lot_core v0.9.9
[INFO] [stderr]     Checking getrandom v0.1.16
[INFO] [stderr]     Checking num_cpus v1.16.0
[INFO] [stderr]    Compiling cc v1.0.83
[INFO] [stderr]     Checking regex-automata v0.4.3
[INFO] [stderr]     Checking getrandom v0.2.11
[INFO] [stderr]     Checking rand_core v0.5.1
[INFO] [stderr]     Checking iovec v0.1.4
[INFO] [stderr]     Checking net2 v0.2.39
[INFO] [stderr]     Checking parking_lot_core v0.7.3
[INFO] [stderr]     Checking once_cell v1.19.0
[INFO] [stderr]     Checking wasmi v0.6.2
[INFO] [stderr]    Compiling which v3.1.1
[INFO] [stderr]     Checking rand_core v0.6.4
[INFO] [stderr]     Checking rand_chacha v0.2.2
[INFO] [stderr]     Checking rand_pcg v0.2.1
[INFO] [stderr]     Checking tracing-core v0.1.32
[INFO] [stderr]     Checking mio v0.6.23
[INFO] [stderr]     Checking thread_local v1.1.7
[INFO] [stderr]     Checking rand_chacha v0.3.1
[INFO] [stderr]     Checking rand v0.7.3
[INFO] [stderr]     Checking parking_lot v0.10.2
[INFO] [stderr]     Checking ahash v0.7.7
[INFO] [stderr]     Checking rand v0.8.5
[INFO] [stderr]     Checking tracing-log v0.1.4
[INFO] [stderr]     Checking hashbrown v0.11.2
[INFO] [stderr]    Compiling prost-build v0.6.1
[INFO] [stderr]    Compiling paste-impl v0.1.18
[INFO] [stderr]     Checking tokio v0.2.25
[INFO] [stderr]    Compiling petgraph v0.5.1
[INFO] [stderr]     Checking fixed-hash v0.6.1
[INFO] [stderr]     Checking libsecp256k1 v0.3.5
[INFO] [stderr]     Checking trie-db v0.22.6
[INFO] [stderr]     Checking twox-hash v1.6.3
[INFO] [stderr]     Checking http v0.2.11
[INFO] [stderr]    Compiling log v0.4.20
[INFO] [stderr]    Compiling backtrace v0.3.69
[INFO] [stderr]    Compiling ring v0.16.20
[INFO] [stderr]     Checking paste v0.1.18
[INFO] [stderr]     Checking try-lock v0.2.5
[INFO] [stderr]     Checking predicates-core v1.0.6
[INFO] [stderr]    Compiling async-trait v0.1.77
[INFO] [stderr]     Checking want v0.3.1
[INFO] [stderr]     Checking socket2 v0.3.19
[INFO] [stderr]     Checking float-cmp v0.8.0
[INFO] [stderr]     Checking itoa v0.4.8
[INFO] [stderr]     Checking fragile v2.0.0
[INFO] [stderr]     Checking normalize-line-endings v0.3.0
[INFO] [stderr]    Compiling alt_serde_derive v1.0.119
[INFO] [stderr]     Checking termtree v0.4.1
[INFO] [stderr]     Checking fragile v1.2.2
[INFO] [stderr]     Checking http-body v0.3.1
[INFO] [stderr]     Checking downcast v0.10.0
[INFO] [stderr]     Checking percent-encoding v2.3.1
[INFO] [stderr]    Compiling alt_serde v1.0.119
[INFO] [stderr]     Checking bitmask v0.5.0
[INFO] [stderr]     Checking predicates-tree v1.0.9
[INFO] [stderr]     Checking regex v1.10.2
[INFO] [stderr]     Checking sp-panic-handler v2.0.1
[INFO] [stderr]     Checking predicates v1.0.8
[INFO] [stderr]    Compiling tempfile v3.9.0
[INFO] [stderr]    Compiling synstructure v0.12.6
[INFO] [stderr]    Compiling Inflector v0.11.4
[INFO] [stderr]     Checking tokio-util v0.3.1
[INFO] [stderr]     Checking tower-make v0.3.0
[INFO] [stderr]    Compiling serde_derive v1.0.195
[INFO] [stderr]    Compiling tracing-attributes v0.1.27
[INFO] [stderr]    Compiling futures-macro v0.3.30
[INFO] [stderr]    Compiling zeroize_derive v1.4.2
[INFO] [stderr]    Compiling ref-cast-impl v1.0.22
[INFO] [stderr]    Compiling pin-project-internal v1.1.3
[INFO] [stderr]    Compiling impl-trait-for-tuples v0.1.3
[INFO] [stderr]    Compiling sp-debug-derive v2.0.1
[INFO] [stderr]    Compiling failure_derive v0.1.8
[INFO] [stderr]    Compiling parity-util-mem-derive v0.1.0
[INFO] [stderr]    Compiling dyn-clonable-impl v0.9.0
[INFO] [stderr]    Compiling derive_more v0.99.17
[INFO] [stderr]     Checking zeroize v1.3.0
[INFO] [stderr]    Compiling prost-derive v0.6.1
[INFO] [stderr]     Checking merlin v2.0.1
[INFO] [stderr]     Checking curve25519-dalek v2.1.3
[INFO] [stderr]     Checking curve25519-dalek v3.2.1
[INFO] [stderr]     Checking dyn-clonable v0.9.0
[INFO] [stderr]     Checking secrecy v0.6.0
[INFO] [stderr]    Compiling frame-support-procedural-tools-derive v2.0.1
[INFO] [stderr]    Compiling async-stream-impl v0.2.1
[INFO] [stderr]     Checking webpki v0.21.4
[INFO] [stderr]     Checking sct v0.6.1
[INFO] [stderr]     Checking failure v0.1.8
[INFO] [stderr]    Compiling mockall_derive v0.8.3
[INFO] [stderr]     Checking futures-util v0.3.30
[INFO] [stderr]     Checking pin-project v1.1.3
[INFO] [stderr]     Checking tiny-bip39 v0.7.3
[INFO] [stderr]     Checking rustls v0.18.1
[INFO] [stderr]     Checking schnorrkel v0.9.1
[INFO] [stderr]     Checking tracing v0.1.40
[INFO] [stderr]     Checking substrate-bip39 v0.4.5
[INFO] [stderr]     Checking async-stream v0.2.1
[INFO] [stderr]     Checking tracing-futures v0.2.5
[INFO] [stderr]     Checking pin-project v0.4.30
[INFO] [stderr]     Checking tower-discover v0.3.0
[INFO] [stderr]    Compiling prost v0.6.1
[INFO] [stderr]     Checking tower-load v0.3.0
[INFO] [stderr]     Checking tower-retry v0.3.0
[INFO] [stderr]     Checking tower-load-shed v0.3.0
[INFO] [stderr]     Checking tower-timeout v0.3.0
[INFO] [stderr]     Checking tower-buffer v0.3.0
[INFO] [stderr]     Checking tower-limit v0.3.1
[INFO] [stderr]     Checking prost-types v0.6.1
[INFO] [stderr]     Checking tokio-rustls v0.14.1
[INFO] [stderr]     Checking futures-executor v0.3.30
[INFO] [stderr]     Checking h2 v0.2.7
[INFO] [stderr]     Checking tower-util v0.3.1
[INFO] [stderr]     Checking tower-ready-cache v0.3.1
[INFO] [stderr]     Checking tower-balance v0.3.0
[INFO] [stderr]     Checking futures v0.3.30
[INFO] [stderr]     Checking tower v0.3.1
[INFO] [stderr]    Compiling tonic-build v0.3.1
[INFO] [stderr]     Checking mockall v0.8.3
[INFO] [stderr]    Compiling pallet-abci v0.0.1
[INFO] [stderr]    Compiling toml v0.5.11
[INFO] [stderr]     Checking impl-serde v0.3.2
[INFO] [stderr]     Checking tracing-serde v0.1.3
[INFO] [stderr]     Checking ed25519-dalek v1.0.1
[INFO] [stderr]     Checking tracing-subscriber v0.2.25
[INFO] [stderr]    Compiling proc-macro-crate v0.1.5
[INFO] [stderr]    Compiling frame-support-procedural-tools v2.0.1
[INFO] [stdout] error[E0603]: module `group` is private
[INFO] [stdout]    --> /opt/rustwide/cargo-home/registry/src/index.crates.io-6f17d22bba15001f/frame-support-procedural-tools-2.0.1/src/syn_ext.rs:47:53
[INFO] [stdout]     |
[INFO] [stdout] 47  |                 let syn::group::$name { token, content } = syn::group::$parse(input)?;
[INFO] [stdout]     |                                                                 ^^^^^ private module
[INFO] [stdout]     |
[INFO] [stdout] note: the module `group` is defined here
[INFO] [stdout]    --> /opt/rustwide/cargo-home/registry/src/index.crates.io-6f17d22bba15001f/syn-1.0.109/src/lib.rs:308:1
[INFO] [stdout]     |
[INFO] [stdout] 308 | mod group;
[INFO] [stdout]     | ^^^^^^^^^
[INFO] [stdout] help: consider importing this function instead
[INFO] [stdout]     |
[INFO] [stdout] 47  |                 let syn::group::$name { token, content } = syn::__private::parse_braces(input)?;
[INFO] [stdout]     |                                                            ~~~~~~~~~~~~~~~~~~~~~~~~~~~~
[INFO] [stdout] 
[INFO] [stdout] 
[INFO] [stdout] error[E0603]: module `group` is private
[INFO] [stdout]    --> /opt/rustwide/cargo-home/registry/src/index.crates.io-6f17d22bba15001f/frame-support-procedural-tools-2.0.1/src/syn_ext.rs:47:14
[INFO] [stdout]     |
[INFO] [stdout] 47  |                 let syn::group::$name { token, content } = syn::group::$parse(input)?;
[INFO] [stdout]     |                          ^^^^^ private module
[INFO] [stdout] ...
[INFO] [stdout] 71  | groups_impl!(Braces, Brace, Brace, parse_braces);
[INFO] [stdout]     |              ------ struct `Braces` is not publicly re-exported
[INFO] [stdout]     |
[INFO] [stdout] note: the module `group` is defined here
[INFO] [stdout]    --> /opt/rustwide/cargo-home/registry/src/index.crates.io-6f17d22bba15001f/syn-1.0.109/src/lib.rs:308:1
[INFO] [stdout]     |
[INFO] [stdout] 308 | mod group;
[INFO] [stdout]     | ^^^^^^^^^
[INFO] [stdout] 
[INFO] [stdout] 
[INFO] [stdout] error[E0603]: module `group` is private
[INFO] [stdout]    --> /opt/rustwide/cargo-home/registry/src/index.crates.io-6f17d22bba15001f/frame-support-procedural-tools-2.0.1/src/syn_ext.rs:47:53
[INFO] [stdout]     |
[INFO] [stdout] 47  |                 let syn::group::$name { token, content } = syn::group::$parse(input)?;
[INFO] [stdout]     |                                                                 ^^^^^ private module
[INFO] [stdout]     |
[INFO] [stdout] note: the module `group` is defined here
[INFO] [stdout]    --> /opt/rustwide/cargo-home/registry/src/index.crates.io-6f17d22bba15001f/syn-1.0.109/src/lib.rs:308:1
[INFO] [stdout]     |
[INFO] [stdout] 308 | mod group;
[INFO] [stdout]     | ^^^^^^^^^
[INFO] [stdout] help: consider importing this function instead
[INFO] [stdout]     |
[INFO] [stdout] 47  |                 let syn::group::$name { token, content } = syn::__private::parse_brackets(input)?;
[INFO] [stdout]     |                                                            ~~~~~~~~~~~~~~~~~~~~~~~~~~~~~~
[INFO] [stdout] 
[INFO] [stdout] 
[INFO] [stdout] error[E0603]: module `group` is private
[INFO] [stdout]    --> /opt/rustwide/cargo-home/registry/src/index.crates.io-6f17d22bba15001f/frame-support-procedural-tools-2.0.1/src/syn_ext.rs:47:14
[INFO] [stdout]     |
[INFO] [stdout] 47  |                 let syn::group::$name { token, content } = syn::group::$parse(input)?;
[INFO] [stdout]     |                          ^^^^^ private module
[INFO] [stdout] ...
[INFO] [stdout] 72  | groups_impl!(Brackets, Bracket, Bracket, parse_brackets);
[INFO] [stdout]     |              -------- struct `Brackets` is not publicly re-exported
[INFO] [stdout]     |
[INFO] [stdout] note: the module `group` is defined here
[INFO] [stdout]    --> /opt/rustwide/cargo-home/registry/src/index.crates.io-6f17d22bba15001f/syn-1.0.109/src/lib.rs:308:1
[INFO] [stdout]     |
[INFO] [stdout] 308 | mod group;
[INFO] [stdout]     | ^^^^^^^^^
[INFO] [stdout] 
[INFO] [stdout] 
[INFO] [stdout] error[E0603]: module `group` is private
[INFO] [stdout]    --> /opt/rustwide/cargo-home/registry/src/index.crates.io-6f17d22bba15001f/frame-support-procedural-tools-2.0.1/src/syn_ext.rs:47:53
[INFO] [stdout]     |
[INFO] [stdout] 47  |                 let syn::group::$name { token, content } = syn::group::$parse(input)?;
[INFO] [stdout]     |                                                                 ^^^^^ private module
[INFO] [stdout]     |
[INFO] [stdout] note: the module `group` is defined here
[INFO] [stdout]    --> /opt/rustwide/cargo-home/registry/src/index.crates.io-6f17d22bba15001f/syn-1.0.109/src/lib.rs:308:1
[INFO] [stdout]     |
[INFO] [stdout] 308 | mod group;
[INFO] [stdout]     | ^^^^^^^^^
[INFO] [stdout] help: consider importing this function instead
[INFO] [stdout]     |
[INFO] [stdout] 47  |                 let syn::group::$name { token, content } = syn::__private::parse_parens(input)?;
[INFO] [stdout]     |                                                            ~~~~~~~~~~~~~~~~~~~~~~~~~~~~
[INFO] [stdout] 
[INFO] [stdout] 
[INFO] [stdout] error[E0603]: module `group` is private
[INFO] [stdout]    --> /opt/rustwide/cargo-home/registry/src/index.crates.io-6f17d22bba15001f/frame-support-procedural-tools-2.0.1/src/syn_ext.rs:47:14
[INFO] [stdout]     |
[INFO] [stdout] 47  |                 let syn::group::$name { token, content } = syn::group::$parse(input)?;
[INFO] [stdout]     |                          ^^^^^ private module
[INFO] [stdout] ...
[INFO] [stdout] 73  | groups_impl!(Parens, Paren, Parenthesis, parse_parens);
[INFO] [stdout]     |              ------ struct `Parens` is not publicly re-exported
[INFO] [stdout]     |
[INFO] [stdout] note: the module `group` is defined here
[INFO] [stdout]    --> /opt/rustwide/cargo-home/registry/src/index.crates.io-6f17d22bba15001f/syn-1.0.109/src/lib.rs:308:1
[INFO] [stdout]     |
[INFO] [stdout] 308 | mod group;
[INFO] [stdout]     | ^^^^^^^^^
[INFO] [stdout] 
[INFO] [stdout] 
[INFO] [stdout] error: aborting due to 6 previous errors
[INFO] [stdout] 
[INFO] [stdout] 
[INFO] [stdout] For more information about this error, try `rustc --explain E0603`.
[INFO] [stdout] 
[INFO] [stderr]    Compiling parity-scale-codec-derive v1.2.3
[INFO] [stderr]    Compiling sp-runtime-interface-proc-macro v2.0.1
[INFO] [stderr]    Compiling sp-api-proc-macro v2.0.1
[INFO] [stderr] error: could not compile `frame-support-procedural-tools` (lib) due to 7 previous errors
[INFO] [stderr] warning: build failed, waiting for other jobs to finish...
[INFO] [stderr] error: failed to run custom build command for `pallet-abci v0.0.1`
[INFO] [stderr] note: To improve backtraces for build dependencies, set the CARGO_PROFILE_DEV_BUILD_OVERRIDE_DEBUG=true environment variable to enable debug information generation.
[INFO] [stderr] 
[INFO] [stderr] Caused by:
[INFO] [stderr]   process didn't exit successfully: `/opt/rustwide/target/debug/build/pallet-abci-e72c0df76a96f1a1/build-script-build` (exit status: 1)
[INFO] [stderr]   --- stderr
[INFO] [stderr]   error: 'rustfmt' is not installed for the toolchain '1.75.0-x86_64-unknown-linux-gnu'
[INFO] [stderr]   To install, run `rustup component add rustfmt --toolchain 1.75.0-x86_64-unknown-linux-gnu`
[INFO] running `Command { std: "docker" "inspect" "235ba158abad98b8f0b142d3a947217bff523358d67785ac4fe0b6204ca4ee06", kill_on_drop: false }`
[INFO] running `Command { std: "docker" "rm" "-f" "235ba158abad98b8f0b142d3a947217bff523358d67785ac4fe0b6204ca4ee06", kill_on_drop: false }`
[INFO] [stdout] 235ba158abad98b8f0b142d3a947217bff523358d67785ac4fe0b6204ca4ee06
[INFO] documenting pallet-cosmos-abci-0.0.1 against beta-2023-12-22 for beta-1.76-rustdoc-1
[INFO] extracting crate pallet-cosmos-abci 0.0.1 into /workspace/builds/worker-6-tc2/source
[INFO] validating manifest of crates.io crate pallet-cosmos-abci 0.0.1 on toolchain beta-2023-12-22
[INFO] running `Command { std: CARGO_HOME="/workspace/cargo-home" RUSTUP_HOME="/workspace/rustup-home" "/workspace/cargo-home/bin/cargo" "+beta-2023-12-22" "metadata" "--manifest-path" "Cargo.toml" "--no-deps", kill_on_drop: false }`
[INFO] started tweaking crates.io crate pallet-cosmos-abci 0.0.1
[INFO] finished tweaking crates.io crate pallet-cosmos-abci 0.0.1
[INFO] tweaked toml for crates.io crate pallet-cosmos-abci 0.0.1 written to /workspace/builds/worker-6-tc2/source/Cargo.toml
[INFO] running `Command { std: CARGO_HOME="/workspace/cargo-home" RUSTUP_HOME="/workspace/rustup-home" "/workspace/cargo-home/bin/cargo" "+beta-2023-12-22" "generate-lockfile" "--manifest-path" "Cargo.toml", kill_on_drop: false }`
[INFO] [stderr]     Updating crates.io index
[INFO] running `Command { std: CARGO_HOME="/workspace/cargo-home" RUSTUP_HOME="/workspace/rustup-home" "/workspace/cargo-home/bin/cargo" "+beta-2023-12-22" "fetch" "--manifest-path" "Cargo.toml", kill_on_drop: false }`
[INFO] running `Command { std: "docker" "create" "-v" "/var/lib/crater-agent-workspace/builds/worker-6-tc2/target:/opt/rustwide/target:rw,Z" "-v" "/var/lib/crater-agent-workspace/builds/worker-6-tc2/source:/opt/rustwide/workdir:ro,Z" "-v" "/var/lib/crater-agent-workspace/cargo-home:/opt/rustwide/cargo-home:ro,Z" "-v" "/var/lib/crater-agent-workspace/rustup-home:/opt/rustwide/rustup-home:ro,Z" "-e" "SOURCE_DIR=/opt/rustwide/workdir" "-e" "CARGO_TARGET_DIR=/opt/rustwide/target" "-e" "CARGO_HOME=/opt/rustwide/cargo-home" "-e" "RUSTUP_HOME=/opt/rustwide/rustup-home" "-w" "/opt/rustwide/workdir" "-m" "1610612736" "--user" "0:0" "--network" "none" "ghcr.io/rust-lang/crates-build-env/linux@sha256:2788e3201cd34a07e3172128adcd8b3090168a8e3bcc40d7c032b9dda1df7d1c" "/opt/rustwide/cargo-home/bin/cargo" "+beta-2023-12-22" "metadata" "--no-deps" "--format-version=1", kill_on_drop: false }`
[INFO] [stdout] ef3244214c17f8c96d3de21d693a20231afa5f7b94004c174bf2e560e6c0e72b
[INFO] running `Command { std: "docker" "start" "-a" "ef3244214c17f8c96d3de21d693a20231afa5f7b94004c174bf2e560e6c0e72b", kill_on_drop: false }`
[INFO] running `Command { std: "docker" "inspect" "ef3244214c17f8c96d3de21d693a20231afa5f7b94004c174bf2e560e6c0e72b", kill_on_drop: false }`
[INFO] running `Command { std: "docker" "rm" "-f" "ef3244214c17f8c96d3de21d693a20231afa5f7b94004c174bf2e560e6c0e72b", kill_on_drop: false }`
[INFO] [stdout] ef3244214c17f8c96d3de21d693a20231afa5f7b94004c174bf2e560e6c0e72b
[INFO] running `Command { std: "docker" "create" "-v" "/var/lib/crater-agent-workspace/builds/worker-6-tc2/target:/opt/rustwide/target:rw,Z" "-v" "/var/lib/crater-agent-workspace/builds/worker-6-tc2/source:/opt/rustwide/workdir:ro,Z" "-v" "/var/lib/crater-agent-workspace/cargo-home:/opt/rustwide/cargo-home:ro,Z" "-v" "/var/lib/crater-agent-workspace/rustup-home:/opt/rustwide/rustup-home:ro,Z" "-e" "SOURCE_DIR=/opt/rustwide/workdir" "-e" "CARGO_TARGET_DIR=/opt/rustwide/target" "-e" "CARGO_INCREMENTAL=0" "-e" "RUST_BACKTRACE=full" "-e" "RUSTFLAGS=--cap-lints=warn" "-e" "RUSTDOCFLAGS=--cap-lints=warn" "-e" "CARGO_HOME=/opt/rustwide/cargo-home" "-e" "RUSTUP_HOME=/opt/rustwide/rustup-home" "-w" "/opt/rustwide/workdir" "-m" "1610612736" "--user" "0:0" "--network" "none" "ghcr.io/rust-lang/crates-build-env/linux@sha256:2788e3201cd34a07e3172128adcd8b3090168a8e3bcc40d7c032b9dda1df7d1c" "/opt/rustwide/cargo-home/bin/cargo" "+beta-2023-12-22" "doc" "--frozen" "--no-deps" "--document-private-items" "--message-format=json", kill_on_drop: false }`
[INFO] [stdout] fcb756f813aab10c771e878cb92a099f54efe01c5ea5edf3f9da602e3fcf2121
[INFO] running `Command { std: "docker" "start" "-a" "fcb756f813aab10c771e878cb92a099f54efe01c5ea5edf3f9da602e3fcf2121", kill_on_drop: false }`
[INFO] [stderr]    Compiling proc-macro2 v1.0.76
[INFO] [stderr]    Compiling libc v0.2.151
[INFO] [stderr]    Compiling syn v1.0.109
[INFO] [stderr]     Checking memchr v2.7.1
[INFO] [stderr]     Checking smallvec v1.11.2
[INFO] [stderr]    Compiling serde v1.0.195
[INFO] [stderr]     Checking futures-core v0.3.30
[INFO] [stderr]     Checking byteorder v1.5.0
[INFO] [stderr]     Checking arrayvec v0.5.2
[INFO] [stderr]     Checking futures-sink v0.3.30
[INFO] [stderr]     Checking radium v0.3.0
[INFO] [stderr]     Checking either v1.9.0
[INFO] [stderr]     Checking byte-slice-cast v0.3.5
[INFO] [stderr]     Checking futures-task v0.3.30
[INFO] [stderr]     Checking futures-io v0.3.30
[INFO] [stderr]     Checking subtle v2.4.1
[INFO] [stderr]     Checking regex-syntax v0.8.2
[INFO] [stderr]     Checking futures-channel v0.3.30
[INFO] [stderr]    Compiling num-bigint v0.2.6
[INFO] [stderr]     Checking sp-std v2.0.1
[INFO] [stderr]    Compiling serde_json v1.0.111
[INFO] [stderr]     Checking crypto-mac v0.7.0
[INFO] [stderr]     Checking block-buffer v0.7.3
[INFO] [stderr]     Checking bitvec v0.17.4
[INFO] [stderr]    Compiling num-rational v0.2.4
[INFO] [stderr]     Checking iana-time-zone v0.1.59
[INFO] [stderr]    Compiling ref-cast v1.0.22
[INFO] [stderr]     Checking sha2 v0.8.2
[INFO] [stderr]     Checking uint v0.8.5
[INFO] [stderr]    Compiling hashbrown v0.8.2
[INFO] [stderr]     Checking chrono v0.4.31
[INFO] [stderr]     Checking parity-wasm v0.41.0
[INFO] [stderr]     Checking lock_api v0.3.4
[INFO] [stderr]     Checking matchers v0.0.1
[INFO] [stderr]     Checking hmac v0.7.1
[INFO] [stderr]    Compiling quote v1.0.35
[INFO] [stderr]     Checking crypto-mac v0.11.1
[INFO] [stderr]    Compiling pin-project-internal v0.4.30
[INFO] [stderr]    Compiling aho-corasick v1.1.2
[INFO] [stderr]    Compiling syn v2.0.48
[INFO] [stderr]     Checking object v0.32.2
[INFO] [stderr]    Compiling parity-util-mem v0.7.0
[INFO] [stderr]     Checking hash-db v0.15.2
[INFO] [stderr]     Checking ahash v0.3.8
[INFO] [stderr]     Checking sha2 v0.9.9
[INFO] [stderr]    Compiling indexmap v1.9.3
[INFO] [stderr]     Checking environmental v1.1.4
[INFO] [stderr]     Checking hmac v0.11.0
[INFO] [stderr]     Checking pbkdf2 v0.8.0
[INFO] [stderr]     Checking hmac-drbg v0.2.0
[INFO] [stderr]     Checking pbkdf2 v0.3.0
[INFO] [stderr]     Checking dyn-clone v1.0.16
[INFO] [stderr]     Checking blake2-rfc v0.2.18
[INFO] [stderr]    Compiling anyhow v1.0.79
[INFO] [stderr]     Checking hash256-std-hasher v0.15.2
[INFO] [stderr]     Checking trie-root v0.16.0
[INFO] [stderr]     Checking wasmi-validation v0.3.0
[INFO] [stderr]    Compiling proc-macro-hack v0.5.20+deprecated
[INFO] [stderr]    Compiling rustix v0.38.28
[INFO] [stderr]    Compiling linux-raw-sys v0.4.12
[INFO] [stderr]    Compiling bitflags v2.4.1
[INFO] [stderr]    Compiling itertools v0.8.2
[INFO] [stderr]     Checking parking_lot_core v0.9.9
[INFO] [stderr]     Checking getrandom v0.1.16
[INFO] [stderr]     Checking num_cpus v1.16.0
[INFO] [stderr]     Checking getrandom v0.2.11
[INFO] [stderr]     Checking net2 v0.2.39
[INFO] [stderr]     Checking once_cell v1.19.0
[INFO] [stderr]     Checking rand_core v0.5.1
[INFO] [stderr]     Checking iovec v0.1.4
[INFO] [stderr]     Checking rand_core v0.6.4
[INFO] [stderr]     Checking parking_lot_core v0.7.3
[INFO] [stderr]     Checking wasmi v0.6.2
[INFO] [stderr]     Checking tracing-core v0.1.32
[INFO] [stderr]     Checking thread_local v1.1.7
[INFO] [stderr]     Checking mio v0.6.23
[INFO] [stderr]     Checking rand_chacha v0.3.1
[INFO] [stderr]     Checking rand_chacha v0.2.2
[INFO] [stderr]     Checking rand_pcg v0.2.1
[INFO] [stderr]     Checking regex-automata v0.4.3
[INFO] [stderr]     Checking parking_lot v0.10.2
[INFO] [stderr]     Checking ahash v0.7.7
[INFO] [stderr]     Checking rand v0.7.3
[INFO] [stderr]     Checking tracing-log v0.1.4
[INFO] [stderr]     Checking rand v0.8.5
[INFO] [stderr]    Compiling cc v1.0.83
[INFO] [stderr]     Checking hashbrown v0.11.2
[INFO] [stderr]    Compiling which v3.1.1
[INFO] [stderr]    Compiling prost-build v0.6.1
[INFO] [stderr]     Checking trie-db v0.22.6
[INFO] [stderr]     Checking tokio v0.2.25
[INFO] [stderr]     Checking integer-sqrt v0.1.5
[INFO] [stderr]     Checking twox-hash v1.6.3
[INFO] [stderr]    Compiling paste-impl v0.1.18
[INFO] [stderr]    Compiling fastrand v2.0.1
[INFO] [stderr]     Checking fixed-hash v0.6.1
[INFO] [stderr]     Checking libsecp256k1 v0.3.5
[INFO] [stderr]    Compiling petgraph v0.5.1
[INFO] [stderr]     Checking http v0.2.11
[INFO] [stderr]    Compiling log v0.4.20
[INFO] [stderr]     Checking try-lock v0.2.5
[INFO] [stderr]     Checking predicates-core v1.0.6
[INFO] [stderr]    Compiling async-trait v0.1.77
[INFO] [stderr]     Checking want v0.3.1
[INFO] [stderr]     Checking socket2 v0.3.19
[INFO] [stderr]     Checking float-cmp v0.8.0
[INFO] [stderr] error: could not compile `syn` (lib)
[INFO] [stderr] 
[INFO] [stderr] Caused by:
[INFO] [stderr]   process didn't exit successfully: `/opt/rustwide/rustup-home/toolchains/beta-2023-12-22-x86_64-unknown-linux-gnu/bin/rustc --crate-name syn --edition=2021 /opt/rustwide/cargo-home/registry/src/index.crates.io-6f17d22bba15001f/syn-2.0.48/src/lib.rs --error-format=json --json=diagnostic-rendered-ansi,artifacts,future-incompat --crate-type lib --emit=dep-info,metadata,link -C embed-bitcode=no --cfg 'feature="clone-impls"' --cfg 'feature="default"' --cfg 'feature="derive"' --cfg 'feature="extra-traits"' --cfg 'feature="full"' --cfg 'feature="parsing"' --cfg 'feature="printing"' --cfg 'feature="proc-macro"' --cfg 'feature="quote"' --cfg 'feature="visit"' --cfg 'feature="visit-mut"' -C metadata=cf89583c7fda36aa -C extra-filename=-cf89583c7fda36aa --out-dir /opt/rustwide/target/debug/deps -L dependency=/opt/rustwide/target/debug/deps --extern proc_macro2=/opt/rustwide/target/debug/deps/libproc_macro2-8fb16d78df8cbd7f.rmeta --extern quote=/opt/rustwide/target/debug/deps/libquote-5762a54817def818.rmeta --extern unicode_ident=/opt/rustwide/target/debug/deps/libunicode_ident-074c333503047827.rmeta --cap-lints allow --cap-lints=warn` (signal: 9, SIGKILL: kill)
[INFO] [stderr] warning: build failed, waiting for other jobs to finish...
[INFO] [stderr] error: could not compile `syn` (lib)
[INFO] [stderr] 
[INFO] [stderr] Caused by:
[INFO] [stderr]   process didn't exit successfully: `/opt/rustwide/rustup-home/toolchains/beta-2023-12-22-x86_64-unknown-linux-gnu/bin/rustc --crate-name syn --edition=2018 /opt/rustwide/cargo-home/registry/src/index.crates.io-6f17d22bba15001f/syn-1.0.109/src/lib.rs --error-format=json --json=diagnostic-rendered-ansi,artifacts,future-incompat --crate-type lib --emit=dep-info,metadata,link -C embed-bitcode=no --cfg 'feature="clone-impls"' --cfg 'feature="default"' --cfg 'feature="derive"' --cfg 'feature="extra-traits"' --cfg 'feature="fold"' --cfg 'feature="full"' --cfg 'feature="parsing"' --cfg 'feature="printing"' --cfg 'feature="proc-macro"' --cfg 'feature="quote"' --cfg 'feature="visit"' --cfg 'feature="visit-mut"' -C metadata=2b305b9dc6b0165f -C extra-filename=-2b305b9dc6b0165f --out-dir /opt/rustwide/target/debug/deps -L dependency=/opt/rustwide/target/debug/deps --extern proc_macro2=/opt/rustwide/target/debug/deps/libproc_macro2-8fb16d78df8cbd7f.rmeta --extern quote=/opt/rustwide/target/debug/deps/libquote-5762a54817def818.rmeta --extern unicode_ident=/opt/rustwide/target/debug/deps/libunicode_ident-074c333503047827.rmeta --cap-lints allow --cap-lints=warn --cfg syn_disable_nightly_tests` (signal: 9, SIGKILL: kill)
[INFO] running `Command { std: "docker" "inspect" "fcb756f813aab10c771e878cb92a099f54efe01c5ea5edf3f9da602e3fcf2121", kill_on_drop: false }`
[INFO] running `Command { std: "docker" "rm" "-f" "fcb756f813aab10c771e878cb92a099f54efe01c5ea5edf3f9da602e3fcf2121", kill_on_drop: false }`
[INFO] [stdout] fcb756f813aab10c771e878cb92a099f54efe01c5ea5edf3f9da602e3fcf2121
