[INFO] fetching crate paferafileserver 1.8.0...
[INFO] documenting paferafileserver-1.8.0 against 1.75.0 for beta-1.76-rustdoc-1
[INFO] extracting crate paferafileserver 1.8.0 into /workspace/builds/worker-3-tc1/source
[INFO] validating manifest of crates.io crate paferafileserver 1.8.0 on toolchain 1.75.0
[INFO] running `Command { std: CARGO_HOME="/workspace/cargo-home" RUSTUP_HOME="/workspace/rustup-home" "/workspace/cargo-home/bin/cargo" "+1.75.0" "metadata" "--manifest-path" "Cargo.toml" "--no-deps", kill_on_drop: false }`
[INFO] started tweaking crates.io crate paferafileserver 1.8.0
[INFO] finished tweaking crates.io crate paferafileserver 1.8.0
[INFO] tweaked toml for crates.io crate paferafileserver 1.8.0 written to /workspace/builds/worker-3-tc1/source/Cargo.toml
[INFO] crate crates.io crate paferafileserver 1.8.0 already has a lockfile, it will not be regenerated
[INFO] running `Command { std: CARGO_HOME="/workspace/cargo-home" RUSTUP_HOME="/workspace/rustup-home" "/workspace/cargo-home/bin/cargo" "+1.75.0" "fetch" "--manifest-path" "Cargo.toml", kill_on_drop: false }`
[INFO] [stderr]     Updating crates.io index
[INFO] [stderr]  Downloading crates ...
[INFO] [stderr]   Downloaded ffthumb v0.2.1
[INFO] [stderr]   Downloaded local-channel v0.1.4
[INFO] [stderr]   Downloaded copy_dir v0.1.3
[INFO] [stderr]   Downloaded qrcodegen v1.8.0
[INFO] [stderr]   Downloaded actix-web-codegen v4.2.2
[INFO] [stderr]   Downloaded postgres-derive v0.4.5
[INFO] [stderr]   Downloaded askama_escape v0.10.3
[INFO] [stderr]   Downloaded actix-session v0.7.2
[INFO] [stderr]   Downloaded lexical-sort v0.3.1
[INFO] [stderr]   Downloaded actix-files v0.6.2
[INFO] [stderr]   Downloaded actix-web v4.4.0
[INFO] [stderr]   Downloaded brotli-decompressor v2.5.0
[INFO] [stderr]   Downloaded webp v0.2.6
[INFO] [stderr]   Downloaded any_ascii v0.1.7
[INFO] [stderr]   Downloaded libwebp-sys v0.9.4
[INFO] [stderr]   Downloaded actix-http v3.4.0
[INFO] [stderr]   Downloaded htmlentity v1.3.1
[INFO] [stderr]   Downloaded user-agent-parser v0.3.5
[INFO] [stderr]   Downloaded thumbnailer v0.5.1
[INFO] running `Command { std: "docker" "create" "-v" "/var/lib/crater-agent-workspace/builds/worker-3-tc1/target:/opt/rustwide/target:rw,Z" "-v" "/var/lib/crater-agent-workspace/builds/worker-3-tc1/source:/opt/rustwide/workdir:ro,Z" "-v" "/var/lib/crater-agent-workspace/cargo-home:/opt/rustwide/cargo-home:ro,Z" "-v" "/var/lib/crater-agent-workspace/rustup-home:/opt/rustwide/rustup-home:ro,Z" "-e" "SOURCE_DIR=/opt/rustwide/workdir" "-e" "CARGO_TARGET_DIR=/opt/rustwide/target" "-e" "CARGO_HOME=/opt/rustwide/cargo-home" "-e" "RUSTUP_HOME=/opt/rustwide/rustup-home" "-w" "/opt/rustwide/workdir" "-m" "1610612736" "--user" "0:0" "--network" "none" "ghcr.io/rust-lang/crates-build-env/linux@sha256:2788e3201cd34a07e3172128adcd8b3090168a8e3bcc40d7c032b9dda1df7d1c" "/opt/rustwide/cargo-home/bin/cargo" "+1.75.0" "metadata" "--no-deps" "--format-version=1", kill_on_drop: false }`
[INFO] [stdout] b0ce42256318b93b1c6e3066285f265f3e8c8b34f6dc56b55c28ac394f519914
[INFO] running `Command { std: "docker" "start" "-a" "b0ce42256318b93b1c6e3066285f265f3e8c8b34f6dc56b55c28ac394f519914", kill_on_drop: false }`
[INFO] running `Command { std: "docker" "inspect" "b0ce42256318b93b1c6e3066285f265f3e8c8b34f6dc56b55c28ac394f519914", kill_on_drop: false }`
[INFO] running `Command { std: "docker" "rm" "-f" "b0ce42256318b93b1c6e3066285f265f3e8c8b34f6dc56b55c28ac394f519914", kill_on_drop: false }`
[INFO] [stdout] b0ce42256318b93b1c6e3066285f265f3e8c8b34f6dc56b55c28ac394f519914
[INFO] running `Command { std: "docker" "create" "-v" "/var/lib/crater-agent-workspace/builds/worker-3-tc1/target:/opt/rustwide/target:rw,Z" "-v" "/var/lib/crater-agent-workspace/builds/worker-3-tc1/source:/opt/rustwide/workdir:ro,Z" "-v" "/var/lib/crater-agent-workspace/cargo-home:/opt/rustwide/cargo-home:ro,Z" "-v" "/var/lib/crater-agent-workspace/rustup-home:/opt/rustwide/rustup-home:ro,Z" "-e" "SOURCE_DIR=/opt/rustwide/workdir" "-e" "CARGO_TARGET_DIR=/opt/rustwide/target" "-e" "CARGO_INCREMENTAL=0" "-e" "RUST_BACKTRACE=full" "-e" "RUSTFLAGS=--cap-lints=warn" "-e" "RUSTDOCFLAGS=--cap-lints=warn" "-e" "CARGO_HOME=/opt/rustwide/cargo-home" "-e" "RUSTUP_HOME=/opt/rustwide/rustup-home" "-w" "/opt/rustwide/workdir" "-m" "1610612736" "--user" "0:0" "--network" "none" "ghcr.io/rust-lang/crates-build-env/linux@sha256:2788e3201cd34a07e3172128adcd8b3090168a8e3bcc40d7c032b9dda1df7d1c" "/opt/rustwide/cargo-home/bin/cargo" "+1.75.0" "doc" "--frozen" "--no-deps" "--document-private-items" "--message-format=json", kill_on_drop: false }`
[INFO] [stdout] 66ecb53d036919000ab8dffd37ee6afefb7356a207070cc395ea161daa4b19eb
[INFO] running `Command { std: "docker" "start" "-a" "66ecb53d036919000ab8dffd37ee6afefb7356a207070cc395ea161daa4b19eb", kill_on_drop: false }`
[INFO] [stderr]    Compiling libc v0.2.149
[INFO] [stderr]    Compiling proc-macro2 v1.0.69
[INFO] [stderr]     Checking once_cell v1.18.0
[INFO] [stderr]     Checking smallvec v1.11.1
[INFO] [stderr]    Compiling futures-core v0.3.28
[INFO] [stderr]     Checking memchr v2.6.4
[INFO] [stderr]     Checking subtle v2.5.0
[INFO] [stderr]     Checking futures-sink v0.3.28
[INFO] [stderr]    Compiling serde v1.0.189
[INFO] [stderr]    Compiling crossbeam-utils v0.8.16
[INFO] [stderr]    Compiling futures-task v0.3.28
[INFO] [stderr]     Checking simd-adler32 v0.3.7
[INFO] [stderr]     Checking cpufeatures v0.2.9
[INFO] [stderr]    Compiling futures-util v0.3.28
[INFO] [stderr]     Checking futures-io v0.3.28
[INFO] [stderr]    Compiling crossbeam-epoch v0.9.15
[INFO] [stderr]     Checking untrusted v0.7.1
[INFO] [stderr]     Checking spin v0.5.2
[INFO] [stderr]     Checking http v0.2.9
[INFO] [stderr]     Checking unicode-normalization v0.1.22
[INFO] [stderr]     Checking miniz_oxide v0.7.1
[INFO] [stderr]    Compiling num-traits v0.2.17
[INFO] [stderr]     Checking tracing-core v0.1.32
[INFO] [stderr]    Compiling indexmap v1.9.3
[INFO] [stderr]     Checking unicode-bidi v0.3.13
[INFO] [stderr]     Checking percent-encoding v2.3.0
[INFO] [stderr]     Checking inout v0.1.3
[INFO] [stderr]     Checking local-waker v0.1.3
[INFO] [stderr]    Compiling rustls v0.20.9
[INFO] [stderr]     Checking base64 v0.21.4
[INFO] [stderr]    Compiling serde_json v1.0.107
[INFO] [stderr]     Checking aho-corasick v1.1.2
[INFO] [stderr]    Compiling time-macros v0.2.15
[INFO] [stderr]     Checking tracing v0.1.40
[INFO] [stderr]    Compiling syn v1.0.109
[INFO] [stderr]     Checking flate2 v1.0.28
[INFO] [stderr]    Compiling regex-syntax v0.8.2
[INFO] [stderr]    Compiling bytes v1.5.0
[INFO] [stderr]    Compiling zstd-safe v6.0.6
[INFO] [stderr]    Compiling rustls v0.21.7
[INFO] [stderr]     Checking alloc-no-stdlib v2.0.4
[INFO] [stderr]    Compiling quote v1.0.33
[INFO] [stderr]     Checking crossbeam-deque v0.8.3
[INFO] [stderr]     Checking alloc-stdlib v0.2.2
[INFO] [stderr]     Checking getrandom v0.2.10
[INFO] [stderr]     Checking parking_lot_core v0.9.9
[INFO] [stderr]     Checking socket2 v0.5.4
[INFO] [stderr]    Compiling jobserver v0.1.27
[INFO] [stderr]    Compiling syn v2.0.38
[INFO] [stderr]     Checking rand_core v0.6.4
[INFO] [stderr]     Checking signal-hook-registry v1.4.1
[INFO] [stderr]     Checking parking_lot v0.12.1
[INFO] [stderr]     Checking mio v0.8.8
[INFO] [stderr]    Compiling cc v1.0.83
[INFO] [stderr]     Checking iovec v0.1.4
[INFO] [stderr]     Checking rayon-core v1.12.0
[INFO] [stderr]     Checking actix-service v2.0.2
[INFO] [stderr]     Checking crypto-common v0.1.6
[INFO] [stderr]     Checking rand_chacha v0.3.1
[INFO] [stderr]     Checking actix-utils v3.0.1
[INFO] [stderr]     Checking bytes v0.4.12
[INFO] [stderr]     Checking digest v0.10.7
[INFO] [stderr]     Checking cipher v0.4.4
[INFO] [stderr]     Checking universal-hash v0.5.1
[INFO] [stderr]     Checking regex-automata v0.4.3
[INFO] [stderr]     Checking form_urlencoded v1.2.0
[INFO] [stderr]     Checking rand v0.8.5
[INFO] [stderr]     Checking polyval v0.6.1
[INFO] [stderr]     Checking tokio v1.33.0
[INFO] [stderr]    Compiling ahash v0.8.3
[INFO] [stderr]    Compiling futures-channel v0.3.28
[INFO] [stderr]     Checking hmac v0.12.1
[INFO] [stderr]     Checking sha2 v0.10.8
[INFO] [stderr]     Checking tokio-io v0.1.13
[INFO] [stderr]    Compiling itoa v1.0.9
[INFO] [stderr]    Compiling pin-project-lite v0.2.13
[INFO] [stderr]    Compiling rustix v0.38.20
[INFO] [stderr]     Checking either v1.9.0
[INFO] [stderr]    Compiling openssl v0.10.57
[INFO] [stderr]     Checking ghash v0.5.0
[INFO] [stderr]     Checking aes v0.8.3
[INFO] [stderr]     Checking ctr v0.9.2
[INFO] [stderr]     Checking rayon v1.8.0
[INFO] [stderr]     Checking aead v0.5.2
[INFO] [stderr]    Compiling bytestring v1.3.0
[INFO] [stderr]     Checking brotli-decompressor v2.5.0
[INFO] [stderr]     Checking idna v0.4.0
[INFO] [stderr]    Compiling cookie v0.16.2
[INFO] [stderr]     Checking weezl v0.1.7
[INFO] [stderr]     Checking linux-raw-sys v0.4.10
[INFO] [stderr]     Checking impl-more v0.1.6
[INFO] [stderr]    Compiling glob v0.3.1
[INFO] [stderr]     Checking url v2.4.1
[INFO] [stderr]    Compiling ring v0.16.20
[INFO] [stderr]    Compiling ring v0.17.5
[INFO] [stderr]    Compiling zstd-sys v2.0.9+zstd.1.5.5
[INFO] [stderr]    Compiling openssl-sys v0.9.93
[INFO] [stderr]    Compiling libwebp-sys v0.9.4
[INFO] [stderr]     Checking brotli v3.4.0
[INFO] [stderr]     Checking regex v1.10.2
[INFO] [stderr]    Compiling onig_sys v69.8.1
[INFO] [stderr]     Checking aes-gcm v0.10.3
[INFO] [stderr]     Checking num-integer v0.1.45
[INFO] [stderr]    Compiling native-tls v0.2.11
[INFO] [stderr]     Checking hkdf v0.12.3
[INFO] [stderr]     Checking jpeg-decoder v0.3.0
[INFO] [stderr]     Checking sha1 v0.10.6
[INFO] [stderr]    Compiling unicase v2.7.0
[INFO] [stderr]     Checking local-channel v0.1.4
[INFO] [stderr]     Checking fdeflate v0.3.0
[INFO] [stderr]     Checking zune-inflate v0.2.54
[INFO] [stderr]     Checking flume v0.11.0
[INFO] [stderr]     Checking lebe v0.5.2
[INFO] [stderr]     Checking bytemuck v1.14.0
[INFO] [stderr]     Checking half v2.2.1
[INFO] [stderr]     Checking language-tags v0.3.2
[INFO] [stderr]     Checking try-lock v0.2.4
[INFO] [stderr]     Checking finl_unicode v1.2.0
[INFO] [stderr]     Checking bit_field v0.10.2
[INFO] [stderr]     Checking color_quant v1.1.0
[INFO] [stderr]    Compiling async-trait v0.1.74
[INFO] [stderr]     Checking base64 v0.20.0
[INFO] [stderr]    Compiling anyhow v1.0.75
[INFO] [stderr]     Checking exr v1.71.0
[INFO] [stderr]     Checking tiff v0.9.0
[INFO] [stderr]     Checking stringprep v0.1.4
[INFO] [stderr]     Checking gif v0.12.0
[INFO] [stderr]     Checking png v0.17.10
[INFO] [stderr]     Checking qoi v0.4.1
[INFO] [stderr]     Checking want v0.3.1
[INFO] [stderr]    Compiling mime_guess v2.0.4
[INFO] [stderr]     Checking num-rational v0.4.1
[INFO] [stderr]    Compiling libsodium-sys v0.2.7
[INFO] [stderr]     Checking tokio-util v0.7.9
[INFO] [stderr]     Checking actix-rt v2.9.0
[INFO] [stderr]     Checking md-5 v0.10.6
[INFO] [stderr]     Checking socket2 v0.4.9
[INFO] [stderr]     Checking http-body v0.4.5
[INFO] [stderr]     Checking iana-time-zone v0.1.58
[INFO] [stderr]     Checking fallible-iterator v0.2.0
[INFO] [stderr]    Compiling thiserror v1.0.50
[INFO] [stderr]     Checking phf_shared v0.11.2
[INFO] [stderr]     Checking actix-codec v0.5.1
[INFO] [stderr]    Compiling actix-router v0.5.1
[INFO] [stderr]    Compiling ffthumb v0.2.1
[INFO] [stderr]     Checking crossbeam-channel v0.5.8
[INFO] [stderr]    Compiling substring v1.4.5
[INFO] [stderr]     Checking array-init v2.1.0
[INFO] [stderr]     Checking postgres-protocol v0.6.6
[INFO] [stderr]     Checking signature v1.6.4
[INFO] [stderr]     Checking walkdir v2.4.0
[INFO] [stderr]     Checking ed25519 v1.5.3
[INFO] [stderr]    Compiling derive_more v0.99.17
[INFO] [stderr]     Checking tempfile v3.8.0
[INFO] [stderr]     Checking phf v0.11.2
[INFO] [stderr] The following warnings were emitted during compilation:
[INFO] [stderr] 
[INFO] [stderr] warning: ffthumb@0.2.1: src/bindings.c:9:10: fatal error: libffmpegthumbnailer/imagetypes.h: No such file or directory
[INFO] [stderr] warning: ffthumb@0.2.1:     9 | #include <libffmpegthumbnailer/imagetypes.h>
[INFO] [stderr] warning: ffthumb@0.2.1:       |          ^~~~~~~~~~~~~~~~~~~~~~~~~~~~~~~~~~~
[INFO] [stderr] warning: ffthumb@0.2.1: compilation terminated.
[INFO] [stderr] 
[INFO] [stderr] error: failed to run custom build command for `ffthumb v0.2.1`
[INFO] [stderr] note: To improve backtraces for build dependencies, set the CARGO_PROFILE_DEV_BUILD_OVERRIDE_DEBUG=true environment variable to enable debug information generation.
[INFO] [stderr] 
[INFO] [stderr] Caused by:
[INFO] [stderr]   process didn't exit successfully: `/opt/rustwide/target/debug/build/ffthumb-587c35c48358471e/build-script-build` (exit status: 1)
[INFO] [stderr]   --- stdout
[INFO] [stderr]   TARGET = Some("x86_64-unknown-linux-gnu")
[INFO] [stderr]   OPT_LEVEL = Some("0")
[INFO] [stderr]   HOST = Some("x86_64-unknown-linux-gnu")
[INFO] [stderr]   cargo:rerun-if-env-changed=CC_x86_64-unknown-linux-gnu
[INFO] [stderr]   CC_x86_64-unknown-linux-gnu = None
[INFO] [stderr]   cargo:rerun-if-env-changed=CC_x86_64_unknown_linux_gnu
[INFO] [stderr]   CC_x86_64_unknown_linux_gnu = None
[INFO] [stderr]   cargo:rerun-if-env-changed=HOST_CC
[INFO] [stderr]   HOST_CC = None
[INFO] [stderr]   cargo:rerun-if-env-changed=CC
[INFO] [stderr]   CC = None
[INFO] [stderr]   cargo:rerun-if-env-changed=CRATE_CC_NO_DEFAULTS
[INFO] [stderr]   CRATE_CC_NO_DEFAULTS = None
[INFO] [stderr]   DEBUG = Some("true")
[INFO] [stderr]   CARGO_CFG_TARGET_FEATURE = Some("fxsr,sse,sse2")
[INFO] [stderr]   cargo:rerun-if-env-changed=CFLAGS_x86_64-unknown-linux-gnu
[INFO] [stderr]   CFLAGS_x86_64-unknown-linux-gnu = None
[INFO] [stderr]   cargo:rerun-if-env-changed=CFLAGS_x86_64_unknown_linux_gnu
[INFO] [stderr]   CFLAGS_x86_64_unknown_linux_gnu = None
[INFO] [stderr]   cargo:rerun-if-env-changed=HOST_CFLAGS
[INFO] [stderr]   HOST_CFLAGS = None
[INFO] [stderr]   cargo:rerun-if-env-changed=CFLAGS
[INFO] [stderr]   CFLAGS = None
[INFO] [stderr]   running: "cc" "-O0" "-ffunction-sections" "-fdata-sections" "-fPIC" "-gdwarf-4" "-fno-omit-frame-pointer" "-m64" "-Wall" "-Wextra" "-o" "/opt/rustwide/target/debug/build/ffthumb-fe088e39f5c0d99b/out/src/bindings.o" "-c" "src/bindings.c"
[INFO] [stderr]   cargo:warning=src/bindings.c:9:10: fatal error: libffmpegthumbnailer/imagetypes.h: No such file or directory
[INFO] [stderr] 
[INFO] [stderr]   cargo:warning=    9 | #include <libffmpegthumbnailer/imagetypes.h>
[INFO] [stderr] 
[INFO] [stderr]   cargo:warning=      |          ^~~~~~~~~~~~~~~~~~~~~~~~~~~~~~~~~~~
[INFO] [stderr] 
[INFO] [stderr]   cargo:warning=compilation terminated.
[INFO] [stderr] 
[INFO] [stderr]   exit status: 1
[INFO] [stderr] 
[INFO] [stderr]   --- stderr
[INFO] [stderr] 
[INFO] [stderr] 
[INFO] [stderr]   error occurred: Command "cc" "-O0" "-ffunction-sections" "-fdata-sections" "-fPIC" "-gdwarf-4" "-fno-omit-frame-pointer" "-m64" "-Wall" "-Wextra" "-o" "/opt/rustwide/target/debug/build/ffthumb-fe088e39f5c0d99b/out/src/bindings.o" "-c" "src/bindings.c" with args "cc" did not execute successfully (status code exit status: 1).
[INFO] [stderr] 
[INFO] [stderr] 
[INFO] [stderr] warning: build failed, waiting for other jobs to finish...
[INFO] running `Command { std: "docker" "inspect" "66ecb53d036919000ab8dffd37ee6afefb7356a207070cc395ea161daa4b19eb", kill_on_drop: false }`
[INFO] running `Command { std: "docker" "rm" "-f" "66ecb53d036919000ab8dffd37ee6afefb7356a207070cc395ea161daa4b19eb", kill_on_drop: false }`
[INFO] [stdout] 66ecb53d036919000ab8dffd37ee6afefb7356a207070cc395ea161daa4b19eb
[INFO] documenting paferafileserver-1.8.0 against beta-2023-12-22 for beta-1.76-rustdoc-1
[INFO] extracting crate paferafileserver 1.8.0 into /workspace/builds/worker-3-tc2/source
[INFO] validating manifest of crates.io crate paferafileserver 1.8.0 on toolchain beta-2023-12-22
[INFO] running `Command { std: CARGO_HOME="/workspace/cargo-home" RUSTUP_HOME="/workspace/rustup-home" "/workspace/cargo-home/bin/cargo" "+beta-2023-12-22" "metadata" "--manifest-path" "Cargo.toml" "--no-deps", kill_on_drop: false }`
[INFO] started tweaking crates.io crate paferafileserver 1.8.0
[INFO] finished tweaking crates.io crate paferafileserver 1.8.0
[INFO] tweaked toml for crates.io crate paferafileserver 1.8.0 written to /workspace/builds/worker-3-tc2/source/Cargo.toml
[INFO] crate crates.io crate paferafileserver 1.8.0 already has a lockfile, it will not be regenerated
[INFO] running `Command { std: CARGO_HOME="/workspace/cargo-home" RUSTUP_HOME="/workspace/rustup-home" "/workspace/cargo-home/bin/cargo" "+beta-2023-12-22" "fetch" "--manifest-path" "Cargo.toml", kill_on_drop: false }`
[INFO] running `Command { std: "docker" "create" "-v" "/var/lib/crater-agent-workspace/builds/worker-3-tc2/target:/opt/rustwide/target:rw,Z" "-v" "/var/lib/crater-agent-workspace/builds/worker-3-tc2/source:/opt/rustwide/workdir:ro,Z" "-v" "/var/lib/crater-agent-workspace/cargo-home:/opt/rustwide/cargo-home:ro,Z" "-v" "/var/lib/crater-agent-workspace/rustup-home:/opt/rustwide/rustup-home:ro,Z" "-e" "SOURCE_DIR=/opt/rustwide/workdir" "-e" "CARGO_TARGET_DIR=/opt/rustwide/target" "-e" "CARGO_HOME=/opt/rustwide/cargo-home" "-e" "RUSTUP_HOME=/opt/rustwide/rustup-home" "-w" "/opt/rustwide/workdir" "-m" "1610612736" "--user" "0:0" "--network" "none" "ghcr.io/rust-lang/crates-build-env/linux@sha256:2788e3201cd34a07e3172128adcd8b3090168a8e3bcc40d7c032b9dda1df7d1c" "/opt/rustwide/cargo-home/bin/cargo" "+beta-2023-12-22" "metadata" "--no-deps" "--format-version=1", kill_on_drop: false }`
[INFO] [stdout] bea295a6a513d8b7e366898b6c9ded1a93d4363b1e0a11eb92c47afffd60ae0d
[INFO] running `Command { std: "docker" "start" "-a" "bea295a6a513d8b7e366898b6c9ded1a93d4363b1e0a11eb92c47afffd60ae0d", kill_on_drop: false }`
[INFO] running `Command { std: "docker" "inspect" "bea295a6a513d8b7e366898b6c9ded1a93d4363b1e0a11eb92c47afffd60ae0d", kill_on_drop: false }`
[INFO] running `Command { std: "docker" "rm" "-f" "bea295a6a513d8b7e366898b6c9ded1a93d4363b1e0a11eb92c47afffd60ae0d", kill_on_drop: false }`
[INFO] [stdout] bea295a6a513d8b7e366898b6c9ded1a93d4363b1e0a11eb92c47afffd60ae0d
[INFO] running `Command { std: "docker" "create" "-v" "/var/lib/crater-agent-workspace/builds/worker-3-tc2/target:/opt/rustwide/target:rw,Z" "-v" "/var/lib/crater-agent-workspace/builds/worker-3-tc2/source:/opt/rustwide/workdir:ro,Z" "-v" "/var/lib/crater-agent-workspace/cargo-home:/opt/rustwide/cargo-home:ro,Z" "-v" "/var/lib/crater-agent-workspace/rustup-home:/opt/rustwide/rustup-home:ro,Z" "-e" "SOURCE_DIR=/opt/rustwide/workdir" "-e" "CARGO_TARGET_DIR=/opt/rustwide/target" "-e" "CARGO_INCREMENTAL=0" "-e" "RUST_BACKTRACE=full" "-e" "RUSTFLAGS=--cap-lints=warn" "-e" "RUSTDOCFLAGS=--cap-lints=warn" "-e" "CARGO_HOME=/opt/rustwide/cargo-home" "-e" "RUSTUP_HOME=/opt/rustwide/rustup-home" "-w" "/opt/rustwide/workdir" "-m" "1610612736" "--user" "0:0" "--network" "none" "ghcr.io/rust-lang/crates-build-env/linux@sha256:2788e3201cd34a07e3172128adcd8b3090168a8e3bcc40d7c032b9dda1df7d1c" "/opt/rustwide/cargo-home/bin/cargo" "+beta-2023-12-22" "doc" "--frozen" "--no-deps" "--document-private-items" "--message-format=json", kill_on_drop: false }`
[INFO] [stdout] e6d8d895d6c2ab9365a9cbf9eb5c7ff340d901a43dea578ad897caa03bd4ea00
[INFO] running `Command { std: "docker" "start" "-a" "e6d8d895d6c2ab9365a9cbf9eb5c7ff340d901a43dea578ad897caa03bd4ea00", kill_on_drop: false }`
[INFO] [stderr]    Compiling libc v0.2.149
[INFO] [stderr]    Compiling proc-macro2 v1.0.69
[INFO] [stderr]     Checking once_cell v1.18.0
[INFO] [stderr]     Checking smallvec v1.11.1
[INFO] [stderr]    Compiling futures-core v0.3.28
[INFO] [stderr]     Checking memchr v2.6.4
[INFO] [stderr]     Checking subtle v2.5.0
[INFO] [stderr]    Compiling serde v1.0.189
[INFO] [stderr]     Checking futures-sink v0.3.28
[INFO] [stderr]    Compiling crossbeam-utils v0.8.16
[INFO] [stderr]     Checking cpufeatures v0.2.9
[INFO] [stderr]     Checking simd-adler32 v0.3.7
[INFO] [stderr]    Compiling futures-task v0.3.28
[INFO] [stderr]    Compiling futures-util v0.3.28
[INFO] [stderr]     Checking futures-io v0.3.28
[INFO] [stderr]    Compiling crossbeam-epoch v0.9.15
[INFO] [stderr]     Checking untrusted v0.7.1
[INFO] [stderr]     Checking spin v0.5.2
[INFO] [stderr]     Checking http v0.2.9
[INFO] [stderr]     Checking unicode-normalization v0.1.22
[INFO] [stderr]    Compiling indexmap v1.9.3
[INFO] [stderr]     Checking miniz_oxide v0.7.1
[INFO] [stderr]     Checking tracing-core v0.1.32
[INFO] [stderr]    Compiling num-traits v0.2.17
[INFO] [stderr]     Checking unicode-bidi v0.3.13
[INFO] [stderr]     Checking percent-encoding v2.3.0
[INFO] [stderr]     Checking inout v0.1.3
[INFO] [stderr]     Checking base64 v0.21.4
[INFO] [stderr]    Compiling rustls v0.20.9
[INFO] [stderr]    Compiling serde_json v1.0.107
[INFO] [stderr]     Checking local-waker v0.1.3
[INFO] [stderr]     Checking tracing v0.1.40
[INFO] [stderr]     Checking aho-corasick v1.1.2
[INFO] [stderr]     Checking flate2 v1.0.28
[INFO] [stderr]    Compiling time-macros v0.2.15
[INFO] [stderr]     Checking alloc-no-stdlib v2.0.4
[INFO] [stderr]    Compiling syn v1.0.109
[INFO] [stderr]    Compiling zstd-safe v6.0.6
[INFO] [stderr]    Compiling rustls v0.21.7
[INFO] [stderr]    Compiling regex-syntax v0.8.2
[INFO] [stderr]    Compiling quote v1.0.33
[INFO] [stderr]     Checking crossbeam-deque v0.8.3
[INFO] [stderr]    Compiling bytes v1.5.0
[INFO] [stderr]     Checking alloc-stdlib v0.2.2
[INFO] [stderr]     Checking actix-service v2.0.2
[INFO] [stderr]    Compiling syn v2.0.38
[INFO] [stderr]     Checking actix-utils v3.0.1
[INFO] [stderr]     Checking form_urlencoded v1.2.0
[INFO] [stderr]     Checking rayon-core v1.12.0
[INFO] [stderr]    Compiling jobserver v0.1.27
[INFO] [stderr]     Checking getrandom v0.2.10
[INFO] [stderr]     Checking parking_lot_core v0.9.9
[INFO] [stderr]     Checking mio v0.8.8
[INFO] [stderr]     Checking signal-hook-registry v1.4.1
[INFO] [stderr]     Checking socket2 v0.5.4
[INFO] [stderr]     Checking rand_core v0.6.4
[INFO] [stderr]     Checking iovec v0.1.4
[INFO] [stderr]    Compiling cc v1.0.83
[INFO] [stderr]     Checking parking_lot v0.12.1
[INFO] [stderr]     Checking bytes v0.4.12
[INFO] [stderr]    Compiling ahash v0.8.3
[INFO] [stderr]     Checking crypto-common v0.1.6
[INFO] [stderr]     Checking rand_chacha v0.3.1
[INFO] [stderr]    Compiling pin-project-lite v0.2.13
[INFO] [stderr]     Checking regex-automata v0.4.3
[INFO] [stderr]     Checking digest v0.10.7
[INFO] [stderr]     Checking cipher v0.4.4
[INFO] [stderr]     Checking universal-hash v0.5.1
[INFO] [stderr]     Checking tokio v1.33.0
[INFO] [stderr]    Compiling futures-channel v0.3.28
[INFO] [stderr]     Checking polyval v0.6.1
[INFO] [stderr]     Checking tokio-io v0.1.13
[INFO] [stderr]     Checking either v1.9.0
[INFO] [stderr]     Checking rand v0.8.5
[INFO] [stderr]     Checking hmac v0.12.1
[INFO] [stderr]     Checking sha2 v0.10.8
[INFO] [stderr]    Compiling openssl v0.10.57
[INFO] [stderr]    Compiling itoa v1.0.9
[INFO] [stderr]    Compiling rustix v0.38.20
[INFO] [stderr]     Checking rayon v1.8.0
[INFO] [stderr]     Checking ghash v0.5.0
[INFO] [stderr]     Checking ctr v0.9.2
[INFO] [stderr]     Checking aes v0.8.3
[INFO] [stderr]     Checking aead v0.5.2
[INFO] [stderr]    Compiling bytestring v1.3.0
[INFO] [stderr]     Checking brotli-decompressor v2.5.0
[INFO] [stderr]     Checking idna v0.4.0
[INFO] [stderr]    Compiling cookie v0.16.2
[INFO] [stderr]     Checking weezl v0.1.7
[INFO] [stderr]     Checking linux-raw-sys v0.4.10
[INFO] [stderr]     Checking impl-more v0.1.6
[INFO] [stderr]    Compiling glob v0.3.1
[INFO] [stderr]     Checking url v2.4.1
[INFO] [stderr]     Checking aes-gcm v0.10.3
[INFO] [stderr]    Compiling ring v0.16.20
[INFO] [stderr]    Compiling ring v0.17.5
[INFO] [stderr]    Compiling openssl-sys v0.9.93
[INFO] [stderr]    Compiling zstd-sys v2.0.9+zstd.1.5.5
[INFO] [stderr]     Checking brotli v3.4.0
[INFO] [stderr]    Compiling libwebp-sys v0.9.4
[INFO] [stderr]     Checking regex v1.10.2
[INFO] [stderr]    Compiling onig_sys v69.8.1
[INFO] [stderr]     Checking num-integer v0.1.45
[INFO] [stderr]     Checking jpeg-decoder v0.3.0
[INFO] [stderr]     Checking hkdf v0.12.3
[INFO] [stderr]    Compiling native-tls v0.2.11
[INFO] [stderr]     Checking sha1 v0.10.6
[INFO] [stderr]    Compiling unicase v2.7.0
[INFO] [stderr]     Checking local-channel v0.1.4
[INFO] [stderr]     Checking zune-inflate v0.2.54
[INFO] [stderr]     Checking fdeflate v0.3.0
[INFO] [stderr]     Checking flume v0.11.0
[INFO] [stderr]    Compiling anyhow v1.0.75
[INFO] [stderr]     Checking lebe v0.5.2
[INFO] [stderr]     Checking bytemuck v1.14.0
[INFO] [stderr]     Checking language-tags v0.3.2
[INFO] [stderr]     Checking try-lock v0.2.4
[INFO] [stderr]     Checking base64 v0.20.0
[INFO] [stderr]     Checking half v2.2.1
[INFO] [stderr]     Checking finl_unicode v1.2.0
[INFO] [stderr]    Compiling async-trait v0.1.74
[INFO] [stderr]     Checking color_quant v1.1.0
[INFO] [stderr]     Checking bit_field v0.10.2
[INFO] [stderr]     Checking gif v0.12.0
[INFO] [stderr]     Checking qoi v0.4.1
[INFO] [stderr]     Checking exr v1.71.0
[INFO] [stderr]     Checking stringprep v0.1.4
[INFO] [stderr]     Checking tiff v0.9.0
[INFO] [stderr]     Checking png v0.17.10
[INFO] [stderr]     Checking want v0.3.1
[INFO] [stderr]    Compiling mime_guess v2.0.4
[INFO] [stderr]     Checking num-rational v0.4.1
[INFO] [stderr]    Compiling libsodium-sys v0.2.7
[INFO] [stderr]     Checking tokio-util v0.7.9
[INFO] [stderr]     Checking actix-rt v2.9.0
[INFO] [stderr]     Checking md-5 v0.10.6
[INFO] [stderr]     Checking socket2 v0.4.9
[INFO] [stderr]     Checking http-body v0.4.5
[INFO] [stderr]     Checking fallible-iterator v0.2.0
[INFO] [stderr]     Checking iana-time-zone v0.1.58
[INFO] [stderr]    Compiling thiserror v1.0.50
[INFO] [stderr]     Checking phf_shared v0.11.2
[INFO] [stderr]     Checking actix-codec v0.5.1
[INFO] [stderr]    Compiling ffthumb v0.2.1
[INFO] [stderr]     Checking crossbeam-channel v0.5.8
[INFO] [stderr]    Compiling substring v1.4.5
[INFO] [stderr]    Compiling actix-router v0.5.1
[INFO] [stderr]     Checking postgres-protocol v0.6.6
[INFO] [stderr]     Checking array-init v2.1.0
[INFO] [stderr]     Checking signature v1.6.4
[INFO] [stderr]    Compiling derive_more v0.99.17
[INFO] [stderr]     Checking ed25519 v1.5.3
[INFO] [stderr]     Checking walkdir v2.4.0
[INFO] [stderr]     Checking tempfile v3.8.0
[INFO] [stderr] The following warnings were emitted during compilation:
[INFO] [stderr] 
[INFO] [stderr] warning: ffthumb@0.2.1: src/bindings.c:9:10: fatal error: libffmpegthumbnailer/imagetypes.h: No such file or directory
[INFO] [stderr] warning: ffthumb@0.2.1:     9 | #include <libffmpegthumbnailer/imagetypes.h>
[INFO] [stderr] warning: ffthumb@0.2.1:       |          ^~~~~~~~~~~~~~~~~~~~~~~~~~~~~~~~~~~
[INFO] [stderr] warning: ffthumb@0.2.1: compilation terminated.
[INFO] [stderr] 
[INFO] [stderr] error: failed to run custom build command for `ffthumb v0.2.1`
[INFO] [stderr] note: To improve backtraces for build dependencies, set the CARGO_PROFILE_DEV_BUILD_OVERRIDE_DEBUG=true environment variable to enable debug information generation.
[INFO] [stderr] 
[INFO] [stderr] Caused by:
[INFO] [stderr]   process didn't exit successfully: `/opt/rustwide/target/debug/build/ffthumb-5ce8372dcee36fc5/build-script-build` (exit status: 1)
[INFO] [stderr]   --- stdout
[INFO] [stderr]   TARGET = Some("x86_64-unknown-linux-gnu")
[INFO] [stderr]   OPT_LEVEL = Some("0")
[INFO] [stderr]   HOST = Some("x86_64-unknown-linux-gnu")
[INFO] [stderr]   cargo:rerun-if-env-changed=CC_x86_64-unknown-linux-gnu
[INFO] [stderr]   CC_x86_64-unknown-linux-gnu = None
[INFO] [stderr]   cargo:rerun-if-env-changed=CC_x86_64_unknown_linux_gnu
[INFO] [stderr]   CC_x86_64_unknown_linux_gnu = None
[INFO] [stderr]   cargo:rerun-if-env-changed=HOST_CC
[INFO] [stderr]   HOST_CC = None
[INFO] [stderr]   cargo:rerun-if-env-changed=CC
[INFO] [stderr]   CC = None
[INFO] [stderr]   cargo:rerun-if-env-changed=CRATE_CC_NO_DEFAULTS
[INFO] [stderr]   CRATE_CC_NO_DEFAULTS = None
[INFO] [stderr]   DEBUG = Some("true")
[INFO] [stderr]   CARGO_CFG_TARGET_FEATURE = Some("fxsr,sse,sse2")
[INFO] [stderr]   cargo:rerun-if-env-changed=CFLAGS_x86_64-unknown-linux-gnu
[INFO] [stderr]   CFLAGS_x86_64-unknown-linux-gnu = None
[INFO] [stderr]   cargo:rerun-if-env-changed=CFLAGS_x86_64_unknown_linux_gnu
[INFO] [stderr]   CFLAGS_x86_64_unknown_linux_gnu = None
[INFO] [stderr]   cargo:rerun-if-env-changed=HOST_CFLAGS
[INFO] [stderr]   HOST_CFLAGS = None
[INFO] [stderr]   cargo:rerun-if-env-changed=CFLAGS
[INFO] [stderr]   CFLAGS = None
[INFO] [stderr]   running: "cc" "-O0" "-ffunction-sections" "-fdata-sections" "-fPIC" "-gdwarf-4" "-fno-omit-frame-pointer" "-m64" "-Wall" "-Wextra" "-o" "/opt/rustwide/target/debug/build/ffthumb-f1e14c7e843ebeda/out/src/bindings.o" "-c" "src/bindings.c"
[INFO] [stderr]   cargo:warning=src/bindings.c:9:10: fatal error: libffmpegthumbnailer/imagetypes.h: No such file or directory
[INFO] [stderr] 
[INFO] [stderr]   cargo:warning=    9 | #include <libffmpegthumbnailer/imagetypes.h>
[INFO] [stderr] 
[INFO] [stderr]   cargo:warning=      |          ^~~~~~~~~~~~~~~~~~~~~~~~~~~~~~~~~~~
[INFO] [stderr] 
[INFO] [stderr]   cargo:warning=compilation terminated.
[INFO] [stderr] 
[INFO] [stderr]   exit status: 1
[INFO] [stderr] 
[INFO] [stderr]   --- stderr
[INFO] [stderr] 
[INFO] [stderr] 
[INFO] [stderr]   error occurred: Command "cc" "-O0" "-ffunction-sections" "-fdata-sections" "-fPIC" "-gdwarf-4" "-fno-omit-frame-pointer" "-m64" "-Wall" "-Wextra" "-o" "/opt/rustwide/target/debug/build/ffthumb-f1e14c7e843ebeda/out/src/bindings.o" "-c" "src/bindings.c" with args "cc" did not execute successfully (status code exit status: 1).
[INFO] [stderr] 
[INFO] [stderr] 
[INFO] [stderr] warning: build failed, waiting for other jobs to finish...
[INFO] running `Command { std: "docker" "inspect" "e6d8d895d6c2ab9365a9cbf9eb5c7ff340d901a43dea578ad897caa03bd4ea00", kill_on_drop: false }`
[INFO] running `Command { std: "docker" "rm" "-f" "e6d8d895d6c2ab9365a9cbf9eb5c7ff340d901a43dea578ad897caa03bd4ea00", kill_on_drop: false }`
[INFO] [stdout] e6d8d895d6c2ab9365a9cbf9eb5c7ff340d901a43dea578ad897caa03bd4ea00
