[INFO] fetching crate origin-studio 0.8.5...
[INFO] documenting origin-studio-0.8.5 against 1.75.0 for beta-1.76-rustdoc-1
[INFO] extracting crate origin-studio 0.8.5 into /workspace/builds/worker-3-tc1/source
[INFO] validating manifest of crates.io crate origin-studio 0.8.5 on toolchain 1.75.0
[INFO] running `Command { std: CARGO_HOME="/workspace/cargo-home" RUSTUP_HOME="/workspace/rustup-home" "/workspace/cargo-home/bin/cargo" "+1.75.0" "metadata" "--manifest-path" "Cargo.toml" "--no-deps", kill_on_drop: false }`
[INFO] removed /workspace/builds/worker-3-tc1/source/rust-toolchain.toml
[INFO] started tweaking crates.io crate origin-studio 0.8.5
[INFO] finished tweaking crates.io crate origin-studio 0.8.5
[INFO] tweaked toml for crates.io crate origin-studio 0.8.5 written to /workspace/builds/worker-3-tc1/source/Cargo.toml
[INFO] crate crates.io crate origin-studio 0.8.5 already has a lockfile, it will not be regenerated
[INFO] running `Command { std: CARGO_HOME="/workspace/cargo-home" RUSTUP_HOME="/workspace/rustup-home" "/workspace/cargo-home/bin/cargo" "+1.75.0" "fetch" "--manifest-path" "Cargo.toml", kill_on_drop: false }`
[INFO] [stderr]     Updating crates.io index
[INFO] [stderr]  Downloading crates ...
[INFO] [stderr]   Downloaded atomic-dbg v0.1.8
[INFO] [stderr]   Downloaded unwinding v0.2.1
[INFO] [stderr]   Downloaded rustix-dlmalloc v0.1.0
[INFO] [stderr]   Downloaded rustix-futex-sync v0.1.5
[INFO] [stderr]   Downloaded compiler_builtins v0.1.103
[INFO] [stderr]   Downloaded origin v0.15.0
[INFO] running `Command { std: "docker" "create" "-v" "/var/lib/crater-agent-workspace/builds/worker-3-tc1/target:/opt/rustwide/target:rw,Z" "-v" "/var/lib/crater-agent-workspace/builds/worker-3-tc1/source:/opt/rustwide/workdir:ro,Z" "-v" "/var/lib/crater-agent-workspace/cargo-home:/opt/rustwide/cargo-home:ro,Z" "-v" "/var/lib/crater-agent-workspace/rustup-home:/opt/rustwide/rustup-home:ro,Z" "-e" "SOURCE_DIR=/opt/rustwide/workdir" "-e" "CARGO_TARGET_DIR=/opt/rustwide/target" "-e" "CARGO_HOME=/opt/rustwide/cargo-home" "-e" "RUSTUP_HOME=/opt/rustwide/rustup-home" "-w" "/opt/rustwide/workdir" "-m" "1610612736" "--user" "0:0" "--network" "none" "ghcr.io/rust-lang/crates-build-env/linux@sha256:2788e3201cd34a07e3172128adcd8b3090168a8e3bcc40d7c032b9dda1df7d1c" "/opt/rustwide/cargo-home/bin/cargo" "+1.75.0" "metadata" "--no-deps" "--format-version=1", kill_on_drop: false }`
[INFO] [stdout] dd27f79130f55ef39d77cf5a8745f1b2a9917af504685588638ef2fdce1c4765
[INFO] running `Command { std: "docker" "start" "-a" "dd27f79130f55ef39d77cf5a8745f1b2a9917af504685588638ef2fdce1c4765", kill_on_drop: false }`
[INFO] running `Command { std: "docker" "inspect" "dd27f79130f55ef39d77cf5a8745f1b2a9917af504685588638ef2fdce1c4765", kill_on_drop: false }`
[INFO] running `Command { std: "docker" "rm" "-f" "dd27f79130f55ef39d77cf5a8745f1b2a9917af504685588638ef2fdce1c4765", kill_on_drop: false }`
[INFO] [stdout] dd27f79130f55ef39d77cf5a8745f1b2a9917af504685588638ef2fdce1c4765
[INFO] running `Command { std: "docker" "create" "-v" "/var/lib/crater-agent-workspace/builds/worker-3-tc1/target:/opt/rustwide/target:rw,Z" "-v" "/var/lib/crater-agent-workspace/builds/worker-3-tc1/source:/opt/rustwide/workdir:ro,Z" "-v" "/var/lib/crater-agent-workspace/cargo-home:/opt/rustwide/cargo-home:ro,Z" "-v" "/var/lib/crater-agent-workspace/rustup-home:/opt/rustwide/rustup-home:ro,Z" "-e" "SOURCE_DIR=/opt/rustwide/workdir" "-e" "CARGO_TARGET_DIR=/opt/rustwide/target" "-e" "CARGO_INCREMENTAL=0" "-e" "RUST_BACKTRACE=full" "-e" "RUSTFLAGS=--cap-lints=warn" "-e" "RUSTDOCFLAGS=--cap-lints=warn" "-e" "CARGO_HOME=/opt/rustwide/cargo-home" "-e" "RUSTUP_HOME=/opt/rustwide/rustup-home" "-w" "/opt/rustwide/workdir" "-m" "1610612736" "--user" "0:0" "--network" "none" "ghcr.io/rust-lang/crates-build-env/linux@sha256:2788e3201cd34a07e3172128adcd8b3090168a8e3bcc40d7c032b9dda1df7d1c" "/opt/rustwide/cargo-home/bin/cargo" "+1.75.0" "doc" "--frozen" "--no-deps" "--document-private-items" "--message-format=json", kill_on_drop: false }`
[INFO] [stdout] 2bea999a269e36fe7015d86deb70345eddfbcf93fab10abe95ab5bcf6a6a8653
[INFO] running `Command { std: "docker" "start" "-a" "2bea999a269e36fe7015d86deb70345eddfbcf93fab10abe95ab5bcf6a6a8653", kill_on_drop: false }`
[INFO] [stderr]    Compiling lock_api v0.4.11
[INFO] [stderr]    Compiling rustix v0.38.21
[INFO] [stderr]     Checking linux-raw-sys v0.4.11
[INFO] [stderr]    Compiling memoffset v0.9.0
[INFO] [stderr]    Compiling rustix-dlmalloc v0.1.0
[INFO] [stderr]     Checking gimli v0.28.0
[INFO] [stderr]     Checking smallvec v1.11.1
[INFO] [stderr]    Compiling origin-studio v0.8.5 (/opt/rustwide/workdir)
[INFO] [stderr]     Checking unwinding v0.2.1
[INFO] [stdout] error[E0554]: `#![feature]` may not be used on the stable release channel
[INFO] [stdout]  --> /opt/rustwide/cargo-home/registry/src/index.crates.io-6f17d22bba15001f/unwinding-0.2.1/src/lib.rs:2:1
[INFO] [stdout]   |
[INFO] [stdout] 2 | #![feature(c_unwind)]
[INFO] [stdout]   | ^^^^^^^^^^^^^^^^^^^^^
[INFO] [stdout] 
[INFO] [stdout] 
[INFO] [stdout] error[E0554]: `#![feature]` may not be used on the stable release channel
[INFO] [stdout]  --> /opt/rustwide/cargo-home/registry/src/index.crates.io-6f17d22bba15001f/unwinding-0.2.1/src/lib.rs:3:1
[INFO] [stdout]   |
[INFO] [stdout] 3 | #![feature(naked_functions)]
[INFO] [stdout]   | ^^^^^^^^^^^^^^^^^^^^^^^^^^^^
[INFO] [stdout] 
[INFO] [stdout] 
[INFO] [stdout] error[E0554]: `#![feature]` may not be used on the stable release channel
[INFO] [stdout]  --> /opt/rustwide/cargo-home/registry/src/index.crates.io-6f17d22bba15001f/unwinding-0.2.1/src/lib.rs:4:1
[INFO] [stdout]   |
[INFO] [stdout] 4 | #![feature(non_exhaustive_omitted_patterns_lint)]
[INFO] [stdout]   | ^^^^^^^^^^^^^^^^^^^^^^^^^^^^^^^^^^^^^^^^^^^^^^^^^
[INFO] [stdout] 
[INFO] [stdout] 
[INFO] [stdout] error: aborting due to 3 previous errors
[INFO] [stdout] 
[INFO] [stdout] 
[INFO] [stdout] For more information about this error, try `rustc --explain E0554`.
[INFO] [stdout] 
[INFO] [stderr] error: could not compile `unwinding` (lib) due to 4 previous errors
[INFO] [stderr] warning: build failed, waiting for other jobs to finish...
[INFO] running `Command { std: "docker" "inspect" "2bea999a269e36fe7015d86deb70345eddfbcf93fab10abe95ab5bcf6a6a8653", kill_on_drop: false }`
[INFO] running `Command { std: "docker" "rm" "-f" "2bea999a269e36fe7015d86deb70345eddfbcf93fab10abe95ab5bcf6a6a8653", kill_on_drop: false }`
[INFO] [stdout] 2bea999a269e36fe7015d86deb70345eddfbcf93fab10abe95ab5bcf6a6a8653
[INFO] documenting origin-studio-0.8.5 against beta-2023-12-22 for beta-1.76-rustdoc-1
[INFO] extracting crate origin-studio 0.8.5 into /workspace/builds/worker-3-tc2/source
[INFO] validating manifest of crates.io crate origin-studio 0.8.5 on toolchain beta-2023-12-22
[INFO] running `Command { std: CARGO_HOME="/workspace/cargo-home" RUSTUP_HOME="/workspace/rustup-home" "/workspace/cargo-home/bin/cargo" "+beta-2023-12-22" "metadata" "--manifest-path" "Cargo.toml" "--no-deps", kill_on_drop: false }`
[INFO] removed /workspace/builds/worker-3-tc2/source/rust-toolchain.toml
[INFO] started tweaking crates.io crate origin-studio 0.8.5
[INFO] finished tweaking crates.io crate origin-studio 0.8.5
[INFO] tweaked toml for crates.io crate origin-studio 0.8.5 written to /workspace/builds/worker-3-tc2/source/Cargo.toml
[INFO] crate crates.io crate origin-studio 0.8.5 already has a lockfile, it will not be regenerated
[INFO] running `Command { std: CARGO_HOME="/workspace/cargo-home" RUSTUP_HOME="/workspace/rustup-home" "/workspace/cargo-home/bin/cargo" "+beta-2023-12-22" "fetch" "--manifest-path" "Cargo.toml", kill_on_drop: false }`
[INFO] running `Command { std: "docker" "create" "-v" "/var/lib/crater-agent-workspace/builds/worker-3-tc2/target:/opt/rustwide/target:rw,Z" "-v" "/var/lib/crater-agent-workspace/builds/worker-3-tc2/source:/opt/rustwide/workdir:ro,Z" "-v" "/var/lib/crater-agent-workspace/cargo-home:/opt/rustwide/cargo-home:ro,Z" "-v" "/var/lib/crater-agent-workspace/rustup-home:/opt/rustwide/rustup-home:ro,Z" "-e" "SOURCE_DIR=/opt/rustwide/workdir" "-e" "CARGO_TARGET_DIR=/opt/rustwide/target" "-e" "CARGO_HOME=/opt/rustwide/cargo-home" "-e" "RUSTUP_HOME=/opt/rustwide/rustup-home" "-w" "/opt/rustwide/workdir" "-m" "1610612736" "--user" "0:0" "--network" "none" "ghcr.io/rust-lang/crates-build-env/linux@sha256:2788e3201cd34a07e3172128adcd8b3090168a8e3bcc40d7c032b9dda1df7d1c" "/opt/rustwide/cargo-home/bin/cargo" "+beta-2023-12-22" "metadata" "--no-deps" "--format-version=1", kill_on_drop: false }`
[INFO] [stdout] 13b90fe3537f82469569213cbf28bc9f85f558fe1288712ec261972acce668bf
[INFO] running `Command { std: "docker" "start" "-a" "13b90fe3537f82469569213cbf28bc9f85f558fe1288712ec261972acce668bf", kill_on_drop: false }`
[INFO] running `Command { std: "docker" "inspect" "13b90fe3537f82469569213cbf28bc9f85f558fe1288712ec261972acce668bf", kill_on_drop: false }`
[INFO] running `Command { std: "docker" "rm" "-f" "13b90fe3537f82469569213cbf28bc9f85f558fe1288712ec261972acce668bf", kill_on_drop: false }`
[INFO] [stdout] 13b90fe3537f82469569213cbf28bc9f85f558fe1288712ec261972acce668bf
[INFO] running `Command { std: "docker" "create" "-v" "/var/lib/crater-agent-workspace/builds/worker-3-tc2/target:/opt/rustwide/target:rw,Z" "-v" "/var/lib/crater-agent-workspace/builds/worker-3-tc2/source:/opt/rustwide/workdir:ro,Z" "-v" "/var/lib/crater-agent-workspace/cargo-home:/opt/rustwide/cargo-home:ro,Z" "-v" "/var/lib/crater-agent-workspace/rustup-home:/opt/rustwide/rustup-home:ro,Z" "-e" "SOURCE_DIR=/opt/rustwide/workdir" "-e" "CARGO_TARGET_DIR=/opt/rustwide/target" "-e" "CARGO_INCREMENTAL=0" "-e" "RUST_BACKTRACE=full" "-e" "RUSTFLAGS=--cap-lints=warn" "-e" "RUSTDOCFLAGS=--cap-lints=warn" "-e" "CARGO_HOME=/opt/rustwide/cargo-home" "-e" "RUSTUP_HOME=/opt/rustwide/rustup-home" "-w" "/opt/rustwide/workdir" "-m" "1610612736" "--user" "0:0" "--network" "none" "ghcr.io/rust-lang/crates-build-env/linux@sha256:2788e3201cd34a07e3172128adcd8b3090168a8e3bcc40d7c032b9dda1df7d1c" "/opt/rustwide/cargo-home/bin/cargo" "+beta-2023-12-22" "doc" "--frozen" "--no-deps" "--document-private-items" "--message-format=json", kill_on_drop: false }`
[INFO] [stdout] 728a6469730aa8bd7aca71774f516c210689a534fe955b336463c2f77bb3ec00
[INFO] running `Command { std: "docker" "start" "-a" "728a6469730aa8bd7aca71774f516c210689a534fe955b336463c2f77bb3ec00", kill_on_drop: false }`
[INFO] [stderr]    Compiling lock_api v0.4.11
[INFO] [stderr]    Compiling rustix v0.38.21
[INFO] [stderr]     Checking linux-raw-sys v0.4.11
[INFO] [stderr]    Compiling memoffset v0.9.0
[INFO] [stderr]     Checking gimli v0.28.0
[INFO] [stderr]    Compiling rustix-dlmalloc v0.1.0
[INFO] [stderr]     Checking smallvec v1.11.1
[INFO] [stderr]    Compiling origin-studio v0.8.5 (/opt/rustwide/workdir)
[INFO] [stderr]     Checking unwinding v0.2.1
[INFO] [stdout] error[E0554]: `#![feature]` may not be used on the beta release channel
[INFO] [stdout]  --> /opt/rustwide/cargo-home/registry/src/index.crates.io-6f17d22bba15001f/unwinding-0.2.1/src/lib.rs:2:1
[INFO] [stdout]   |
[INFO] [stdout] 2 | #![feature(c_unwind)]
[INFO] [stdout]   | ^^^^^^^^^^^^^^^^^^^^^
[INFO] [stdout] 
[INFO] [stdout] 
[INFO] [stdout] error[E0554]: `#![feature]` may not be used on the beta release channel
[INFO] [stdout]  --> /opt/rustwide/cargo-home/registry/src/index.crates.io-6f17d22bba15001f/unwinding-0.2.1/src/lib.rs:3:1
[INFO] [stdout]   |
[INFO] [stdout] 3 | #![feature(naked_functions)]
[INFO] [stdout]   | ^^^^^^^^^^^^^^^^^^^^^^^^^^^^
[INFO] [stdout] 
[INFO] [stdout] 
[INFO] [stdout] error[E0554]: `#![feature]` may not be used on the beta release channel
[INFO] [stdout]  --> /opt/rustwide/cargo-home/registry/src/index.crates.io-6f17d22bba15001f/unwinding-0.2.1/src/lib.rs:4:1
[INFO] [stdout]   |
[INFO] [stdout] 4 | #![feature(non_exhaustive_omitted_patterns_lint)]
[INFO] [stdout]   | ^^^^^^^^^^^^^^^^^^^^^^^^^^^^^^^^^^^^^^^^^^^^^^^^^
[INFO] [stdout] 
[INFO] [stdout] 
[INFO] [stdout] error: aborting due to 3 previous errors
[INFO] [stdout] 
[INFO] [stdout] 
[INFO] [stdout] For more information about this error, try `rustc --explain E0554`.
[INFO] [stdout] 
[INFO] [stderr] error: could not compile `unwinding` (lib) due to 4 previous errors
[INFO] [stderr] warning: build failed, waiting for other jobs to finish...
[INFO] running `Command { std: "docker" "inspect" "728a6469730aa8bd7aca71774f516c210689a534fe955b336463c2f77bb3ec00", kill_on_drop: false }`
[INFO] running `Command { std: "docker" "rm" "-f" "728a6469730aa8bd7aca71774f516c210689a534fe955b336463c2f77bb3ec00", kill_on_drop: false }`
[INFO] [stdout] 728a6469730aa8bd7aca71774f516c210689a534fe955b336463c2f77bb3ec00
