[INFO] fetching crate origen_metal 0.5.0...
[INFO] documenting origen_metal-0.5.0 against 1.75.0 for beta-1.76-rustdoc-1
[INFO] extracting crate origen_metal 0.5.0 into /workspace/builds/worker-4-tc1/source
[INFO] validating manifest of crates.io crate origen_metal 0.5.0 on toolchain 1.75.0
[INFO] running `Command { std: CARGO_HOME="/workspace/cargo-home" RUSTUP_HOME="/workspace/rustup-home" "/workspace/cargo-home/bin/cargo" "+1.75.0" "metadata" "--manifest-path" "Cargo.toml" "--no-deps", kill_on_drop: false }`
[INFO] started tweaking crates.io crate origen_metal 0.5.0
[INFO] finished tweaking crates.io crate origen_metal 0.5.0
[INFO] tweaked toml for crates.io crate origen_metal 0.5.0 written to /workspace/builds/worker-4-tc1/source/Cargo.toml
[INFO] running `Command { std: CARGO_HOME="/workspace/cargo-home" RUSTUP_HOME="/workspace/rustup-home" "/workspace/cargo-home/bin/cargo" "+1.75.0" "generate-lockfile" "--manifest-path" "Cargo.toml", kill_on_drop: false }`
[INFO] [stderr]     Updating crates.io index
[INFO] running `Command { std: CARGO_HOME="/workspace/cargo-home" RUSTUP_HOME="/workspace/rustup-home" "/workspace/cargo-home/bin/cargo" "+1.75.0" "fetch" "--manifest-path" "Cargo.toml", kill_on_drop: false }`
[INFO] [stderr]  Downloading crates ...
[INFO] [stderr]   Downloaded serde-pickle v0.6.3
[INFO] [stderr]   Downloaded pyo3-macros v0.16.6
[INFO] [stderr]   Downloaded enumflags2_derive v0.6.4
[INFO] [stderr]   Downloaded enum-utils-from-str v0.1.2
[INFO] [stderr]   Downloaded nb-connect v1.2.0
[INFO] [stderr]   Downloaded pyo3-macros-backend v0.16.6
[INFO] [stderr]   Downloaded enumflags2 v0.6.4
[INFO] [stderr]   Downloaded zvariant_derive v2.10.0
[INFO] [stderr]   Downloaded serde_derive_internals v0.25.0
[INFO] [stderr]   Downloaded secret-service v2.0.2
[INFO] [stderr]   Downloaded pyo3-build-config v0.16.6
[INFO] [stderr]   Downloaded keyring v1.2.1
[INFO] [stderr]   Downloaded url v2.3.0
[INFO] [stderr]   Downloaded git2 v0.13.25
[INFO] [stderr]   Downloaded libgit2-sys v0.12.26+1.3.0
[INFO] [stderr]   Downloaded pyo3 v0.16.6
[INFO] [stderr]   Downloaded gimli v0.24.0
[INFO] [stderr]   Downloaded hkdf v0.11.0
[INFO] [stderr]   Downloaded object v0.24.0
[INFO] [stderr]   Downloaded regex v1.4.6
[INFO] [stderr]   Downloaded zbus v1.9.3
[INFO] [stderr]   Downloaded zvariant v2.10.0
[INFO] [stderr]   Downloaded lber v0.3.0
[INFO] [stderr]   Downloaded ldap3 v0.9.4
[INFO] [stderr]   Downloaded bitvec v0.19.6
[INFO] [stderr]   Downloaded lettre v0.10.0-alpha.4
[INFO] [stderr]   Downloaded backtrace v0.3.59
[INFO] [stderr]   Downloaded pyo3-ffi v0.16.6
[INFO] [stderr]   Downloaded nom v6.2.2
[INFO] [stderr]   Downloaded hyperx v1.4.0
[INFO] [stderr]   Downloaded addr2line v0.15.2
[INFO] [stderr]   Downloaded octocrab v0.9.1
[INFO] [stderr]   Downloaded enum-utils v0.1.2
[INFO] [stderr]   Downloaded block-modes v0.8.1
[INFO] [stderr]   Downloaded zbus_macros v1.9.3
[INFO] [stderr]   Downloaded quoted_printable v0.4.8
[INFO] running `Command { std: "docker" "create" "-v" "/var/lib/crater-agent-workspace/builds/worker-4-tc1/target:/opt/rustwide/target:rw,Z" "-v" "/var/lib/crater-agent-workspace/builds/worker-4-tc1/source:/opt/rustwide/workdir:ro,Z" "-v" "/var/lib/crater-agent-workspace/cargo-home:/opt/rustwide/cargo-home:ro,Z" "-v" "/var/lib/crater-agent-workspace/rustup-home:/opt/rustwide/rustup-home:ro,Z" "-e" "SOURCE_DIR=/opt/rustwide/workdir" "-e" "CARGO_TARGET_DIR=/opt/rustwide/target" "-e" "CARGO_HOME=/opt/rustwide/cargo-home" "-e" "RUSTUP_HOME=/opt/rustwide/rustup-home" "-w" "/opt/rustwide/workdir" "-m" "1610612736" "--user" "0:0" "--network" "none" "ghcr.io/rust-lang/crates-build-env/linux@sha256:2788e3201cd34a07e3172128adcd8b3090168a8e3bcc40d7c032b9dda1df7d1c" "/opt/rustwide/cargo-home/bin/cargo" "+1.75.0" "metadata" "--no-deps" "--format-version=1", kill_on_drop: false }`
[INFO] [stdout] 7868145345b636e84ecbfae7f0345edf23b11880df0686acc1e0d968b2d87d33
[INFO] running `Command { std: "docker" "start" "-a" "7868145345b636e84ecbfae7f0345edf23b11880df0686acc1e0d968b2d87d33", kill_on_drop: false }`
[INFO] running `Command { std: "docker" "inspect" "7868145345b636e84ecbfae7f0345edf23b11880df0686acc1e0d968b2d87d33", kill_on_drop: false }`
[INFO] running `Command { std: "docker" "rm" "-f" "7868145345b636e84ecbfae7f0345edf23b11880df0686acc1e0d968b2d87d33", kill_on_drop: false }`
[INFO] [stdout] 7868145345b636e84ecbfae7f0345edf23b11880df0686acc1e0d968b2d87d33
[INFO] running `Command { std: "docker" "create" "-v" "/var/lib/crater-agent-workspace/builds/worker-4-tc1/target:/opt/rustwide/target:rw,Z" "-v" "/var/lib/crater-agent-workspace/builds/worker-4-tc1/source:/opt/rustwide/workdir:ro,Z" "-v" "/var/lib/crater-agent-workspace/cargo-home:/opt/rustwide/cargo-home:ro,Z" "-v" "/var/lib/crater-agent-workspace/rustup-home:/opt/rustwide/rustup-home:ro,Z" "-e" "SOURCE_DIR=/opt/rustwide/workdir" "-e" "CARGO_TARGET_DIR=/opt/rustwide/target" "-e" "CARGO_INCREMENTAL=0" "-e" "RUST_BACKTRACE=full" "-e" "RUSTFLAGS=--cap-lints=warn" "-e" "RUSTDOCFLAGS=--cap-lints=warn" "-e" "CARGO_HOME=/opt/rustwide/cargo-home" "-e" "RUSTUP_HOME=/opt/rustwide/rustup-home" "-w" "/opt/rustwide/workdir" "-m" "1610612736" "--user" "0:0" "--network" "none" "ghcr.io/rust-lang/crates-build-env/linux@sha256:2788e3201cd34a07e3172128adcd8b3090168a8e3bcc40d7c032b9dda1df7d1c" "/opt/rustwide/cargo-home/bin/cargo" "+1.75.0" "doc" "--frozen" "--no-deps" "--document-private-items" "--message-format=json", kill_on_drop: false }`
[INFO] [stdout] f2f16e44fc3a1f454f77e0ef46441016054a65185ba7a033685b78ecbc6e2334
[INFO] running `Command { std: "docker" "start" "-a" "f2f16e44fc3a1f454f77e0ef46441016054a65185ba7a033685b78ecbc6e2334", kill_on_drop: false }`
[INFO] [stderr]    Compiling proc-macro2 v1.0.76
[INFO] [stderr]    Compiling memchr v2.3.4
[INFO] [stderr]    Compiling libc v0.2.151
[INFO] [stderr]     Checking bytes v1.1.0
[INFO] [stderr]    Compiling num-traits v0.2.17
[INFO] [stderr]     Checking futures-io v0.3.30
[INFO] [stderr]    Compiling serde v1.0.195
[INFO] [stderr]    Compiling target-lexicon v0.12.13
[INFO] [stderr]     Checking getrandom v0.2.11
[INFO] [stderr]     Checking mio v0.8.10
[INFO] [stderr]     Checking socket2 v0.5.5
[INFO] [stderr]    Compiling thiserror v1.0.56
[INFO] [stderr]     Checking percent-encoding v2.1.0
[INFO] [stderr]     Checking subtle v2.4.1
[INFO] [stderr]    Compiling tinyvec_macros v0.1.1
[INFO] [stderr]    Compiling tinyvec v1.6.0
[INFO] [stderr]    Compiling ahash v0.7.7
[INFO] [stderr]    Compiling crossbeam-utils v0.8.18
[INFO] [stderr]    Compiling winnow v0.4.7
[INFO] [stderr]    Compiling io-lifetimes v1.0.11
[INFO] [stderr]    Compiling toml_datetime v0.6.5
[INFO] [stderr]    Compiling matches v0.1.10
[INFO] [stderr]     Checking idna v0.2.3
[INFO] [stderr]     Checking form_urlencoded v1.0.1
[INFO] [stderr]    Compiling num-bigint v0.4.4
[INFO] [stderr]     Checking http v0.2.11
[INFO] [stderr]    Compiling polling v2.8.0
[INFO] [stderr]    Compiling rustix v0.37.27
[INFO] [stderr]    Compiling ucd-trie v0.1.6
[INFO] [stderr]    Compiling quote v1.0.35
[INFO] [stderr]    Compiling semver v1.0.21
[INFO] [stderr]    Compiling unicode-bidi v0.3.14
[INFO] [stderr]    Compiling syn v2.0.48
[INFO] [stderr]    Compiling syn v1.0.109
[INFO] [stderr]    Compiling jobserver v0.1.27
[INFO] [stderr]     Checking parking_lot_core v0.9.9
[INFO] [stderr]     Checking socket2 v0.4.10
[INFO] [stderr]    Compiling unicase v2.6.0
[INFO] [stderr]    Compiling pyo3-build-config v0.16.6
[INFO] [stderr]    Compiling num-rational v0.4.1
[INFO] [stderr]    Compiling num-iter v0.1.43
[INFO] [stderr]    Compiling cc v1.0.83
[INFO] [stderr]    Compiling unicode-normalization v0.1.22
[INFO] [stderr]    Compiling async-io v1.13.0
[INFO] [stderr]     Checking waker-fn v1.1.1
[INFO] [stderr]     Checking linux-raw-sys v0.3.8
[INFO] [stderr]     Checking fastrand v1.9.0
[INFO] [stderr]     Checking event-listener v2.5.3
[INFO] [stderr]     Checking parking v2.2.0
[INFO] [stderr]     Checking async-lock v2.8.0
[INFO] [stderr]    Compiling async-trait v0.1.77
[INFO] [stderr]     Checking concurrent-queue v2.4.0
[INFO] [stderr]     Checking http-body v0.4.6
[INFO] [stderr]     Checking futures-lite v1.13.0
[INFO] [stderr]     Checking hashbrown v0.12.3
[INFO] [stderr]     Checking parking_lot v0.12.1
[INFO] [stderr]     Checking crypto-mac v0.11.1
[INFO] [stderr]     Checking rand_core v0.6.4
[INFO] [stderr]     Checking cipher v0.3.0
[INFO] [stderr]     Checking cipher v0.2.5
[INFO] [stderr]    Compiling hyperx v1.4.0
[INFO] [stderr]    Compiling gimli v0.24.0
[INFO] [stderr]     Checking num-integer v0.1.45
[INFO] [stderr]    Compiling doc-comment v0.3.3
[INFO] [stderr]     Checking rand_chacha v0.3.1
[INFO] [stderr]     Checking num-complex v0.4.4
[INFO] [stderr]    Compiling miniz_oxide v0.4.4
[INFO] [stderr]     Checking hmac v0.11.0
[INFO] [stderr]     Checking nix v0.22.3
[INFO] [stderr]     Checking nb-connect v1.2.0
[INFO] [stderr]     Checking universal-hash v0.4.1
[INFO] [stderr]    Compiling num-bigint v0.3.3
[INFO] [stderr]    Compiling nom v6.2.2
[INFO] [stderr]    Compiling toml_edit v0.19.12
[INFO] [stderr]    Compiling url v2.3.0
[INFO] [stderr]     Checking object v0.24.0
[INFO] [stderr]     Checking block-padding v0.2.1
[INFO] [stderr]     Checking dlv-list v0.3.0
[INFO] [stderr]     Checking cpuid-bool v0.2.0
[INFO] [stderr]     Checking language-tags v0.3.2
[INFO] [stderr]     Checking scoped-tls v1.0.1
[INFO] [stderr]     Checking ordered-multimap v0.4.3
[INFO] [stderr]     Checking polyval v0.4.5
[INFO] [stderr]     Checking bitvec v0.19.6
[INFO] [stderr]    Compiling openssl-sys v0.9.98
[INFO] [stderr]    Compiling libz-sys v1.1.12
[INFO] [stderr]    Compiling backtrace v0.3.59
[INFO] [stderr]    Compiling libssh2-sys v0.2.23
[INFO] [stderr]    Compiling libgit2-sys v0.12.26+1.3.0
[INFO] [stderr]    Compiling pyo3-ffi v0.16.6
[INFO] [stderr]    Compiling pyo3 v0.16.6
[INFO] [stderr]    Compiling openssl v0.10.62
[INFO] [stderr]    Compiling native-tls v0.2.11
[INFO] [stderr]     Checking addr2line v0.15.2
[INFO] [stderr]     Checking block-modes v0.8.1
[INFO] [stderr]     Checking sha2 v0.9.9
[INFO] [stderr]     Checking hkdf v0.11.0
[INFO] [stderr]     Checking rand v0.8.5
[INFO] [stderr]     Checking aes-soft v0.6.4
[INFO] [stderr]    Compiling proc-macro-crate v1.3.1
[INFO] [stderr]     Checking aes v0.7.5
[INFO] [stderr]     Checking scheduled-thread-pool v0.2.7
[INFO] [stderr]     Checking aho-corasick v0.7.15
[INFO] [stderr]     Checking dirs-sys v0.3.7
[INFO] [stderr]    Compiling indexmap v1.9.3
[INFO] [stderr]     Checking nom v2.2.1
[INFO] [stderr]     Checking match_cfg v0.1.0
[INFO] [stderr]     Checking hostname v0.3.1
[INFO] [stderr]     Checking nom v7.1.3
[INFO] [stderr]     Checking dirs v2.0.2
[INFO] [stderr]     Checking yaml-rust v0.4.5
[INFO] [stderr]     Checking aes v0.6.0
[INFO] [stderr]     Checking r2d2 v0.8.10
[INFO] [stderr]     Checking rust-ini v0.18.0
[INFO] [stderr]     Checking ghash v0.3.1
[INFO] [stderr]     Checking regex v1.4.6
[INFO] [stderr]     Checking ctr v0.6.0
[INFO] [stderr]    Compiling enum-utils-from-str v0.1.2
[INFO] [stderr]     Checking uuid v0.8.2
[INFO] [stderr]    Compiling pyo3-macros-backend v0.16.6
[INFO] [stderr]     Checking lber v0.3.0
[INFO] [stderr]    Compiling serde_derive_internals v0.25.0
[INFO] [stderr]     Checking aead v0.3.2
[INFO] [stderr]     Checking unindent v0.1.11
[INFO] [stderr]     Checking quoted_printable v0.4.8
[INFO] [stderr]     Checking arc-swap v1.6.0
[INFO] [stderr]    Compiling indoc v1.0.9
[INFO] [stderr]     Checking pathdiff v0.2.1
[INFO] [stderr]     Checking maplit v1.0.2
[INFO] [stderr]     Checking iter-read v0.3.1
[INFO] [stderr]     Checking aes-gcm v0.8.0
[INFO] [stderr]     Checking shellexpand v1.1.1
[INFO] [stderr]     Checking wait-timeout v0.2.0
[INFO] [stderr]     Checking time v0.1.45
[INFO] [stderr]     Checking rpassword v5.0.1
[INFO] [stderr]     Checking glob v0.3.1
[INFO] [stderr]    Compiling failure v0.1.8
[INFO] [stderr]     Checking termcolor v1.4.0
[INFO] [stderr]     Checking whoami v1.4.1
[INFO] [stderr]    Compiling serde_derive v1.0.195
[INFO] [stderr]    Compiling futures-macro v0.3.30
[INFO] [stderr]    Compiling tokio-macros v2.2.0
[INFO] [stderr]    Compiling thiserror-impl v1.0.56
[INFO] [stderr]    Compiling openssl-macros v0.1.1
[INFO] [stderr]    Compiling serde_repr v0.1.18
[INFO] [stderr]    Compiling enumflags2_derive v0.6.4
[INFO] [stderr]    Compiling zvariant_derive v2.10.0
[INFO] [stderr]    Compiling derivative v2.2.0
[INFO] [stderr]    Compiling snafu-derive v0.6.10
[INFO] [stderr]    Compiling enum-utils v0.1.2
[INFO] [stderr]    Compiling enum-display-derive v0.1.1
[INFO] [stderr]     Checking tokio v1.35.1
[INFO] [stderr]     Checking futures-util v0.3.30
[INFO] [stderr]    Compiling pyo3-macros v0.16.6
[INFO] [stderr]    Compiling pest v2.7.6
[INFO] [stdout] error[E0433]: failed to resolve: could not find `memmem` in `memchr`
[INFO] [stdout]    --> /opt/rustwide/cargo-home/registry/src/index.crates.io-6f17d22bba15001f/pest-2.7.6/src/position.rs:311:33
[INFO] [stdout]     |
[INFO] [stdout] 311 |                         memchr::memmem::find(&self.input.as_bytes()[self.pos..], s1.as_bytes())
[INFO] [stdout]     |                                 ^^^^^^ could not find `memmem` in `memchr`
[INFO] [stdout] 
[INFO] [stdout] 
[INFO] [stdout] error[E0433]: failed to resolve: could not find `memmem` in `memchr`
[INFO] [stdout]    --> /opt/rustwide/cargo-home/registry/src/index.crates.io-6f17d22bba15001f/pest-2.7.6/src/position.rs:311:33
[INFO] [stdout]     |
[INFO] [stdout] 311 |                         memchr::memmem::find(&self.input.as_bytes()[self.pos..], s1.as_bytes())
[INFO] [stdout]     |                                 ^^^^^^ could not find `memmem` in `memchr`
[INFO] [stdout] 
[INFO] [stdout] 
[INFO] [stdout] error: aborting due to previous error
[INFO] [stdout] 
[INFO] [stdout] 
[INFO] [stdout] error: aborting due to previous error
[INFO] [stdout] 
[INFO] [stdout] 
[INFO] [stdout] For more information about this error, try `rustc --explain E0433`.
[INFO] [stdout] 
[INFO] [stdout] For more information about this error, try `rustc --explain E0433`.
[INFO] [stdout] 
[INFO] [stderr] error: could not compile `pest` (lib) due to 2 previous errors
[INFO] [stderr] warning: build failed, waiting for other jobs to finish...
[INFO] [stderr] error: could not compile `pest` (lib) due to 2 previous errors
[INFO] running `Command { std: "docker" "inspect" "f2f16e44fc3a1f454f77e0ef46441016054a65185ba7a033685b78ecbc6e2334", kill_on_drop: false }`
[INFO] running `Command { std: "docker" "rm" "-f" "f2f16e44fc3a1f454f77e0ef46441016054a65185ba7a033685b78ecbc6e2334", kill_on_drop: false }`
[INFO] [stdout] f2f16e44fc3a1f454f77e0ef46441016054a65185ba7a033685b78ecbc6e2334
[INFO] documenting origen_metal-0.5.0 against beta-2023-12-22 for beta-1.76-rustdoc-1
[INFO] extracting crate origen_metal 0.5.0 into /workspace/builds/worker-4-tc2/source
[INFO] validating manifest of crates.io crate origen_metal 0.5.0 on toolchain beta-2023-12-22
[INFO] running `Command { std: CARGO_HOME="/workspace/cargo-home" RUSTUP_HOME="/workspace/rustup-home" "/workspace/cargo-home/bin/cargo" "+beta-2023-12-22" "metadata" "--manifest-path" "Cargo.toml" "--no-deps", kill_on_drop: false }`
[INFO] started tweaking crates.io crate origen_metal 0.5.0
[INFO] finished tweaking crates.io crate origen_metal 0.5.0
[INFO] tweaked toml for crates.io crate origen_metal 0.5.0 written to /workspace/builds/worker-4-tc2/source/Cargo.toml
[INFO] running `Command { std: CARGO_HOME="/workspace/cargo-home" RUSTUP_HOME="/workspace/rustup-home" "/workspace/cargo-home/bin/cargo" "+beta-2023-12-22" "generate-lockfile" "--manifest-path" "Cargo.toml", kill_on_drop: false }`
[INFO] [stderr]     Updating crates.io index
[INFO] running `Command { std: CARGO_HOME="/workspace/cargo-home" RUSTUP_HOME="/workspace/rustup-home" "/workspace/cargo-home/bin/cargo" "+beta-2023-12-22" "fetch" "--manifest-path" "Cargo.toml", kill_on_drop: false }`
[INFO] running `Command { std: "docker" "create" "-v" "/var/lib/crater-agent-workspace/builds/worker-4-tc2/target:/opt/rustwide/target:rw,Z" "-v" "/var/lib/crater-agent-workspace/builds/worker-4-tc2/source:/opt/rustwide/workdir:ro,Z" "-v" "/var/lib/crater-agent-workspace/cargo-home:/opt/rustwide/cargo-home:ro,Z" "-v" "/var/lib/crater-agent-workspace/rustup-home:/opt/rustwide/rustup-home:ro,Z" "-e" "SOURCE_DIR=/opt/rustwide/workdir" "-e" "CARGO_TARGET_DIR=/opt/rustwide/target" "-e" "CARGO_HOME=/opt/rustwide/cargo-home" "-e" "RUSTUP_HOME=/opt/rustwide/rustup-home" "-w" "/opt/rustwide/workdir" "-m" "1610612736" "--user" "0:0" "--network" "none" "ghcr.io/rust-lang/crates-build-env/linux@sha256:2788e3201cd34a07e3172128adcd8b3090168a8e3bcc40d7c032b9dda1df7d1c" "/opt/rustwide/cargo-home/bin/cargo" "+beta-2023-12-22" "metadata" "--no-deps" "--format-version=1", kill_on_drop: false }`
[INFO] [stdout] 5022640112ba0153ec33ed534af2d80cc9ea5a1802913d9c53260ff5d9ba5942
[INFO] running `Command { std: "docker" "start" "-a" "5022640112ba0153ec33ed534af2d80cc9ea5a1802913d9c53260ff5d9ba5942", kill_on_drop: false }`
[INFO] running `Command { std: "docker" "inspect" "5022640112ba0153ec33ed534af2d80cc9ea5a1802913d9c53260ff5d9ba5942", kill_on_drop: false }`
[INFO] running `Command { std: "docker" "rm" "-f" "5022640112ba0153ec33ed534af2d80cc9ea5a1802913d9c53260ff5d9ba5942", kill_on_drop: false }`
[INFO] [stdout] 5022640112ba0153ec33ed534af2d80cc9ea5a1802913d9c53260ff5d9ba5942
[INFO] running `Command { std: "docker" "create" "-v" "/var/lib/crater-agent-workspace/builds/worker-4-tc2/target:/opt/rustwide/target:rw,Z" "-v" "/var/lib/crater-agent-workspace/builds/worker-4-tc2/source:/opt/rustwide/workdir:ro,Z" "-v" "/var/lib/crater-agent-workspace/cargo-home:/opt/rustwide/cargo-home:ro,Z" "-v" "/var/lib/crater-agent-workspace/rustup-home:/opt/rustwide/rustup-home:ro,Z" "-e" "SOURCE_DIR=/opt/rustwide/workdir" "-e" "CARGO_TARGET_DIR=/opt/rustwide/target" "-e" "CARGO_INCREMENTAL=0" "-e" "RUST_BACKTRACE=full" "-e" "RUSTFLAGS=--cap-lints=warn" "-e" "RUSTDOCFLAGS=--cap-lints=warn" "-e" "CARGO_HOME=/opt/rustwide/cargo-home" "-e" "RUSTUP_HOME=/opt/rustwide/rustup-home" "-w" "/opt/rustwide/workdir" "-m" "1610612736" "--user" "0:0" "--network" "none" "ghcr.io/rust-lang/crates-build-env/linux@sha256:2788e3201cd34a07e3172128adcd8b3090168a8e3bcc40d7c032b9dda1df7d1c" "/opt/rustwide/cargo-home/bin/cargo" "+beta-2023-12-22" "doc" "--frozen" "--no-deps" "--document-private-items" "--message-format=json", kill_on_drop: false }`
[INFO] [stdout] 58837846a7811b5eff4cf1af48ffe4ba8d9cecccaef4e382822b0fe146cb1c69
[INFO] running `Command { std: "docker" "start" "-a" "58837846a7811b5eff4cf1af48ffe4ba8d9cecccaef4e382822b0fe146cb1c69", kill_on_drop: false }`
[INFO] [stderr]    Compiling proc-macro2 v1.0.76
[INFO] [stderr]    Compiling memchr v2.3.4
[INFO] [stderr]    Compiling libc v0.2.151
[INFO] [stderr]     Checking bytes v1.1.0
[INFO] [stderr]    Compiling num-traits v0.2.17
[INFO] [stderr]     Checking futures-io v0.3.30
[INFO] [stderr]    Compiling serde v1.0.195
[INFO] [stderr]    Compiling target-lexicon v0.12.13
[INFO] [stderr]     Checking getrandom v0.2.11
[INFO] [stderr]     Checking mio v0.8.10
[INFO] [stderr]     Checking socket2 v0.5.5
[INFO] [stderr]    Compiling thiserror v1.0.56
[INFO] [stderr]     Checking percent-encoding v2.1.0
[INFO] [stderr]     Checking subtle v2.4.1
[INFO] [stderr]    Compiling tinyvec_macros v0.1.1
[INFO] [stderr]    Compiling ahash v0.7.7
[INFO] [stderr]    Compiling toml_datetime v0.6.5
[INFO] [stderr]    Compiling tinyvec v1.6.0
[INFO] [stderr]    Compiling matches v0.1.10
[INFO] [stderr]    Compiling io-lifetimes v1.0.11
[INFO] [stderr]    Compiling winnow v0.4.7
[INFO] [stderr]    Compiling crossbeam-utils v0.8.18
[INFO] [stderr]     Checking idna v0.2.3
[INFO] [stderr]     Checking form_urlencoded v1.0.1
[INFO] [stderr]    Compiling polling v2.8.0
[INFO] [stderr]    Compiling num-bigint v0.4.4
[INFO] [stderr]     Checking http v0.2.11
[INFO] [stderr]    Compiling ucd-trie v0.1.6
[INFO] [stderr]    Compiling rustix v0.37.27
[INFO] [stderr]    Compiling quote v1.0.35
[INFO] [stderr]    Compiling unicode-bidi v0.3.14
[INFO] [stderr]    Compiling semver v1.0.21
[INFO] [stderr]     Checking parking_lot_core v0.9.9
[INFO] [stderr]    Compiling syn v2.0.48
[INFO] [stderr]    Compiling syn v1.0.109
[INFO] [stderr]    Compiling jobserver v0.1.27
[INFO] [stderr]     Checking socket2 v0.4.10
[INFO] [stderr]    Compiling num-iter v0.1.43
[INFO] [stderr]    Compiling pyo3-build-config v0.16.6
[INFO] [stderr]    Compiling unicase v2.6.0
[INFO] [stderr]    Compiling async-io v1.13.0
[INFO] [stderr]    Compiling num-rational v0.4.1
[INFO] [stderr]    Compiling cc v1.0.83
[INFO] [stderr]    Compiling unicode-normalization v0.1.22
[INFO] [stderr]     Checking linux-raw-sys v0.3.8
[INFO] [stderr]     Checking fastrand v1.9.0
[INFO] [stderr]     Checking waker-fn v1.1.1
[INFO] [stderr]     Checking parking v2.2.0
[INFO] [stderr]     Checking event-listener v2.5.3
[INFO] [stderr]     Checking concurrent-queue v2.4.0
[INFO] [stderr]    Compiling async-trait v0.1.77
[INFO] [stderr]     Checking http-body v0.4.6
[INFO] [stderr]     Checking futures-lite v1.13.0
[INFO] [stderr]     Checking async-lock v2.8.0
[INFO] [stderr]     Checking hashbrown v0.12.3
[INFO] [stderr]     Checking parking_lot v0.12.1
[INFO] [stderr]     Checking rand_core v0.6.4
[INFO] [stderr]     Checking crypto-mac v0.11.1
[INFO] [stderr]     Checking num-integer v0.1.45
[INFO] [stderr]     Checking cipher v0.3.0
[INFO] [stderr]     Checking cipher v0.2.5
[INFO] [stderr]    Compiling gimli v0.24.0
[INFO] [stderr]    Compiling hyperx v1.4.0
[INFO] [stderr]    Compiling doc-comment v0.3.3
[INFO] [stderr]     Checking rand_chacha v0.3.1
[INFO] [stderr]    Compiling miniz_oxide v0.4.4
[INFO] [stderr]     Checking hmac v0.11.0
[INFO] [stderr]     Checking num-complex v0.4.4
[INFO] [stderr]     Checking nix v0.22.3
[INFO] [stderr]     Checking nb-connect v1.2.0
[INFO] [stderr]     Checking universal-hash v0.4.1
[INFO] [stderr]    Compiling nom v6.2.2
[INFO] [stderr]    Compiling num-bigint v0.3.3
[INFO] [stderr]    Compiling toml_edit v0.19.12
[INFO] [stderr]    Compiling url v2.3.0
[INFO] [stderr]     Checking language-tags v0.3.2
[INFO] [stderr]     Checking object v0.24.0
[INFO] [stderr]     Checking cpuid-bool v0.2.0
[INFO] [stderr]     Checking scoped-tls v1.0.1
[INFO] [stderr]     Checking dlv-list v0.3.0
[INFO] [stderr]     Checking block-padding v0.2.1
[INFO] [stderr]     Checking block-modes v0.8.1
[INFO] [stderr]     Checking bitvec v0.19.6
[INFO] [stderr]     Checking ordered-multimap v0.4.3
[INFO] [stderr]     Checking polyval v0.4.5
[INFO] [stderr]    Compiling openssl-sys v0.9.98
[INFO] [stderr]    Compiling backtrace v0.3.59
[INFO] [stderr]    Compiling libz-sys v1.1.12
[INFO] [stderr]    Compiling libssh2-sys v0.2.23
[INFO] [stderr]    Compiling libgit2-sys v0.12.26+1.3.0
[INFO] [stderr]    Compiling pyo3-ffi v0.16.6
[INFO] [stderr]    Compiling pyo3 v0.16.6
[INFO] [stderr]     Checking addr2line v0.15.2
[INFO] [stderr]    Compiling openssl v0.10.62
[INFO] [stderr]    Compiling native-tls v0.2.11
[INFO] [stderr]     Checking sha2 v0.9.9
[INFO] [stderr]    Compiling proc-macro-crate v1.3.1
[INFO] [stderr]     Checking hkdf v0.11.0
[INFO] [stderr]     Checking rand v0.8.5
[INFO] [stderr]     Checking aes-soft v0.6.4
[INFO] [stderr]     Checking aes v0.7.5
[INFO] [stderr]     Checking scheduled-thread-pool v0.2.7
[INFO] [stderr]     Checking aho-corasick v0.7.15
[INFO] [stderr]     Checking dirs-sys v0.3.7
[INFO] [stderr]    Compiling indexmap v1.9.3
[INFO] [stderr]     Checking nom v2.2.1
[INFO] [stderr]     Checking match_cfg v0.1.0
[INFO] [stderr]     Checking hostname v0.3.1
[INFO] [stderr]     Checking yaml-rust v0.4.5
[INFO] [stderr]     Checking nom v7.1.3
[INFO] [stderr]     Checking dirs v2.0.2
[INFO] [stderr]     Checking r2d2 v0.8.10
[INFO] [stderr]     Checking aes v0.6.0
[INFO] [stderr]    Compiling pyo3-macros-backend v0.16.6
[INFO] [stderr]    Compiling serde_derive_internals v0.25.0
[INFO] [stderr]     Checking rust-ini v0.18.0
[INFO] [stderr]     Checking regex v1.4.6
[INFO] [stderr]     Checking ghash v0.3.1
[INFO] [stderr]     Checking lber v0.3.0
[INFO] [stderr]     Checking ctr v0.6.0
[INFO] [stderr]    Compiling enum-utils-from-str v0.1.2
[INFO] [stderr]     Checking uuid v0.8.2
[INFO] [stderr]     Checking aead v0.3.2
[INFO] [stderr]     Checking iter-read v0.3.1
[INFO] [stderr]     Checking quoted_printable v0.4.8
[INFO] [stderr]    Compiling indoc v1.0.9
[INFO] [stderr]     Checking maplit v1.0.2
[INFO] [stderr]     Checking pathdiff v0.2.1
[INFO] [stderr]     Checking arc-swap v1.6.0
[INFO] [stderr]     Checking unindent v0.1.11
[INFO] [stderr]     Checking aes-gcm v0.8.0
[INFO] [stderr]     Checking shellexpand v1.1.1
[INFO] [stderr]     Checking wait-timeout v0.2.0
[INFO] [stderr]     Checking rpassword v5.0.1
[INFO] [stderr]    Compiling failure v0.1.8
[INFO] [stderr]     Checking time v0.1.45
[INFO] [stderr]     Checking termcolor v1.4.0
[INFO] [stderr]     Checking glob v0.3.1
[INFO] [stderr]     Checking whoami v1.4.1
[INFO] [stderr]    Compiling serde_derive v1.0.195
[INFO] [stderr]    Compiling futures-macro v0.3.30
[INFO] [stderr]    Compiling tokio-macros v2.2.0
[INFO] [stderr]    Compiling thiserror-impl v1.0.56
[INFO] [stderr]    Compiling openssl-macros v0.1.1
[INFO] [stderr]    Compiling serde_repr v0.1.18
[INFO] [stderr]    Compiling enumflags2_derive v0.6.4
[INFO] [stderr]    Compiling zvariant_derive v2.10.0
[INFO] [stderr]    Compiling derivative v2.2.0
[INFO] [stderr]    Compiling snafu-derive v0.6.10
[INFO] [stderr]    Compiling enum-utils v0.1.2
[INFO] [stderr]     Checking tokio v1.35.1
[INFO] [stderr]    Compiling enum-display-derive v0.1.1
[INFO] [stderr]     Checking futures-util v0.3.30
[INFO] [stderr]    Compiling pyo3-macros v0.16.6
[INFO] [stderr]    Compiling pest v2.7.6
[INFO] [stdout] error[E0433]: failed to resolve: could not find `memmem` in `memchr`
[INFO] [stdout]    --> /opt/rustwide/cargo-home/registry/src/index.crates.io-6f17d22bba15001f/pest-2.7.6/src/position.rs:311:33
[INFO] [stdout]     |
[INFO] [stdout] 311 |                         memchr::memmem::find(&self.input.as_bytes()[self.pos..], s1.as_bytes())
[INFO] [stdout]     |                                 ^^^^^^ could not find `memmem` in `memchr`
[INFO] [stdout] 
[INFO] [stdout] 
[INFO] [stdout] error[E0433]: failed to resolve: could not find `memmem` in `memchr`
[INFO] [stdout]    --> /opt/rustwide/cargo-home/registry/src/index.crates.io-6f17d22bba15001f/pest-2.7.6/src/position.rs:311:33
[INFO] [stdout]     |
[INFO] [stdout] 311 |                         memchr::memmem::find(&self.input.as_bytes()[self.pos..], s1.as_bytes())
[INFO] [stdout]     |                                 ^^^^^^ could not find `memmem` in `memchr`
[INFO] [stdout] 
[INFO] [stdout] 
[INFO] [stdout] error: aborting due to 1 previous error
[INFO] [stdout] 
[INFO] [stdout] 
[INFO] [stdout] For more information about this error, try `rustc --explain E0433`.
[INFO] [stdout] 
[INFO] [stderr]     Checking snafu v0.6.10
[INFO] [stderr] error: could not compile `pest` (lib) due to 2 previous errors
[INFO] [stderr] warning: build failed, waiting for other jobs to finish...
[INFO] [stdout] error: aborting due to 1 previous error
[INFO] [stdout] 
[INFO] [stdout] 
[INFO] [stdout] For more information about this error, try `rustc --explain E0433`.
[INFO] [stdout] 
[INFO] [stderr] error: could not compile `pest` (lib) due to 2 previous errors
[INFO] running `Command { std: "docker" "inspect" "58837846a7811b5eff4cf1af48ffe4ba8d9cecccaef4e382822b0fe146cb1c69", kill_on_drop: false }`
[INFO] running `Command { std: "docker" "rm" "-f" "58837846a7811b5eff4cf1af48ffe4ba8d9cecccaef4e382822b0fe146cb1c69", kill_on_drop: false }`
[INFO] [stdout] 58837846a7811b5eff4cf1af48ffe4ba8d9cecccaef4e382822b0fe146cb1c69
