[INFO] fetching crate orcxx 0.4.2...
[INFO] documenting orcxx-0.4.2 against 1.75.0 for beta-1.76-rustdoc-1
[INFO] extracting crate orcxx 0.4.2 into /workspace/builds/worker-0-tc1/source
[INFO] validating manifest of crates.io crate orcxx 0.4.2 on toolchain 1.75.0
[INFO] running `Command { std: CARGO_HOME="/workspace/cargo-home" RUSTUP_HOME="/workspace/rustup-home" "/workspace/cargo-home/bin/cargo" "+1.75.0" "metadata" "--manifest-path" "Cargo.toml" "--no-deps", kill_on_drop: false }`
[INFO] started tweaking crates.io crate orcxx 0.4.2
[INFO] finished tweaking crates.io crate orcxx 0.4.2
[INFO] tweaked toml for crates.io crate orcxx 0.4.2 written to /workspace/builds/worker-0-tc1/source/Cargo.toml
[INFO] crate crates.io crate orcxx 0.4.2 already has a lockfile, it will not be regenerated
[INFO] running `Command { std: CARGO_HOME="/workspace/cargo-home" RUSTUP_HOME="/workspace/rustup-home" "/workspace/cargo-home/bin/cargo" "+1.75.0" "fetch" "--manifest-path" "Cargo.toml", kill_on_drop: false }`
[INFO] [stderr]  Downloading crates ...
[INFO] [stderr]   Downloaded cxxbridge-flags v1.0.104
[INFO] [stderr]   Downloaded cxxbridge-macro v1.0.104
[INFO] [stderr]   Downloaded cxx-build v1.0.104
[INFO] [stderr]   Downloaded rust_decimal v1.31.0
[INFO] [stderr]   Downloaded cxx v1.0.104
[INFO] running `Command { std: "docker" "create" "-v" "/var/lib/crater-agent-workspace/builds/worker-0-tc1/target:/opt/rustwide/target:rw,Z" "-v" "/var/lib/crater-agent-workspace/builds/worker-0-tc1/source:/opt/rustwide/workdir:ro,Z" "-v" "/var/lib/crater-agent-workspace/cargo-home:/opt/rustwide/cargo-home:ro,Z" "-v" "/var/lib/crater-agent-workspace/rustup-home:/opt/rustwide/rustup-home:ro,Z" "-e" "SOURCE_DIR=/opt/rustwide/workdir" "-e" "CARGO_TARGET_DIR=/opt/rustwide/target" "-e" "CARGO_HOME=/opt/rustwide/cargo-home" "-e" "RUSTUP_HOME=/opt/rustwide/rustup-home" "-w" "/opt/rustwide/workdir" "-m" "1610612736" "--user" "0:0" "--network" "none" "ghcr.io/rust-lang/crates-build-env/linux@sha256:2788e3201cd34a07e3172128adcd8b3090168a8e3bcc40d7c032b9dda1df7d1c" "/opt/rustwide/cargo-home/bin/cargo" "+1.75.0" "metadata" "--no-deps" "--format-version=1", kill_on_drop: false }`
[INFO] [stdout] a3c77cb9383913bc840c0aad33e7cf10a9d85ff97ef302807d3e961cabd20e70
[INFO] running `Command { std: "docker" "start" "-a" "a3c77cb9383913bc840c0aad33e7cf10a9d85ff97ef302807d3e961cabd20e70", kill_on_drop: false }`
[INFO] running `Command { std: "docker" "inspect" "a3c77cb9383913bc840c0aad33e7cf10a9d85ff97ef302807d3e961cabd20e70", kill_on_drop: false }`
[INFO] running `Command { std: "docker" "rm" "-f" "a3c77cb9383913bc840c0aad33e7cf10a9d85ff97ef302807d3e961cabd20e70", kill_on_drop: false }`
[INFO] [stdout] a3c77cb9383913bc840c0aad33e7cf10a9d85ff97ef302807d3e961cabd20e70
[INFO] running `Command { std: "docker" "create" "-v" "/var/lib/crater-agent-workspace/builds/worker-0-tc1/target:/opt/rustwide/target:rw,Z" "-v" "/var/lib/crater-agent-workspace/builds/worker-0-tc1/source:/opt/rustwide/workdir:ro,Z" "-v" "/var/lib/crater-agent-workspace/cargo-home:/opt/rustwide/cargo-home:ro,Z" "-v" "/var/lib/crater-agent-workspace/rustup-home:/opt/rustwide/rustup-home:ro,Z" "-e" "SOURCE_DIR=/opt/rustwide/workdir" "-e" "CARGO_TARGET_DIR=/opt/rustwide/target" "-e" "CARGO_INCREMENTAL=0" "-e" "RUST_BACKTRACE=full" "-e" "RUSTFLAGS=--cap-lints=warn" "-e" "RUSTDOCFLAGS=--cap-lints=warn" "-e" "CARGO_HOME=/opt/rustwide/cargo-home" "-e" "RUSTUP_HOME=/opt/rustwide/rustup-home" "-w" "/opt/rustwide/workdir" "-m" "1610612736" "--user" "0:0" "--network" "none" "ghcr.io/rust-lang/crates-build-env/linux@sha256:2788e3201cd34a07e3172128adcd8b3090168a8e3bcc40d7c032b9dda1df7d1c" "/opt/rustwide/cargo-home/bin/cargo" "+1.75.0" "doc" "--frozen" "--no-deps" "--document-private-items" "--message-format=json", kill_on_drop: false }`
[INFO] [stdout] 7513fb91c0499620acdff420141b47432fdc06120132f828668c1d8d58fa74a1
[INFO] running `Command { std: "docker" "start" "-a" "7513fb91c0499620acdff420141b47432fdc06120132f828668c1d8d58fa74a1", kill_on_drop: false }`
[INFO] [stderr]    Compiling libc v0.2.147
[INFO] [stderr]    Compiling proc-macro2 v1.0.66
[INFO] [stderr]    Compiling scratch v1.0.7
[INFO] [stderr]    Compiling cxxbridge-flags v1.0.104
[INFO] [stderr]    Compiling termcolor v1.2.0
[INFO] [stderr]    Compiling unicode-width v0.1.10
[INFO] [stderr]    Compiling once_cell v1.18.0
[INFO] [stderr]    Compiling serde v1.0.183
[INFO] [stderr]    Compiling thiserror v1.0.48
[INFO] [stderr]    Compiling rust_decimal v1.31.0
[INFO] [stderr]    Compiling num-traits v0.2.16
[INFO] [stderr]    Compiling codespan-reporting v0.11.1
[INFO] [stderr]    Compiling quote v1.0.32
[INFO] [stderr]    Compiling syn v2.0.28
[INFO] [stderr]    Compiling cc v1.0.82
[INFO] [stderr]    Compiling link-cplusplus v1.0.9
[INFO] [stderr]    Compiling cxx v1.0.104
[INFO] [stderr]    Compiling cxx-build v1.0.104
[INFO] [stderr]    Compiling thiserror-impl v1.0.48
[INFO] [stderr]    Compiling cxxbridge-macro v1.0.104
[INFO] [stderr]    Compiling orcxx v0.4.2 (/opt/rustwide/workdir)
[INFO] [stderr] error: failed to run custom build command for `orcxx v0.4.2 (/opt/rustwide/workdir)`
[INFO] [stderr] note: To improve backtraces for build dependencies, set the CARGO_PROFILE_DEV_BUILD_OVERRIDE_DEBUG=true environment variable to enable debug information generation.
[INFO] [stderr] 
[INFO] [stderr] Caused by:
[INFO] [stderr]   process didn't exit successfully: `/opt/rustwide/target/debug/build/orcxx-7fbc63fcb57c8a10/build-script-build` (exit status: 101)
[INFO] [stderr]   --- stdout
[INFO] [stderr]   -- The C compiler identification is GNU 11.4.0
[INFO] [stderr]   -- The CXX compiler identification is GNU 11.4.0
[INFO] [stderr]   -- Detecting C compiler ABI info
[INFO] [stderr]   -- Detecting C compiler ABI info - done
[INFO] [stderr]   -- Check for working C compiler: /usr/bin/cc - skipped
[INFO] [stderr]   -- Detecting C compile features
[INFO] [stderr]   -- Detecting C compile features - done
[INFO] [stderr]   -- Detecting CXX compiler ABI info
[INFO] [stderr]   -- Detecting CXX compiler ABI info - done
[INFO] [stderr]   -- Check for working CXX compiler: /usr/bin/c++ - skipped
[INFO] [stderr]   -- Detecting CXX compile features
[INFO] [stderr]   -- Detecting CXX compile features - done
[INFO] [stderr]   -- No build type selected, default to ReleaseWithDebugInfo
[INFO] [stderr]   -- compiler GNU version 11.4.0
[INFO] [stderr]   -- Performing Test ORC_CXX_HAS_INITIALIZER_LIST
[INFO] [stderr]   -- Performing Test ORC_CXX_HAS_INITIALIZER_LIST - Success
[INFO] [stderr]   -- Performing Test ORC_CXX_HAS_NOEXCEPT
[INFO] [stderr]   -- Performing Test ORC_CXX_HAS_NOEXCEPT - Success
[INFO] [stderr]   -- Performing Test ORC_CXX_HAS_NULLPTR
[INFO] [stderr]   -- Performing Test ORC_CXX_HAS_NULLPTR - Success
[INFO] [stderr]   -- Performing Test ORC_CXX_HAS_OVERRIDE
[INFO] [stderr]   -- Performing Test ORC_CXX_HAS_OVERRIDE - Success
[INFO] [stderr]   -- Performing Test ORC_CXX_HAS_UNIQUE_PTR
[INFO] [stderr]   -- Performing Test ORC_CXX_HAS_UNIQUE_PTR - Success
[INFO] [stderr]   -- Performing Test ORC_CXX_HAS_CSTDINT
[INFO] [stderr]   -- Performing Test ORC_CXX_HAS_CSTDINT - Success
[INFO] [stderr]   -- Performing Test ORC_CXX_HAS_THREAD_LOCAL
[INFO] [stderr]   -- Performing Test ORC_CXX_HAS_THREAD_LOCAL - Success
[INFO] [stderr]   -- Looking for pthread.h
[INFO] [stderr]   -- Looking for pthread.h - found
[INFO] [stderr]   -- Performing Test CMAKE_HAVE_LIBC_PTHREAD
[INFO] [stderr]   -- Performing Test CMAKE_HAVE_LIBC_PTHREAD - Success
[INFO] [stderr]   -- Found Threads: TRUE  
[INFO] [stderr]   -- Found CyrusSASL: /usr/lib/x86_64-linux-gnu/libsasl2.so  
[INFO] [stderr]   -- Found OpenSSL: /usr/lib/x86_64-linux-gnu/libcrypto.so (found version "3.0.2")  
[INFO] [stderr]   -- Performing Test HAS_PREAD
[INFO] [stderr]   -- Performing Test HAS_PREAD - Success
[INFO] [stderr]   -- Performing Test HAS_STRPTIME
[INFO] [stderr]   -- Performing Test HAS_STRPTIME - Success
[INFO] [stderr]   -- Performing Test HAS_STOLL
[INFO] [stderr]   -- Performing Test HAS_STOLL - Success
[INFO] [stderr]   -- Performing Test HAS_BUILTIN_OVERFLOW_CHECK
[INFO] [stderr]   -- Performing Test HAS_BUILTIN_OVERFLOW_CHECK - Success
[INFO] [stderr]   -- Performing Test INT64_IS_LL
[INFO] [stderr]   -- Performing Test INT64_IS_LL - Failed
[INFO] [stderr]   -- Performing Test HAS_DIAGNOSTIC_PUSH
[INFO] [stderr]   -- Performing Test HAS_DIAGNOSTIC_PUSH - Success
[INFO] [stderr]   -- Performing Test HAS_STD_ISNAN
[INFO] [stderr]   -- Performing Test HAS_STD_ISNAN - Success
[INFO] [stderr]   -- Performing Test HAS_STD_MUTEX
[INFO] [stderr]   -- Performing Test HAS_STD_MUTEX - Success
[INFO] [stderr]   -- Performing Test NEEDS_REDUNDANT_MOVE
[INFO] [stderr]   -- Performing Test NEEDS_REDUNDANT_MOVE - Failed
[INFO] [stderr]   -- Performing Test HAS_DOUBLE_TO_STRING
[INFO] [stderr]   -- Performing Test HAS_DOUBLE_TO_STRING - Success
[INFO] [stderr]   -- Performing Test HAS_INT64_TO_STRING
[INFO] [stderr]   -- Performing Test HAS_INT64_TO_STRING - Success
[INFO] [stderr]   -- Performing Test HAS_CONSTEXPR
[INFO] [stderr]   -- Performing Test HAS_CONSTEXPR - Success
[INFO] [stderr]   -- Performing Test HAS_PRE_1970
[INFO] [stderr]   -- Performing Test HAS_PRE_1970 - Success
[INFO] [stderr]   -- Performing Test HAS_POST_2038
[INFO] [stderr]   -- Performing Test HAS_POST_2038 - Success
[INFO] [stderr]   -- Performing Test NEEDS_Z_PREFIX
[INFO] [stderr]   -- Performing Test NEEDS_Z_PREFIX - Failed
[INFO] [stderr]   -- Configuring done
[INFO] [stderr]   -- Generating done
[INFO] [stderr]   -- Build files have been written to: /opt/rustwide/target/debug/build/orcxx-01df4523e6d29c60/orc
[INFO] [stderr]   [  2%] Creating directories for 'zlib_ep'
[INFO] [stderr]   [  2%] Creating directories for 'snappy_ep'
[INFO] [stderr]   [  3%] Creating directories for 'lz4_ep'
[INFO] [stderr]   [  4%] Creating directories for 'zstd_ep'
[INFO] [stderr]   [  5%] Creating directories for 'protobuf_ep'
[INFO] [stderr]   [  8%] Performing download step (download, verify and extract) for 'snappy_ep'
[INFO] [stderr]   [  8%] Performing download step (download, verify and extract) for 'lz4_ep'
[INFO] [stderr]   [  9%] Performing download step (download, verify and extract) for 'zlib_ep'
[INFO] [stderr]   [ 10%] Performing download step (download, verify and extract) for 'zstd_ep'
[INFO] [stderr]   [ 11%] Performing download step (download, verify and extract) for 'protobuf_ep'
[INFO] [stderr] 
[INFO] [stderr]   --- stderr
[INFO] [stderr]   CMake Error at snappy_ep-stamp/snappy_ep-download-RELWITHDEBINFO.cmake:49 (message):
[INFO] [stderr]     Command failed: 1
[INFO] [stderr] 
[INFO] [stderr]      '/usr/bin/cmake' '-Dmake=' '-Dconfig=' '-P' '/opt/rustwide/target/debug/build/orcxx-01df4523e6d29c60/orc/snappy_ep-prefix/src/snappy_ep-stamp/snappy_ep-download-RELWITHDEBINFO-impl.cmake'
[INFO] [stderr] 
[INFO] [stderr]     See also
[INFO] [stderr] 
[INFO] [stderr]       /opt/rustwide/target/debug/build/orcxx-01df4523e6d29c60/orc/snappy_ep-prefix/src/snappy_ep-stamp/snappy_ep-download-*.log
[INFO] [stderr] 
[INFO] [stderr] 
[INFO] [stderr]   CMake Error at zlib_ep-stamp/zlib_ep-download-RELWITHDEBINFO.cmake:49 (message):
[INFO] [stderr]     Command failed: 1
[INFO] [stderr] 
[INFO] [stderr]      '/usr/bin/cmake' '-Dmake=' '-Dconfig=' '-P' '/opt/rustwide/target/debug/build/orcxx-01df4523e6d29c60/orc/zlib_ep-prefix/src/zlib_ep-stamp/zlib_ep-download-RELWITHDEBINFO-impl.cmake'
[INFO] [stderr] 
[INFO] [stderr]     See also
[INFO] [stderr] 
[INFO] [stderr]       /opt/rustwide/target/debug/build/orcxx-01df4523e6d29c60/orc/zlib_ep-prefix/src/zlib_ep-stamp/zlib_ep-download-*.log
[INFO] [stderr] 
[INFO] [stderr] 
[INFO] [stderr]   make[2]: *** [CMakeFiles/zlib_ep.dir/build.make:98: zlib_ep-prefix/src/zlib_ep-stamp/zlib_ep-download] Error 1
[INFO] [stderr]   make[2]: *** [CMakeFiles/snappy_ep.dir/build.make:98: snappy_ep-prefix/src/snappy_ep-stamp/snappy_ep-download] Error 1
[INFO] [stderr]   make[1]: *** [CMakeFiles/Makefile2:169: CMakeFiles/zlib_ep.dir/all] Error 2
[INFO] [stderr]   make[1]: *** Waiting for unfinished jobs....
[INFO] [stderr]   make[1]: *** [CMakeFiles/Makefile2:143: CMakeFiles/snappy_ep.dir/all] Error 2
[INFO] [stderr]   CMake Error at lz4_ep-stamp/lz4_ep-download-RELWITHDEBINFO.cmake:49 (message):
[INFO] [stderr]     Command failed: 1
[INFO] [stderr] 
[INFO] [stderr]      '/usr/bin/cmake' '-Dmake=' '-Dconfig=' '-P' '/opt/rustwide/target/debug/build/orcxx-01df4523e6d29c60/orc/lz4_ep-prefix/src/lz4_ep-stamp/lz4_ep-download-RELWITHDEBINFO-impl.cmake'
[INFO] [stderr] 
[INFO] [stderr]     See also
[INFO] [stderr] 
[INFO] [stderr]       /opt/rustwide/target/debug/build/orcxx-01df4523e6d29c60/orc/lz4_ep-prefix/src/lz4_ep-stamp/lz4_ep-download-*.log
[INFO] [stderr] 
[INFO] [stderr] 
[INFO] [stderr]   CMake Error at zstd_ep-stamp/zstd_ep-download-RELWITHDEBINFO.cmake:49 (message):
[INFO] [stderr]     Command failed: 1
[INFO] [stderr] 
[INFO] [stderr]      '/usr/bin/cmake' '-Dmake=' '-Dconfig=' '-P' '/opt/rustwide/target/debug/build/orcxx-01df4523e6d29c60/orc/zstd_ep-prefix/src/zstd_ep-stamp/zstd_ep-download-RELWITHDEBINFO-impl.cmake'
[INFO] [stderr] 
[INFO] [stderr]     See also
[INFO] [stderr] 
[INFO] [stderr]       /opt/rustwide/target/debug/build/orcxx-01df4523e6d29c60/orc/zstd_ep-prefix/src/zstd_ep-stamp/zstd_ep-download-*.log
[INFO] [stderr] 
[INFO] [stderr] 
[INFO] [stderr]   make[2]: *** [CMakeFiles/lz4_ep.dir/build.make:98: lz4_ep-prefix/src/lz4_ep-stamp/lz4_ep-download] Error 1
[INFO] [stderr]   make[1]: *** [CMakeFiles/Makefile2:221: CMakeFiles/lz4_ep.dir/all] Error 2
[INFO] [stderr]   make[2]: *** [CMakeFiles/zstd_ep.dir/build.make:98: zstd_ep-prefix/src/zstd_ep-stamp/zstd_ep-download] Error 1
[INFO] [stderr]   make[1]: *** [CMakeFiles/Makefile2:195: CMakeFiles/zstd_ep.dir/all] Error 2
[INFO] [stderr]   CMake Error at protobuf_ep-stamp/protobuf_ep-download-RELWITHDEBINFO.cmake:49 (message):
[INFO] [stderr]     Command failed: 1
[INFO] [stderr] 
[INFO] [stderr]      '/usr/bin/cmake' '-Dmake=' '-Dconfig=' '-P' '/opt/rustwide/target/debug/build/orcxx-01df4523e6d29c60/orc/protobuf_ep-prefix/src/protobuf_ep-stamp/protobuf_ep-download-RELWITHDEBINFO-impl.cmake'
[INFO] [stderr] 
[INFO] [stderr]     See also
[INFO] [stderr] 
[INFO] [stderr]       /opt/rustwide/target/debug/build/orcxx-01df4523e6d29c60/orc/protobuf_ep-prefix/src/protobuf_ep-stamp/protobuf_ep-download-*.log
[INFO] [stderr] 
[INFO] [stderr] 
[INFO] [stderr]   make[2]: *** [CMakeFiles/protobuf_ep.dir/build.make:98: protobuf_ep-prefix/src/protobuf_ep-stamp/protobuf_ep-download] Error 1
[INFO] [stderr]   make[1]: *** [CMakeFiles/Makefile2:247: CMakeFiles/protobuf_ep.dir/all] Error 2
[INFO] [stderr]   make: *** [Makefile:166: all] Error 2
[INFO] [stderr]   thread 'main' panicked at build.rs:116:13:
[INFO] [stderr]   make returned exit status: 2
[INFO] [stderr]   stack backtrace:
[INFO] [stderr]      0:     0x5568a858c5ac - std::backtrace_rs::backtrace::libunwind::trace::ha637c64ce894333a
[INFO] [stderr]                                  at /rustc/82e1608dfa6e0b5569232559e3d385fea5a93112/library/std/src/../../backtrace/src/backtrace/libunwind.rs:104:5
[INFO] [stderr]      1:     0x5568a858c5ac - std::backtrace_rs::backtrace::trace_unsynchronized::h47f62dea28e0c88d
[INFO] [stderr]                                  at /rustc/82e1608dfa6e0b5569232559e3d385fea5a93112/library/std/src/../../backtrace/src/backtrace/mod.rs:66:5
[INFO] [stderr]      2:     0x5568a858c5ac - std::sys_common::backtrace::_print_fmt::h9eef0abe20ede486
[INFO] [stderr]                                  at /rustc/82e1608dfa6e0b5569232559e3d385fea5a93112/library/std/src/sys_common/backtrace.rs:67:5
[INFO] [stderr]      3:     0x5568a858c5ac - <std::sys_common::backtrace::_print::DisplayBacktrace as core::fmt::Display>::fmt::hed7f999df88cc644
[INFO] [stderr]                                  at /rustc/82e1608dfa6e0b5569232559e3d385fea5a93112/library/std/src/sys_common/backtrace.rs:44:22
[INFO] [stderr]      4:     0x5568a85b46b0 - core::fmt::rt::Argument::fmt::h1539a9308b8d058d
[INFO] [stderr]                                  at /rustc/82e1608dfa6e0b5569232559e3d385fea5a93112/library/core/src/fmt/rt.rs:142:9
[INFO] [stderr]      5:     0x5568a85b46b0 - core::fmt::write::h3a39390d8560d9c9
[INFO] [stderr]                                  at /rustc/82e1608dfa6e0b5569232559e3d385fea5a93112/library/core/src/fmt/mod.rs:1120:17
[INFO] [stderr]      6:     0x5568a858968f - std::io::Write::write_fmt::h5fc9997dfe05f882
[INFO] [stderr]                                  at /rustc/82e1608dfa6e0b5569232559e3d385fea5a93112/library/std/src/io/mod.rs:1762:15
[INFO] [stderr]      7:     0x5568a858c394 - std::sys_common::backtrace::_print::h894006fb5c6f3d45
[INFO] [stderr]                                  at /rustc/82e1608dfa6e0b5569232559e3d385fea5a93112/library/std/src/sys_common/backtrace.rs:47:5
[INFO] [stderr]      8:     0x5568a858c394 - std::sys_common::backtrace::print::h23a2d212c6fff936
[INFO] [stderr]                                  at /rustc/82e1608dfa6e0b5569232559e3d385fea5a93112/library/std/src/sys_common/backtrace.rs:34:9
[INFO] [stderr]      9:     0x5568a858e1c7 - std::panicking::default_hook::{{closure}}::h8a1d2ee00185001a
[INFO] [stderr]     10:     0x5568a858df2f - std::panicking::default_hook::h6038f2eba384e475
[INFO] [stderr]                                  at /rustc/82e1608dfa6e0b5569232559e3d385fea5a93112/library/std/src/panicking.rs:292:9
[INFO] [stderr]     11:     0x5568a858e648 - std::panicking::rust_panic_with_hook::h2b5517d590cab22e
[INFO] [stderr]                                  at /rustc/82e1608dfa6e0b5569232559e3d385fea5a93112/library/std/src/panicking.rs:779:13
[INFO] [stderr]     12:     0x5568a858e52e - std::panicking::begin_panic_handler::{{closure}}::h233112c06e0ef43e
[INFO] [stderr]                                  at /rustc/82e1608dfa6e0b5569232559e3d385fea5a93112/library/std/src/panicking.rs:657:13
[INFO] [stderr]     13:     0x5568a858ca76 - std::sys_common::backtrace::__rust_end_short_backtrace::h6e893f24d7ebbff8
[INFO] [stderr]                                  at /rustc/82e1608dfa6e0b5569232559e3d385fea5a93112/library/std/src/sys_common/backtrace.rs:170:18
[INFO] [stderr]     14:     0x5568a858e292 - rust_begin_unwind
[INFO] [stderr]                                  at /rustc/82e1608dfa6e0b5569232559e3d385fea5a93112/library/std/src/panicking.rs:645:5
[INFO] [stderr]     15:     0x5568a82a0b95 - core::panicking::panic_fmt::hbf0e066aabfa482c
[INFO] [stderr]                                  at /rustc/82e1608dfa6e0b5569232559e3d385fea5a93112/library/core/src/panicking.rs:72:14
[INFO] [stderr]     16:     0x5568a82a686e - build_script_build::OrcxxBuild::run_make::h6c91029681fb3f67
[INFO] [stderr]     17:     0x5568a82a5a38 - build_script_build::main::h42f07e8557974cdf
[INFO] [stderr]     18:     0x5568a82a23b3 - core::ops::function::FnOnce::call_once::h9cbbd165c649e3f9
[INFO] [stderr]     19:     0x5568a82a1dd6 - std::sys_common::backtrace::__rust_begin_short_backtrace::h80fc5a2e7fb4e853
[INFO] [stderr]     20:     0x5568a82a1ec9 - std::rt::lang_start::{{closure}}::hc743d610cef49c95
[INFO] [stderr]     21:     0x5568a8583c37 - core::ops::function::impls::<impl core::ops::function::FnOnce<A> for &F>::call_once::hd95060ecd5e1ca24
[INFO] [stderr]                                  at /rustc/82e1608dfa6e0b5569232559e3d385fea5a93112/library/core/src/ops/function.rs:284:13
[INFO] [stderr]     22:     0x5568a8583c37 - std::panicking::try::do_call::h6e8cf51db32a6e4b
[INFO] [stderr]                                  at /rustc/82e1608dfa6e0b5569232559e3d385fea5a93112/library/std/src/panicking.rs:552:40
[INFO] [stderr]     23:     0x5568a8583c37 - std::panicking::try::h3a52eefe24fe3c29
[INFO] [stderr]                                  at /rustc/82e1608dfa6e0b5569232559e3d385fea5a93112/library/std/src/panicking.rs:516:19
[INFO] [stderr]     24:     0x5568a8583c37 - std::panic::catch_unwind::h24c28c23c02c3841
[INFO] [stderr]                                  at /rustc/82e1608dfa6e0b5569232559e3d385fea5a93112/library/std/src/panic.rs:142:14
[INFO] [stderr]     25:     0x5568a8583c37 - std::rt::lang_start_internal::{{closure}}::h705d3c9cbc06ef47
[INFO] [stderr]                                  at /rustc/82e1608dfa6e0b5569232559e3d385fea5a93112/library/std/src/rt.rs:148:48
[INFO] [stderr]     26:     0x5568a8583c37 - std::panicking::try::do_call::ha21f52ba13158470
[INFO] [stderr]                                  at /rustc/82e1608dfa6e0b5569232559e3d385fea5a93112/library/std/src/panicking.rs:552:40
[INFO] [stderr]     27:     0x5568a8583c37 - std::panicking::try::h5581346bf6aeb1f8
[INFO] [stderr]                                  at /rustc/82e1608dfa6e0b5569232559e3d385fea5a93112/library/std/src/panicking.rs:516:19
[INFO] [stderr]     28:     0x5568a8583c37 - std::panic::catch_unwind::h7919645a6b72e25b
[INFO] [stderr]                                  at /rustc/82e1608dfa6e0b5569232559e3d385fea5a93112/library/std/src/panic.rs:142:14
[INFO] [stderr]     29:     0x5568a8583c37 - std::rt::lang_start_internal::h12de51168669836e
[INFO] [stderr]                                  at /rustc/82e1608dfa6e0b5569232559e3d385fea5a93112/library/std/src/rt.rs:148:20
[INFO] [stderr]     30:     0x5568a82a1ea7 - std::rt::lang_start::ha27af9256fe4850b
[INFO] [stderr]     31:     0x5568a82a7055 - main
[INFO] [stderr]     32:     0x7fcf59484d90 - <unknown>
[INFO] [stderr]     33:     0x7fcf59484e40 - __libc_start_main
[INFO] [stderr]     34:     0x5568a82a13e5 - _start
[INFO] [stderr]     35:                0x0 - <unknown>
[INFO] running `Command { std: "docker" "inspect" "7513fb91c0499620acdff420141b47432fdc06120132f828668c1d8d58fa74a1", kill_on_drop: false }`
[INFO] running `Command { std: "docker" "rm" "-f" "7513fb91c0499620acdff420141b47432fdc06120132f828668c1d8d58fa74a1", kill_on_drop: false }`
[INFO] [stdout] 7513fb91c0499620acdff420141b47432fdc06120132f828668c1d8d58fa74a1
[INFO] documenting orcxx-0.4.2 against beta-2023-12-22 for beta-1.76-rustdoc-1
[INFO] extracting crate orcxx 0.4.2 into /workspace/builds/worker-0-tc2/source
[INFO] validating manifest of crates.io crate orcxx 0.4.2 on toolchain beta-2023-12-22
[INFO] running `Command { std: CARGO_HOME="/workspace/cargo-home" RUSTUP_HOME="/workspace/rustup-home" "/workspace/cargo-home/bin/cargo" "+beta-2023-12-22" "metadata" "--manifest-path" "Cargo.toml" "--no-deps", kill_on_drop: false }`
[INFO] started tweaking crates.io crate orcxx 0.4.2
[INFO] finished tweaking crates.io crate orcxx 0.4.2
[INFO] tweaked toml for crates.io crate orcxx 0.4.2 written to /workspace/builds/worker-0-tc2/source/Cargo.toml
[INFO] crate crates.io crate orcxx 0.4.2 already has a lockfile, it will not be regenerated
[INFO] running `Command { std: CARGO_HOME="/workspace/cargo-home" RUSTUP_HOME="/workspace/rustup-home" "/workspace/cargo-home/bin/cargo" "+beta-2023-12-22" "fetch" "--manifest-path" "Cargo.toml", kill_on_drop: false }`
[INFO] running `Command { std: "docker" "create" "-v" "/var/lib/crater-agent-workspace/builds/worker-0-tc2/target:/opt/rustwide/target:rw,Z" "-v" "/var/lib/crater-agent-workspace/builds/worker-0-tc2/source:/opt/rustwide/workdir:ro,Z" "-v" "/var/lib/crater-agent-workspace/cargo-home:/opt/rustwide/cargo-home:ro,Z" "-v" "/var/lib/crater-agent-workspace/rustup-home:/opt/rustwide/rustup-home:ro,Z" "-e" "SOURCE_DIR=/opt/rustwide/workdir" "-e" "CARGO_TARGET_DIR=/opt/rustwide/target" "-e" "CARGO_HOME=/opt/rustwide/cargo-home" "-e" "RUSTUP_HOME=/opt/rustwide/rustup-home" "-w" "/opt/rustwide/workdir" "-m" "1610612736" "--user" "0:0" "--network" "none" "ghcr.io/rust-lang/crates-build-env/linux@sha256:2788e3201cd34a07e3172128adcd8b3090168a8e3bcc40d7c032b9dda1df7d1c" "/opt/rustwide/cargo-home/bin/cargo" "+beta-2023-12-22" "metadata" "--no-deps" "--format-version=1", kill_on_drop: false }`
[INFO] [stdout] 1f16a00b604c686a2edc1590088c9119e1ef26a9d4092c0a0df9e198d0b02d45
[INFO] running `Command { std: "docker" "start" "-a" "1f16a00b604c686a2edc1590088c9119e1ef26a9d4092c0a0df9e198d0b02d45", kill_on_drop: false }`
[INFO] running `Command { std: "docker" "inspect" "1f16a00b604c686a2edc1590088c9119e1ef26a9d4092c0a0df9e198d0b02d45", kill_on_drop: false }`
[INFO] running `Command { std: "docker" "rm" "-f" "1f16a00b604c686a2edc1590088c9119e1ef26a9d4092c0a0df9e198d0b02d45", kill_on_drop: false }`
[INFO] [stdout] 1f16a00b604c686a2edc1590088c9119e1ef26a9d4092c0a0df9e198d0b02d45
[INFO] running `Command { std: "docker" "create" "-v" "/var/lib/crater-agent-workspace/builds/worker-0-tc2/target:/opt/rustwide/target:rw,Z" "-v" "/var/lib/crater-agent-workspace/builds/worker-0-tc2/source:/opt/rustwide/workdir:ro,Z" "-v" "/var/lib/crater-agent-workspace/cargo-home:/opt/rustwide/cargo-home:ro,Z" "-v" "/var/lib/crater-agent-workspace/rustup-home:/opt/rustwide/rustup-home:ro,Z" "-e" "SOURCE_DIR=/opt/rustwide/workdir" "-e" "CARGO_TARGET_DIR=/opt/rustwide/target" "-e" "CARGO_INCREMENTAL=0" "-e" "RUST_BACKTRACE=full" "-e" "RUSTFLAGS=--cap-lints=warn" "-e" "RUSTDOCFLAGS=--cap-lints=warn" "-e" "CARGO_HOME=/opt/rustwide/cargo-home" "-e" "RUSTUP_HOME=/opt/rustwide/rustup-home" "-w" "/opt/rustwide/workdir" "-m" "1610612736" "--user" "0:0" "--network" "none" "ghcr.io/rust-lang/crates-build-env/linux@sha256:2788e3201cd34a07e3172128adcd8b3090168a8e3bcc40d7c032b9dda1df7d1c" "/opt/rustwide/cargo-home/bin/cargo" "+beta-2023-12-22" "doc" "--frozen" "--no-deps" "--document-private-items" "--message-format=json", kill_on_drop: false }`
[INFO] [stdout] 688b5c989d48c9ee31893241f01625f1eb00d46a011bdee9d1f6585817df6e59
[INFO] running `Command { std: "docker" "start" "-a" "688b5c989d48c9ee31893241f01625f1eb00d46a011bdee9d1f6585817df6e59", kill_on_drop: false }`
[INFO] [stderr]    Compiling libc v0.2.147
[INFO] [stderr]    Compiling proc-macro2 v1.0.66
[INFO] [stderr]    Compiling scratch v1.0.7
[INFO] [stderr]    Compiling termcolor v1.2.0
[INFO] [stderr]    Compiling unicode-width v0.1.10
[INFO] [stderr]    Compiling cxxbridge-flags v1.0.104
[INFO] [stderr]    Compiling num-traits v0.2.16
[INFO] [stderr]    Compiling once_cell v1.18.0
[INFO] [stderr]    Compiling serde v1.0.183
[INFO] [stderr]    Compiling thiserror v1.0.48
[INFO] [stderr]    Compiling rust_decimal v1.31.0
[INFO] [stderr]    Compiling codespan-reporting v0.11.1
[INFO] [stderr]    Compiling quote v1.0.32
[INFO] [stderr]    Compiling syn v2.0.28
[INFO] [stderr]    Compiling cc v1.0.82
[INFO] [stderr]    Compiling link-cplusplus v1.0.9
[INFO] [stderr]    Compiling cxx v1.0.104
[INFO] [stderr]    Compiling cxx-build v1.0.104
[INFO] [stderr]    Compiling cxxbridge-macro v1.0.104
[INFO] [stderr]    Compiling thiserror-impl v1.0.48
[INFO] [stderr]    Compiling orcxx v0.4.2 (/opt/rustwide/workdir)
[INFO] [stderr] error: failed to run custom build command for `orcxx v0.4.2 (/opt/rustwide/workdir)`
[INFO] [stderr] note: To improve backtraces for build dependencies, set the CARGO_PROFILE_DEV_BUILD_OVERRIDE_DEBUG=true environment variable to enable debug information generation.
[INFO] [stderr] 
[INFO] [stderr] Caused by:
[INFO] [stderr]   process didn't exit successfully: `/opt/rustwide/target/debug/build/orcxx-65b681d4a08fe6ca/build-script-build` (exit status: 101)
[INFO] [stderr]   --- stdout
[INFO] [stderr]   -- The C compiler identification is GNU 11.4.0
[INFO] [stderr]   -- The CXX compiler identification is GNU 11.4.0
[INFO] [stderr]   -- Detecting C compiler ABI info
[INFO] [stderr]   -- Detecting C compiler ABI info - done
[INFO] [stderr]   -- Check for working C compiler: /usr/bin/cc - skipped
[INFO] [stderr]   -- Detecting C compile features
[INFO] [stderr]   -- Detecting C compile features - done
[INFO] [stderr]   -- Detecting CXX compiler ABI info
[INFO] [stderr]   -- Detecting CXX compiler ABI info - done
[INFO] [stderr]   -- Check for working CXX compiler: /usr/bin/c++ - skipped
[INFO] [stderr]   -- Detecting CXX compile features
[INFO] [stderr]   -- Detecting CXX compile features - done
[INFO] [stderr]   -- No build type selected, default to ReleaseWithDebugInfo
[INFO] [stderr]   -- compiler GNU version 11.4.0
[INFO] [stderr]   -- Performing Test ORC_CXX_HAS_INITIALIZER_LIST
[INFO] [stderr]   -- Performing Test ORC_CXX_HAS_INITIALIZER_LIST - Success
[INFO] [stderr]   -- Performing Test ORC_CXX_HAS_NOEXCEPT
[INFO] [stderr]   -- Performing Test ORC_CXX_HAS_NOEXCEPT - Success
[INFO] [stderr]   -- Performing Test ORC_CXX_HAS_NULLPTR
[INFO] [stderr]   -- Performing Test ORC_CXX_HAS_NULLPTR - Success
[INFO] [stderr]   -- Performing Test ORC_CXX_HAS_OVERRIDE
[INFO] [stderr]   -- Performing Test ORC_CXX_HAS_OVERRIDE - Success
[INFO] [stderr]   -- Performing Test ORC_CXX_HAS_UNIQUE_PTR
[INFO] [stderr]   -- Performing Test ORC_CXX_HAS_UNIQUE_PTR - Success
[INFO] [stderr]   -- Performing Test ORC_CXX_HAS_CSTDINT
[INFO] [stderr]   -- Performing Test ORC_CXX_HAS_CSTDINT - Success
[INFO] [stderr]   -- Performing Test ORC_CXX_HAS_THREAD_LOCAL
[INFO] [stderr]   -- Performing Test ORC_CXX_HAS_THREAD_LOCAL - Success
[INFO] [stderr]   -- Looking for pthread.h
[INFO] [stderr]   -- Looking for pthread.h - found
[INFO] [stderr]   -- Performing Test CMAKE_HAVE_LIBC_PTHREAD
[INFO] [stderr]   -- Performing Test CMAKE_HAVE_LIBC_PTHREAD - Success
[INFO] [stderr]   -- Found Threads: TRUE  
[INFO] [stderr]   -- Found CyrusSASL: /usr/lib/x86_64-linux-gnu/libsasl2.so  
[INFO] [stderr]   -- Found OpenSSL: /usr/lib/x86_64-linux-gnu/libcrypto.so (found version "3.0.2")  
[INFO] [stderr]   -- Performing Test HAS_PREAD
[INFO] [stderr]   -- Performing Test HAS_PREAD - Success
[INFO] [stderr]   -- Performing Test HAS_STRPTIME
[INFO] [stderr]   -- Performing Test HAS_STRPTIME - Success
[INFO] [stderr]   -- Performing Test HAS_STOLL
[INFO] [stderr]   -- Performing Test HAS_STOLL - Success
[INFO] [stderr]   -- Performing Test HAS_BUILTIN_OVERFLOW_CHECK
[INFO] [stderr]   -- Performing Test HAS_BUILTIN_OVERFLOW_CHECK - Success
[INFO] [stderr]   -- Performing Test INT64_IS_LL
[INFO] [stderr]   -- Performing Test INT64_IS_LL - Failed
[INFO] [stderr]   -- Performing Test HAS_DIAGNOSTIC_PUSH
[INFO] [stderr]   -- Performing Test HAS_DIAGNOSTIC_PUSH - Success
[INFO] [stderr]   -- Performing Test HAS_STD_ISNAN
[INFO] [stderr]   -- Performing Test HAS_STD_ISNAN - Success
[INFO] [stderr]   -- Performing Test HAS_STD_MUTEX
[INFO] [stderr]   -- Performing Test HAS_STD_MUTEX - Success
[INFO] [stderr]   -- Performing Test NEEDS_REDUNDANT_MOVE
[INFO] [stderr]   -- Performing Test NEEDS_REDUNDANT_MOVE - Failed
[INFO] [stderr]   -- Performing Test HAS_DOUBLE_TO_STRING
[INFO] [stderr]   -- Performing Test HAS_DOUBLE_TO_STRING - Success
[INFO] [stderr]   -- Performing Test HAS_INT64_TO_STRING
[INFO] [stderr]   -- Performing Test HAS_INT64_TO_STRING - Success
[INFO] [stderr]   -- Performing Test HAS_CONSTEXPR
[INFO] [stderr]   -- Performing Test HAS_CONSTEXPR - Success
[INFO] [stderr]   -- Performing Test HAS_PRE_1970
[INFO] [stderr]   -- Performing Test HAS_PRE_1970 - Success
[INFO] [stderr]   -- Performing Test HAS_POST_2038
[INFO] [stderr]   -- Performing Test HAS_POST_2038 - Success
[INFO] [stderr]   -- Performing Test NEEDS_Z_PREFIX
[INFO] [stderr]   -- Performing Test NEEDS_Z_PREFIX - Failed
[INFO] [stderr]   -- Configuring done
[INFO] [stderr]   -- Generating done
[INFO] [stderr]   -- Build files have been written to: /opt/rustwide/target/debug/build/orcxx-ebbd4eb7c43cde91/orc
[INFO] [stderr]   [  2%] Creating directories for 'zlib_ep'
[INFO] [stderr]   [  2%] Creating directories for 'snappy_ep'
[INFO] [stderr]   [  3%] Creating directories for 'protobuf_ep'
[INFO] [stderr]   [  4%] Creating directories for 'lz4_ep'
[INFO] [stderr]   [  5%] Creating directories for 'zstd_ep'
[INFO] [stderr]   [  6%] Performing download step (download, verify and extract) for 'zstd_ep'
[INFO] [stderr]   [  8%] Performing download step (download, verify and extract) for 'lz4_ep'
[INFO] [stderr]   [  9%] Performing download step (download, verify and extract) for 'protobuf_ep'
[INFO] [stderr]   [ 10%] Performing download step (download, verify and extract) for 'snappy_ep'
[INFO] [stderr]   [ 11%] Performing download step (download, verify and extract) for 'zlib_ep'
[INFO] [stderr] 
[INFO] [stderr]   --- stderr
[INFO] [stderr]   CMake Error at protobuf_ep-stamp/protobuf_ep-download-RELWITHDEBINFO.cmake:49 (message):
[INFO] [stderr]     Command failed: 1
[INFO] [stderr] 
[INFO] [stderr]      '/usr/bin/cmake' '-Dmake=' '-Dconfig=' '-P' '/opt/rustwide/target/debug/build/orcxx-ebbd4eb7c43cde91/orc/protobuf_ep-prefix/src/protobuf_ep-stamp/protobuf_ep-download-RELWITHDEBINFO-impl.cmake'
[INFO] [stderr] 
[INFO] [stderr]     See also
[INFO] [stderr] 
[INFO] [stderr]       /opt/rustwide/target/debug/build/orcxx-ebbd4eb7c43cde91/orc/protobuf_ep-prefix/src/protobuf_ep-stamp/protobuf_ep-download-*.log
[INFO] [stderr] 
[INFO] [stderr] 
[INFO] [stderr]   CMake Error at zstd_ep-stamp/zstd_ep-download-RELWITHDEBINFO.cmake:49 (message):
[INFO] [stderr]     Command failed: 1
[INFO] [stderr] 
[INFO] [stderr]      '/usr/bin/cmake' '-Dmake=' '-Dconfig=' '-P' '/opt/rustwide/target/debug/build/orcxx-ebbd4eb7c43cde91/orc/zstd_ep-prefix/src/zstd_ep-stamp/zstd_ep-download-RELWITHDEBINFO-impl.cmake'
[INFO] [stderr] 
[INFO] [stderr]     See also
[INFO] [stderr] 
[INFO] [stderr]       /opt/rustwide/target/debug/build/orcxx-ebbd4eb7c43cde91/orc/zstd_ep-prefix/src/zstd_ep-stamp/zstd_ep-download-*.log
[INFO] [stderr] 
[INFO] [stderr] 
[INFO] [stderr]   CMake Error at zlib_ep-stamp/zlib_ep-download-RELWITHDEBINFO.cmake:49 (message):
[INFO] [stderr]     Command failed: 1
[INFO] [stderr] 
[INFO] [stderr]      '/usr/bin/cmake' '-Dmake=' '-Dconfig=' '-P' '/opt/rustwide/target/debug/build/orcxx-ebbd4eb7c43cde91/orc/zlib_ep-prefix/src/zlib_ep-stamp/zlib_ep-download-RELWITHDEBINFO-impl.cmake'
[INFO] [stderr] 
[INFO] [stderr]     See also
[INFO] [stderr] 
[INFO] [stderr]       /opt/rustwide/target/debug/build/orcxx-ebbd4eb7c43cde91/orc/zlib_ep-prefix/src/zlib_ep-stamp/zlib_ep-download-*.log
[INFO] [stderr] 
[INFO] [stderr] 
[INFO] [stderr]   CMake Error at lz4_ep-stamp/lz4_ep-download-RELWITHDEBINFO.cmake:49 (message):
[INFO] [stderr]     Command failed: 1
[INFO] [stderr] 
[INFO] [stderr]      '/usr/bin/cmake' '-Dmake=' '-Dconfig=' '-P' '/opt/rustwide/target/debug/build/orcxx-ebbd4eb7c43cde91/orc/lz4_ep-prefix/src/lz4_ep-stamp/lz4_ep-download-RELWITHDEBINFO-impl.cmake'
[INFO] [stderr] 
[INFO] [stderr]     See also
[INFO] [stderr] 
[INFO] [stderr]       /opt/rustwide/target/debug/build/orcxx-ebbd4eb7c43cde91/orc/lz4_ep-prefix/src/lz4_ep-stamp/lz4_ep-download-*.log
[INFO] [stderr] 
[INFO] [stderr] 
[INFO] [stderr]   CMake Error at snappy_ep-stamp/snappy_ep-download-RELWITHDEBINFO.cmake:49 (message):
[INFO] [stderr]     Command failed: 1
[INFO] [stderr] 
[INFO] [stderr]      '/usr/bin/cmake' '-Dmake=' '-Dconfig=' '-P' '/opt/rustwide/target/debug/build/orcxx-ebbd4eb7c43cde91/orc/snappy_ep-prefix/src/snappy_ep-stamp/snappy_ep-download-RELWITHDEBINFO-impl.cmake'
[INFO] [stderr] 
[INFO] [stderr]     See also
[INFO] [stderr] 
[INFO] [stderr]       /opt/rustwide/target/debug/build/orcxx-ebbd4eb7c43cde91/orc/snappy_ep-prefix/src/snappy_ep-stamp/snappy_ep-download-*.log
[INFO] [stderr] 
[INFO] [stderr] 
[INFO] [stderr]   make[2]: *** [CMakeFiles/zlib_ep.dir/build.make:98: zlib_ep-prefix/src/zlib_ep-stamp/zlib_ep-download] Error 1
[INFO] [stderr]   make[2]: *** [CMakeFiles/protobuf_ep.dir/build.make:98: protobuf_ep-prefix/src/protobuf_ep-stamp/protobuf_ep-download] Error 1
[INFO] [stderr]   make[1]: *** [CMakeFiles/Makefile2:169: CMakeFiles/zlib_ep.dir/all] Error 2
[INFO] [stderr]   make[1]: *** Waiting for unfinished jobs....
[INFO] [stderr]   make[2]: *** [CMakeFiles/zstd_ep.dir/build.make:98: zstd_ep-prefix/src/zstd_ep-stamp/zstd_ep-download] Error 1
[INFO] [stderr]   make[1]: *** [CMakeFiles/Makefile2:247: CMakeFiles/protobuf_ep.dir/all] Error 2
[INFO] [stderr]   make[2]: *** [CMakeFiles/lz4_ep.dir/build.make:98: lz4_ep-prefix/src/lz4_ep-stamp/lz4_ep-download] Error 1
[INFO] [stderr]   make[1]: *** [CMakeFiles/Makefile2:195: CMakeFiles/zstd_ep.dir/all] Error 2
[INFO] [stderr]   make[1]: *** [CMakeFiles/Makefile2:221: CMakeFiles/lz4_ep.dir/all] Error 2
[INFO] [stderr]   make[2]: *** [CMakeFiles/snappy_ep.dir/build.make:98: snappy_ep-prefix/src/snappy_ep-stamp/snappy_ep-download] Error 1
[INFO] [stderr]   make[1]: *** [CMakeFiles/Makefile2:143: CMakeFiles/snappy_ep.dir/all] Error 2
[INFO] [stderr]   make: *** [Makefile:166: all] Error 2
[INFO] [stderr]   thread 'main' panicked at build.rs:116:13:
[INFO] [stderr]   make returned exit status: 2
[INFO] [stderr]   stack backtrace:
[INFO] [stderr]      0:     0x564456042d36 - std::backtrace_rs::backtrace::libunwind::trace::h261606ad26a499c1
[INFO] [stderr]                                  at /rustc/0e09125c6c3c2fd70d7de961bcf0e51575235fad/library/std/src/../../backtrace/src/backtrace/libunwind.rs:104:5
[INFO] [stderr]      1:     0x564456042d36 - std::backtrace_rs::backtrace::trace_unsynchronized::hd183f0625477fb28
[INFO] [stderr]                                  at /rustc/0e09125c6c3c2fd70d7de961bcf0e51575235fad/library/std/src/../../backtrace/src/backtrace/mod.rs:66:5
[INFO] [stderr]      2:     0x564456042d36 - std::sys_common::backtrace::_print_fmt::hd7f8fef21b4eda67
[INFO] [stderr]                                  at /rustc/0e09125c6c3c2fd70d7de961bcf0e51575235fad/library/std/src/sys_common/backtrace.rs:68:5
[INFO] [stderr]      3:     0x564456042d36 - <std::sys_common::backtrace::_print::DisplayBacktrace as core::fmt::Display>::fmt::h623d9b51f2f453f1
[INFO] [stderr]                                  at /rustc/0e09125c6c3c2fd70d7de961bcf0e51575235fad/library/std/src/sys_common/backtrace.rs:44:22
[INFO] [stderr]      4:     0x56445606a260 - core::fmt::rt::Argument::fmt::h9f417ac76a86f368
[INFO] [stderr]                                  at /rustc/0e09125c6c3c2fd70d7de961bcf0e51575235fad/library/core/src/fmt/rt.rs:142:9
[INFO] [stderr]      5:     0x56445606a260 - core::fmt::write::hc9b6faf4ac2aeff7
[INFO] [stderr]                                  at /rustc/0e09125c6c3c2fd70d7de961bcf0e51575235fad/library/core/src/fmt/mod.rs:1120:17
[INFO] [stderr]      6:     0x56445603feff - std::io::Write::write_fmt::hfead1eee52c2e65e
[INFO] [stderr]                                  at /rustc/0e09125c6c3c2fd70d7de961bcf0e51575235fad/library/std/src/io/mod.rs:1810:15
[INFO] [stderr]      7:     0x564456042b14 - std::sys_common::backtrace::_print::hd5d66399c7df88a2
[INFO] [stderr]                                  at /rustc/0e09125c6c3c2fd70d7de961bcf0e51575235fad/library/std/src/sys_common/backtrace.rs:47:5
[INFO] [stderr]      8:     0x564456042b14 - std::sys_common::backtrace::print::he81ed2da642d37e5
[INFO] [stderr]                                  at /rustc/0e09125c6c3c2fd70d7de961bcf0e51575235fad/library/std/src/sys_common/backtrace.rs:34:9
[INFO] [stderr]      9:     0x564456044a47 - std::panicking::default_hook::{{closure}}::h85773f4fa117163d
[INFO] [stderr]     10:     0x5644560447a9 - std::panicking::default_hook::h6a1694a91d09b278
[INFO] [stderr]                                  at /rustc/0e09125c6c3c2fd70d7de961bcf0e51575235fad/library/std/src/panicking.rs:292:9
[INFO] [stderr]     11:     0x564456044ed8 - std::panicking::rust_panic_with_hook::h0a7ad96e90f7145b
[INFO] [stderr]                                  at /rustc/0e09125c6c3c2fd70d7de961bcf0e51575235fad/library/std/src/panicking.rs:779:13
[INFO] [stderr]     12:     0x564456044db2 - std::panicking::begin_panic_handler::{{closure}}::h7919090525c6485e
[INFO] [stderr]                                  at /rustc/0e09125c6c3c2fd70d7de961bcf0e51575235fad/library/std/src/panicking.rs:657:13
[INFO] [stderr]     13:     0x564456043236 - std::sys_common::backtrace::__rust_end_short_backtrace::hf3289479464f7dfe
[INFO] [stderr]                                  at /rustc/0e09125c6c3c2fd70d7de961bcf0e51575235fad/library/std/src/sys_common/backtrace.rs:171:18
[INFO] [stderr]     14:     0x564456044b10 - rust_begin_unwind
[INFO] [stderr]                                  at /rustc/0e09125c6c3c2fd70d7de961bcf0e51575235fad/library/std/src/panicking.rs:645:5
[INFO] [stderr]     15:     0x564455d4dbe5 - core::panicking::panic_fmt::hcc9f77c5c132af55
[INFO] [stderr]                                  at /rustc/0e09125c6c3c2fd70d7de961bcf0e51575235fad/library/core/src/panicking.rs:72:14
[INFO] [stderr]     16:     0x564455d539fe - build_script_build::OrcxxBuild::run_make::h02c1ff5d6868f1ec
[INFO] [stderr]     17:     0x564455d52bd8 - build_script_build::main::h745a0feff8fc801a
[INFO] [stderr]     18:     0x564455d4f4b3 - core::ops::function::FnOnce::call_once::hb6e79b343d942d29
[INFO] [stderr]     19:     0x564455d4eea6 - std::sys_common::backtrace::__rust_begin_short_backtrace::hf7bcd92f95bbc675
[INFO] [stderr]     20:     0x564455d4ef99 - std::rt::lang_start::{{closure}}::hb2fbf2800b6ee930
[INFO] [stderr]     21:     0x564456039fe1 - core::ops::function::impls::<impl core::ops::function::FnOnce<A> for &F>::call_once::h4eb4c5e1620f29b0
[INFO] [stderr]                                  at /rustc/0e09125c6c3c2fd70d7de961bcf0e51575235fad/library/core/src/ops/function.rs:284:13
[INFO] [stderr]     22:     0x564456039fe1 - std::panicking::try::do_call::h73fd26535faffcdf
[INFO] [stderr]                                  at /rustc/0e09125c6c3c2fd70d7de961bcf0e51575235fad/library/std/src/panicking.rs:552:40
[INFO] [stderr]     23:     0x564456039fe1 - std::panicking::try::h77ff1d98f0fb9f39
[INFO] [stderr]                                  at /rustc/0e09125c6c3c2fd70d7de961bcf0e51575235fad/library/std/src/panicking.rs:516:19
[INFO] [stderr]     24:     0x564456039fe1 - std::panic::catch_unwind::hab3caf2448b95e37
[INFO] [stderr]                                  at /rustc/0e09125c6c3c2fd70d7de961bcf0e51575235fad/library/std/src/panic.rs:142:14
[INFO] [stderr]     25:     0x564456039fe1 - std::rt::lang_start_internal::{{closure}}::h8086711f9c783f78
[INFO] [stderr]                                  at /rustc/0e09125c6c3c2fd70d7de961bcf0e51575235fad/library/std/src/rt.rs:148:48
[INFO] [stderr]     26:     0x564456039fe1 - std::panicking::try::do_call::hf920d4dc291cd6ca
[INFO] [stderr]                                  at /rustc/0e09125c6c3c2fd70d7de961bcf0e51575235fad/library/std/src/panicking.rs:552:40
[INFO] [stderr]     27:     0x564456039fe1 - std::panicking::try::h2b806ccc0a85db74
[INFO] [stderr]                                  at /rustc/0e09125c6c3c2fd70d7de961bcf0e51575235fad/library/std/src/panicking.rs:516:19
[INFO] [stderr]     28:     0x564456039fe1 - std::panic::catch_unwind::h038489539c507df2
[INFO] [stderr]                                  at /rustc/0e09125c6c3c2fd70d7de961bcf0e51575235fad/library/std/src/panic.rs:142:14
[INFO] [stderr]     29:     0x564456039fe1 - std::rt::lang_start_internal::h28503b88912e8a5c
[INFO] [stderr]                                  at /rustc/0e09125c6c3c2fd70d7de961bcf0e51575235fad/library/std/src/rt.rs:148:20
[INFO] [stderr]     30:     0x564455d4ef77 - std::rt::lang_start::h9c017cc675ae40ab
[INFO] [stderr]     31:     0x564455d541d5 - main
[INFO] [stderr]     32:     0x7f3dcf443d90 - <unknown>
[INFO] [stderr]     33:     0x7f3dcf443e40 - __libc_start_main
[INFO] [stderr]     34:     0x564455d4e445 - _start
[INFO] [stderr]     35:                0x0 - <unknown>
[INFO] running `Command { std: "docker" "inspect" "688b5c989d48c9ee31893241f01625f1eb00d46a011bdee9d1f6585817df6e59", kill_on_drop: false }`
[INFO] running `Command { std: "docker" "rm" "-f" "688b5c989d48c9ee31893241f01625f1eb00d46a011bdee9d1f6585817df6e59", kill_on_drop: false }`
[INFO] [stdout] 688b5c989d48c9ee31893241f01625f1eb00d46a011bdee9d1f6585817df6e59
