[INFO] fetching crate ora-api 0.3.2...
[INFO] documenting ora-api-0.3.2 against 1.75.0 for beta-1.76-rustdoc-1
[INFO] extracting crate ora-api 0.3.2 into /workspace/builds/worker-3-tc1/source
[INFO] validating manifest of crates.io crate ora-api 0.3.2 on toolchain 1.75.0
[INFO] running `Command { std: CARGO_HOME="/workspace/cargo-home" RUSTUP_HOME="/workspace/rustup-home" "/workspace/cargo-home/bin/cargo" "+1.75.0" "metadata" "--manifest-path" "Cargo.toml" "--no-deps", kill_on_drop: false }`
[INFO] started tweaking crates.io crate ora-api 0.3.2
[INFO] finished tweaking crates.io crate ora-api 0.3.2
[INFO] tweaked toml for crates.io crate ora-api 0.3.2 written to /workspace/builds/worker-3-tc1/source/Cargo.toml
[INFO] running `Command { std: CARGO_HOME="/workspace/cargo-home" RUSTUP_HOME="/workspace/rustup-home" "/workspace/cargo-home/bin/cargo" "+1.75.0" "generate-lockfile" "--manifest-path" "Cargo.toml", kill_on_drop: false }`
[INFO] [stderr]     Updating crates.io index
[INFO] running `Command { std: CARGO_HOME="/workspace/cargo-home" RUSTUP_HOME="/workspace/rustup-home" "/workspace/cargo-home/bin/cargo" "+1.75.0" "fetch" "--manifest-path" "Cargo.toml", kill_on_drop: false }`
[INFO] [stderr]  Downloading crates ...
[INFO] [stderr]   Downloaded ora-common v0.1.2
[INFO] [stderr]   Downloaded ora-client v0.2.1
[INFO] [stderr]   Downloaded ora-worker v0.4.1
[INFO] running `Command { std: "docker" "create" "-v" "/var/lib/crater-agent-workspace/builds/worker-3-tc1/target:/opt/rustwide/target:rw,Z" "-v" "/var/lib/crater-agent-workspace/builds/worker-3-tc1/source:/opt/rustwide/workdir:ro,Z" "-v" "/var/lib/crater-agent-workspace/cargo-home:/opt/rustwide/cargo-home:ro,Z" "-v" "/var/lib/crater-agent-workspace/rustup-home:/opt/rustwide/rustup-home:ro,Z" "-e" "SOURCE_DIR=/opt/rustwide/workdir" "-e" "CARGO_TARGET_DIR=/opt/rustwide/target" "-e" "CARGO_HOME=/opt/rustwide/cargo-home" "-e" "RUSTUP_HOME=/opt/rustwide/rustup-home" "-w" "/opt/rustwide/workdir" "-m" "1610612736" "--user" "0:0" "--network" "none" "ghcr.io/rust-lang/crates-build-env/linux@sha256:2788e3201cd34a07e3172128adcd8b3090168a8e3bcc40d7c032b9dda1df7d1c" "/opt/rustwide/cargo-home/bin/cargo" "+1.75.0" "metadata" "--no-deps" "--format-version=1", kill_on_drop: false }`
[INFO] [stdout] 4c3593323af80cee19ee48dd202250888dc11f7ad52da072ed885296666d6fc6
[INFO] running `Command { std: "docker" "start" "-a" "4c3593323af80cee19ee48dd202250888dc11f7ad52da072ed885296666d6fc6", kill_on_drop: false }`
[INFO] running `Command { std: "docker" "inspect" "4c3593323af80cee19ee48dd202250888dc11f7ad52da072ed885296666d6fc6", kill_on_drop: false }`
[INFO] running `Command { std: "docker" "rm" "-f" "4c3593323af80cee19ee48dd202250888dc11f7ad52da072ed885296666d6fc6", kill_on_drop: false }`
[INFO] [stdout] 4c3593323af80cee19ee48dd202250888dc11f7ad52da072ed885296666d6fc6
[INFO] running `Command { std: "docker" "create" "-v" "/var/lib/crater-agent-workspace/builds/worker-3-tc1/target:/opt/rustwide/target:rw,Z" "-v" "/var/lib/crater-agent-workspace/builds/worker-3-tc1/source:/opt/rustwide/workdir:ro,Z" "-v" "/var/lib/crater-agent-workspace/cargo-home:/opt/rustwide/cargo-home:ro,Z" "-v" "/var/lib/crater-agent-workspace/rustup-home:/opt/rustwide/rustup-home:ro,Z" "-e" "SOURCE_DIR=/opt/rustwide/workdir" "-e" "CARGO_TARGET_DIR=/opt/rustwide/target" "-e" "CARGO_INCREMENTAL=0" "-e" "RUST_BACKTRACE=full" "-e" "RUSTFLAGS=--cap-lints=warn" "-e" "RUSTDOCFLAGS=--cap-lints=warn" "-e" "CARGO_HOME=/opt/rustwide/cargo-home" "-e" "RUSTUP_HOME=/opt/rustwide/rustup-home" "-w" "/opt/rustwide/workdir" "-m" "1610612736" "--user" "0:0" "--network" "none" "ghcr.io/rust-lang/crates-build-env/linux@sha256:2788e3201cd34a07e3172128adcd8b3090168a8e3bcc40d7c032b9dda1df7d1c" "/opt/rustwide/cargo-home/bin/cargo" "+1.75.0" "doc" "--frozen" "--no-deps" "--document-private-items" "--message-format=json", kill_on_drop: false }`
[INFO] [stdout] ebea6df73e3fe8c616ea00145366dc41ce592540e5603beede31a9a5e194bb6a
[INFO] running `Command { std: "docker" "start" "-a" "ebea6df73e3fe8c616ea00145366dc41ce592540e5603beede31a9a5e194bb6a", kill_on_drop: false }`
[INFO] [stderr]    Compiling proc-macro2 v1.0.76
[INFO] [stderr]     Checking futures-channel v0.3.30
[INFO] [stderr]     Checking nom v7.1.3
[INFO] [stderr]    Compiling async-trait v0.1.77
[INFO] [stderr]    Compiling eyre v0.6.11
[INFO] [stderr]     Checking futures-io v0.3.30
[INFO] [stderr]     Checking indenter v0.3.3
[INFO] [stderr]     Checking getrandom v0.2.11
[INFO] [stderr]     Checking chrono v0.4.31
[INFO] [stderr]    Compiling thiserror v1.0.56
[INFO] [stderr]     Checking rmp v0.8.12
[INFO] [stderr]     Checking uuid v1.6.1
[INFO] [stderr]    Compiling quote v1.0.35
[INFO] [stderr]    Compiling syn v2.0.48
[INFO] [stderr]     Checking cron v0.12.0
[INFO] [stderr]    Compiling serde_derive v1.0.195
[INFO] [stderr]    Compiling futures-macro v0.3.30
[INFO] [stderr]    Compiling tokio-macros v2.2.0
[INFO] [stderr]    Compiling tracing-attributes v0.1.27
[INFO] [stderr]    Compiling thiserror-impl v1.0.56
[INFO] [stderr]     Checking tokio v1.35.1
[INFO] [stderr]     Checking futures-util v0.3.30
[INFO] [stderr]     Checking tracing v0.1.40
[INFO] [stderr]     Checking tokio-util v0.7.10
[INFO] [stderr]     Checking serde v1.0.195
[INFO] [stderr]     Checking futures-executor v0.3.30
[INFO] [stderr]     Checking futures v0.3.30
[INFO] [stderr]     Checking deranged v0.3.11
[INFO] [stderr]     Checking serde_json v1.0.111
[INFO] [stderr]     Checking rmp-serde v1.1.2
[INFO] [stderr]     Checking time v0.3.31
[INFO] [stderr]     Checking ora-common v0.1.2
[INFO] [stderr]     Checking ora-client v0.2.1
[INFO] [stderr]     Checking ora-worker v0.4.1
[INFO] [stdout] error[E0277]: the trait bound `Uuid: Serialize` is not satisfied
[INFO] [stdout]     --> /opt/rustwide/cargo-home/registry/src/index.crates.io-6f17d22bba15001f/ora-worker-0.4.1/src/registry.rs:88:24
[INFO] [stdout]      |
[INFO] [stdout] 88   | #[derive(Debug, Clone, Serialize, Deserialize)]
[INFO] [stdout]      |                        ^^^^^^^^^ the trait `Serialize` is not implemented for `Uuid`
[INFO] [stdout] 89   | pub struct WorkerInfo {
[INFO] [stdout] 90   |     /// The worker ID.
[INFO] [stdout]      |     ------------------ required by a bound introduced by this call
[INFO] [stdout]      |
[INFO] [stdout]      = help: the following other types implement trait `Serialize`:
[INFO] [stdout]                bool
[INFO] [stdout]                char
[INFO] [stdout]                isize
[INFO] [stdout]                i8
[INFO] [stdout]                i16
[INFO] [stdout]                i32
[INFO] [stdout]                i64
[INFO] [stdout]                i128
[INFO] [stdout]              and 179 others
[INFO] [stdout] note: required by a bound in `registry::_::_serde::ser::SerializeStruct::serialize_field`
[INFO] [stdout]     --> /opt/rustwide/cargo-home/registry/src/index.crates.io-6f17d22bba15001f/serde-1.0.195/src/ser/mod.rs:1865:12
[INFO] [stdout]      |
[INFO] [stdout] 1859 |     fn serialize_field<T: ?Sized>(
[INFO] [stdout]      |        --------------- required by a bound in this associated function
[INFO] [stdout] ...
[INFO] [stdout] 1865 |         T: Serialize;
[INFO] [stdout]      |            ^^^^^^^^^ required by this bound in `SerializeStruct::serialize_field`
[INFO] [stdout] 
[INFO] [stdout] 
[INFO] [stdout] error[E0277]: the trait bound `Uuid: Deserialize<'_>` is not satisfied
[INFO] [stdout]     --> /opt/rustwide/cargo-home/registry/src/index.crates.io-6f17d22bba15001f/ora-worker-0.4.1/src/registry.rs:91:13
[INFO] [stdout]      |
[INFO] [stdout] 91   |     pub id: Uuid,
[INFO] [stdout]      |             ^^^^ the trait `Deserialize<'_>` is not implemented for `Uuid`
[INFO] [stdout]      |
[INFO] [stdout]      = help: the following other types implement trait `Deserialize<'de>`:
[INFO] [stdout]                <bool as Deserialize<'de>>
[INFO] [stdout]                <char as Deserialize<'de>>
[INFO] [stdout]                <isize as Deserialize<'de>>
[INFO] [stdout]                <i8 as Deserialize<'de>>
[INFO] [stdout]                <i16 as Deserialize<'de>>
[INFO] [stdout]                <i32 as Deserialize<'de>>
[INFO] [stdout]                <i64 as Deserialize<'de>>
[INFO] [stdout]                <i128 as Deserialize<'de>>
[INFO] [stdout]              and 186 others
[INFO] [stdout] note: required by a bound in `next_element`
[INFO] [stdout]     --> /opt/rustwide/cargo-home/registry/src/index.crates.io-6f17d22bba15001f/serde-1.0.195/src/de/mod.rs:1726:12
[INFO] [stdout]      |
[INFO] [stdout] 1724 |     fn next_element<T>(&mut self) -> Result<Option<T>, Self::Error>
[INFO] [stdout]      |        ------------ required by a bound in this associated function
[INFO] [stdout] 1725 |     where
[INFO] [stdout] 1726 |         T: Deserialize<'de>,
[INFO] [stdout]      |            ^^^^^^^^^^^^^^^^ required by this bound in `SeqAccess::next_element`
[INFO] [stdout] 
[INFO] [stdout] 
[INFO] [stdout] error[E0277]: the trait bound `Uuid: Deserialize<'_>` is not satisfied
[INFO] [stdout]     --> /opt/rustwide/cargo-home/registry/src/index.crates.io-6f17d22bba15001f/ora-worker-0.4.1/src/registry.rs:91:13
[INFO] [stdout]      |
[INFO] [stdout] 91   |     pub id: Uuid,
[INFO] [stdout]      |             ^^^^ the trait `Deserialize<'_>` is not implemented for `Uuid`
[INFO] [stdout]      |
[INFO] [stdout]      = help: the following other types implement trait `Deserialize<'de>`:
[INFO] [stdout]                <bool as Deserialize<'de>>
[INFO] [stdout]                <char as Deserialize<'de>>
[INFO] [stdout]                <isize as Deserialize<'de>>
[INFO] [stdout]                <i8 as Deserialize<'de>>
[INFO] [stdout]                <i16 as Deserialize<'de>>
[INFO] [stdout]                <i32 as Deserialize<'de>>
[INFO] [stdout]                <i64 as Deserialize<'de>>
[INFO] [stdout]                <i128 as Deserialize<'de>>
[INFO] [stdout]              and 186 others
[INFO] [stdout] note: required by a bound in `next_value`
[INFO] [stdout]     --> /opt/rustwide/cargo-home/registry/src/index.crates.io-6f17d22bba15001f/serde-1.0.195/src/de/mod.rs:1865:12
[INFO] [stdout]      |
[INFO] [stdout] 1863 |     fn next_value<V>(&mut self) -> Result<V, Self::Error>
[INFO] [stdout]      |        ---------- required by a bound in this associated function
[INFO] [stdout] 1864 |     where
[INFO] [stdout] 1865 |         V: Deserialize<'de>,
[INFO] [stdout]      |            ^^^^^^^^^^^^^^^^ required by this bound in `MapAccess::next_value`
[INFO] [stdout] 
[INFO] [stdout] 
[INFO] [stdout] error[E0277]: the trait bound `Uuid: Deserialize<'_>` is not satisfied
[INFO] [stdout]   --> /opt/rustwide/cargo-home/registry/src/index.crates.io-6f17d22bba15001f/ora-worker-0.4.1/src/registry.rs:90:5
[INFO] [stdout]    |
[INFO] [stdout] 90 |     /// The worker ID.
[INFO] [stdout]    |     ^^^^^^^^^^^^^^^^^^ the trait `Deserialize<'_>` is not implemented for `Uuid`
[INFO] [stdout]    |
[INFO] [stdout]    = help: the following other types implement trait `Deserialize<'de>`:
[INFO] [stdout]              <bool as Deserialize<'de>>
[INFO] [stdout]              <char as Deserialize<'de>>
[INFO] [stdout]              <isize as Deserialize<'de>>
[INFO] [stdout]              <i8 as Deserialize<'de>>
[INFO] [stdout]              <i16 as Deserialize<'de>>
[INFO] [stdout]              <i32 as Deserialize<'de>>
[INFO] [stdout]              <i64 as Deserialize<'de>>
[INFO] [stdout]              <i128 as Deserialize<'de>>
[INFO] [stdout]            and 186 others
[INFO] [stdout] note: required by a bound in `registry::_::_serde::__private::de::missing_field`
[INFO] [stdout]   --> /opt/rustwide/cargo-home/registry/src/index.crates.io-6f17d22bba15001f/serde-1.0.195/src/private/de.rs:25:8
[INFO] [stdout]    |
[INFO] [stdout] 23 | pub fn missing_field<'de, V, E>(field: &'static str) -> Result<V, E>
[INFO] [stdout]    |        ------------- required by a bound in this function
[INFO] [stdout] 24 | where
[INFO] [stdout] 25 |     V: Deserialize<'de>,
[INFO] [stdout]    |        ^^^^^^^^^^^^^^^^ required by this bound in `missing_field`
[INFO] [stdout] 
[INFO] [stdout] 
[INFO] [stderr] error: could not compile `ora-worker` (lib) due to 5 previous errors
[INFO] [stdout] error: aborting due to 4 previous errors
[INFO] [stdout] 
[INFO] [stdout] 
[INFO] [stdout] For more information about this error, try `rustc --explain E0277`.
[INFO] [stdout] 
[INFO] running `Command { std: "docker" "inspect" "ebea6df73e3fe8c616ea00145366dc41ce592540e5603beede31a9a5e194bb6a", kill_on_drop: false }`
[INFO] running `Command { std: "docker" "rm" "-f" "ebea6df73e3fe8c616ea00145366dc41ce592540e5603beede31a9a5e194bb6a", kill_on_drop: false }`
[INFO] [stdout] ebea6df73e3fe8c616ea00145366dc41ce592540e5603beede31a9a5e194bb6a
[INFO] documenting ora-api-0.3.2 against beta-2023-12-22 for beta-1.76-rustdoc-1
[INFO] extracting crate ora-api 0.3.2 into /workspace/builds/worker-3-tc2/source
[INFO] validating manifest of crates.io crate ora-api 0.3.2 on toolchain beta-2023-12-22
[INFO] running `Command { std: CARGO_HOME="/workspace/cargo-home" RUSTUP_HOME="/workspace/rustup-home" "/workspace/cargo-home/bin/cargo" "+beta-2023-12-22" "metadata" "--manifest-path" "Cargo.toml" "--no-deps", kill_on_drop: false }`
[INFO] started tweaking crates.io crate ora-api 0.3.2
[INFO] finished tweaking crates.io crate ora-api 0.3.2
[INFO] tweaked toml for crates.io crate ora-api 0.3.2 written to /workspace/builds/worker-3-tc2/source/Cargo.toml
[INFO] running `Command { std: CARGO_HOME="/workspace/cargo-home" RUSTUP_HOME="/workspace/rustup-home" "/workspace/cargo-home/bin/cargo" "+beta-2023-12-22" "generate-lockfile" "--manifest-path" "Cargo.toml", kill_on_drop: false }`
[INFO] [stderr]     Blocking waiting for file lock on package cache
[INFO] [stderr]     Updating crates.io index
[INFO] running `Command { std: CARGO_HOME="/workspace/cargo-home" RUSTUP_HOME="/workspace/rustup-home" "/workspace/cargo-home/bin/cargo" "+beta-2023-12-22" "fetch" "--manifest-path" "Cargo.toml", kill_on_drop: false }`
[INFO] [stderr]     Blocking waiting for file lock on package cache
[INFO] [stderr]     Blocking waiting for file lock on package cache
[INFO] running `Command { std: "docker" "create" "-v" "/var/lib/crater-agent-workspace/builds/worker-3-tc2/target:/opt/rustwide/target:rw,Z" "-v" "/var/lib/crater-agent-workspace/builds/worker-3-tc2/source:/opt/rustwide/workdir:ro,Z" "-v" "/var/lib/crater-agent-workspace/cargo-home:/opt/rustwide/cargo-home:ro,Z" "-v" "/var/lib/crater-agent-workspace/rustup-home:/opt/rustwide/rustup-home:ro,Z" "-e" "SOURCE_DIR=/opt/rustwide/workdir" "-e" "CARGO_TARGET_DIR=/opt/rustwide/target" "-e" "CARGO_HOME=/opt/rustwide/cargo-home" "-e" "RUSTUP_HOME=/opt/rustwide/rustup-home" "-w" "/opt/rustwide/workdir" "-m" "1610612736" "--user" "0:0" "--network" "none" "ghcr.io/rust-lang/crates-build-env/linux@sha256:2788e3201cd34a07e3172128adcd8b3090168a8e3bcc40d7c032b9dda1df7d1c" "/opt/rustwide/cargo-home/bin/cargo" "+beta-2023-12-22" "metadata" "--no-deps" "--format-version=1", kill_on_drop: false }`
[INFO] [stdout] 9bec1ece5261fc4f39c7b13c7f0566f4eb0e0743cfd5feacfea45561e68eca11
[INFO] running `Command { std: "docker" "start" "-a" "9bec1ece5261fc4f39c7b13c7f0566f4eb0e0743cfd5feacfea45561e68eca11", kill_on_drop: false }`
[INFO] running `Command { std: "docker" "inspect" "9bec1ece5261fc4f39c7b13c7f0566f4eb0e0743cfd5feacfea45561e68eca11", kill_on_drop: false }`
[INFO] running `Command { std: "docker" "rm" "-f" "9bec1ece5261fc4f39c7b13c7f0566f4eb0e0743cfd5feacfea45561e68eca11", kill_on_drop: false }`
[INFO] [stdout] 9bec1ece5261fc4f39c7b13c7f0566f4eb0e0743cfd5feacfea45561e68eca11
[INFO] running `Command { std: "docker" "create" "-v" "/var/lib/crater-agent-workspace/builds/worker-3-tc2/target:/opt/rustwide/target:rw,Z" "-v" "/var/lib/crater-agent-workspace/builds/worker-3-tc2/source:/opt/rustwide/workdir:ro,Z" "-v" "/var/lib/crater-agent-workspace/cargo-home:/opt/rustwide/cargo-home:ro,Z" "-v" "/var/lib/crater-agent-workspace/rustup-home:/opt/rustwide/rustup-home:ro,Z" "-e" "SOURCE_DIR=/opt/rustwide/workdir" "-e" "CARGO_TARGET_DIR=/opt/rustwide/target" "-e" "CARGO_INCREMENTAL=0" "-e" "RUST_BACKTRACE=full" "-e" "RUSTFLAGS=--cap-lints=warn" "-e" "RUSTDOCFLAGS=--cap-lints=warn" "-e" "CARGO_HOME=/opt/rustwide/cargo-home" "-e" "RUSTUP_HOME=/opt/rustwide/rustup-home" "-w" "/opt/rustwide/workdir" "-m" "1610612736" "--user" "0:0" "--network" "none" "ghcr.io/rust-lang/crates-build-env/linux@sha256:2788e3201cd34a07e3172128adcd8b3090168a8e3bcc40d7c032b9dda1df7d1c" "/opt/rustwide/cargo-home/bin/cargo" "+beta-2023-12-22" "doc" "--frozen" "--no-deps" "--document-private-items" "--message-format=json", kill_on_drop: false }`
[INFO] [stdout] 6d171efbbbd7586acd6b2ddf35931cb15b707fb12784f93e4a1db0570fe10f5e
[INFO] running `Command { std: "docker" "start" "-a" "6d171efbbbd7586acd6b2ddf35931cb15b707fb12784f93e4a1db0570fe10f5e", kill_on_drop: false }`
[INFO] [stderr]    Compiling proc-macro2 v1.0.76
[INFO] [stderr]     Checking futures-channel v0.3.30
[INFO] [stderr]     Checking nom v7.1.3
[INFO] [stderr]    Compiling eyre v0.6.11
[INFO] [stderr]     Checking futures-io v0.3.30
[INFO] [stderr]    Compiling async-trait v0.1.77
[INFO] [stderr]     Checking indenter v0.3.3
[INFO] [stderr]     Checking getrandom v0.2.11
[INFO] [stderr]    Compiling thiserror v1.0.56
[INFO] [stderr]     Checking chrono v0.4.31
[INFO] [stderr]     Checking rmp v0.8.12
[INFO] [stderr]     Checking uuid v1.6.1
[INFO] [stderr]    Compiling quote v1.0.35
[INFO] [stderr]    Compiling syn v2.0.48
[INFO] [stderr]     Checking cron v0.12.0
[INFO] [stderr]    Compiling serde_derive v1.0.195
[INFO] [stderr]    Compiling futures-macro v0.3.30
[INFO] [stderr]    Compiling tokio-macros v2.2.0
[INFO] [stderr]    Compiling thiserror-impl v1.0.56
[INFO] [stderr]    Compiling tracing-attributes v0.1.27
[INFO] [stderr]     Checking tokio v1.35.1
[INFO] [stderr]     Checking futures-util v0.3.30
[INFO] [stderr]     Checking tracing v0.1.40
[INFO] [stderr]     Checking tokio-util v0.7.10
[INFO] [stderr]     Checking serde v1.0.195
[INFO] [stderr]     Checking futures-executor v0.3.30
[INFO] [stderr]     Checking futures v0.3.30
[INFO] [stderr]     Checking deranged v0.3.11
[INFO] [stderr]     Checking serde_json v1.0.111
[INFO] [stderr]     Checking rmp-serde v1.1.2
[INFO] [stderr]     Checking time v0.3.31
[INFO] [stderr]     Checking ora-common v0.1.2
[INFO] [stderr]     Checking ora-worker v0.4.1
[INFO] [stderr]     Checking ora-client v0.2.1
[INFO] [stdout] error[E0277]: the trait bound `Uuid: Serialize` is not satisfied
[INFO] [stdout]     --> /opt/rustwide/cargo-home/registry/src/index.crates.io-6f17d22bba15001f/ora-worker-0.4.1/src/registry.rs:88:24
[INFO] [stdout]      |
[INFO] [stdout] 88   | #[derive(Debug, Clone, Serialize, Deserialize)]
[INFO] [stdout]      |                        ^^^^^^^^^ the trait `Serialize` is not implemented for `Uuid`
[INFO] [stdout] 89   | pub struct WorkerInfo {
[INFO] [stdout] 90   |     /// The worker ID.
[INFO] [stdout]      |     ------------------ required by a bound introduced by this call
[INFO] [stdout]      |
[INFO] [stdout]      = help: the following other types implement trait `Serialize`:
[INFO] [stdout]                bool
[INFO] [stdout]                char
[INFO] [stdout]                isize
[INFO] [stdout]                i8
[INFO] [stdout]                i16
[INFO] [stdout]                i32
[INFO] [stdout]                i64
[INFO] [stdout]                i128
[INFO] [stdout]              and 179 others
[INFO] [stdout] note: required by a bound in `registry::_::_serde::ser::SerializeStruct::serialize_field`
[INFO] [stdout]     --> /opt/rustwide/cargo-home/registry/src/index.crates.io-6f17d22bba15001f/serde-1.0.195/src/ser/mod.rs:1865:12
[INFO] [stdout]      |
[INFO] [stdout] 1859 |     fn serialize_field<T: ?Sized>(
[INFO] [stdout]      |        --------------- required by a bound in this associated function
[INFO] [stdout] ...
[INFO] [stdout] 1865 |         T: Serialize;
[INFO] [stdout]      |            ^^^^^^^^^ required by this bound in `SerializeStruct::serialize_field`
[INFO] [stdout] 
[INFO] [stdout] 
[INFO] [stdout] error[E0277]: the trait bound `Uuid: Deserialize<'_>` is not satisfied
[INFO] [stdout]     --> /opt/rustwide/cargo-home/registry/src/index.crates.io-6f17d22bba15001f/ora-worker-0.4.1/src/registry.rs:91:13
[INFO] [stdout]      |
[INFO] [stdout] 91   |     pub id: Uuid,
[INFO] [stdout]      |             ^^^^ the trait `Deserialize<'_>` is not implemented for `Uuid`
[INFO] [stdout]      |
[INFO] [stdout]      = help: the following other types implement trait `Deserialize<'de>`:
[INFO] [stdout]                <bool as Deserialize<'de>>
[INFO] [stdout]                <char as Deserialize<'de>>
[INFO] [stdout]                <isize as Deserialize<'de>>
[INFO] [stdout]                <i8 as Deserialize<'de>>
[INFO] [stdout]                <i16 as Deserialize<'de>>
[INFO] [stdout]                <i32 as Deserialize<'de>>
[INFO] [stdout]                <i64 as Deserialize<'de>>
[INFO] [stdout]                <i128 as Deserialize<'de>>
[INFO] [stdout]              and 186 others
[INFO] [stdout] note: required by a bound in `next_element`
[INFO] [stdout]     --> /opt/rustwide/cargo-home/registry/src/index.crates.io-6f17d22bba15001f/serde-1.0.195/src/de/mod.rs:1726:12
[INFO] [stdout]      |
[INFO] [stdout] 1724 |     fn next_element<T>(&mut self) -> Result<Option<T>, Self::Error>
[INFO] [stdout]      |        ------------ required by a bound in this associated function
[INFO] [stdout] 1725 |     where
[INFO] [stdout] 1726 |         T: Deserialize<'de>,
[INFO] [stdout]      |            ^^^^^^^^^^^^^^^^ required by this bound in `SeqAccess::next_element`
[INFO] [stdout] 
[INFO] [stdout] 
[INFO] [stdout] error[E0277]: the trait bound `Uuid: Deserialize<'_>` is not satisfied
[INFO] [stdout]     --> /opt/rustwide/cargo-home/registry/src/index.crates.io-6f17d22bba15001f/ora-worker-0.4.1/src/registry.rs:91:13
[INFO] [stdout]      |
[INFO] [stdout] 91   |     pub id: Uuid,
[INFO] [stdout]      |             ^^^^ the trait `Deserialize<'_>` is not implemented for `Uuid`
[INFO] [stdout]      |
[INFO] [stdout]      = help: the following other types implement trait `Deserialize<'de>`:
[INFO] [stdout]                <bool as Deserialize<'de>>
[INFO] [stdout]                <char as Deserialize<'de>>
[INFO] [stdout]                <isize as Deserialize<'de>>
[INFO] [stdout]                <i8 as Deserialize<'de>>
[INFO] [stdout]                <i16 as Deserialize<'de>>
[INFO] [stdout]                <i32 as Deserialize<'de>>
[INFO] [stdout]                <i64 as Deserialize<'de>>
[INFO] [stdout]                <i128 as Deserialize<'de>>
[INFO] [stdout]              and 186 others
[INFO] [stdout] note: required by a bound in `next_value`
[INFO] [stdout]     --> /opt/rustwide/cargo-home/registry/src/index.crates.io-6f17d22bba15001f/serde-1.0.195/src/de/mod.rs:1865:12
[INFO] [stdout]      |
[INFO] [stdout] 1863 |     fn next_value<V>(&mut self) -> Result<V, Self::Error>
[INFO] [stdout]      |        ---------- required by a bound in this associated function
[INFO] [stdout] 1864 |     where
[INFO] [stdout] 1865 |         V: Deserialize<'de>,
[INFO] [stdout]      |            ^^^^^^^^^^^^^^^^ required by this bound in `MapAccess::next_value`
[INFO] [stdout] 
[INFO] [stdout] 
[INFO] [stdout] error[E0277]: the trait bound `Uuid: Deserialize<'_>` is not satisfied
[INFO] [stdout]   --> /opt/rustwide/cargo-home/registry/src/index.crates.io-6f17d22bba15001f/ora-worker-0.4.1/src/registry.rs:90:5
[INFO] [stdout]    |
[INFO] [stdout] 90 |     /// The worker ID.
[INFO] [stdout]    |     ^^^^^^^^^^^^^^^^^^ the trait `Deserialize<'_>` is not implemented for `Uuid`
[INFO] [stdout]    |
[INFO] [stdout]    = help: the following other types implement trait `Deserialize<'de>`:
[INFO] [stdout]              <bool as Deserialize<'de>>
[INFO] [stdout]              <char as Deserialize<'de>>
[INFO] [stdout]              <isize as Deserialize<'de>>
[INFO] [stdout]              <i8 as Deserialize<'de>>
[INFO] [stdout]              <i16 as Deserialize<'de>>
[INFO] [stdout]              <i32 as Deserialize<'de>>
[INFO] [stdout]              <i64 as Deserialize<'de>>
[INFO] [stdout]              <i128 as Deserialize<'de>>
[INFO] [stdout]            and 186 others
[INFO] [stdout] note: required by a bound in `registry::_::_serde::__private::de::missing_field`
[INFO] [stdout]   --> /opt/rustwide/cargo-home/registry/src/index.crates.io-6f17d22bba15001f/serde-1.0.195/src/private/de.rs:25:8
[INFO] [stdout]    |
[INFO] [stdout] 23 | pub fn missing_field<'de, V, E>(field: &'static str) -> Result<V, E>
[INFO] [stdout]    |        ------------- required by a bound in this function
[INFO] [stdout] 24 | where
[INFO] [stdout] 25 |     V: Deserialize<'de>,
[INFO] [stdout]    |        ^^^^^^^^^^^^^^^^ required by this bound in `missing_field`
[INFO] [stdout] 
[INFO] [stdout] 
[INFO] [stdout] error: aborting due to 4 previous errors
[INFO] [stdout] 
[INFO] [stdout] 
[INFO] [stdout] For more information about this error, try `rustc --explain E0277`.
[INFO] [stdout] 
[INFO] [stderr] error: could not compile `ora-worker` (lib) due to 5 previous errors
[INFO] running `Command { std: "docker" "inspect" "6d171efbbbd7586acd6b2ddf35931cb15b707fb12784f93e4a1db0570fe10f5e", kill_on_drop: false }`
[INFO] running `Command { std: "docker" "rm" "-f" "6d171efbbbd7586acd6b2ddf35931cb15b707fb12784f93e4a1db0570fe10f5e", kill_on_drop: false }`
[INFO] [stdout] 6d171efbbbd7586acd6b2ddf35931cb15b707fb12784f93e4a1db0570fe10f5e
