[INFO] fetching crate openrr-apps 0.1.0...
[INFO] documenting openrr-apps-0.1.0 against 1.75.0 for beta-1.76-rustdoc-1
[INFO] extracting crate openrr-apps 0.1.0 into /workspace/builds/worker-4-tc1/source
[INFO] validating manifest of crates.io crate openrr-apps 0.1.0 on toolchain 1.75.0
[INFO] running `Command { std: CARGO_HOME="/workspace/cargo-home" RUSTUP_HOME="/workspace/rustup-home" "/workspace/cargo-home/bin/cargo" "+1.75.0" "metadata" "--manifest-path" "Cargo.toml" "--no-deps", kill_on_drop: false }`
[INFO] started tweaking crates.io crate openrr-apps 0.1.0
[INFO] finished tweaking crates.io crate openrr-apps 0.1.0
[INFO] tweaked toml for crates.io crate openrr-apps 0.1.0 written to /workspace/builds/worker-4-tc1/source/Cargo.toml
[INFO] crate crates.io crate openrr-apps 0.1.0 already has a lockfile, it will not be regenerated
[INFO] running `Command { std: CARGO_HOME="/workspace/cargo-home" RUSTUP_HOME="/workspace/rustup-home" "/workspace/cargo-home/bin/cargo" "+1.75.0" "fetch" "--manifest-path" "Cargo.toml", kill_on_drop: false }`
[INFO] [stderr]     Updating crates.io index
[INFO] [stderr]  Downloading crates ...
[INFO] [stderr]   Downloaded openrr-config v0.1.0
[INFO] [stderr]   Downloaded tokio-macros v2.0.0
[INFO] [stderr]   Downloaded urdf-rs v0.6.9
[INFO] [stderr]   Downloaded openrr-teleop v0.1.0
[INFO] [stderr]   Downloaded arci v0.1.0
[INFO] [stderr]   Downloaded trajectory v0.1.0
[INFO] [stderr]   Downloaded rustix v0.37.5
[INFO] [stderr]   Downloaded tstr_proc_macros v0.2.2
[INFO] [stderr]   Downloaded windows-targets v0.47.0
[INFO] [stderr]   Downloaded as_derive_utils v0.11.0
[INFO] [stderr]   Downloaded accesskit_windows v0.12.0
[INFO] [stderr]   Downloaded const_panic v0.2.7
[INFO] [stderr]   Downloaded windows-implement v0.42.0
[INFO] [stderr]   Downloaded serde_bytes v0.10.5
[INFO] [stderr]   Downloaded zvariant v3.12.0
[INFO] [stderr]   Downloaded windows_i686_msvc v0.47.0
[INFO] [stderr]   Downloaded linux-raw-sys v0.3.0
[INFO] [stderr]   Downloaded windows_aarch64_msvc v0.47.0
[INFO] [stderr]   Downloaded windows_i686_gnu v0.47.0
[INFO] [stderr]   Downloaded windows_x86_64_msvc v0.47.0
[INFO] [stderr]   Downloaded orbclient v0.3.43
[INFO] [stderr]   Downloaded assimp-sys v0.3.1
[INFO] [stderr]   Downloaded openrr-gui v0.1.0
[INFO] [stderr]   Downloaded arci-gamepad-gilrs v0.1.0
[INFO] [stderr]   Downloaded arci-gamepad-keyboard v0.1.0
[INFO] [stderr]   Downloaded windows v0.47.0
[INFO] [stderr]   Downloaded windows v0.42.0
[INFO] [stderr]   Downloaded ros_message v0.1.0
[INFO] [stderr]   Downloaded xml-rpc v0.0.12
[INFO] [stderr]   Downloaded tf_rosrust v0.1.0
[INFO] [stderr]   Downloaded arci-speak-audio v0.1.0
[INFO] [stderr]   Downloaded arci-speak-cmd v0.1.1
[INFO] [stderr]   Downloaded scoped-sleep v0.1.0
[INFO] [stderr]   Downloaded arci-urdf-viz v0.1.0
[INFO] [stderr]   Downloaded objc2 v0.3.0-beta.3
[INFO] [stderr]   Downloaded owned_ttf_parser v0.18.1
[INFO] [stderr]   Downloaded k v0.29.1
[INFO] [stderr]   Downloaded winit v0.28.3
[INFO] [stderr]   Downloaded windows_x86_64_gnu v0.47.0
[INFO] [stderr]   Downloaded gilrs v0.10.1
[INFO] [stderr]   Downloaded windows_aarch64_gnullvm v0.47.0
[INFO] [stderr]   Downloaded windows_x86_64_gnullvm v0.47.0
[INFO] [stderr]   Downloaded glow v0.12.1
[INFO] [stderr]   Downloaded glutin v0.30.7
[INFO] [stderr]   Downloaded rouille v3.6.1
[INFO] [stderr]   Downloaded ncollide3d v0.33.0
[INFO] [stderr]   Downloaded rustc-demangle v0.1.22
[INFO] [stderr]   Downloaded assimp v0.3.1
[INFO] [stderr]   Downloaded zbus v3.11.1
[INFO] [stderr]   Downloaded mesh-loader v0.0.2
[INFO] [stderr]   Downloaded egui-winit v0.21.1
[INFO] [stderr]   Downloaded sctk-adwaita v0.5.3
[INFO] [stderr]   Downloaded zbus_macros v3.11.1
[INFO] [stderr]   Downloaded accesskit v0.9.0
[INFO] [stderr]   Downloaded polling v2.6.0
[INFO] [stderr]   Downloaded accesskit_consumer v0.13.0
[INFO] [stderr]   Downloaded eframe v0.21.3
[INFO] [stderr]   Downloaded tiny-skia-path v0.8.3
[INFO] [stderr]   Downloaded fd-lock v3.0.11
[INFO] [stderr]   Downloaded multipart v0.18.0
[INFO] [stderr]   Downloaded xml-rs v0.6.1
[INFO] [stderr]   Downloaded rosrust v0.9.10
[INFO] [stderr]   Downloaded alsa v0.7.0
[INFO] [stderr]   Downloaded coreaudio-rs v0.11.2
[INFO] [stderr]   Downloaded cpal v0.15.1
[INFO] [stderr]   Downloaded rodio v0.17.1
[INFO] [stderr]   Downloaded zbus_names v2.5.0
[INFO] [stderr]   Downloaded enumflags2 v0.7.5
[INFO] [stderr]   Downloaded egui_glow v0.21.0
[INFO] [stderr]   Downloaded accesskit_winit v0.10.0
[INFO] [stderr]   Downloaded tracing-appender v0.2.2
[INFO] [stderr]   Downloaded openrr-command v0.1.0
[INFO] [stderr]   Downloaded zvariant_utils v1.0.0
[INFO] [stderr]   Downloaded serde-xml-rs v0.4.1
[INFO] [stderr]   Downloaded roxmltree v0.15.1
[INFO] [stderr]   Downloaded openrr-plugin v0.1.0
[INFO] [stderr]   Downloaded ros-nalgebra v0.1.0
[INFO] [stderr]   Downloaded accesskit_macos v0.5.0
[INFO] [stderr]   Downloaded toml-query v0.10.0
[INFO] [stderr]   Downloaded kdtree v0.7.0
[INFO] [stderr]   Downloaded rrt v0.7.0
[INFO] [stderr]   Downloaded tiny-skia v0.8.3
[INFO] [stderr]   Downloaded zvariant_derive v3.12.0
[INFO] [stderr]   Downloaded futures-executor v0.3.27
[INFO] [stderr]   Downloaded ab_glyph v0.2.20
[INFO] [stderr]   Downloaded toml-query_derive v0.10.0
[INFO] [stderr]   Downloaded tstr v0.2.3
[INFO] [stderr]   Downloaded ctrlc v3.2.5
[INFO] [stderr]   Downloaded iana-time-zone v0.1.55
[INFO] [stderr]   Downloaded gzip-header v1.0.0
[INFO] [stderr]   Downloaded symphonia v0.5.2
[INFO] [stderr]   Downloaded accesskit_unix v0.2.0
[INFO] [stderr]   Downloaded glutin_egl_sys v0.4.0
[INFO] [stderr]   Downloaded core_extensions v1.5.3
[INFO] [stderr]   Downloaded abi_stable_derive v0.11.0
[INFO] [stderr]   Downloaded repr_offset v0.2.2
[INFO] [stderr]   Downloaded is-match v0.1.0
[INFO] [stderr]   Downloaded core_extensions_proc_macros v1.5.3
[INFO] [stderr]   Downloaded rosrust_codegen v0.9.6
[INFO] [stderr]   Downloaded arci-ros v0.1.0
[INFO] [stderr]   Downloaded coreaudio-sys v0.2.12
[INFO] [stderr]   Downloaded symphonia-bundle-mp3 v0.5.2
[INFO] [stderr]   Downloaded atspi-macros v0.1.4
[INFO] [stderr]   Downloaded enumflags2_derive v0.7.4
[INFO] [stderr]   Downloaded abi_stable_shared v0.11.0
[INFO] [stderr]   Downloaded generational-arena v0.2.8
[INFO] [stderr]   Downloaded abi_stable v0.11.1
[INFO] [stderr]   Downloaded clap_complete v4.2.0
[INFO] [stderr]   Downloaded futures v0.3.27
[INFO] [stderr]   Downloaded openrr-planner v0.1.0
[INFO] [stderr]   Downloaded openrr-client v0.1.0
[INFO] [stderr]   Downloaded RustyXML v0.3.0
[INFO] [stderr]   Downloaded gilrs-core v0.5.3
[INFO] [stderr]   Downloaded filetime v0.2.20
[INFO] [stderr]   Downloaded atspi v0.8.7
[INFO] running `Command { std: "docker" "create" "-v" "/var/lib/crater-agent-workspace/builds/worker-4-tc1/target:/opt/rustwide/target:rw,Z" "-v" "/var/lib/crater-agent-workspace/builds/worker-4-tc1/source:/opt/rustwide/workdir:ro,Z" "-v" "/var/lib/crater-agent-workspace/cargo-home:/opt/rustwide/cargo-home:ro,Z" "-v" "/var/lib/crater-agent-workspace/rustup-home:/opt/rustwide/rustup-home:ro,Z" "-e" "SOURCE_DIR=/opt/rustwide/workdir" "-e" "CARGO_TARGET_DIR=/opt/rustwide/target" "-e" "CARGO_HOME=/opt/rustwide/cargo-home" "-e" "RUSTUP_HOME=/opt/rustwide/rustup-home" "-w" "/opt/rustwide/workdir" "-m" "1610612736" "--user" "0:0" "--network" "none" "ghcr.io/rust-lang/crates-build-env/linux@sha256:2788e3201cd34a07e3172128adcd8b3090168a8e3bcc40d7c032b9dda1df7d1c" "/opt/rustwide/cargo-home/bin/cargo" "+1.75.0" "metadata" "--no-deps" "--format-version=1", kill_on_drop: false }`
[INFO] [stdout] b9d73df3c3ff1416a70dce5164e8a205c07113d07a0724eadadc118f3e73c836
[INFO] running `Command { std: "docker" "start" "-a" "b9d73df3c3ff1416a70dce5164e8a205c07113d07a0724eadadc118f3e73c836", kill_on_drop: false }`
[INFO] running `Command { std: "docker" "inspect" "b9d73df3c3ff1416a70dce5164e8a205c07113d07a0724eadadc118f3e73c836", kill_on_drop: false }`
[INFO] running `Command { std: "docker" "rm" "-f" "b9d73df3c3ff1416a70dce5164e8a205c07113d07a0724eadadc118f3e73c836", kill_on_drop: false }`
[INFO] [stdout] b9d73df3c3ff1416a70dce5164e8a205c07113d07a0724eadadc118f3e73c836
[INFO] running `Command { std: "docker" "create" "-v" "/var/lib/crater-agent-workspace/builds/worker-4-tc1/target:/opt/rustwide/target:rw,Z" "-v" "/var/lib/crater-agent-workspace/builds/worker-4-tc1/source:/opt/rustwide/workdir:ro,Z" "-v" "/var/lib/crater-agent-workspace/cargo-home:/opt/rustwide/cargo-home:ro,Z" "-v" "/var/lib/crater-agent-workspace/rustup-home:/opt/rustwide/rustup-home:ro,Z" "-e" "SOURCE_DIR=/opt/rustwide/workdir" "-e" "CARGO_TARGET_DIR=/opt/rustwide/target" "-e" "CARGO_INCREMENTAL=0" "-e" "RUST_BACKTRACE=full" "-e" "RUSTFLAGS=--cap-lints=warn" "-e" "RUSTDOCFLAGS=--cap-lints=warn" "-e" "CARGO_HOME=/opt/rustwide/cargo-home" "-e" "RUSTUP_HOME=/opt/rustwide/rustup-home" "-w" "/opt/rustwide/workdir" "-m" "1610612736" "--user" "0:0" "--network" "none" "ghcr.io/rust-lang/crates-build-env/linux@sha256:2788e3201cd34a07e3172128adcd8b3090168a8e3bcc40d7c032b9dda1df7d1c" "/opt/rustwide/cargo-home/bin/cargo" "+1.75.0" "doc" "--frozen" "--no-deps" "--document-private-items" "--message-format=json", kill_on_drop: false }`
[INFO] [stdout] 8a40ad0ddf81e8bbfe1bf3918c5e14c4b3817e3dee7cb7dbad9a25b009824cb3
[INFO] running `Command { std: "docker" "start" "-a" "8a40ad0ddf81e8bbfe1bf3918c5e14c4b3817e3dee7cb7dbad9a25b009824cb3", kill_on_drop: false }`
[INFO] [stderr]    Compiling proc-macro2 v1.0.54
[INFO] [stderr]    Compiling quote v1.0.26
[INFO] [stderr]    Compiling unicode-ident v1.0.8
[INFO] [stderr]    Compiling libc v0.2.140
[INFO] [stderr]    Compiling syn v1.0.109
[INFO] [stderr]    Compiling log v0.4.17
[INFO] [stderr]    Compiling serde_derive v1.0.159
[INFO] [stderr]    Compiling memchr v2.5.0
[INFO] [stderr]     Checking once_cell v1.17.1
[INFO] [stderr]    Compiling typenum v1.16.0
[INFO] [stderr]    Compiling serde v1.0.159
[INFO] [stderr]    Compiling pkg-config v0.3.26
[INFO] [stderr]    Compiling futures-core v0.3.27
[INFO] [stderr]     Checking smallvec v1.10.0
[INFO] [stderr]    Compiling thiserror v1.0.40
[INFO] [stderr]     Checking scopeguard v1.1.0
[INFO] [stderr]     Checking pin-project-lite v0.2.9
[INFO] [stderr]    Compiling num-traits v0.2.15
[INFO] [stderr]    Compiling lock_api v0.4.9
[INFO] [stderr]    Compiling crossbeam-utils v0.8.15
[INFO] [stderr]    Compiling cc v1.0.79
[INFO] [stderr]    Compiling xml-rs v0.8.4
[INFO] [stderr]    Compiling parking_lot_core v0.9.7
[INFO] [stderr]     Checking tracing-core v0.1.30
[INFO] [stderr]    Compiling num-integer v0.1.45
[INFO] [stderr]    Compiling futures-task v0.3.27
[INFO] [stderr]    Compiling io-lifetimes v1.0.9
[INFO] [stderr]     Checking futures-io v0.3.27
[INFO] [stderr]    Compiling rustix v0.37.5
[INFO] [stderr]     Checking linux-raw-sys v0.3.0
[INFO] [stderr]     Checking regex-syntax v0.6.29
[INFO] [stderr]     Checking itoa v1.0.6
[INFO] [stderr]     Checking futures-sink v0.3.27
[INFO] [stderr]    Compiling paste v1.0.12
[INFO] [stderr]    Compiling futures-channel v0.3.27
[INFO] [stderr]    Compiling num-rational v0.4.1
[INFO] [stderr]     Checking aho-corasick v0.7.20
[INFO] [stderr]    Compiling syn v2.0.11
[INFO] [stderr]     Checking byteorder v1.4.3
[INFO] [stderr]    Compiling async-trait v0.1.68
[INFO] [stderr]    Compiling serde_json v1.0.95
[INFO] [stderr]    Compiling futures-util v0.3.27
[INFO] [stderr]     Checking miniz_oxide v0.6.2
[INFO] [stderr]    Compiling memoffset v0.7.1
[INFO] [stderr]     Checking ryu v1.0.13
[INFO] [stderr]     Checking generic-array v0.14.7
[INFO] [stderr]     Checking approx v0.5.1
[INFO] [stderr]     Checking libloading v0.7.4
[INFO] [stderr]     Checking rawpointer v0.2.1
[INFO] [stderr]     Checking fastrand v1.9.0
[INFO] [stderr]     Checking matrixmultiply v0.3.2
[INFO] [stderr]    Compiling wayland-scanner v0.29.5
[INFO] [stderr]    Compiling slotmap v1.0.6
[INFO] [stderr]     Checking downcast-rs v1.2.0
[INFO] [stderr]    Compiling indexmap v1.9.3
[INFO] [stderr]    Compiling toml_datetime v0.6.1
[INFO] [stderr]    Compiling winnow v0.4.1
[INFO] [stderr]     Checking getrandom v0.2.8
[INFO] [stderr]     Checking socket2 v0.4.9
[INFO] [stderr]     Checking num_cpus v1.15.0
[INFO] [stderr]     Checking nix v0.24.3
[INFO] [stderr]     Checking mio v0.8.6
[INFO] [stderr]     Checking parking_lot v0.12.1
[INFO] [stderr]     Checking rand_core v0.6.4
[INFO] [stderr]     Checking dlib v0.5.0
[INFO] [stderr]     Checking unicode-normalization v0.1.22
[INFO] [stderr]     Checking rand_chacha v0.3.1
[INFO] [stderr]    Compiling memoffset v0.8.0
[INFO] [stderr]    Compiling proc-macro-error-attr v1.0.4
[INFO] [stderr]     Checking regex v1.7.3
[INFO] [stderr]     Checking rand v0.8.5
[INFO] [stderr]     Checking unicode-bidi v0.3.13
[INFO] [stderr]     Checking percent-encoding v2.2.0
[INFO] [stderr]     Checking crossbeam-channel v0.5.7
[INFO] [stderr]    Compiling wayland-sys v0.29.5
[INFO] [stderr]    Compiling proc-macro-error v1.0.4
[INFO] [stderr]    Compiling crossbeam-epoch v0.9.14
[INFO] [stderr]    Compiling schemars v0.8.12
[INFO] [stderr]    Compiling anyhow v1.0.70
[INFO] [stderr]     Checking RustyXML v0.3.0
[INFO] [stderr]    Compiling event-listener v2.5.3
[INFO] [stderr]     Checking nix v0.26.2
[INFO] [stderr]     Checking block-buffer v0.10.4
[INFO] [stderr]     Checking crypto-common v0.1.6
[INFO] [stderr]    Compiling tokio v1.27.0
[INFO] [stderr]    Compiling toml_edit v0.19.8
[INFO] [stderr]    Compiling polling v2.6.0
[INFO] [stderr]     Checking arrayvec v0.7.2
[INFO] [stderr]     Checking dyn-clone v1.0.11
[INFO] [stderr]    Compiling concurrent-queue v2.1.0
[INFO] [stderr]    Compiling wayland-client v0.29.5
[INFO] [stderr]     Checking digest v0.10.6
[INFO] [stderr]     Checking signal-hook-registry v1.4.1
[INFO] [stderr]     Checking nix v0.25.1
[INFO] [stderr]     Checking flate2 v1.0.25
[INFO] [stderr]    Compiling parking v2.0.0
[INFO] [stderr]     Checking ttf-parser v0.18.1
[INFO] [stderr]    Compiling hex v0.4.3
[INFO] [stderr]    Compiling khronos_api v3.1.0
[INFO] [stderr]    Compiling cfg_aliases v0.1.1
[INFO] [stderr]    Compiling waker-fn v1.1.0
[INFO] [stderr]     Checking either v1.8.1
[INFO] [stderr]     Checking cpufeatures v0.2.6
[INFO] [stderr]     Checking bitflags v0.9.1
[INFO] [stderr]     Checking crossbeam-deque v0.8.3
[INFO] [stderr]     Checking sha1 v0.10.5
[INFO] [stderr]    Compiling futures-lite v1.12.0
[INFO] [stderr]    Compiling async-lock v2.7.0
[INFO] [stderr]     Checking idna v0.3.0
[INFO] [stderr]     Checking form_urlencoded v1.1.0
[INFO] [stderr]    Compiling async-io v1.13.0
[INFO] [stderr]    Compiling async-fs v1.6.0
[INFO] [stderr]    Compiling unicase v2.6.0
[INFO] [stderr]     Checking scoped-tls v1.0.1
[INFO] [stderr]     Checking ab_glyph_rasterizer v0.1.8
[INFO] [stderr]     Checking nom v7.1.3
[INFO] [stderr]     Checking url v2.3.1
[INFO] [stderr]    Compiling proc-macro-crate v1.3.1
[INFO] [stderr]     Checking wayland-commons v0.29.5
[INFO] [stderr]    Compiling wayland-protocols v0.29.5
[INFO] [stderr]    Compiling backtrace v0.3.67
[INFO] [stderr]    Compiling serde_derive_internals v0.26.0
[INFO] [stderr]    Compiling zvariant_utils v1.0.0
[INFO] [stderr]     Checking owned_ttf_parser v0.18.1
[INFO] [stderr]    Compiling slab v0.4.8
[INFO] [stderr]    Compiling async-task v4.4.0
[INFO] [stderr]    Compiling static_assertions v1.1.0
[INFO] [stderr]     Checking ab_glyph v0.2.20
[INFO] [stderr]    Compiling gl_generator v0.14.0
[INFO] [stderr]     Checking png v0.17.7
[INFO] [stderr]    Compiling async-channel v1.8.0
[INFO] [stderr]    Compiling cmake v0.1.50
[INFO] [stderr]    Compiling x11-dl v2.21.0
[INFO] [stderr]    Compiling smithay-client-toolkit v0.16.0
[INFO] [stderr]    Compiling pin-utils v0.1.0
[INFO] [stderr]    Compiling atomic-waker v1.1.0
[INFO] [stderr]    Compiling ppv-lite86 v0.2.17
[INFO] [stderr]    Compiling strsim v0.9.3
[INFO] [stderr]    Compiling assimp-sys v0.3.1
[INFO] [stderr]    Compiling darling_core v0.10.2
[INFO] [stderr]     Checking xcursor v0.3.4
[INFO] [stderr]    Compiling blocking v1.3.0
[INFO] [stderr]     Checking memmap2 v0.5.10
[INFO] [stderr]     Checking dirs-sys v0.3.7
[INFO] [stderr]    Compiling ring v0.16.20
[INFO] [stderr]    Compiling bytemuck_derive v1.4.1
[INFO] [stderr]    Compiling thiserror-impl v1.0.40
[INFO] [stderr]    Compiling tokio-macros v2.0.0
[INFO] [stderr]    Compiling async-recursion v1.0.4
[INFO] [stderr]    Compiling serde_repr v0.1.12
[INFO] [stderr]     Checking wayland-cursor v0.29.5
[INFO] [stderr]    Compiling ahash v0.8.3
[INFO] [stderr]     Checking safemem v0.3.3
[INFO] [stderr]     Checking accesskit v0.9.0
[INFO] [stderr]     Checking strict-num v0.1.0
[INFO] [stderr]    Compiling rayon-core v1.11.0
[INFO] [stderr]     Checking arrayref v0.3.7
[INFO] [stderr]    Compiling dirs v4.0.0
[INFO] [stderr]    Compiling mime_guess v2.0.4
[INFO] [stderr]    Compiling tracing-attributes v0.1.23
[INFO] [stderr]     Checking bytemuck v1.13.1
[INFO] [stderr]    Compiling futures-macro v0.3.27
[INFO] [stderr]     Checking safe_arch v0.6.0
[INFO] [stderr]    Compiling nalgebra-macros v0.1.0
[INFO] [stderr]    Compiling enumflags2_derive v0.7.4
[INFO] [stderr]    Compiling schemars_derive v0.8.12
[INFO] [stderr]     Checking wide v0.7.8
[INFO] [stderr]    Compiling zvariant_derive v3.12.0
[INFO] [stderr]    Compiling auto_impl v1.0.1
[INFO] [stderr]     Checking calloop v0.10.5
[INFO] [stderr]    Compiling zbus_macros v3.11.1
[INFO] [stderr]    Compiling derivative v2.2.0
[INFO] [stderr]    Compiling darling_macro v0.10.2
[INFO] [stderr]     Checking tiny-skia-path v0.8.3
[INFO] [stderr]    Compiling async-executor v1.5.0
[INFO] [stderr]    Compiling async-broadcast v0.5.1
[INFO] [stderr]    Compiling ordered-stream v0.2.0
[INFO] [stderr]     Checking gimli v0.27.2
[INFO] [stderr]     Checking tracing v0.1.37
[INFO] [stderr]     Checking fixedbitset v0.4.2
[INFO] [stderr]     Checking xmlparser v0.13.5
[INFO] [stderr]    Compiling version_check v0.1.5
[INFO] [stderr]     Checking alloc-no-stdlib v2.0.4
[INFO] [stderr]     Checking petgraph v0.6.3
[INFO] [stderr]     Checking alloc-stdlib v0.2.2
[INFO] [stderr]     Checking roxmltree v0.15.1
[INFO] [stderr]    Compiling darling v0.10.2
[INFO] [stderr]     Checking tiny-skia v0.8.3
[INFO] [stderr]    Compiling unicase v1.4.2
[INFO] [stderr]     Checking kdtree v0.7.0
[INFO] [stderr]     Checking ecolor v0.21.0
[INFO] [stderr]     Checking emath v0.21.0
[INFO] [stderr]    Compiling winit v0.28.3
[INFO] [stderr]     Checking object v0.30.3
[INFO] [stderr]     Checking log v0.3.9
[INFO] [stderr]    Compiling error-chain v0.12.4
[INFO] [stderr]     Checking rustc-demangle v0.1.22
[INFO] [stderr]     Checking nohash-hasher v0.2.0
[INFO] [stderr]    Compiling adler v1.0.2
[INFO] [stderr]     Checking raw-window-handle v0.5.1
[INFO] [stderr]     Checking matches v0.1.10
[INFO] [stderr]     Checking fast-float v0.2.0
[INFO] [stderr]     Checking time-core v0.1.0
[INFO] [stderr]     Checking addr2line v0.19.0
[INFO] [stderr]     Checking rustc-hash v1.1.0
[INFO] [stderr]     Checking time v0.3.20
[INFO] [stderr]     Checking idna v0.1.5
[INFO] [stderr]     Checking futures-executor v0.3.27
[INFO] [stderr]     Checking mesh-loader v0.0.2
[INFO] [stderr]     Checking futures v0.3.27
[INFO] [stderr]     Checking epaint v0.21.0
[INFO] [stderr]     Checking rayon v1.7.0
[INFO] [stderr]     Checking rrt v0.7.0
[INFO] [stderr]    Compiling toml-query_derive v0.10.0
[INFO] [stderr]     Checking brotli-decompressor v2.3.4
[INFO] [stderr]     Checking anstyle-parse v0.1.1
[INFO] [stderr]     Checking buf_redux v0.8.4
[INFO] [stderr]    Compiling glutin_egl_sys v0.4.0
[INFO] [stderr]    Compiling glutin_glx_sys v0.4.0
[INFO] [stderr]     Checking is-terminal v0.4.6
[INFO] [stderr]     Checking tempfile v3.5.0
[INFO] [stderr]    Compiling digest v0.9.0
[INFO] [stderr]    Compiling block-buffer v0.9.0
[INFO] [stderr]     Checking gzip-header v1.0.0
[INFO] [stderr]     Checking trajectory v0.1.0
[INFO] [stderr]     Checking twoway v0.1.8
[INFO] [stderr]    Compiling alsa-sys v0.3.1
[INFO] [stderr]    Compiling wayland-sys v0.30.1
[INFO] [stderr]     Checking instant v0.1.12
[INFO] [stderr]    Compiling regex v0.2.11
[INFO] [stderr]     Checking httpdate v1.0.2
[INFO] [stderr]    Compiling opaque-debug v0.3.0
[INFO] [stderr]     Checking ascii v1.1.0
[INFO] [stderr]     Checking bitflags v0.7.0
[INFO] [stderr]     Checking concolor-override v1.0.0
[INFO] [stderr]     Checking chunked_transfer v1.4.1
[INFO] [stderr]    Compiling crossbeam-queue v0.3.8
[INFO] [stderr]     Checking adler32 v1.2.0
[INFO] [stderr]     Checking concolor-query v0.3.3
[INFO] [stderr]     Checking percent-encoding v1.0.1
[INFO] [stderr]     Checking is-match v0.1.0
[INFO] [stderr]     Checking iana-time-zone v0.1.55
[INFO] [stderr]     Checking ucd-util v0.1.10
[INFO] [stderr]     Checking anstyle v0.3.5
[INFO] [stderr]     Checking url v1.7.2
[INFO] [stderr]     Checking chrono v0.4.24
[INFO] [stderr]    Compiling itertools v0.10.5
[INFO] [stderr]     Checking regex-syntax v0.5.6
[INFO] [stderr]     Checking anstream v0.2.6
[INFO] [stderr]     Checking num-complex v0.4.3
[INFO] [stderr]     Checking serde-xml-rs v0.6.0
[INFO] [stderr]     Checking enumflags2 v0.7.5
[INFO] [stderr]     Checking toml v0.5.11
[INFO] [stderr]     Checking deflate v1.0.0
[INFO] [stderr]     Checking tiny_http v0.12.0
[INFO] [stderr]     Checking zvariant v3.12.0
[INFO] [stderr]     Checking urdf-rs v0.6.9
[INFO] [stderr]     Checking xml-rs v0.3.6
[INFO] [stderr]     Checking simba v0.7.3
[INFO] [stderr]    Compiling darling_core v0.14.4
[INFO] [stderr]    Compiling serde-xml-rs v0.4.1
[INFO] [stderr]    Compiling md-5 v0.9.1
[INFO] [stderr]     Checking brotli v3.3.4
[INFO] [stderr]     Checking multipart v0.18.0
[INFO] [stderr]     Checking toml-query v0.10.0
[INFO] [stderr]     Checking egui v0.21.0
[INFO] [stderr]     Checking mime v0.2.6
[INFO] [stderr]     Checking symphonia-core v0.5.2
[INFO] [stderr]    Compiling pin-project-internal v1.0.12
[INFO] [stderr]     Checking accesskit_consumer v0.13.0
[INFO] [stderr]     Checking base64 v0.9.3
[INFO] [stderr]     Checking x11rb-protocol v0.10.0
[INFO] [stderr]    Compiling glutin v0.30.7
[INFO] [stderr]     Checking zbus_names v2.5.0
[INFO] [stderr]     Checking threadpool v1.8.1
[INFO] [stderr]     Checking time v0.1.45
[INFO] [stderr]     Checking filetime v0.2.20
[INFO] [stderr]     Checking gethostname v0.2.3
[INFO] [stderr]     Checking aho-corasick v0.6.10
[INFO] [stderr]    Compiling libudev-sys v0.1.4
[INFO] [stderr]     Checking zbus v3.11.1
[INFO] [stderr]     Checking thread_local v0.3.6
[INFO] [stderr]     Checking encoding_rs v0.8.32
[INFO] [stderr]     Checking traitobject v0.1.0
[INFO] [stderr]     Checking safemem v0.2.0
[INFO] [stderr]    Compiling core_extensions v1.5.3
[INFO] [stderr]     Checking language-tags v0.2.2
[INFO] [stderr]     Checking utf8-ranges v1.0.5
[INFO] [stderr]    Compiling array-init v2.1.0
[INFO] [stderr]     Checking clap_lex v0.4.1
[INFO] [stderr]     Checking typeable v0.1.2
[INFO] [stderr]    Compiling ros_message v0.1.0
[INFO] [stderr]     Checking hyper v0.10.16
[INFO] [stderr]     Checking clap_builder v4.2.1
[INFO] [stderr] error: could not compile `simba` (lib)
[INFO] [stderr] 
[INFO] [stderr] Caused by:
[INFO] [stderr]   process didn't exit successfully: `/opt/rustwide/rustup-home/toolchains/1.75.0-x86_64-unknown-linux-gnu/bin/rustc --crate-name simba --edition=2018 /opt/rustwide/cargo-home/registry/src/index.crates.io-6f17d22bba15001f/simba-0.7.3/src/lib.rs --error-format=json --json=diagnostic-rendered-ansi,artifacts,future-incompat --crate-type lib --emit=dep-info,metadata -C embed-bitcode=no -C debuginfo=2 --cfg 'feature="default"' --cfg 'feature="std"' --cfg 'feature="wide"' -C metadata=5c0510af7ac9fdf8 -C extra-filename=-5c0510af7ac9fdf8 --out-dir /opt/rustwide/target/debug/deps -L dependency=/opt/rustwide/target/debug/deps --extern approx=/opt/rustwide/target/debug/deps/libapprox-e2de777ba8a0eab1.rmeta --extern num_complex=/opt/rustwide/target/debug/deps/libnum_complex-3825b0a42f278579.rmeta --extern num_traits=/opt/rustwide/target/debug/deps/libnum_traits-6a710994a3aa8095.rmeta --extern paste=/opt/rustwide/target/debug/deps/libpaste-c60c46dfb3a8a062.so --extern wide=/opt/rustwide/target/debug/deps/libwide-77e19c5975f13805.rmeta --cap-lints allow --cap-lints=warn` (signal: 9, SIGKILL: kill)
[INFO] [stderr] warning: build failed, waiting for other jobs to finish...
[INFO] [stderr] error: failed to run custom build command for `assimp-sys v0.3.1`
[INFO] [stderr] note: To improve backtraces for build dependencies, set the CARGO_PROFILE_DEV_BUILD_OVERRIDE_DEBUG=true environment variable to enable debug information generation.
[INFO] [stderr] 
[INFO] [stderr] Caused by:
[INFO] [stderr]   process didn't exit successfully: `/opt/rustwide/target/debug/build/assimp-sys-1b46744529bdd6c9/build-script-build` (exit status: 101)
[INFO] [stderr]   --- stdout
[INFO] [stderr]   cargo:rerun-if-env-changed=ASSIMP_NO_PKG_CONFIG
[INFO] [stderr]   cargo:rerun-if-env-changed=PKG_CONFIG_x86_64-unknown-linux-gnu
[INFO] [stderr]   cargo:rerun-if-env-changed=PKG_CONFIG_x86_64_unknown_linux_gnu
[INFO] [stderr]   cargo:rerun-if-env-changed=HOST_PKG_CONFIG
[INFO] [stderr]   cargo:rerun-if-env-changed=PKG_CONFIG
[INFO] [stderr]   cargo:rerun-if-env-changed=ASSIMP_STATIC
[INFO] [stderr]   cargo:rerun-if-env-changed=ASSIMP_DYNAMIC
[INFO] [stderr]   cargo:rerun-if-env-changed=PKG_CONFIG_ALL_STATIC
[INFO] [stderr]   cargo:rerun-if-env-changed=PKG_CONFIG_ALL_DYNAMIC
[INFO] [stderr]   cargo:rerun-if-env-changed=PKG_CONFIG_PATH_x86_64-unknown-linux-gnu
[INFO] [stderr]   cargo:rerun-if-env-changed=PKG_CONFIG_PATH_x86_64_unknown_linux_gnu
[INFO] [stderr]   cargo:rerun-if-env-changed=HOST_PKG_CONFIG_PATH
[INFO] [stderr]   cargo:rerun-if-env-changed=PKG_CONFIG_PATH
[INFO] [stderr]   cargo:rerun-if-env-changed=PKG_CONFIG_LIBDIR_x86_64-unknown-linux-gnu
[INFO] [stderr]   cargo:rerun-if-env-changed=PKG_CONFIG_LIBDIR_x86_64_unknown_linux_gnu
[INFO] [stderr]   cargo:rerun-if-env-changed=HOST_PKG_CONFIG_LIBDIR
[INFO] [stderr]   cargo:rerun-if-env-changed=PKG_CONFIG_LIBDIR
[INFO] [stderr]   cargo:rerun-if-env-changed=PKG_CONFIG_SYSROOT_DIR_x86_64-unknown-linux-gnu
[INFO] [stderr]   cargo:rerun-if-env-changed=PKG_CONFIG_SYSROOT_DIR_x86_64_unknown_linux_gnu
[INFO] [stderr]   cargo:rerun-if-env-changed=HOST_PKG_CONFIG_SYSROOT_DIR
[INFO] [stderr]   cargo:rerun-if-env-changed=PKG_CONFIG_SYSROOT_DIR
[INFO] [stderr]   CMAKE_TOOLCHAIN_FILE_x86_64-unknown-linux-gnu = None
[INFO] [stderr]   CMAKE_TOOLCHAIN_FILE_x86_64_unknown_linux_gnu = None
[INFO] [stderr]   HOST_CMAKE_TOOLCHAIN_FILE = None
[INFO] [stderr]   CMAKE_TOOLCHAIN_FILE = None
[INFO] [stderr]   CMAKE_GENERATOR_x86_64-unknown-linux-gnu = None
[INFO] [stderr]   CMAKE_GENERATOR_x86_64_unknown_linux_gnu = None
[INFO] [stderr]   HOST_CMAKE_GENERATOR = None
[INFO] [stderr]   CMAKE_GENERATOR = None
[INFO] [stderr]   CMAKE_PREFIX_PATH_x86_64-unknown-linux-gnu = None
[INFO] [stderr]   CMAKE_PREFIX_PATH_x86_64_unknown_linux_gnu = None
[INFO] [stderr]   HOST_CMAKE_PREFIX_PATH = None
[INFO] [stderr]   CMAKE_PREFIX_PATH = None
[INFO] [stderr]   CMAKE_x86_64-unknown-linux-gnu = None
[INFO] [stderr]   CMAKE_x86_64_unknown_linux_gnu = None
[INFO] [stderr]   HOST_CMAKE = None
[INFO] [stderr]   CMAKE = None
[INFO] [stderr]   running: cd "/opt/rustwide/target/debug/build/assimp-sys-44ca5acb4e32b219/out/build" && CMAKE_PREFIX_PATH="" "cmake" "/opt/rustwide/cargo-home/registry/src/index.crates.io-6f17d22bba15001f/assimp-sys-0.3.1/assimp" "-DASSIMP_BUILD_ASSIMP_TOOLS=OFF" "-DASSIMP_BUILD_TESTS=OFF" "-DASSIMP_INSTALL_PDB=OFF" "-DBUILD_SHARED_LIBS=OFF" "-DCMAKE_SUPPRESS_DEVELOPER_WARNINGS=ON" "-DLIBRARY_SUFFIX=" "-DCMAKE_INSTALL_PREFIX=/opt/rustwide/target/debug/build/assimp-sys-44ca5acb4e32b219/out" "-DCMAKE_C_FLAGS= -ffunction-sections -fdata-sections -fPIC -m64" "-DCMAKE_C_COMPILER=/usr/bin/cc" "-DCMAKE_CXX_FLAGS= -ffunction-sections -fdata-sections -fPIC -m64" "-DCMAKE_CXX_COMPILER=/usr/bin/c++" "-DCMAKE_ASM_FLAGS= -ffunction-sections -fdata-sections -fPIC -m64" "-DCMAKE_ASM_COMPILER=/usr/bin/cc" "-DCMAKE_BUILD_TYPE=Debug"
[INFO] [stderr]   -- The C compiler identification is GNU 11.4.0
[INFO] [stderr]   -- The CXX compiler identification is GNU 11.4.0
[INFO] [stderr]   -- Detecting C compiler ABI info
[INFO] [stderr]   -- Detecting C compiler ABI info - done
[INFO] [stderr]   -- Check for working C compiler: /usr/bin/cc - skipped
[INFO] [stderr]   -- Detecting C compile features
[INFO] [stderr]   -- Detecting C compile features - done
[INFO] [stderr]   -- Detecting CXX compiler ABI info
[INFO] [stderr]   -- Detecting CXX compiler ABI info - done
[INFO] [stderr]   -- Check for working CXX compiler: /usr/bin/c++ - skipped
[INFO] [stderr]   -- Detecting CXX compile features
[INFO] [stderr]   -- Detecting CXX compile features - done
[INFO] [stderr]   -- Found OpenMP_C: -fopenmp (found version "4.5") 
[INFO] [stderr]   -- Found OpenMP_CXX: -fopenmp (found version "4.5") 
[INFO] [stderr]   -- Found OpenMP: TRUE (found version "4.5")  
[INFO] [stderr]   -- Looking for ZLIB...
[INFO] [stderr]   -- Found PkgConfig: /usr/bin/pkg-config (found version "0.29.2") 
[INFO] [stderr]   -- Checking for module 'zzip-zlib-config'
[INFO] [stderr]   --   No package 'zzip-zlib-config' found
[INFO] [stderr]   -- Found ZLIB: optimized;/usr/lib/x86_64-linux-gnu/libz.so;debug;/usr/lib/x86_64-linux-gnu/libz.so
[INFO] [stderr]   -- Checking for module 'minizip'
[INFO] [stderr]   --   No package 'minizip' found
[INFO] [stderr]   -- Found rt: /usr/lib/x86_64-linux-gnu/librt.a  
[INFO] [stderr]   -- Enabled formats: AMF 3DS AC ASE ASSBIN ASSXML B3D BVH COLLADA DXF CSM HMP IRRMESH IRR LWO LWS MD2 MD3 MD5 MDC MDL NFF NDO OFF OBJ OGRE OPENGEX PLY MS3D COB BLEND IFC XGL FBX Q3D Q3BSP RAW SIB SMD STL TERRAGEN 3D X X3D GLTF 3MF MMD
[INFO] [stderr]   -- Disabled formats:
[INFO] [stderr]   -- Configuring done
[INFO] [stderr]   -- Generating done
[INFO] [stderr]   -- Build files have been written to: /opt/rustwide/target/debug/build/assimp-sys-44ca5acb4e32b219/out/build
[INFO] [stderr]   running: cd "/opt/rustwide/target/debug/build/assimp-sys-44ca5acb4e32b219/out/build" && MAKEFLAGS="-j --jobserver-fds=7,8 --jobserver-auth=7,8" "cmake" "--build" "." "--target" "install" "--config" "Debug"
[INFO] [stderr]   [  0%] Building CXX object contrib/irrXML/CMakeFiles/IrrXML.dir/irrXML.cpp.o
[INFO] [stderr]   [  1%] Linking CXX static library libIrrXMLd.a
[INFO] [stderr]   [  1%] Built target IrrXML
[INFO] [stderr]   [  1%] Building CXX object code/CMakeFiles/assimp.dir/Assimp.cpp.o
[INFO] [stderr]   [  2%] Building CXX object code/CMakeFiles/assimp.dir/BaseImporter.cpp.o
[INFO] [stderr]   [  2%] Building CXX object code/CMakeFiles/assimp.dir/BaseProcess.cpp.o
[INFO] [stderr]   [  3%] Building CXX object code/CMakeFiles/assimp.dir/PostStepRegistry.cpp.o
[INFO] [stderr]   [  3%] Building CXX object code/CMakeFiles/assimp.dir/ImporterRegistry.cpp.o
[INFO] [stderr]   [  4%] Building CXX object code/CMakeFiles/assimp.dir/DefaultIOStream.cpp.o
[INFO] [stderr]   [  4%] Building CXX object code/CMakeFiles/assimp.dir/DefaultIOSystem.cpp.o
[INFO] [stderr]   [  5%] Building CXX object code/CMakeFiles/assimp.dir/CInterfaceIOWrapper.cpp.o
[INFO] [stderr]   [  5%] Building CXX object code/CMakeFiles/assimp.dir/Importer.cpp.o
[INFO] [stderr]   [  6%] Building CXX object code/CMakeFiles/assimp.dir/SGSpatialSort.cpp.o
[INFO] [stderr]   [  7%] Building CXX object code/CMakeFiles/assimp.dir/SpatialSort.cpp.o
[INFO] [stderr]   [  7%] Building CXX object code/CMakeFiles/assimp.dir/VertexTriangleAdjacency.cpp.o
[INFO] [stderr]   [  7%] Building CXX object code/CMakeFiles/assimp.dir/SceneCombiner.cpp.o
[INFO] [stderr]   [  8%] Building CXX object code/CMakeFiles/assimp.dir/ScenePreprocessor.cpp.o
[INFO] [stderr]   [  8%] Building CXX object code/CMakeFiles/assimp.dir/SkeletonMeshBuilder.cpp.o
[INFO] [stderr]   [  9%] Building CXX object code/CMakeFiles/assimp.dir/SplitByBoneCountProcess.cpp.o
[INFO] [stderr]   [  9%] Building CXX object code/CMakeFiles/assimp.dir/StandardShapes.cpp.o
[INFO] [stderr]   [ 10%] Building CXX object code/CMakeFiles/assimp.dir/TargetAnimation.cpp.o
[INFO] [stderr]   [ 10%] Building CXX object code/CMakeFiles/assimp.dir/RemoveComments.cpp.o
[INFO] [stderr]   [ 11%] Building CXX object code/CMakeFiles/assimp.dir/Subdivision.cpp.o
[INFO] [stderr]   [ 11%] Building CXX object code/CMakeFiles/assimp.dir/scene.cpp.o
[INFO] [stderr]   [ 12%] Building CXX object code/CMakeFiles/assimp.dir/Bitmap.cpp.o
[INFO] [stderr]   [ 12%] Building CXX object code/CMakeFiles/assimp.dir/Version.cpp.o
[INFO] [stderr]   [ 13%] Building CXX object code/CMakeFiles/assimp.dir/CreateAnimMesh.cpp.o
[INFO] [stderr]   [ 14%] Building CXX object code/CMakeFiles/assimp.dir/Exporter.cpp.o
[INFO] [stderr]   [ 14%] Building CXX object code/CMakeFiles/assimp.dir/DefaultLogger.cpp.o
[INFO] [stderr]   [ 14%] Building CXX object code/CMakeFiles/assimp.dir/AssimpCExport.cpp.o
[INFO] [stderr]   [ 15%] Building CXX object code/CMakeFiles/assimp.dir/CalcTangentsProcess.cpp.o
[INFO] [stderr]   [ 15%] Building CXX object code/CMakeFiles/assimp.dir/ComputeUVMappingProcess.cpp.o
[INFO] [stderr]   [ 16%] Building CXX object code/CMakeFiles/assimp.dir/ConvertToLHProcess.cpp.o
[INFO] [stderr]   [ 16%] Building CXX object code/CMakeFiles/assimp.dir/FindDegenerates.cpp.o
[INFO] [stderr]   [ 17%] Building CXX object code/CMakeFiles/assimp.dir/FindInstancesProcess.cpp.o
[INFO] [stderr]   [ 17%] Building CXX object code/CMakeFiles/assimp.dir/FindInvalidDataProcess.cpp.o
[INFO] [stderr]   [ 18%] Building CXX object code/CMakeFiles/assimp.dir/FixNormalsStep.cpp.o
[INFO] [stderr] 
[INFO] [stderr]   --- stderr
[INFO] [stderr]   CMake Deprecation Warning at CMakeLists.txt:37 (CMAKE_MINIMUM_REQUIRED):
[INFO] [stderr]     Compatibility with CMake < 2.8.12 will be removed from a future version of
[INFO] [stderr]     CMake.
[INFO] [stderr] 
[INFO] [stderr]     Update the VERSION argument <min> value or use a ...<max> suffix to tell
[INFO] [stderr]     CMake that the project does not need compatibility with older versions.
[INFO] [stderr] 
[INFO] [stderr] 
[INFO] [stderr]   CMake Deprecation Warning at code/CMakeLists.txt:46 (cmake_minimum_required):
[INFO] [stderr]     Compatibility with CMake < 2.8.12 will be removed from a future version of
[INFO] [stderr]     CMake.
[INFO] [stderr] 
[INFO] [stderr]     Update the VERSION argument <min> value or use a ...<max> suffix to tell
[INFO] [stderr]     CMake that the project does not need compatibility with older versions.
[INFO] [stderr] 
[INFO] [stderr] 
[INFO] [stderr]   CMake Warning:
[INFO] [stderr]     Manually-specified variables were not used by the project:
[INFO] [stderr] 
[INFO] [stderr]       CMAKE_ASM_COMPILER
[INFO] [stderr]       CMAKE_ASM_FLAGS
[INFO] [stderr] 
[INFO] [stderr] 
[INFO] [stderr]   /opt/rustwide/cargo-home/registry/src/index.crates.io-6f17d22bba15001f/assimp-sys-0.3.1/assimp/code/SpatialSort.cpp: In function '{anonymous}::BinFloat {anonymous}::ToBinary(const ai_real&)':
[INFO] [stderr]   /opt/rustwide/cargo-home/registry/src/index.crates.io-6f17d22bba15001f/assimp-sys-0.3.1/assimp/code/SpatialSort.cpp:228:23: warning: bitwise comparison always evaluates to false [-Wtautological-compare]
[INFO] [stderr]     228 |         else if( (-42 == (42 | (-0))) && (binValue & 0x80000000)) // -0 = 1000... binary
[INFO] [stderr]         |                   ~~~ ^~ ~~~~~~~~~~~
[INFO] [stderr]   /opt/rustwide/cargo-home/registry/src/index.crates.io-6f17d22bba15001f/assimp-sys-0.3.1/assimp/code/SceneCombiner.cpp: In static member function 'static void Assimp::SceneCombiner::MergeMeshes(aiMesh**, unsigned int, std::vector<aiMesh*>::const_iterator, std::vector<aiMesh*>::const_iterator)':
[INFO] [stderr]   /opt/rustwide/cargo-home/registry/src/index.crates.io-6f17d22bba15001f/assimp-sys-0.3.1/assimp/code/SceneCombiner.cpp:794:29: warning: 'void* memcpy(void*, const void*, size_t)' writing to an object of non-trivially copyable type 'aiVector3D' {aka 'class aiVector3t<float>'}; use copy-assignment or copy-initialization instead [-Wclass-memaccess]
[INFO] [stderr]     794 |                     ::memcpy(pv2,(*it)->mVertices,(*it)->mNumVertices*sizeof(aiVector3D));
[INFO] [stderr]         |                     ~~~~~~~~^~~~~~~~~~~~~~~~~~~~~~~~~~~~~~~~~~~~~~~~~~~~~~~~~~~~~~~~~~~~~
[INFO] [stderr]   In file included from /opt/rustwide/cargo-home/registry/src/index.crates.io-6f17d22bba15001f/assimp-sys-0.3.1/assimp/include/assimp/types.h:60,
[INFO] [stderr]                    from /opt/rustwide/cargo-home/registry/src/index.crates.io-6f17d22bba15001f/assimp-sys-0.3.1/assimp/include/assimp/SceneCombiner.h:49,
[INFO] [stderr]                    from /opt/rustwide/cargo-home/registry/src/index.crates.io-6f17d22bba15001f/assimp-sys-0.3.1/assimp/code/SceneCombiner.cpp:54:
[INFO] [stderr]   /opt/rustwide/cargo-home/registry/src/index.crates.io-6f17d22bba15001f/assimp-sys-0.3.1/assimp/include/assimp/vector3.h:65:7: note: 'aiVector3D' {aka 'class aiVector3t<float>'} declared here
[INFO] [stderr]      65 | class aiVector3t
[INFO] [stderr]         |       ^~~~~~~~~~
[INFO] [stderr]   /opt/rustwide/cargo-home/registry/src/index.crates.io-6f17d22bba15001f/assimp-sys-0.3.1/assimp/code/SceneCombiner.cpp:806:29: warning: 'void* memcpy(void*, const void*, size_t)' writing to an object of non-trivially copyable type 'aiVector3D' {aka 'class aiVector3t<float>'}; use copy-assignment or copy-initialization instead [-Wclass-memaccess]
[INFO] [stderr]     806 |                     ::memcpy(pv2,(*it)->mNormals,(*it)->mNumVertices*sizeof(aiVector3D));
[INFO] [stderr]         |                     ~~~~~~~~^~~~~~~~~~~~~~~~~~~~~~~~~~~~~~~~~~~~~~~~~~~~~~~~~~~~~~~~~~~~
[INFO] [stderr]   In file included from /opt/rustwide/cargo-home/registry/src/index.crates.io-6f17d22bba15001f/assimp-sys-0.3.1/assimp/include/assimp/types.h:60,
[INFO] [stderr]                    from /opt/rustwide/cargo-home/registry/src/index.crates.io-6f17d22bba15001f/assimp-sys-0.3.1/assimp/include/assimp/SceneCombiner.h:49,
[INFO] [stderr]                    from /opt/rustwide/cargo-home/registry/src/index.crates.io-6f17d22bba15001f/assimp-sys-0.3.1/assimp/code/SceneCombiner.cpp:54:
[INFO] [stderr]   /opt/rustwide/cargo-home/registry/src/index.crates.io-6f17d22bba15001f/assimp-sys-0.3.1/assimp/include/assimp/vector3.h:65:7: note: 'aiVector3D' {aka 'class aiVector3t<float>'} declared here
[INFO] [stderr]      65 | class aiVector3t
[INFO] [stderr]         |       ^~~~~~~~~~
[INFO] [stderr]   /opt/rustwide/cargo-home/registry/src/index.crates.io-6f17d22bba15001f/assimp-sys-0.3.1/assimp/code/SceneCombiner.cpp:820:29: warning: 'void* memcpy(void*, const void*, size_t)' writing to an object of non-trivially copyable type 'aiVector3D' {aka 'class aiVector3t<float>'}; use copy-assignment or copy-initialization instead [-Wclass-memaccess]
[INFO] [stderr]     820 |                     ::memcpy(pv2, (*it)->mTangents,  (*it)->mNumVertices*sizeof(aiVector3D));
[INFO] [stderr]         |                     ~~~~~~~~^~~~~~~~~~~~~~~~~~~~~~~~~~~~~~~~~~~~~~~~~~~~~~~~~~~~~~~~~~~~~~~~
[INFO] [stderr]   In file included from /opt/rustwide/cargo-home/registry/src/index.crates.io-6f17d22bba15001f/assimp-sys-0.3.1/assimp/include/assimp/types.h:60,
[INFO] [stderr]                    from /opt/rustwide/cargo-home/registry/src/index.crates.io-6f17d22bba15001f/assimp-sys-0.3.1/assimp/include/assimp/SceneCombiner.h:49,
[INFO] [stderr]                    from /opt/rustwide/cargo-home/registry/src/index.crates.io-6f17d22bba15001f/assimp-sys-0.3.1/assimp/code/SceneCombiner.cpp:54:
[INFO] [stderr]   /opt/rustwide/cargo-home/registry/src/index.crates.io-6f17d22bba15001f/assimp-sys-0.3.1/assimp/include/assimp/vector3.h:65:7: note: 'aiVector3D' {aka 'class aiVector3t<float>'} declared here
[INFO] [stderr]      65 | class aiVector3t
[INFO] [stderr]         |       ^~~~~~~~~~
[INFO] [stderr]   /opt/rustwide/cargo-home/registry/src/index.crates.io-6f17d22bba15001f/assimp-sys-0.3.1/assimp/code/SceneCombiner.cpp:821:29: warning: 'void* memcpy(void*, const void*, size_t)' writing to an object of non-trivially copyable type 'aiVector3D' {aka 'class aiVector3t<float>'}; use copy-assignment or copy-initialization instead [-Wclass-memaccess]
[INFO] [stderr]     821 |                     ::memcpy(pv2b,(*it)->mBitangents,(*it)->mNumVertices*sizeof(aiVector3D));
[INFO] [stderr]         |                     ~~~~~~~~^~~~~~~~~~~~~~~~~~~~~~~~~~~~~~~~~~~~~~~~~~~~~~~~~~~~~~~~~~~~~~~~
[INFO] [stderr]   In file included from /opt/rustwide/cargo-home/registry/src/index.crates.io-6f17d22bba15001f/assimp-sys-0.3.1/assimp/include/assimp/types.h:60,
[INFO] [stderr]                    from /opt/rustwide/cargo-home/registry/src/index.crates.io-6f17d22bba15001f/assimp-sys-0.3.1/assimp/include/assimp/SceneCombiner.h:49,
[INFO] [stderr]                    from /opt/rustwide/cargo-home/registry/src/index.crates.io-6f17d22bba15001f/assimp-sys-0.3.1/assimp/code/SceneCombiner.cpp:54:
[INFO] [stderr]   /opt/rustwide/cargo-home/registry/src/index.crates.io-6f17d22bba15001f/assimp-sys-0.3.1/assimp/include/assimp/vector3.h:65:7: note: 'aiVector3D' {aka 'class aiVector3t<float>'} declared here
[INFO] [stderr]      65 | class aiVector3t
[INFO] [stderr]         |       ^~~~~~~~~~
[INFO] [stderr]   /opt/rustwide/cargo-home/registry/src/index.crates.io-6f17d22bba15001f/assimp-sys-0.3.1/assimp/code/SceneCombiner.cpp:837:29: warning: 'void* memcpy(void*, const void*, size_t)' writing to an object of non-trivially copyable type 'aiVector3D' {aka 'class aiVector3t<float>'}; use copy-assignment or copy-initialization instead [-Wclass-memaccess]
[INFO] [stderr]     837 |                     ::memcpy(pv2,(*it)->mTextureCoords[n],(*it)->mNumVertices*sizeof(aiVector3D));
[INFO] [stderr]         |                     ~~~~~~~~^~~~~~~~~~~~~~~~~~~~~~~~~~~~~~~~~~~~~~~~~~~~~~~~~~~~~~~~~~~~~~~~~~~~~
[INFO] [stderr]   In file included from /opt/rustwide/cargo-home/registry/src/index.crates.io-6f17d22bba15001f/assimp-sys-0.3.1/assimp/include/assimp/types.h:60,
[INFO] [stderr]                    from /opt/rustwide/cargo-home/registry/src/index.crates.io-6f17d22bba15001f/assimp-sys-0.3.1/assimp/include/assimp/SceneCombiner.h:49,
[INFO] [stderr]                    from /opt/rustwide/cargo-home/registry/src/index.crates.io-6f17d22bba15001f/assimp-sys-0.3.1/assimp/code/SceneCombiner.cpp:54:
[INFO] [stderr]   /opt/rustwide/cargo-home/registry/src/index.crates.io-6f17d22bba15001f/assimp-sys-0.3.1/assimp/include/assimp/vector3.h:65:7: note: 'aiVector3D' {aka 'class aiVector3t<float>'} declared here
[INFO] [stderr]      65 | class aiVector3t
[INFO] [stderr]         |       ^~~~~~~~~~
[INFO] [stderr]   /opt/rustwide/cargo-home/registry/src/index.crates.io-6f17d22bba15001f/assimp-sys-0.3.1/assimp/code/SceneCombiner.cpp:851:29: warning: 'void* memcpy(void*, const void*, size_t)' writing to an object of non-trivially copyable type 'aiColor4D' {aka 'class aiColor4t<float>'}; use copy-assignment or copy-initialization instead [-Wclass-memaccess]
[INFO] [stderr]     851 |                     ::memcpy(pv2,(*it)->mColors[n],(*it)->mNumVertices*sizeof(aiColor4D));
[INFO] [stderr]         |                     ~~~~~~~~^~~~~~~~~~~~~~~~~~~~~~~~~~~~~~~~~~~~~~~~~~~~~~~~~~~~~~~~~~~~~
[INFO] [stderr]   In file included from /opt/rustwide/cargo-home/registry/src/index.crates.io-6f17d22bba15001f/assimp-sys-0.3.1/assimp/include/assimp/types.h:62,
[INFO] [stderr]                    from /opt/rustwide/cargo-home/registry/src/index.crates.io-6f17d22bba15001f/assimp-sys-0.3.1/assimp/include/assimp/SceneCombiner.h:49,
[INFO] [stderr]                    from /opt/rustwide/cargo-home/registry/src/index.crates.io-6f17d22bba15001f/assimp-sys-0.3.1/assimp/code/SceneCombiner.cpp:54:
[INFO] [stderr]   /opt/rustwide/cargo-home/registry/src/index.crates.io-6f17d22bba15001f/assimp-sys-0.3.1/assimp/include/assimp/color4.h:58:7: note: 'aiColor4D' {aka 'class aiColor4t<float>'} declared here
[INFO] [stderr]      58 | class aiColor4t
[INFO] [stderr]         |       ^~~~~~~~~
[INFO] [stderr]   /opt/rustwide/cargo-home/registry/src/index.crates.io-6f17d22bba15001f/assimp-sys-0.3.1/assimp/code/SceneCombiner.cpp: In static member function 'static void Assimp::SceneCombiner::CopySceneFlat(aiScene**, const aiScene*)':
[INFO] [stderr]   /opt/rustwide/cargo-home/registry/src/index.crates.io-6f17d22bba15001f/assimp-sys-0.3.1/assimp/code/SceneCombiner.cpp:982:13: warning: 'void* memcpy(void*, const void*, size_t)' writing to an object of non-trivially copyable type 'struct aiScene'; use copy-assignment or copy-initialization instead [-Wclass-memaccess]
[INFO] [stderr]     982 |     ::memcpy(*_dest,src,sizeof(aiScene));
[INFO] [stderr]         |     ~~~~~~~~^~~~~~~~~~~~~~~~~~~~~~~~~~~~
[INFO] [stderr]   In file included from /opt/rustwide/cargo-home/registry/src/index.crates.io-6f17d22bba15001f/assimp-sys-0.3.1/assimp/code/SceneCombiner.cpp:60:
[INFO] [stderr]   /opt/rustwide/cargo-home/registry/src/index.crates.io-6f17d22bba15001f/assimp-sys-0.3.1/assimp/include/assimp/scene.h:232:8: note: 'struct aiScene' declared here
[INFO] [stderr]     232 | struct aiScene
[INFO] [stderr]         |        ^~~~~~~
[INFO] [stderr]   /opt/rustwide/cargo-home/registry/src/index.crates.io-6f17d22bba15001f/assimp-sys-0.3.1/assimp/code/SceneCombiner.cpp: In static member function 'static void Assimp::SceneCombiner::Copy(aiMesh**, const aiMesh*)':
[INFO] [stderr]   /opt/rustwide/cargo-home/registry/src/index.crates.io-6f17d22bba15001f/assimp-sys-0.3.1/assimp/code/SceneCombiner.cpp:1046:13: warning: 'void* memcpy(void*, const void*, size_t)' writing to an object of non-trivially copyable type 'struct aiMesh'; use copy-assignment or copy-initialization instead [-Wclass-memaccess]
[INFO] [stderr]    1046 |     ::memcpy(dest,src,sizeof(aiMesh));
[INFO] [stderr]         |     ~~~~~~~~^~~~~~~~~~~~~~~~~~~~~~~~~
[INFO] [stderr]   In file included from /opt/rustwide/cargo-home/registry/src/index.crates.io-6f17d22bba15001f/assimp-sys-0.3.1/assimp/include/assimp/scene.h:52,
[INFO] [stderr]                    from /opt/rustwide/cargo-home/registry/src/index.crates.io-6f17d22bba15001f/assimp-sys-0.3.1/assimp/code/SceneCombiner.cpp:60:
[INFO] [stderr]   /opt/rustwide/cargo-home/registry/src/index.crates.io-6f17d22bba15001f/assimp-sys-0.3.1/assimp/include/assimp/mesh.h:496:8: note: 'struct aiMesh' declared here
[INFO] [stderr]     496 | struct aiMesh
[INFO] [stderr]         |        ^~~~~~
[INFO] [stderr]   /opt/rustwide/cargo-home/registry/src/index.crates.io-6f17d22bba15001f/assimp-sys-0.3.1/assimp/code/SceneCombiner.cpp: In static member function 'static void Assimp::SceneCombiner::Copy(aiTexture**, const aiTexture*)':
[INFO] [stderr]   /opt/rustwide/cargo-home/registry/src/index.crates.io-6f17d22bba15001f/assimp-sys-0.3.1/assimp/code/SceneCombiner.cpp:1112:13: warning: 'void* memcpy(void*, const void*, size_t)' writing to an object of non-trivially copyable type 'struct aiTexture'; use copy-assignment or copy-initialization instead [-Wclass-memaccess]
[INFO] [stderr]    1112 |     ::memcpy(dest,src,sizeof(aiTexture));
[INFO] [stderr]         |     ~~~~~~~~^~~~~~~~~~~~~~~~~~~~~~~~~~~~
[INFO] [stderr]   In file included from /opt/rustwide/cargo-home/registry/src/index.crates.io-6f17d22bba15001f/assimp-sys-0.3.1/assimp/include/assimp/scene.h:51,
[INFO] [stderr]                    from /opt/rustwide/cargo-home/registry/src/index.crates.io-6f17d22bba15001f/assimp-sys-0.3.1/assimp/code/SceneCombiner.cpp:60:
[INFO] [stderr]   /opt/rustwide/cargo-home/registry/src/index.crates.io-6f17d22bba15001f/assimp-sys-0.3.1/assimp/include/assimp/texture.h:133:8: note: 'struct aiTexture' declared here
[INFO] [stderr]     133 | struct aiTexture
[INFO] [stderr]         |        ^~~~~~~~~
[INFO] [stderr]   /opt/rustwide/cargo-home/registry/src/index.crates.io-6f17d22bba15001f/assimp-sys-0.3.1/assimp/code/SceneCombiner.cpp: In static member function 'static void Assimp::SceneCombiner::Copy(aiAnimation**, const aiAnimation*)':
[INFO] [stderr]   /opt/rustwide/cargo-home/registry/src/index.crates.io-6f17d22bba15001f/assimp-sys-0.3.1/assimp/code/SceneCombiner.cpp:1142:13: warning: 'void* memcpy(void*, const void*, size_t)' writing to an object of non-trivially copyable type 'struct aiAnimation'; use copy-assignment or copy-initialization instead [-Wclass-memaccess]
[INFO] [stderr]    1142 |     ::memcpy(dest,src,sizeof(aiAnimation));
[INFO] [stderr]         |     ~~~~~~~~^~~~~~~~~~~~~~~~~~~~~~~~~~~~~~
[INFO] [stderr]   In file included from /opt/rustwide/cargo-home/registry/src/index.crates.io-6f17d22bba15001f/assimp-sys-0.3.1/assimp/include/assimp/scene.h:56,
[INFO] [stderr]                    from /opt/rustwide/cargo-home/registry/src/index.crates.io-6f17d22bba15001f/assimp-sys-0.3.1/assimp/code/SceneCombiner.cpp:60:
[INFO] [stderr]   /opt/rustwide/cargo-home/registry/src/index.crates.io-6f17d22bba15001f/assimp-sys-0.3.1/assimp/include/assimp/anim.h:411:8: note: 'struct aiAnimation' declared here
[INFO] [stderr]     411 | struct aiAnimation {
[INFO] [stderr]         |        ^~~~~~~~~~~
[INFO] [stderr]   /opt/rustwide/cargo-home/registry/src/index.crates.io-6f17d22bba15001f/assimp-sys-0.3.1/assimp/code/SceneCombiner.cpp: In static member function 'static void Assimp::SceneCombiner::Copy(aiNodeAnim**, const aiNodeAnim*)':
[INFO] [stderr]   /opt/rustwide/cargo-home/registry/src/index.crates.io-6f17d22bba15001f/assimp-sys-0.3.1/assimp/code/SceneCombiner.cpp:1156:13: warning: 'void* memcpy(void*, const void*, size_t)' writing to an object of non-trivially copyable type 'struct aiNodeAnim'; use copy-assignment or copy-initialization instead [-Wclass-memaccess]
[INFO] [stderr]    1156 |     ::memcpy(dest,src,sizeof(aiNodeAnim));
[INFO] [stderr]         |     ~~~~~~~~^~~~~~~~~~~~~~~~~~~~~~~~~~~~~
[INFO] [stderr]   In file included from /opt/rustwide/cargo-home/registry/src/index.crates.io-6f17d22bba15001f/assimp-sys-0.3.1/assimp/include/assimp/scene.h:56,
[INFO] [stderr]                    from /opt/rustwide/cargo-home/registry/src/index.crates.io-6f17d22bba15001f/assimp-sys-0.3.1/assimp/code/SceneCombiner.cpp:60:
[INFO] [stderr]   /opt/rustwide/cargo-home/registry/src/index.crates.io-6f17d22bba15001f/assimp-sys-0.3.1/assimp/include/assimp/anim.h:271:8: note: 'struct aiNodeAnim' declared here
[INFO] [stderr]     271 | struct aiNodeAnim {
[INFO] [stderr]         |        ^~~~~~~~~~
[INFO] [stderr]   /opt/rustwide/cargo-home/registry/src/index.crates.io-6f17d22bba15001f/assimp-sys-0.3.1/assimp/code/SceneCombiner.cpp: In static member function 'static void Assimp::SceneCombiner::Copy(aiCamera**, const aiCamera*)':
[INFO] [stderr]   /opt/rustwide/cargo-home/registry/src/index.crates.io-6f17d22bba15001f/assimp-sys-0.3.1/assimp/code/SceneCombiner.cpp:1172:13: warning: 'void* memcpy(void*, const void*, size_t)' writing to an object of non-trivially copyable type 'struct aiCamera'; use copy-assignment or copy-initialization instead [-Wclass-memaccess]
[INFO] [stderr]    1172 |     ::memcpy(dest,src,sizeof(aiCamera));
[INFO] [stderr]         |     ~~~~~~~~^~~~~~~~~~~~~~~~~~~~~~~~~~~
[INFO] [stderr]   In file included from /opt/rustwide/cargo-home/registry/src/index.crates.io-6f17d22bba15001f/assimp-sys-0.3.1/assimp/include/assimp/scene.h:54,
[INFO] [stderr]                    from /opt/rustwide/cargo-home/registry/src/index.crates.io-6f17d22bba15001f/assimp-sys-0.3.1/assimp/code/SceneCombiner.cpp:60:
[INFO] [stderr]   /opt/rustwide/cargo-home/registry/src/index.crates.io-6f17d22bba15001f/assimp-sys-0.3.1/assimp/include/assimp/camera.h:100:8: note: 'struct aiCamera' declared here
[INFO] [stderr]     100 | struct aiCamera
[INFO] [stderr]         |        ^~~~~~~~
[INFO] [stderr]   /opt/rustwide/cargo-home/registry/src/index.crates.io-6f17d22bba15001f/assimp-sys-0.3.1/assimp/code/SceneCombiner.cpp: In static member function 'static void Assimp::SceneCombiner::Copy(aiLight**, const aiLight*)':
[INFO] [stderr]   /opt/rustwide/cargo-home/registry/src/index.crates.io-6f17d22bba15001f/assimp-sys-0.3.1/assimp/code/SceneCombiner.cpp:1183:13: warning: 'void* memcpy(void*, const void*, size_t)' writing to an object of non-trivially copyable type 'struct aiLight'; use copy-assignment or copy-initialization instead [-Wclass-memaccess]
[INFO] [stderr]    1183 |     ::memcpy(dest,src,sizeof(aiLight));
[INFO] [stderr]         |     ~~~~~~~~^~~~~~~~~~~~~~~~~~~~~~~~~~
[INFO] [stderr]   In file included from /opt/rustwide/cargo-home/registry/src/index.crates.io-6f17d22bba15001f/assimp-sys-0.3.1/assimp/include/assimp/scene.h:53,
[INFO] [stderr]                    from /opt/rustwide/cargo-home/registry/src/index.crates.io-6f17d22bba15001f/assimp-sys-0.3.1/assimp/code/SceneCombiner.cpp:60:
[INFO] [stderr]   /opt/rustwide/cargo-home/registry/src/index.crates.io-6f17d22bba15001f/assimp-sys-0.3.1/assimp/include/assimp/light.h:113:8: note: 'struct aiLight' declared here
[INFO] [stderr]     113 | struct aiLight
[INFO] [stderr]         |        ^~~~~~~
[INFO] [stderr]   /opt/rustwide/cargo-home/registry/src/index.crates.io-6f17d22bba15001f/assimp-sys-0.3.1/assimp/code/SceneCombiner.cpp: In static member function 'static void Assimp::SceneCombiner::Copy(aiBone**, const aiBone*)':
[INFO] [stderr]   /opt/rustwide/cargo-home/registry/src/index.crates.io-6f17d22bba15001f/assimp-sys-0.3.1/assimp/code/SceneCombiner.cpp:1194:13: warning: 'void* memcpy(void*, const void*, size_t)' writing to an object of non-trivially copyable type 'struct aiBone'; use copy-assignment or copy-initialization instead [-Wclass-memaccess]
[INFO] [stderr]    1194 |     ::memcpy(dest,src,sizeof(aiBone));
[INFO] [stderr]         |     ~~~~~~~~^~~~~~~~~~~~~~~~~~~~~~~~~
[INFO] [stderr]   In file included from /opt/rustwide/cargo-home/registry/src/index.crates.io-6f17d22bba15001f/assimp-sys-0.3.1/assimp/include/assimp/scene.h:52,
[INFO] [stderr]                    from /opt/rustwide/cargo-home/registry/src/index.crates.io-6f17d22bba15001f/assimp-sys-0.3.1/assimp/code/SceneCombiner.cpp:60:
[INFO] [stderr]   /opt/rustwide/cargo-home/registry/src/index.crates.io-6f17d22bba15001f/assimp-sys-0.3.1/assimp/include/assimp/mesh.h:234:8: note: 'struct aiBone' declared here
[INFO] [stderr]     234 | struct aiBone
[INFO] [stderr]         |        ^~~~~~
[INFO] [stderr]   /opt/rustwide/cargo-home/registry/src/index.crates.io-6f17d22bba15001f/assimp-sys-0.3.1/assimp/code/SceneCombiner.cpp: In static member function 'static void Assimp::SceneCombiner::Copy(aiNode**, const aiNode*)':
[INFO] [stderr]   /opt/rustwide/cargo-home/registry/src/index.crates.io-6f17d22bba15001f/assimp-sys-0.3.1/assimp/code/SceneCombiner.cpp:1208:13: warning: 'void* memcpy(void*, const void*, size_t)' writing to an object of non-trivially copyable type 'struct aiNode'; use copy-assignment or copy-initialization instead [-Wclass-memaccess]
[INFO] [stderr]    1208 |     ::memcpy(dest,src,sizeof(aiNode));
[INFO] [stderr]         |     ~~~~~~~~^~~~~~~~~~~~~~~~~~~~~~~~~
[INFO] [stderr]   In file included from /opt/rustwide/cargo-home/registry/src/index.crates.io-6f17d22bba15001f/assimp-sys-0.3.1/assimp/code/SceneCombiner.cpp:60:
[INFO] [stderr]   /opt/rustwide/cargo-home/registry/src/index.crates.io-6f17d22bba15001f/assimp-sys-0.3.1/assimp/include/assimp/scene.h:73:19: note: 'struct aiNode' declared here
[INFO] [stderr]      73 | struct ASSIMP_API aiNode
[INFO] [stderr]         |                   ^~~~~~
[INFO] [stderr]   /opt/rustwide/cargo-home/registry/src/index.crates.io-6f17d22bba15001f/assimp-sys-0.3.1/assimp/code/SceneCombiner.cpp: In instantiation of 'void Assimp::GetArrayCopy(Type*&, ai_uint) [with Type = aiVector3t<float>; ai_uint = unsigned int]':
[INFO] [stderr]   /opt/rustwide/cargo-home/registry/src/index.crates.io-6f17d22bba15001f/assimp-sys-0.3.1/assimp/code/SceneCombiner.cpp:1049:17:   required from here
[INFO] [stderr]   /opt/rustwide/cargo-home/registry/src/index.crates.io-6f17d22bba15001f/assimp-sys-0.3.1/assimp/code/SceneCombiner.cpp:969:13: warning: 'void* memcpy(void*, const void*, size_t)' writing to an object of non-trivially copyable type 'class aiVector3t<float>'; use copy-assignment or copy-initialization instead [-Wclass-memaccess]
[INFO] [stderr]     969 |     ::memcpy(dest, old, sizeof(Type) * num);
[INFO] [stderr]         |     ~~~~~~~~^~~~~~~~~~~~~~~~~~~~~~~~~~~~~~~
[INFO] [stderr]   In file included from /opt/rustwide/cargo-home/registry/src/index.crates.io-6f17d22bba15001f/assimp-sys-0.3.1/assimp/include/assimp/types.h:60,
[INFO] [stderr]                    from /opt/rustwide/cargo-home/registry/src/index.crates.io-6f17d22bba15001f/assimp-sys-0.3.1/assimp/include/assimp/SceneCombiner.h:49,
[INFO] [stderr]                    from /opt/rustwide/cargo-home/registry/src/index.crates.io-6f17d22bba15001f/assimp-sys-0.3.1/assimp/code/SceneCombiner.cpp:54:
[INFO] [stderr]   /opt/rustwide/cargo-home/registry/src/index.crates.io-6f17d22bba15001f/assimp-sys-0.3.1/assimp/include/assimp/vector3.h:65:7: note: 'class aiVector3t<float>' declared here
[INFO] [stderr]      65 | class aiVector3t
[INFO] [stderr]         |       ^~~~~~~~~~
[INFO] [stderr]   /opt/rustwide/cargo-home/registry/src/index.crates.io-6f17d22bba15001f/assimp-sys-0.3.1/assimp/code/SceneCombiner.cpp: In instantiation of 'void Assimp::GetArrayCopy(Type*&, ai_uint) [with Type = aiColor4t<float>; ai_uint = unsigned int]':
[INFO] [stderr]   /opt/rustwide/cargo-home/registry/src/index.crates.io-6f17d22bba15001f/assimp-sys-0.3.1/assimp/code/SceneCombiner.cpp:1060:21:   required from here
[INFO] [stderr]   /opt/rustwide/cargo-home/registry/src/index.crates.io-6f17d22bba15001f/assimp-sys-0.3.1/assimp/code/SceneCombiner.cpp:969:13: warning: 'void* memcpy(void*, const void*, size_t)' writing to an object of non-trivially copyable type 'class aiColor4t<float>'; use copy-assignment or copy-initialization instead [-Wclass-memaccess]
[INFO] [stderr]     969 |     ::memcpy(dest, old, sizeof(Type) * num);
[INFO] [stderr]         |     ~~~~~~~~^~~~~~~~~~~~~~~~~~~~~~~~~~~~~~~
[INFO] [stderr]   In file included from /opt/rustwide/cargo-home/registry/src/index.crates.io-6f17d22bba15001f/assimp-sys-0.3.1/assimp/include/assimp/types.h:62,
[INFO] [stderr]                    from /opt/rustwide/cargo-home/registry/src/index.crates.io-6f17d22bba15001f/assimp-sys-0.3.1/assimp/include/assimp/SceneCombiner.h:49,
[INFO] [stderr]                    from /opt/rustwide/cargo-home/registry/src/index.crates.io-6f17d22bba15001f/assimp-sys-0.3.1/assimp/code/SceneCombiner.cpp:54:
[INFO] [stderr]   /opt/rustwide/cargo-home/registry/src/index.crates.io-6f17d22bba15001f/assimp-sys-0.3.1/assimp/include/assimp/color4.h:58:7: note: 'class aiColor4t<float>' declared here
[INFO] [stderr]      58 | class aiColor4t
[INFO] [stderr]         |       ^~~~~~~~~
[INFO] [stderr]   /opt/rustwide/cargo-home/registry/src/index.crates.io-6f17d22bba15001f/assimp-sys-0.3.1/assimp/code/SceneCombiner.cpp: In instantiation of 'void Assimp::GetArrayCopy(Type*&, ai_uint) [with Type = aiFace; ai_uint = unsigned int]':
[INFO] [stderr]   /opt/rustwide/cargo-home/registry/src/index.crates.io-6f17d22bba15001f/assimp-sys-0.3.1/assimp/code/SceneCombiner.cpp:1066:17:   required from here
[INFO] [stderr]   /opt/rustwide/cargo-home/registry/src/index.crates.io-6f17d22bba15001f/assimp-sys-0.3.1/assimp/code/SceneCombiner.cpp:969:13: warning: 'void* memcpy(void*, const void*, size_t)' writing to an object of type 'struct aiFace' with no trivial copy-assignment; use copy-assignment or copy-initialization instead [-Wclass-memaccess]
[INFO] [stderr]     969 |     ::memcpy(dest, old, sizeof(Type) * num);
[INFO] [stderr]         |     ~~~~~~~~^~~~~~~~~~~~~~~~~~~~~~~~~~~~~~~
[INFO] [stderr]   In file included from /opt/rustwide/cargo-home/registry/src/index.crates.io-6f17d22bba15001f/assimp-sys-0.3.1/assimp/include/assimp/scene.h:52,
[INFO] [stderr]                    from /opt/rustwide/cargo-home/registry/src/index.crates.io-6f17d22bba15001f/assimp-sys-0.3.1/assimp/code/SceneCombiner.cpp:60:
[INFO] [stderr]   /opt/rustwide/cargo-home/registry/src/index.crates.io-6f17d22bba15001f/assimp-sys-0.3.1/assimp/include/assimp/mesh.h:126:8: note: 'struct aiFace' declared here
[INFO] [stderr]     126 | struct aiFace
[INFO] [stderr]         |        ^~~~~~
[INFO] [stderr]   /opt/rustwide/cargo-home/registry/src/index.crates.io-6f17d22bba15001f/assimp-sys-0.3.1/assimp/code/SceneCombiner.cpp: In instantiation of 'void Assimp::GetArrayCopy(Type*&, ai_uint) [with Type = aiVectorKey; ai_uint = unsigned int]':
[INFO] [stderr]   /opt/rustwide/cargo-home/registry/src/index.crates.io-6f17d22bba15001f/assimp-sys-0.3.1/assimp/code/SceneCombiner.cpp:1159:17:   required from here
[INFO] [stderr]   /opt/rustwide/cargo-home/registry/src/index.crates.io-6f17d22bba15001f/assimp-sys-0.3.1/assimp/code/SceneCombiner.cpp:969:13: warning: 'void* memcpy(void*, const void*, size_t)' writing to an object of non-trivially copyable type 'struct aiVectorKey'; use copy-assignment or copy-initialization instead [-Wclass-memaccess]
[INFO] [stderr]     969 |     ::memcpy(dest, old, sizeof(Type) * num);
[INFO] [stderr]         |     ~~~~~~~~^~~~~~~~~~~~~~~~~~~~~~~~~~~~~~~
[INFO] [stderr]   In file included from /opt/rustwide/cargo-home/registry/src/index.crates.io-6f17d22bba15001f/assimp-sys-0.3.1/assimp/include/assimp/scene.h:56,
[INFO] [stderr]                    from /opt/rustwide/cargo-home/registry/src/index.crates.io-6f17d22bba15001f/assimp-sys-0.3.1/assimp/code/SceneCombiner.cpp:60:
[INFO] [stderr]   /opt/rustwide/cargo-home/registry/src/index.crates.io-6f17d22bba15001f/assimp-sys-0.3.1/assimp/include/assimp/anim.h:61:8: note: 'struct aiVectorKey' declared here
[INFO] [stderr]      61 | struct aiVectorKey
[INFO] [stderr]         |        ^~~~~~~~~~~
[INFO] [stderr]   /opt/rustwide/cargo-home/registry/src/index.crates.io-6f17d22bba15001f/assimp-sys-0.3.1/assimp/code/StandardShapes.cpp: In static member function 'static aiMesh* Assimp::StandardShapes::MakeMesh(const std::vector<aiVector3t<float> >&, unsigned int)':
[INFO] [stderr]   /opt/rustwide/cargo-home/registry/src/index.crates.io-6f17d22bba15001f/assimp-sys-0.3.1/assimp/code/StandardShapes.cpp:157:13: warning: 'void* memcpy(void*, const void*, size_t)' writing to an object of non-trivially copyable type 'aiVector3D' {aka 'class aiVector3t<float>'}; use copy-assignment or copy-initialization instead [-Wclass-memaccess]
[INFO] [stderr]     157 |     ::memcpy(out->mVertices,&positions[0],out->mNumVertices*sizeof(aiVector3D));
[INFO] [stderr]         |     ~~~~~~~~^~~~~~~~~~~~~~~~~~~~~~~~~~~~~~~~~~~~~~~~~~~~~~~~~~~~~~~~~~~~~~~~~~~
[INFO] [stderr]   In file included from /opt/rustwide/cargo-home/registry/src/index.crates.io-6f17d22bba15001f/assimp-sys-0.3.1/assimp/code/StandardShapes.h:48,
[INFO] [stderr]                    from /opt/rustwide/cargo-home/registry/src/index.crates.io-6f17d22bba15001f/assimp-sys-0.3.1/assimp/code/StandardShapes.cpp:49:
[INFO] [stderr]   /opt/rustwide/cargo-home/registry/src/index.crates.io-6f17d22bba15001f/assimp-sys-0.3.1/assimp/include/assimp/vector3.h:65:7: note: 'aiVector3D' {aka 'class aiVector3t<float>'} declared here
[INFO] [stderr]      65 | class aiVector3t
[INFO] [stderr]         |       ^~~~~~~~~~
[INFO] [stderr]   /opt/rustwide/cargo-home/registry/src/index.crates.io-6f17d22bba15001f/assimp-sys-0.3.1/assimp/code/Importer.cpp: In member function 'const aiScene* Assimp::Importer::ApplyPostProcessing(unsigned int)':
[INFO] [stderr]   /opt/rustwide/cargo-home/registry/src/index.crates.io-6f17d22bba15001f/assimp-sys-0.3.1/assimp/code/Importer.cpp:834:3: warning: this 'if' clause does not guard... [-Wmisleading-indentation]
[INFO] [stderr]     834 |   if( pimpl->mScene )
[INFO] [stderr]         |   ^~
[INFO] [stderr]   /opt/rustwide/cargo-home/registry/src/index.crates.io-6f17d22bba15001f/assimp-sys-0.3.1/assimp/code/Importer.cpp:838:5: note: ...this statement, but the latter is misleadingly indented as if it were guarded by the 'if'
[INFO] [stderr]     838 |     pimpl->mPPShared->Clean();
[INFO] [stderr]         |     ^~~~~
[INFO] [stderr]   /opt/rustwide/cargo-home/registry/src/index.crates.io-6f17d22bba15001f/assimp-sys-0.3.1/assimp/code/CreateAnimMesh.cpp: In function 'aiAnimMesh* Assimp::aiCreateAnimMesh(const aiMesh*)':
[INFO] [stderr]   /opt/rustwide/cargo-home/registry/src/index.crates.io-6f17d22bba15001f/assimp-sys-0.3.1/assimp/code/CreateAnimMesh.cpp:57:20: warning: 'void* memcpy(void*, const void*, size_t)' writing to an object of non-trivially copyable type 'aiVector3D' {aka 'class aiVector3t<float>'}; use copy-assignment or copy-initialization instead [-Wclass-memaccess]
[INFO] [stderr]      57 |         std::memcpy(animesh->mVertices, mesh->mVertices, mesh->mNumVertices * sizeof(aiVector3D));
[INFO] [stderr]         |         ~~~~~~~~~~~^~~~~~~~~~~~~~~~~~~~~~~~~~~~~~~~~~~~~~~~~~~~~~~~~~~~~~~~~~~~~~~~~~~~~~~~~~~~~~
[INFO] [stderr]   In file included from /opt/rustwide/cargo-home/registry/src/index.crates.io-6f17d22bba15001f/assimp-sys-0.3.1/assimp/include/assimp/types.h:60,
[INFO] [stderr]                    from /opt/rustwide/cargo-home/registry/src/index.crates.io-6f17d22bba15001f/assimp-sys-0.3.1/assimp/include/assimp/mesh.h:50,
[INFO] [stderr]                    from /opt/rustwide/cargo-home/registry/src/index.crates.io-6f17d22bba15001f/assimp-sys-0.3.1/assimp/code/CreateAnimMesh.h:48,
[INFO] [stderr]                    from /opt/rustwide/cargo-home/registry/src/index.crates.io-6f17d22bba15001f/assimp-sys-0.3.1/assimp/code/CreateAnimMesh.cpp:43:
[INFO] [stderr]   /opt/rustwide/cargo-home/registry/src/index.crates.io-6f17d22bba15001f/assimp-sys-0.3.1/assimp/include/assimp/vector3.h:65:7: note: 'aiVector3D' {aka 'class aiVector3t<float>'} declared here
[INFO] [stderr]      65 | class aiVector3t
[INFO] [stderr]         |       ^~~~~~~~~~
[INFO] [stderr]   /opt/rustwide/cargo-home/registry/src/index.crates.io-6f17d22bba15001f/assimp-sys-0.3.1/assimp/code/CreateAnimMesh.cpp:61:20: warning: 'void* memcpy(void*, const void*, size_t)' writing to an object of non-trivially copyable type 'aiVector3D' {aka 'class aiVector3t<float>'}; use copy-assignment or copy-initialization instead [-Wclass-memaccess]
[INFO] [stderr]      61 |         std::memcpy(animesh->mNormals, mesh->mNormals, mesh->mNumVertices * sizeof(aiVector3D));
[INFO] [stderr]         |         ~~~~~~~~~~~^~~~~~~~~~~~~~~~~~~~~~~~~~~~~~~~~~~~~~~~~~~~~~~~~~~~~~~~~~~~~~~~~~~~~~~~~~~~
[INFO] [stderr]   In file included from /opt/rustwide/cargo-home/registry/src/index.crates.io-6f17d22bba15001f/assimp-sys-0.3.1/assimp/include/assimp/types.h:60,
[INFO] [stderr]                    from /opt/rustwide/cargo-home/registry/src/index.crates.io-6f17d22bba15001f/assimp-sys-0.3.1/assimp/include/assimp/mesh.h:50,
[INFO] [stderr]                    from /opt/rustwide/cargo-home/registry/src/index.crates.io-6f17d22bba15001f/assimp-sys-0.3.1/assimp/code/CreateAnimMesh.h:48,
[INFO] [stderr]                    from /opt/rustwide/cargo-home/registry/src/index.crates.io-6f17d22bba15001f/assimp-sys-0.3.1/assimp/code/CreateAnimMesh.cpp:43:
[INFO] [stderr]   /opt/rustwide/cargo-home/registry/src/index.crates.io-6f17d22bba15001f/assimp-sys-0.3.1/assimp/include/assimp/vector3.h:65:7: note: 'aiVector3D' {aka 'class aiVector3t<float>'} declared here
[INFO] [stderr]      65 | class aiVector3t
[INFO] [stderr]         |       ^~~~~~~~~~
[INFO] [stderr]   /opt/rustwide/cargo-home/registry/src/index.crates.io-6f17d22bba15001f/assimp-sys-0.3.1/assimp/code/CreateAnimMesh.cpp:65:20: warning: 'void* memcpy(void*, const void*, size_t)' writing to an object of non-trivially copyable type 'aiVector3D' {aka 'class aiVector3t<float>'}; use copy-assignment or copy-initialization instead [-Wclass-memaccess]
[INFO] [stderr]      65 |         std::memcpy(animesh->mTangents, mesh->mTangents, mesh->mNumVertices * sizeof(aiVector3D));
[INFO] [stderr]         |         ~~~~~~~~~~~^~~~~~~~~~~~~~~~~~~~~~~~~~~~~~~~~~~~~~~~~~~~~~~~~~~~~~~~~~~~~~~~~~~~~~~~~~~~~~
[INFO] [stderr]   In file included from /opt/rustwide/cargo-home/registry/src/index.crates.io-6f17d22bba15001f/assimp-sys-0.3.1/assimp/include/assimp/types.h:60,
[INFO] [stderr]                    from /opt/rustwide/cargo-home/registry/src/index.crates.io-6f17d22bba15001f/assimp-sys-0.3.1/assimp/include/assimp/mesh.h:50,
[INFO] [stderr]                    from /opt/rustwide/cargo-home/registry/src/index.crates.io-6f17d22bba15001f/assimp-sys-0.3.1/assimp/code/CreateAnimMesh.h:48,
[INFO] [stderr]                    from /opt/rustwide/cargo-home/registry/src/index.crates.io-6f17d22bba15001f/assimp-sys-0.3.1/assimp/code/CreateAnimMesh.cpp:43:
[INFO] [stderr]   /opt/rustwide/cargo-home/registry/src/index.crates.io-6f17d22bba15001f/assimp-sys-0.3.1/assimp/include/assimp/vector3.h:65:7: note: 'aiVector3D' {aka 'class aiVector3t<float>'} declared here
[INFO] [stderr]      65 | class aiVector3t
[INFO] [stderr]         |       ^~~~~~~~~~
[INFO] [stderr]   /opt/rustwide/cargo-home/registry/src/index.crates.io-6f17d22bba15001f/assimp-sys-0.3.1/assimp/code/CreateAnimMesh.cpp:69:20: warning: 'void* memcpy(void*, const void*, size_t)' writing to an object of non-trivially copyable type 'aiVector3D' {aka 'class aiVector3t<float>'}; use copy-assignment or copy-initialization instead [-Wclass-memaccess]
[INFO] [stderr]      69 |         std::memcpy(animesh->mBitangents, mesh->mBitangents, mesh->mNumVertices * sizeof(aiVector3D));
[INFO] [stderr]         |         ~~~~~~~~~~~^~~~~~~~~~~~~~~~~~~~~~~~~~~~~~~~~~~~~~~~~~~~~~~~~~~~~~~~~~~~~~~~~~~~~~~~~~~~~~~~~~
[INFO] [stderr]   In file included from /opt/rustwide/cargo-home/registry/src/index.crates.io-6f17d22bba15001f/assimp-sys-0.3.1/assimp/include/assimp/types.h:60,
[INFO] [stderr]                    from /opt/rustwide/cargo-home/registry/src/index.crates.io-6f17d22bba15001f/assimp-sys-0.3.1/assimp/include/assimp/mesh.h:50,
[INFO] [stderr]                    from /opt/rustwide/cargo-home/registry/src/index.crates.io-6f17d22bba15001f/assimp-sys-0.3.1/assimp/code/CreateAnimMesh.h:48,
[INFO] [stderr]                    from /opt/rustwide/cargo-home/registry/src/index.crates.io-6f17d22bba15001f/assimp-sys-0.3.1/assimp/code/CreateAnimMesh.cpp:43:
[INFO] [stderr]   /opt/rustwide/cargo-home/registry/src/index.crates.io-6f17d22bba15001f/assimp-sys-0.3.1/assimp/include/assimp/vector3.h:65:7: note: 'aiVector3D' {aka 'class aiVector3t<float>'} declared here
[INFO] [stderr]      65 | class aiVector3t
[INFO] [stderr]         |       ^~~~~~~~~~
[INFO] [stderr]   /opt/rustwide/cargo-home/registry/src/index.crates.io-6f17d22bba15001f/assimp-sys-0.3.1/assimp/code/CreateAnimMesh.cpp:75:24: warning: 'void* memcpy(void*, const void*, size_t)' writing to an object of non-trivially copyable type 'aiColor4D' {aka 'class aiColor4t<float>'}; use copy-assignment or copy-initialization instead [-Wclass-memaccess]
[INFO] [stderr]      75 |             std::memcpy(animesh->mColors[i], mesh->mColors[i], mesh->mNumVertices * sizeof(aiColor4D));
[INFO] [stderr]         |             ~~~~~~~~~~~^~~~~~~~~~~~~~~~~~~~~~~~~~~~~~~~~~~~~~~~~~~~~~~~~~~~~~~~~~~~~~~~~~~~~~~~~~~~~~~
[INFO] [stderr]   In file included from /opt/rustwide/cargo-home/registry/src/index.crates.io-6f17d22bba15001f/assimp-sys-0.3.1/assimp/include/assimp/types.h:62,
[INFO] [stderr]                    from /opt/rustwide/cargo-home/registry/src/index.crates.io-6f17d22bba15001f/assimp-sys-0.3.1/assimp/include/assimp/mesh.h:50,
[INFO] [stderr]                    from /opt/rustwide/cargo-home/registry/src/index.crates.io-6f17d22bba15001f/assimp-sys-0.3.1/assimp/code/CreateAnimMesh.h:48,
[INFO] [stderr]                    from /opt/rustwide/cargo-home/registry/src/index.crates.io-6f17d22bba15001f/assimp-sys-0.3.1/assimp/code/CreateAnimMesh.cpp:43:
[INFO] [stderr]   /opt/rustwide/cargo-home/registry/src/index.crates.io-6f17d22bba15001f/assimp-sys-0.3.1/assimp/include/assimp/color4.h:58:7: note: 'aiColor4D' {aka 'class aiColor4t<float>'} declared here
[INFO] [stderr]      58 | class aiColor4t
[INFO] [stderr]         |       ^~~~~~~~~
[INFO] [stderr]   /opt/rustwide/cargo-home/registry/src/index.crates.io-6f17d22bba15001f/assimp-sys-0.3.1/assimp/code/CreateAnimMesh.cpp:84:24: warning: 'void* memcpy(void*, const void*, size_t)' writing to an object of non-trivially copyable type 'aiVector3D' {aka 'class aiVector3t<float>'}; use copy-assignment or copy-initialization instead [-Wclass-memaccess]
[INFO] [stderr]      84 |             std::memcpy(animesh->mTextureCoords[i], mesh->mTextureCoords[i], mesh->mNumVertices * sizeof(aiVector3D));
[INFO] [stderr]         |             ~~~~~~~~~~~^~~~~~~~~~~~~~~~~~~~~~~~~~~~~~~~~~~~~~~~~~~~~~~~~~~~~~~~~~~~~~~~~~~~~~~~~~~~~~~~~~~~~~~~~~~~~~
[INFO] [stderr]   In file included from /opt/rustwide/cargo-home/registry/src/index.crates.io-6f17d22bba15001f/assimp-sys-0.3.1/assimp/include/assimp/types.h:60,
[INFO] [stderr]                    from /opt/rustwide/cargo-home/registry/src/index.crates.io-6f17d22bba15001f/assimp-sys-0.3.1/assimp/include/assimp/mesh.h:50,
[INFO] [stderr]                    from /opt/rustwide/cargo-home/registry/src/index.crates.io-6f17d22bba15001f/assimp-sys-0.3.1/assimp/code/CreateAnimMesh.h:48,
[INFO] [stderr]                    from /opt/rustwide/cargo-home/registry/src/index.crates.io-6f17d22bba15001f/assimp-sys-0.3.1/assimp/code/CreateAnimMesh.cpp:43:
[INFO] [stderr]   /opt/rustwide/cargo-home/registry/src/index.crates.io-6f17d22bba15001f/assimp-sys-0.3.1/assimp/include/assimp/vector3.h:65:7: note: 'aiVector3D' {aka 'class aiVector3t<float>'} declared here
[INFO] [stderr]      65 | class aiVector3t
[INFO] [stderr]         |       ^~~~~~~~~~
[INFO] [stderr]   /opt/rustwide/cargo-home/registry/src/index.crates.io-6f17d22bba15001f/assimp-sys-0.3.1/assimp/code/DefaultLogger.cpp: In member function 'virtual void Assimp::DefaultLogger::OnDebug(const char*)':
[INFO] [stderr]   /opt/rustwide/cargo-home/registry/src/index.crates.io-6f17d22bba15001f/assimp-sys-0.3.1/assimp/code/DefaultLogger.cpp:256:5: warning: this 'if' clause does not guard... [-Wmisleading-indentation]
[INFO] [stderr]     256 |     if ( m_Severity == Logger::NORMAL )
[INFO] [stderr]         |     ^~
[INFO] [stderr]   /opt/rustwide/cargo-home/registry/src/index.crates.io-6f17d22bba15001f/assimp-sys-0.3.1/assimp/code/DefaultLogger.cpp:259:9: note: ...this statement, but the latter is misleadingly indented as if it were guarded by the 'if'
[INFO] [stderr]     259 |         static const size_t Size = MAX_LOG_MESSAGE_LENGTH + 16;
[INFO] [stderr]         |         ^~~~~~
[INFO] [stderr]   c++: fatal error: Killed signal terminated program cc1plus
[INFO] [stderr]   compilation terminated.
[INFO] [stderr]   gmake[2]: *** [code/CMakeFiles/assimp.dir/build.make:132: code/CMakeFiles/assimp.dir/ImporterRegistry.cpp.o] Error 1
[INFO] [stderr]   gmake[2]: *** Waiting for unfinished jobs....
[INFO] [stderr]   gmake[1]: *** [CMakeFiles/Makefile2:184: code/CMakeFiles/assimp.dir/all] Error 2
[INFO] [stderr]   gmake: *** [Makefile:136: all] Error 2
[INFO] [stderr]   thread 'main' panicked at /opt/rustwide/cargo-home/registry/src/index.crates.io-6f17d22bba15001f/cmake-0.1.50/src/lib.rs:1098:5:
[INFO] [stderr] 
[INFO] [stderr]   command did not execute successfully, got: exit status: 2
[INFO] [stderr] 
[INFO] [stderr]   build script failed, must exit now
[INFO] [stderr]   stack backtrace:
[INFO] [stderr]      0:     0x558424b00c3c - std::backtrace_rs::backtrace::libunwind::trace::ha637c64ce894333a
[INFO] [stderr]                                  at /rustc/82e1608dfa6e0b5569232559e3d385fea5a93112/library/std/src/../../backtrace/src/backtrace/libunwind.rs:104:5
[INFO] [stderr]      1:     0x558424b00c3c - std::backtrace_rs::backtrace::trace_unsynchronized::h47f62dea28e0c88d
[INFO] [stderr]                                  at /rustc/82e1608dfa6e0b5569232559e3d385fea5a93112/library/std/src/../../backtrace/src/backtrace/mod.rs:66:5
[INFO] [stderr]      2:     0x558424b00c3c - std::sys_common::backtrace::_print_fmt::h9eef0abe20ede486
[INFO] [stderr]                                  at /rustc/82e1608dfa6e0b5569232559e3d385fea5a93112/library/std/src/sys_common/backtrace.rs:67:5
[INFO] [stderr]      3:     0x558424b00c3c - <std::sys_common::backtrace::_print::DisplayBacktrace as core::fmt::Display>::fmt::hed7f999df88cc644
[INFO] [stderr]                                  at /rustc/82e1608dfa6e0b5569232559e3d385fea5a93112/library/std/src/sys_common/backtrace.rs:44:22
[INFO] [stderr]      4:     0x558424b27130 - core::fmt::rt::Argument::fmt::h1539a9308b8d058d
[INFO] [stderr]                                  at /rustc/82e1608dfa6e0b5569232559e3d385fea5a93112/library/core/src/fmt/rt.rs:142:9
[INFO] [stderr]      5:     0x558424b27130 - core::fmt::write::h3a39390d8560d9c9
[INFO] [stderr]                                  at /rustc/82e1608dfa6e0b5569232559e3d385fea5a93112/library/core/src/fmt/mod.rs:1120:17
[INFO] [stderr]      6:     0x558424afe0cf - std::io::Write::write_fmt::h5fc9997dfe05f882
[INFO] [stderr]                                  at /rustc/82e1608dfa6e0b5569232559e3d385fea5a93112/library/std/src/io/mod.rs:1762:15
[INFO] [stderr]      7:     0x558424b00a24 - std::sys_common::backtrace::_print::h894006fb5c6f3d45
[INFO] [stderr]                                  at /rustc/82e1608dfa6e0b5569232559e3d385fea5a93112/library/std/src/sys_common/backtrace.rs:47:5
[INFO] [stderr]      8:     0x558424b00a24 - std::sys_common::backtrace::print::h23a2d212c6fff936
[INFO] [stderr]                                  at /rustc/82e1608dfa6e0b5569232559e3d385fea5a93112/library/std/src/sys_common/backtrace.rs:34:9
[INFO] [stderr]      9:     0x558424b02237 - std::panicking::default_hook::{{closure}}::h8a1d2ee00185001a
[INFO] [stderr]     10:     0x558424b01f9f - std::panicking::default_hook::h6038f2eba384e475
[INFO] [stderr]                                  at /rustc/82e1608dfa6e0b5569232559e3d385fea5a93112/library/std/src/panicking.rs:292:9
[INFO] [stderr]     11:     0x558424b026b8 - std::panicking::rust_panic_with_hook::h2b5517d590cab22e
[INFO] [stderr]                                  at /rustc/82e1608dfa6e0b5569232559e3d385fea5a93112/library/std/src/panicking.rs:779:13
[INFO] [stderr]     12:     0x558424b0259e - std::panicking::begin_panic_handler::{{closure}}::h233112c06e0ef43e
[INFO] [stderr]                                  at /rustc/82e1608dfa6e0b5569232559e3d385fea5a93112/library/std/src/panicking.rs:657:13
[INFO] [stderr]     13:     0x558424b01106 - std::sys_common::backtrace::__rust_end_short_backtrace::h6e893f24d7ebbff8
[INFO] [stderr]                                  at /rustc/82e1608dfa6e0b5569232559e3d385fea5a93112/library/std/src/sys_common/backtrace.rs:170:18
[INFO] [stderr]     14:     0x558424b02302 - rust_begin_unwind
[INFO] [stderr]                                  at /rustc/82e1608dfa6e0b5569232559e3d385fea5a93112/library/std/src/panicking.rs:645:5
[INFO] [stderr]     15:     0x558424a63625 - core::panicking::panic_fmt::hbf0e066aabfa482c
[INFO] [stderr]                                  at /rustc/82e1608dfa6e0b5569232559e3d385fea5a93112/library/core/src/panicking.rs:72:14
[INFO] [stderr]     16:     0x558424a98d61 - cmake::fail::h6c273510e9487faf
[INFO] [stderr]     17:     0x558424a984e7 - cmake::run::hb735a5002f37cfa5
[INFO] [stderr]     18:     0x558424a94dc1 - cmake::Config::build::h50db8b3e2e0eef33
[INFO] [stderr]     19:     0x558424a65985 - build_script_build::main::h152d217d3e6053ba
[INFO] [stderr]     20:     0x558424a642d3 - core::ops::function::FnOnce::call_once::hb533605c79e61589
[INFO] [stderr]     21:     0x558424a63f06 - std::sys_common::backtrace::__rust_begin_short_backtrace::h212245e60e90baf6
[INFO] [stderr]     22:     0x558424a64049 - std::rt::lang_start::{{closure}}::h1c759e6473b5cd82
[INFO] [stderr]     23:     0x558424af9f97 - core::ops::function::impls::<impl core::ops::function::FnOnce<A> for &F>::call_once::hd95060ecd5e1ca24
[INFO] [stderr]                                  at /rustc/82e1608dfa6e0b5569232559e3d385fea5a93112/library/core/src/ops/function.rs:284:13
[INFO] [stderr]     24:     0x558424af9f97 - std::panicking::try::do_call::h6e8cf51db32a6e4b
[INFO] [stderr]                                  at /rustc/82e1608dfa6e0b5569232559e3d385fea5a93112/library/std/src/panicking.rs:552:40
[INFO] [stderr]     25:     0x558424af9f97 - std::panicking::try::h3a52eefe24fe3c29
[INFO] [stderr]                                  at /rustc/82e1608dfa6e0b5569232559e3d385fea5a93112/library/std/src/panicking.rs:516:19
[INFO] [stderr]     26:     0x558424af9f97 - std::panic::catch_unwind::h24c28c23c02c3841
[INFO] [stderr]                                  at /rustc/82e1608dfa6e0b5569232559e3d385fea5a93112/library/std/src/panic.rs:142:14
[INFO] [stderr]     27:     0x558424af9f97 - std::rt::lang_start_internal::{{closure}}::h705d3c9cbc06ef47
[INFO] [stderr]                                  at /rustc/82e1608dfa6e0b5569232559e3d385fea5a93112/library/std/src/rt.rs:148:48
[INFO] [stderr]     28:     0x558424af9f97 - std::panicking::try::do_call::ha21f52ba13158470
[INFO] [stderr]                                  at /rustc/82e1608dfa6e0b5569232559e3d385fea5a93112/library/std/src/panicking.rs:552:40
[INFO] [stderr]     29:     0x558424af9f97 - std::panicking::try::h5581346bf6aeb1f8
[INFO] [stderr]                                  at /rustc/82e1608dfa6e0b5569232559e3d385fea5a93112/library/std/src/panicking.rs:516:19
[INFO] [stderr]     30:     0x558424af9f97 - std::panic::catch_unwind::h7919645a6b72e25b
[INFO] [stderr]                                  at /rustc/82e1608dfa6e0b5569232559e3d385fea5a93112/library/std/src/panic.rs:142:14
[INFO] [stderr]     31:     0x558424af9f97 - std::rt::lang_start_internal::h12de51168669836e
[INFO] [stderr]                                  at /rustc/82e1608dfa6e0b5569232559e3d385fea5a93112/library/std/src/rt.rs:148:20
[INFO] [stderr]     32:     0x558424a64027 - std::rt::lang_start::h5c18fdd0813bdf09
[INFO] [stderr]     33:     0x558424a66055 - main
[INFO] [stderr]     34:     0x7faf254bad90 - <unknown>
[INFO] [stderr]     35:     0x7faf254bae40 - __libc_start_main
[INFO] [stderr]     36:     0x558424a63e35 - _start
[INFO] [stderr]     37:                0x0 - <unknown>
[INFO] running `Command { std: "docker" "inspect" "8a40ad0ddf81e8bbfe1bf3918c5e14c4b3817e3dee7cb7dbad9a25b009824cb3", kill_on_drop: false }`
[INFO] running `Command { std: "docker" "rm" "-f" "8a40ad0ddf81e8bbfe1bf3918c5e14c4b3817e3dee7cb7dbad9a25b009824cb3", kill_on_drop: false }`
[INFO] [stdout] 8a40ad0ddf81e8bbfe1bf3918c5e14c4b3817e3dee7cb7dbad9a25b009824cb3
[INFO] documenting openrr-apps-0.1.0 against beta-2023-12-22 for beta-1.76-rustdoc-1
[INFO] extracting crate openrr-apps 0.1.0 into /workspace/builds/worker-4-tc2/source
[INFO] validating manifest of crates.io crate openrr-apps 0.1.0 on toolchain beta-2023-12-22
[INFO] running `Command { std: CARGO_HOME="/workspace/cargo-home" RUSTUP_HOME="/workspace/rustup-home" "/workspace/cargo-home/bin/cargo" "+beta-2023-12-22" "metadata" "--manifest-path" "Cargo.toml" "--no-deps", kill_on_drop: false }`
[INFO] started tweaking crates.io crate openrr-apps 0.1.0
[INFO] finished tweaking crates.io crate openrr-apps 0.1.0
[INFO] tweaked toml for crates.io crate openrr-apps 0.1.0 written to /workspace/builds/worker-4-tc2/source/Cargo.toml
[INFO] crate crates.io crate openrr-apps 0.1.0 already has a lockfile, it will not be regenerated
[INFO] running `Command { std: CARGO_HOME="/workspace/cargo-home" RUSTUP_HOME="/workspace/rustup-home" "/workspace/cargo-home/bin/cargo" "+beta-2023-12-22" "fetch" "--manifest-path" "Cargo.toml", kill_on_drop: false }`
[INFO] running `Command { std: "docker" "create" "-v" "/var/lib/crater-agent-workspace/builds/worker-4-tc2/target:/opt/rustwide/target:rw,Z" "-v" "/var/lib/crater-agent-workspace/builds/worker-4-tc2/source:/opt/rustwide/workdir:ro,Z" "-v" "/var/lib/crater-agent-workspace/cargo-home:/opt/rustwide/cargo-home:ro,Z" "-v" "/var/lib/crater-agent-workspace/rustup-home:/opt/rustwide/rustup-home:ro,Z" "-e" "SOURCE_DIR=/opt/rustwide/workdir" "-e" "CARGO_TARGET_DIR=/opt/rustwide/target" "-e" "CARGO_HOME=/opt/rustwide/cargo-home" "-e" "RUSTUP_HOME=/opt/rustwide/rustup-home" "-w" "/opt/rustwide/workdir" "-m" "1610612736" "--user" "0:0" "--network" "none" "ghcr.io/rust-lang/crates-build-env/linux@sha256:2788e3201cd34a07e3172128adcd8b3090168a8e3bcc40d7c032b9dda1df7d1c" "/opt/rustwide/cargo-home/bin/cargo" "+beta-2023-12-22" "metadata" "--no-deps" "--format-version=1", kill_on_drop: false }`
[INFO] [stdout] ebde670268ab5ee68fc76b849676da8147d8b5ea3d9096bdc02131cc10d0f4df
[INFO] running `Command { std: "docker" "start" "-a" "ebde670268ab5ee68fc76b849676da8147d8b5ea3d9096bdc02131cc10d0f4df", kill_on_drop: false }`
[INFO] running `Command { std: "docker" "inspect" "ebde670268ab5ee68fc76b849676da8147d8b5ea3d9096bdc02131cc10d0f4df", kill_on_drop: false }`
[INFO] running `Command { std: "docker" "rm" "-f" "ebde670268ab5ee68fc76b849676da8147d8b5ea3d9096bdc02131cc10d0f4df", kill_on_drop: false }`
[INFO] [stdout] ebde670268ab5ee68fc76b849676da8147d8b5ea3d9096bdc02131cc10d0f4df
[INFO] running `Command { std: "docker" "create" "-v" "/var/lib/crater-agent-workspace/builds/worker-4-tc2/target:/opt/rustwide/target:rw,Z" "-v" "/var/lib/crater-agent-workspace/builds/worker-4-tc2/source:/opt/rustwide/workdir:ro,Z" "-v" "/var/lib/crater-agent-workspace/cargo-home:/opt/rustwide/cargo-home:ro,Z" "-v" "/var/lib/crater-agent-workspace/rustup-home:/opt/rustwide/rustup-home:ro,Z" "-e" "SOURCE_DIR=/opt/rustwide/workdir" "-e" "CARGO_TARGET_DIR=/opt/rustwide/target" "-e" "CARGO_INCREMENTAL=0" "-e" "RUST_BACKTRACE=full" "-e" "RUSTFLAGS=--cap-lints=warn" "-e" "RUSTDOCFLAGS=--cap-lints=warn" "-e" "CARGO_HOME=/opt/rustwide/cargo-home" "-e" "RUSTUP_HOME=/opt/rustwide/rustup-home" "-w" "/opt/rustwide/workdir" "-m" "1610612736" "--user" "0:0" "--network" "none" "ghcr.io/rust-lang/crates-build-env/linux@sha256:2788e3201cd34a07e3172128adcd8b3090168a8e3bcc40d7c032b9dda1df7d1c" "/opt/rustwide/cargo-home/bin/cargo" "+beta-2023-12-22" "doc" "--frozen" "--no-deps" "--document-private-items" "--message-format=json", kill_on_drop: false }`
[INFO] [stdout] 9efac1a1922fe559c0549899d4e46189a6f7abf31f0df0e033ec8930b00dedd2
[INFO] running `Command { std: "docker" "start" "-a" "9efac1a1922fe559c0549899d4e46189a6f7abf31f0df0e033ec8930b00dedd2", kill_on_drop: false }`
[INFO] [stderr]    Compiling proc-macro2 v1.0.54
[INFO] [stderr]    Compiling quote v1.0.26
[INFO] [stderr]    Compiling unicode-ident v1.0.8
[INFO] [stderr]    Compiling libc v0.2.140
[INFO] [stderr]    Compiling syn v1.0.109
[INFO] [stderr]    Compiling log v0.4.17
[INFO] [stderr]    Compiling serde_derive v1.0.159
[INFO] [stderr]    Compiling memchr v2.5.0
[INFO] [stderr]     Checking once_cell v1.17.1
[INFO] [stderr]    Compiling serde v1.0.159
[INFO] [stderr]    Compiling typenum v1.16.0
[INFO] [stderr]    Compiling pkg-config v0.3.26
[INFO] [stderr]    Compiling futures-core v0.3.27
[INFO] [stderr]    Compiling thiserror v1.0.40
[INFO] [stderr]     Checking smallvec v1.10.0
[INFO] [stderr]     Checking scopeguard v1.1.0
[INFO] [stderr]     Checking pin-project-lite v0.2.9
[INFO] [stderr]    Compiling num-traits v0.2.15
[INFO] [stderr]    Compiling lock_api v0.4.9
[INFO] [stderr]    Compiling crossbeam-utils v0.8.15
[INFO] [stderr]    Compiling cc v1.0.79
[INFO] [stderr]    Compiling xml-rs v0.8.4
[INFO] [stderr]    Compiling parking_lot_core v0.9.7
[INFO] [stderr]     Checking tracing-core v0.1.30
[INFO] [stderr]    Compiling num-integer v0.1.45
[INFO] [stderr]    Compiling futures-task v0.3.27
[INFO] [stderr]    Compiling io-lifetimes v1.0.9
[INFO] [stderr]     Checking futures-io v0.3.27
[INFO] [stderr]    Compiling rustix v0.37.5
[INFO] [stderr]     Checking linux-raw-sys v0.3.0
[INFO] [stderr]     Checking regex-syntax v0.6.29
[INFO] [stderr]     Checking aho-corasick v0.7.20
[INFO] [stderr]     Checking itoa v1.0.6
[INFO] [stderr]     Checking futures-sink v0.3.27
[INFO] [stderr]    Compiling futures-channel v0.3.27
[INFO] [stderr]    Compiling syn v2.0.11
[INFO] [stderr]    Compiling paste v1.0.12
[INFO] [stderr]    Compiling num-rational v0.4.1
[INFO] [stderr]    Compiling async-trait v0.1.68
[INFO] [stderr]    Compiling futures-util v0.3.27
[INFO] [stderr]    Compiling serde_json v1.0.95
[INFO] [stderr]     Checking byteorder v1.4.3
[INFO] [stderr]     Checking miniz_oxide v0.6.2
[INFO] [stderr]    Compiling memoffset v0.7.1
[INFO] [stderr]     Checking ryu v1.0.13
[INFO] [stderr]     Checking approx v0.5.1
[INFO] [stderr]     Checking generic-array v0.14.7
[INFO] [stderr]     Checking libloading v0.7.4
[INFO] [stderr]     Checking rawpointer v0.2.1
[INFO] [stderr]     Checking fastrand v1.9.0
[INFO] [stderr]    Compiling wayland-scanner v0.29.5
[INFO] [stderr]    Compiling slotmap v1.0.6
[INFO] [stderr]     Checking matrixmultiply v0.3.2
[INFO] [stderr]     Checking downcast-rs v1.2.0
[INFO] [stderr]    Compiling indexmap v1.9.3
[INFO] [stderr]    Compiling winnow v0.4.1
[INFO] [stderr]    Compiling toml_datetime v0.6.1
[INFO] [stderr]     Checking dlib v0.5.0
[INFO] [stderr]     Checking unicode-normalization v0.1.22
[INFO] [stderr]     Checking getrandom v0.2.8
[INFO] [stderr]     Checking socket2 v0.4.9
[INFO] [stderr]     Checking regex v1.7.3
[INFO] [stderr]     Checking num_cpus v1.15.0
[INFO] [stderr]     Checking rand_core v0.6.4
[INFO] [stderr]     Checking nix v0.24.3
[INFO] [stderr]     Checking mio v0.8.6
[INFO] [stderr]     Checking parking_lot v0.12.1
[INFO] [stderr]    Compiling memoffset v0.8.0
[INFO] [stderr]     Checking rand_chacha v0.3.1
[INFO] [stderr]    Compiling proc-macro-error-attr v1.0.4
[INFO] [stderr]     Checking unicode-bidi v0.3.13
[INFO] [stderr]     Checking percent-encoding v2.2.0
[INFO] [stderr]     Checking rand v0.8.5
[INFO] [stderr]     Checking crossbeam-channel v0.5.7
[INFO] [stderr]    Compiling wayland-sys v0.29.5
[INFO] [stderr]    Compiling crossbeam-epoch v0.9.14
[INFO] [stderr]    Compiling proc-macro-error v1.0.4
[INFO] [stderr]     Checking RustyXML v0.3.0
[INFO] [stderr]    Compiling event-listener v2.5.3
[INFO] [stderr]    Compiling anyhow v1.0.70
[INFO] [stderr]    Compiling schemars v0.8.12
[INFO] [stderr]     Checking nix v0.26.2
[INFO] [stderr]     Checking block-buffer v0.10.4
[INFO] [stderr]     Checking crypto-common v0.1.6
[INFO] [stderr]    Compiling tokio v1.27.0
[INFO] [stderr]    Compiling polling v2.6.0
[INFO] [stderr]     Checking dyn-clone v1.0.11
[INFO] [stderr]     Checking arrayvec v0.7.2
[INFO] [stderr]     Checking digest v0.10.6
[INFO] [stderr]    Compiling concurrent-queue v2.1.0
[INFO] [stderr]    Compiling wayland-client v0.29.5
[INFO] [stderr]     Checking signal-hook-registry v1.4.1
[INFO] [stderr]     Checking nix v0.25.1
[INFO] [stderr]     Checking flate2 v1.0.25
[INFO] [stderr]     Checking ttf-parser v0.18.1
[INFO] [stderr]    Compiling toml_edit v0.19.8
[INFO] [stderr]     Checking bitflags v0.9.1
[INFO] [stderr]    Compiling cfg_aliases v0.1.1
[INFO] [stderr]    Compiling waker-fn v1.1.0
[INFO] [stderr]     Checking either v1.8.1
[INFO] [stderr]    Compiling parking v2.0.0
[INFO] [stderr]    Compiling hex v0.4.3
[INFO] [stderr]     Checking cpufeatures v0.2.6
[INFO] [stderr]    Compiling khronos_api v3.1.0
[INFO] [stderr]    Compiling futures-lite v1.12.0
[INFO] [stderr]     Checking crossbeam-deque v0.8.3
[INFO] [stderr]    Compiling async-lock v2.7.0
[INFO] [stderr]     Checking sha1 v0.10.5
[INFO] [stderr]     Checking idna v0.3.0
[INFO] [stderr]     Checking form_urlencoded v1.1.0
[INFO] [stderr]    Compiling unicase v2.6.0
[INFO] [stderr]    Compiling async-io v1.13.0
[INFO] [stderr]    Compiling async-fs v1.6.0
[INFO] [stderr]     Checking ab_glyph_rasterizer v0.1.8
[INFO] [stderr]     Checking scoped-tls v1.0.1
[INFO] [stderr]     Checking nom v7.1.3
[INFO] [stderr]     Checking url v2.3.1
[INFO] [stderr]    Compiling wayland-protocols v0.29.5
[INFO] [stderr]    Compiling serde_derive_internals v0.26.0
[INFO] [stderr]    Compiling zvariant_utils v1.0.0
[INFO] [stderr]    Compiling backtrace v0.3.67
[INFO] [stderr]    Compiling proc-macro-crate v1.3.1
[INFO] [stderr]     Checking owned_ttf_parser v0.18.1
[INFO] [stderr]    Compiling slab v0.4.8
[INFO] [stderr]     Checking ab_glyph v0.2.20
[INFO] [stderr]    Compiling static_assertions v1.1.0
[INFO] [stderr]    Compiling async-task v4.4.0
[INFO] [stderr]     Checking wayland-commons v0.29.5
[INFO] [stderr]    Compiling gl_generator v0.14.0
[INFO] [stderr]     Checking png v0.17.7
[INFO] [stderr]    Compiling async-channel v1.8.0
[INFO] [stderr]    Compiling smithay-client-toolkit v0.16.0
[INFO] [stderr]    Compiling bytemuck_derive v1.4.1
[INFO] [stderr]    Compiling thiserror-impl v1.0.40
[INFO] [stderr]    Compiling tokio-macros v2.0.0
[INFO] [stderr]    Compiling async-recursion v1.0.4
[INFO] [stderr]     Checking xcursor v0.3.4
[INFO] [stderr]    Compiling x11-dl v2.21.0
[INFO] [stderr]    Compiling cmake v0.1.50
[INFO] [stderr]    Compiling strsim v0.9.3
[INFO] [stderr]    Compiling atomic-waker v1.1.0
[INFO] [stderr]    Compiling pin-utils v0.1.0
[INFO] [stderr]    Compiling ppv-lite86 v0.2.17
[INFO] [stderr]    Compiling darling_core v0.10.2
[INFO] [stderr]    Compiling assimp-sys v0.3.1
[INFO] [stderr]    Compiling blocking v1.3.0
[INFO] [stderr]     Checking wayland-cursor v0.29.5
[INFO] [stderr]    Compiling serde_repr v0.1.12
[INFO] [stderr]     Checking dirs-sys v0.3.7
[INFO] [stderr]     Checking memmap2 v0.5.10
[INFO] [stderr]     Checking bytemuck v1.13.1
[INFO] [stderr]    Compiling ring v0.16.20
[INFO] [stderr]    Compiling ahash v0.8.3
[INFO] [stderr]     Checking safe_arch v0.6.0
[INFO] [stderr]     Checking arrayref v0.3.7
[INFO] [stderr]     Checking strict-num v0.1.0
[INFO] [stderr]     Checking accesskit v0.9.0
[INFO] [stderr]     Checking safemem v0.3.3
[INFO] [stderr]    Compiling rayon-core v1.11.0
[INFO] [stderr]     Checking calloop v0.10.5
[INFO] [stderr]     Checking tiny-skia-path v0.8.3
[INFO] [stderr]    Compiling dirs v4.0.0
[INFO] [stderr]    Compiling tracing-attributes v0.1.23
[INFO] [stderr]    Compiling futures-macro v0.3.27
[INFO] [stderr]    Compiling nalgebra-macros v0.1.0
[INFO] [stderr]    Compiling enumflags2_derive v0.7.4
[INFO] [stderr]    Compiling schemars_derive v0.8.12
[INFO] [stderr]     Checking wide v0.7.8
[INFO] [stderr]    Compiling zvariant_derive v3.12.0
[INFO] [stderr]    Compiling auto_impl v1.0.1
[INFO] [stderr]    Compiling zbus_macros v3.11.1
[INFO] [stderr]    Compiling derivative v2.2.0
[INFO] [stderr]    Compiling darling_macro v0.10.2
[INFO] [stderr]    Compiling mime_guess v2.0.4
[INFO] [stderr]    Compiling async-executor v1.5.0
[INFO] [stderr]     Checking tracing v0.1.37
[INFO] [stderr]    Compiling async-broadcast v0.5.1
[INFO] [stderr]    Compiling ordered-stream v0.2.0
[INFO] [stderr]     Checking fixedbitset v0.4.2
[INFO] [stderr]     Checking alloc-no-stdlib v2.0.4
[INFO] [stderr]    Compiling version_check v0.1.5
[INFO] [stderr]     Checking xmlparser v0.13.5
[INFO] [stderr]     Checking gimli v0.27.2
[INFO] [stderr]     Checking roxmltree v0.15.1
[INFO] [stderr]     Checking alloc-stdlib v0.2.2
[INFO] [stderr]    Compiling unicase v1.4.2
[INFO] [stderr]     Checking petgraph v0.6.3
[INFO] [stderr]    Compiling darling v0.10.2
[INFO] [stderr]     Checking tiny-skia v0.8.3
[INFO] [stderr]     Checking kdtree v0.7.0
[INFO] [stderr]     Checking ecolor v0.21.0
[INFO] [stderr]     Checking emath v0.21.0
[INFO] [stderr]    Compiling winit v0.28.3
[INFO] [stderr]     Checking object v0.30.3
[INFO] [stderr]     Checking log v0.3.9
[INFO] [stderr]    Compiling error-chain v0.12.4
[INFO] [stderr]     Checking rustc-hash v1.1.0
[INFO] [stderr]     Checking nohash-hasher v0.2.0
[INFO] [stderr]     Checking rustc-demangle v0.1.22
[INFO] [stderr]     Checking matches v0.1.10
[INFO] [stderr]    Compiling adler v1.0.2
[INFO] [stderr]     Checking raw-window-handle v0.5.1
[INFO] [stderr]     Checking fast-float v0.2.0
[INFO] [stderr]     Checking time-core v0.1.0
[INFO] [stderr]     Checking time v0.3.20
[INFO] [stderr]     Checking mesh-loader v0.0.2
[INFO] [stderr]     Checking futures-executor v0.3.27
[INFO] [stderr]     Checking addr2line v0.19.0
[INFO] [stderr]     Checking futures v0.3.27
[INFO] [stderr]     Checking idna v0.1.5
[INFO] [stderr]     Checking epaint v0.21.0
[INFO] [stderr]     Checking rayon v1.7.0
[INFO] [stderr]     Checking rrt v0.7.0
[INFO] [stderr]     Checking num-complex v0.4.3
[INFO] [stderr]     Checking serde-xml-rs v0.6.0
[INFO] [stderr]     Checking enumflags2 v0.7.5
[INFO] [stderr]     Checking toml v0.5.11
[INFO] [stderr]    Compiling toml-query_derive v0.10.0
[INFO] [stderr]     Checking brotli-decompressor v2.3.4
[INFO] [stderr]     Checking zvariant v3.12.0
[INFO] [stderr]     Checking anstyle-parse v0.1.1
[INFO] [stderr]     Checking simba v0.7.3
[INFO] [stderr]     Checking urdf-rs v0.6.9
[INFO] [stderr]     Checking buf_redux v0.8.4
[INFO] [stderr]    Compiling glutin_egl_sys v0.4.0
[INFO] [stderr]    Compiling serde-xml-rs v0.4.1
[INFO] [stderr]    Compiling glutin_glx_sys v0.4.0
[INFO] [stderr]     Checking is-terminal v0.4.6
[INFO] [stderr]     Checking tempfile v3.5.0
[INFO] [stderr]    Compiling digest v0.9.0
[INFO] [stderr]    Compiling block-buffer v0.9.0
[INFO] [stderr]     Checking gzip-header v1.0.0
[INFO] [stderr]     Checking trajectory v0.1.0
[INFO] [stderr]     Checking twoway v0.1.8
[INFO] [stderr]    Compiling wayland-sys v0.30.1
[INFO] [stderr]    Compiling alsa-sys v0.3.1
[INFO] [stderr]     Checking instant v0.1.12
[INFO] [stderr]     Checking percent-encoding v1.0.1
[INFO] [stderr]     Checking chunked_transfer v1.4.1
[INFO] [stderr]     Checking concolor-override v1.0.0
[INFO] [stderr]     Checking is-match v0.1.0
[INFO] [stderr]    Compiling opaque-debug v0.3.0
[INFO] [stderr]     Checking ucd-util v0.1.10
[INFO] [stderr]     Checking iana-time-zone v0.1.55
[INFO] [stderr]    Compiling regex v0.2.11
[INFO] [stderr]     Checking anstyle v0.3.5
[INFO] [stderr]     Checking bitflags v0.7.0
[INFO] [stderr]     Checking concolor-query v0.3.3
[INFO] [stderr]     Checking zbus_names v2.5.0
[INFO] [stderr]    Compiling crossbeam-queue v0.3.8
[INFO] [stderr]     Checking httpdate v1.0.2
[INFO] [stderr]     Checking ascii v1.1.0
[INFO] [stderr]     Checking adler32 v1.2.0
[INFO] [stderr]     Checking anstream v0.2.6
[INFO] [stderr]     Checking deflate v1.0.0
[INFO] [stderr]     Checking xml-rs v0.3.6
[INFO] [stderr]     Checking zbus v3.11.1
[INFO] [stderr]     Checking tiny_http v0.12.0
[INFO] [stderr]    Compiling itertools v0.10.5
[INFO] [stderr]     Checking multipart v0.18.0
[INFO] [stderr]     Checking chrono v0.4.24
[INFO] [stderr]     Checking regex-syntax v0.5.6
[INFO] [stderr]     Checking toml-query v0.10.0
[INFO] [stderr]    Compiling md-5 v0.9.1
[INFO] [stderr]     Checking url v1.7.2
[INFO] [stderr]    Compiling darling_core v0.14.4
[INFO] [stderr]     Checking brotli v3.3.4
[INFO] [stderr]     Checking egui v0.21.0
[INFO] [stderr]     Checking mime v0.2.6
[INFO] [stderr]     Checking accesskit_consumer v0.13.0
[INFO] [stderr]    Compiling pin-project-internal v1.0.12
[INFO] [stderr]     Checking base64 v0.9.3
[INFO] [stderr]     Checking symphonia-core v0.5.2
[INFO] [stderr]     Checking x11rb-protocol v0.10.0
[INFO] [stderr]    Compiling glutin v0.30.7
[INFO] [stderr]     Checking threadpool v1.8.1
[INFO] [stderr]     Checking time v0.1.45
[INFO] [stderr]     Checking filetime v0.2.20
[INFO] [stderr]     Checking gethostname v0.2.3
[INFO] [stderr]     Checking aho-corasick v0.6.10
[INFO] [stderr]    Compiling libudev-sys v0.1.4
[INFO] [stderr]     Checking thread_local v0.3.6
[INFO] [stderr]     Checking encoding_rs v0.8.32
[INFO] [stderr]    Compiling array-init v2.1.0
[INFO] [stderr]     Checking language-tags v0.2.2
[INFO] [stderr]     Checking utf8-ranges v1.0.5
[INFO] [stderr]     Checking typeable v0.1.2
[INFO] [stderr]     Checking clap_lex v0.4.1
[INFO] [stderr]     Checking traitobject v0.1.0
[INFO] [stderr]     Checking safemem v0.2.0
[INFO] [stderr]    Compiling core_extensions v1.5.3
[INFO] [stderr]     Checking base64 v0.6.0
[INFO] [stderr]     Checking clap_builder v4.2.1
[INFO] [stderr] error: could not compile `simba` (lib)
[INFO] [stderr] 
[INFO] [stderr] Caused by:
[INFO] [stderr]   process didn't exit successfully: `/opt/rustwide/rustup-home/toolchains/beta-2023-12-22-x86_64-unknown-linux-gnu/bin/rustc --crate-name simba --edition=2018 /opt/rustwide/cargo-home/registry/src/index.crates.io-6f17d22bba15001f/simba-0.7.3/src/lib.rs --error-format=json --json=diagnostic-rendered-ansi,artifacts,future-incompat --crate-type lib --emit=dep-info,metadata -C embed-bitcode=no -C debuginfo=2 --cfg 'feature="default"' --cfg 'feature="std"' --cfg 'feature="wide"' -C metadata=b88b4d14f2f3a542 -C extra-filename=-b88b4d14f2f3a542 --out-dir /opt/rustwide/target/debug/deps -L dependency=/opt/rustwide/target/debug/deps --extern approx=/opt/rustwide/target/debug/deps/libapprox-aec56b909954b62a.rmeta --extern num_complex=/opt/rustwide/target/debug/deps/libnum_complex-0a5b4fdc88929509.rmeta --extern num_traits=/opt/rustwide/target/debug/deps/libnum_traits-4e7e4e59f4161671.rmeta --extern paste=/opt/rustwide/target/debug/deps/libpaste-c572d19bf0492e34.so --extern wide=/opt/rustwide/target/debug/deps/libwide-6babf9eca99a520f.rmeta --cap-lints allow --cap-lints=warn` (signal: 9, SIGKILL: kill)
[INFO] [stderr] warning: build failed, waiting for other jobs to finish...
[INFO] [stderr] error: could not compile `x11rb-protocol` (lib)
[INFO] [stderr] 
[INFO] [stderr] Caused by:
[INFO] [stderr]   process didn't exit successfully: `/opt/rustwide/rustup-home/toolchains/beta-2023-12-22-x86_64-unknown-linux-gnu/bin/rustc --crate-name x11rb_protocol --edition=2018 /opt/rustwide/cargo-home/registry/src/index.crates.io-6f17d22bba15001f/x11rb-protocol-0.10.0/src/lib.rs --error-format=json --json=diagnostic-rendered-ansi,artifacts,future-incompat --crate-type lib --emit=dep-info,metadata -C embed-bitcode=no -C debuginfo=2 --cfg 'feature="default"' --cfg 'feature="nix"' --cfg 'feature="std"' -C metadata=275cd5605afa1745 -C extra-filename=-275cd5605afa1745 --out-dir /opt/rustwide/target/debug/deps -L dependency=/opt/rustwide/target/debug/deps --extern nix=/opt/rustwide/target/debug/deps/libnix-718dd1172cd1cdc1.rmeta --cap-lints allow --cap-lints=warn` (signal: 9, SIGKILL: kill)
[INFO] [stderr] error: failed to run custom build command for `assimp-sys v0.3.1`
[INFO] [stderr] note: To improve backtraces for build dependencies, set the CARGO_PROFILE_DEV_BUILD_OVERRIDE_DEBUG=true environment variable to enable debug information generation.
[INFO] [stderr] 
[INFO] [stderr] Caused by:
[INFO] [stderr]   process didn't exit successfully: `/opt/rustwide/target/debug/build/assimp-sys-666ca44a1ca03161/build-script-build` (exit status: 101)
[INFO] [stderr]   --- stdout
[INFO] [stderr]   cargo:rerun-if-env-changed=ASSIMP_NO_PKG_CONFIG
[INFO] [stderr]   cargo:rerun-if-env-changed=PKG_CONFIG_x86_64-unknown-linux-gnu
[INFO] [stderr]   cargo:rerun-if-env-changed=PKG_CONFIG_x86_64_unknown_linux_gnu
[INFO] [stderr]   cargo:rerun-if-env-changed=HOST_PKG_CONFIG
[INFO] [stderr]   cargo:rerun-if-env-changed=PKG_CONFIG
[INFO] [stderr]   cargo:rerun-if-env-changed=ASSIMP_STATIC
[INFO] [stderr]   cargo:rerun-if-env-changed=ASSIMP_DYNAMIC
[INFO] [stderr]   cargo:rerun-if-env-changed=PKG_CONFIG_ALL_STATIC
[INFO] [stderr]   cargo:rerun-if-env-changed=PKG_CONFIG_ALL_DYNAMIC
[INFO] [stderr]   cargo:rerun-if-env-changed=PKG_CONFIG_PATH_x86_64-unknown-linux-gnu
[INFO] [stderr]   cargo:rerun-if-env-changed=PKG_CONFIG_PATH_x86_64_unknown_linux_gnu
[INFO] [stderr]   cargo:rerun-if-env-changed=HOST_PKG_CONFIG_PATH
[INFO] [stderr]   cargo:rerun-if-env-changed=PKG_CONFIG_PATH
[INFO] [stderr]   cargo:rerun-if-env-changed=PKG_CONFIG_LIBDIR_x86_64-unknown-linux-gnu
[INFO] [stderr]   cargo:rerun-if-env-changed=PKG_CONFIG_LIBDIR_x86_64_unknown_linux_gnu
[INFO] [stderr]   cargo:rerun-if-env-changed=HOST_PKG_CONFIG_LIBDIR
[INFO] [stderr]   cargo:rerun-if-env-changed=PKG_CONFIG_LIBDIR
[INFO] [stderr]   cargo:rerun-if-env-changed=PKG_CONFIG_SYSROOT_DIR_x86_64-unknown-linux-gnu
[INFO] [stderr]   cargo:rerun-if-env-changed=PKG_CONFIG_SYSROOT_DIR_x86_64_unknown_linux_gnu
[INFO] [stderr]   cargo:rerun-if-env-changed=HOST_PKG_CONFIG_SYSROOT_DIR
[INFO] [stderr]   cargo:rerun-if-env-changed=PKG_CONFIG_SYSROOT_DIR
[INFO] [stderr]   CMAKE_TOOLCHAIN_FILE_x86_64-unknown-linux-gnu = None
[INFO] [stderr]   CMAKE_TOOLCHAIN_FILE_x86_64_unknown_linux_gnu = None
[INFO] [stderr]   HOST_CMAKE_TOOLCHAIN_FILE = None
[INFO] [stderr]   CMAKE_TOOLCHAIN_FILE = None
[INFO] [stderr]   CMAKE_GENERATOR_x86_64-unknown-linux-gnu = None
[INFO] [stderr]   CMAKE_GENERATOR_x86_64_unknown_linux_gnu = None
[INFO] [stderr]   HOST_CMAKE_GENERATOR = None
[INFO] [stderr]   CMAKE_GENERATOR = None
[INFO] [stderr]   CMAKE_PREFIX_PATH_x86_64-unknown-linux-gnu = None
[INFO] [stderr]   CMAKE_PREFIX_PATH_x86_64_unknown_linux_gnu = None
[INFO] [stderr]   HOST_CMAKE_PREFIX_PATH = None
[INFO] [stderr]   CMAKE_PREFIX_PATH = None
[INFO] [stderr]   CMAKE_x86_64-unknown-linux-gnu = None
[INFO] [stderr]   CMAKE_x86_64_unknown_linux_gnu = None
[INFO] [stderr]   HOST_CMAKE = None
[INFO] [stderr]   CMAKE = None
[INFO] [stderr]   running: cd "/opt/rustwide/target/debug/build/assimp-sys-7be304f0f77e5379/out/build" && CMAKE_PREFIX_PATH="" "cmake" "/opt/rustwide/cargo-home/registry/src/index.crates.io-6f17d22bba15001f/assimp-sys-0.3.1/assimp" "-DASSIMP_BUILD_ASSIMP_TOOLS=OFF" "-DASSIMP_BUILD_TESTS=OFF" "-DASSIMP_INSTALL_PDB=OFF" "-DBUILD_SHARED_LIBS=OFF" "-DCMAKE_SUPPRESS_DEVELOPER_WARNINGS=ON" "-DLIBRARY_SUFFIX=" "-DCMAKE_INSTALL_PREFIX=/opt/rustwide/target/debug/build/assimp-sys-7be304f0f77e5379/out" "-DCMAKE_C_FLAGS= -ffunction-sections -fdata-sections -fPIC -m64" "-DCMAKE_C_COMPILER=/usr/bin/cc" "-DCMAKE_CXX_FLAGS= -ffunction-sections -fdata-sections -fPIC -m64" "-DCMAKE_CXX_COMPILER=/usr/bin/c++" "-DCMAKE_ASM_FLAGS= -ffunction-sections -fdata-sections -fPIC -m64" "-DCMAKE_ASM_COMPILER=/usr/bin/cc" "-DCMAKE_BUILD_TYPE=Debug"
[INFO] [stderr]   -- The C compiler identification is GNU 11.4.0
[INFO] [stderr]   -- The CXX compiler identification is GNU 11.4.0
[INFO] [stderr]   -- Detecting C compiler ABI info
[INFO] [stderr]   -- Detecting C compiler ABI info - done
[INFO] [stderr]   -- Check for working C compiler: /usr/bin/cc - skipped
[INFO] [stderr]   -- Detecting C compile features
[INFO] [stderr]   -- Detecting C compile features - done
[INFO] [stderr]   -- Detecting CXX compiler ABI info
[INFO] [stderr]   -- Detecting CXX compiler ABI info - done
[INFO] [stderr]   -- Check for working CXX compiler: /usr/bin/c++ - skipped
[INFO] [stderr]   -- Detecting CXX compile features
[INFO] [stderr]   -- Detecting CXX compile features - done
[INFO] [stderr]   -- Found OpenMP_C: -fopenmp (found version "4.5") 
[INFO] [stderr]   -- Found OpenMP_CXX: -fopenmp (found version "4.5") 
[INFO] [stderr]   -- Found OpenMP: TRUE (found version "4.5")  
[INFO] [stderr]   -- Looking for ZLIB...
[INFO] [stderr]   -- Found PkgConfig: /usr/bin/pkg-config (found version "0.29.2") 
[INFO] [stderr]   -- Checking for module 'zzip-zlib-config'
[INFO] [stderr]   --   No package 'zzip-zlib-config' found
[INFO] [stderr]   -- Found ZLIB: optimized;/usr/lib/x86_64-linux-gnu/libz.so;debug;/usr/lib/x86_64-linux-gnu/libz.so
[INFO] [stderr]   -- Checking for module 'minizip'
[INFO] [stderr]   --   No package 'minizip' found
[INFO] [stderr]   -- Found rt: /usr/lib/x86_64-linux-gnu/librt.a  
[INFO] [stderr]   -- Enabled formats: AMF 3DS AC ASE ASSBIN ASSXML B3D BVH COLLADA DXF CSM HMP IRRMESH IRR LWO LWS MD2 MD3 MD5 MDC MDL NFF NDO OFF OBJ OGRE OPENGEX PLY MS3D COB BLEND IFC XGL FBX Q3D Q3BSP RAW SIB SMD STL TERRAGEN 3D X X3D GLTF 3MF MMD
[INFO] [stderr]   -- Disabled formats:
[INFO] [stderr]   -- Configuring done
[INFO] [stderr]   -- Generating done
[INFO] [stderr]   -- Build files have been written to: /opt/rustwide/target/debug/build/assimp-sys-7be304f0f77e5379/out/build
[INFO] [stderr]   running: cd "/opt/rustwide/target/debug/build/assimp-sys-7be304f0f77e5379/out/build" && MAKEFLAGS="-j --jobserver-fds=7,8 --jobserver-auth=7,8" "cmake" "--build" "." "--target" "install" "--config" "Debug"
[INFO] [stderr]   [  0%] Building CXX object contrib/irrXML/CMakeFiles/IrrXML.dir/irrXML.cpp.o
[INFO] [stderr]   [  1%] Linking CXX static library libIrrXMLd.a
[INFO] [stderr]   [  1%] Built target IrrXML
[INFO] [stderr]   [  1%] Building CXX object code/CMakeFiles/assimp.dir/Assimp.cpp.o
[INFO] [stderr]   [  2%] Building CXX object code/CMakeFiles/assimp.dir/BaseImporter.cpp.o
[INFO] [stderr]   [  2%] Building CXX object code/CMakeFiles/assimp.dir/BaseProcess.cpp.o
[INFO] [stderr]   [  3%] Building CXX object code/CMakeFiles/assimp.dir/PostStepRegistry.cpp.o
[INFO] [stderr]   [  3%] Building CXX object code/CMakeFiles/assimp.dir/ImporterRegistry.cpp.o
[INFO] [stderr]   [  4%] Building CXX object code/CMakeFiles/assimp.dir/DefaultIOStream.cpp.o
[INFO] [stderr]   [  5%] Building CXX object code/CMakeFiles/assimp.dir/CInterfaceIOWrapper.cpp.o
[INFO] [stderr]   [  5%] Building CXX object code/CMakeFiles/assimp.dir/DefaultIOSystem.cpp.o
[INFO] [stderr]   [  5%] Building CXX object code/CMakeFiles/assimp.dir/Importer.cpp.o
[INFO] [stderr]   [  6%] Building CXX object code/CMakeFiles/assimp.dir/SGSpatialSort.cpp.o
[INFO] [stderr]   [  6%] Building CXX object code/CMakeFiles/assimp.dir/VertexTriangleAdjacency.cpp.o
[INFO] [stderr]   [  7%] Building CXX object code/CMakeFiles/assimp.dir/SpatialSort.cpp.o
[INFO] [stderr]   [  7%] Building CXX object code/CMakeFiles/assimp.dir/SceneCombiner.cpp.o
[INFO] [stderr]   [  8%] Building CXX object code/CMakeFiles/assimp.dir/ScenePreprocessor.cpp.o
[INFO] [stderr]   [  8%] Building CXX object code/CMakeFiles/assimp.dir/SkeletonMeshBuilder.cpp.o
[INFO] [stderr]   [  8%] Building CXX object code/CMakeFiles/assimp.dir/StandardShapes.cpp.o
[INFO] [stderr]   [  9%] Building CXX object code/CMakeFiles/assimp.dir/TargetAnimation.cpp.o
[INFO] [stderr]   [ 10%] Building CXX object code/CMakeFiles/assimp.dir/SplitByBoneCountProcess.cpp.o
[INFO] [stderr]   [ 10%] Building CXX object code/CMakeFiles/assimp.dir/RemoveComments.cpp.o
[INFO] [stderr]   [ 11%] Building CXX object code/CMakeFiles/assimp.dir/Subdivision.cpp.o
[INFO] [stderr]   [ 11%] Building CXX object code/CMakeFiles/assimp.dir/scene.cpp.o
[INFO] [stderr]   [ 12%] Building CXX object code/CMakeFiles/assimp.dir/Bitmap.cpp.o
[INFO] [stderr]   [ 12%] Building CXX object code/CMakeFiles/assimp.dir/Version.cpp.o
[INFO] [stderr]   [ 13%] Building CXX object code/CMakeFiles/assimp.dir/CreateAnimMesh.cpp.o
[INFO] [stderr]   [ 13%] Building CXX object code/CMakeFiles/assimp.dir/DefaultLogger.cpp.o
[INFO] [stderr]   [ 14%] Building CXX object code/CMakeFiles/assimp.dir/Exporter.cpp.o
[INFO] [stderr]   [ 14%] Building CXX object code/CMakeFiles/assimp.dir/AssimpCExport.cpp.o
[INFO] [stderr]   [ 15%] Building CXX object code/CMakeFiles/assimp.dir/ConvertToLHProcess.cpp.o
[INFO] [stderr]   [ 16%] Building CXX object code/CMakeFiles/assimp.dir/CalcTangentsProcess.cpp.o
[INFO] [stderr]   [ 16%] Building CXX object code/CMakeFiles/assimp.dir/ComputeUVMappingProcess.cpp.o
[INFO] [stderr]   [ 16%] Building CXX object code/CMakeFiles/assimp.dir/FindDegenerates.cpp.o
[INFO] [stderr]   [ 17%] Building CXX object code/CMakeFiles/assimp.dir/FindInstancesProcess.cpp.o
[INFO] [stderr]   [ 17%] Building CXX object code/CMakeFiles/assimp.dir/FindInvalidDataProcess.cpp.o
[INFO] [stderr]   [ 18%] Building CXX object code/CMakeFiles/assimp.dir/FixNormalsStep.cpp.o
[INFO] [stderr]   [ 18%] Building CXX object code/CMakeFiles/assimp.dir/GenFaceNormalsProcess.cpp.o
[INFO] [stderr]   [ 19%] Building CXX object code/CMakeFiles/assimp.dir/GenVertexNormalsProcess.cpp.o
[INFO] [stderr]   [ 20%] Building CXX object code/CMakeFiles/assimp.dir/ImproveCacheLocality.cpp.o
[INFO] [stderr]   [ 20%] Building CXX object code/CMakeFiles/assimp.dir/PretransformVertices.cpp.o
[INFO] [stderr]   [ 20%] Building CXX object code/CMakeFiles/assimp.dir/JoinVerticesProcess.cpp.o
[INFO] [stderr]   [ 21%] Building CXX object code/CMakeFiles/assimp.dir/LimitBoneWeightsProcess.cpp.o
[INFO] [stderr]   [ 21%] Building CXX object code/CMakeFiles/assimp.dir/RemoveRedundantMaterials.cpp.o
[INFO] [stderr]   [ 22%] Building CXX object code/CMakeFiles/assimp.dir/RemoveVCProcess.cpp.o
[INFO] [stderr]   [ 22%] Building CXX object code/CMakeFiles/assimp.dir/SortByPTypeProcess.cpp.o
[INFO] [stderr]   [ 23%] Building CXX object code/CMakeFiles/assimp.dir/SplitLargeMeshes.cpp.o
[INFO] [stderr]   [ 23%] Building CXX object code/CMakeFiles/assimp.dir/TextureTransform.cpp.o
[INFO] [stderr] 
[INFO] [stderr]   --- stderr
[INFO] [stderr]   CMake Deprecation Warning at CMakeLists.txt:37 (CMAKE_MINIMUM_REQUIRED):
[INFO] [stderr]     Compatibility with CMake < 2.8.12 will be removed from a future version of
[INFO] [stderr]     CMake.
[INFO] [stderr] 
[INFO] [stderr]     Update the VERSION argument <min> value or use a ...<max> suffix to tell
[INFO] [stderr]     CMake that the project does not need compatibility with older versions.
[INFO] [stderr] 
[INFO] [stderr] 
[INFO] [stderr]   CMake Deprecation Warning at code/CMakeLists.txt:46 (cmake_minimum_required):
[INFO] [stderr]     Compatibility with CMake < 2.8.12 will be removed from a future version of
[INFO] [stderr]     CMake.
[INFO] [stderr] 
[INFO] [stderr]     Update the VERSION argument <min> value or use a ...<max> suffix to tell
[INFO] [stderr]     CMake that the project does not need compatibility with older versions.
[INFO] [stderr] 
[INFO] [stderr] 
[INFO] [stderr]   CMake Warning:
[INFO] [stderr]     Manually-specified variables were not used by the project:
[INFO] [stderr] 
[INFO] [stderr]       CMAKE_ASM_COMPILER
[INFO] [stderr]       CMAKE_ASM_FLAGS
[INFO] [stderr] 
[INFO] [stderr] 
[INFO] [stderr]   /opt/rustwide/cargo-home/registry/src/index.crates.io-6f17d22bba15001f/assimp-sys-0.3.1/assimp/code/SpatialSort.cpp: In function '{anonymous}::BinFloat {anonymous}::ToBinary(const ai_real&)':
[INFO] [stderr]   /opt/rustwide/cargo-home/registry/src/index.crates.io-6f17d22bba15001f/assimp-sys-0.3.1/assimp/code/SpatialSort.cpp:228:23: warning: bitwise comparison always evaluates to false [-Wtautological-compare]
[INFO] [stderr]     228 |         else if( (-42 == (42 | (-0))) && (binValue & 0x80000000)) // -0 = 1000... binary
[INFO] [stderr]         |                   ~~~ ^~ ~~~~~~~~~~~
[INFO] [stderr]   /opt/rustwide/cargo-home/registry/src/index.crates.io-6f17d22bba15001f/assimp-sys-0.3.1/assimp/code/Importer.cpp: In member function 'const aiScene* Assimp::Importer::ApplyPostProcessing(unsigned int)':
[INFO] [stderr]   /opt/rustwide/cargo-home/registry/src/index.crates.io-6f17d22bba15001f/assimp-sys-0.3.1/assimp/code/Importer.cpp:834:3: warning: this 'if' clause does not guard... [-Wmisleading-indentation]
[INFO] [stderr]     834 |   if( pimpl->mScene )
[INFO] [stderr]         |   ^~
[INFO] [stderr]   /opt/rustwide/cargo-home/registry/src/index.crates.io-6f17d22bba15001f/assimp-sys-0.3.1/assimp/code/Importer.cpp:838:5: note: ...this statement, but the latter is misleadingly indented as if it were guarded by the 'if'
[INFO] [stderr]     838 |     pimpl->mPPShared->Clean();
[INFO] [stderr]         |     ^~~~~
[INFO] [stderr]   /opt/rustwide/cargo-home/registry/src/index.crates.io-6f17d22bba15001f/assimp-sys-0.3.1/assimp/code/SceneCombiner.cpp: In static member function 'static void Assimp::SceneCombiner::MergeMeshes(aiMesh**, unsigned int, std::vector<aiMesh*>::const_iterator, std::vector<aiMesh*>::const_iterator)':
[INFO] [stderr]   /opt/rustwide/cargo-home/registry/src/index.crates.io-6f17d22bba15001f/assimp-sys-0.3.1/assimp/code/SceneCombiner.cpp:794:29: warning: 'void* memcpy(void*, const void*, size_t)' writing to an object of non-trivially copyable type 'aiVector3D' {aka 'class aiVector3t<float>'}; use copy-assignment or copy-initialization instead [-Wclass-memaccess]
[INFO] [stderr]     794 |                     ::memcpy(pv2,(*it)->mVertices,(*it)->mNumVertices*sizeof(aiVector3D));
[INFO] [stderr]         |                     ~~~~~~~~^~~~~~~~~~~~~~~~~~~~~~~~~~~~~~~~~~~~~~~~~~~~~~~~~~~~~~~~~~~~~
[INFO] [stderr]   In file included from /opt/rustwide/cargo-home/registry/src/index.crates.io-6f17d22bba15001f/assimp-sys-0.3.1/assimp/include/assimp/types.h:60,
[INFO] [stderr]                    from /opt/rustwide/cargo-home/registry/src/index.crates.io-6f17d22bba15001f/assimp-sys-0.3.1/assimp/include/assimp/SceneCombiner.h:49,
[INFO] [stderr]                    from /opt/rustwide/cargo-home/registry/src/index.crates.io-6f17d22bba15001f/assimp-sys-0.3.1/assimp/code/SceneCombiner.cpp:54:
[INFO] [stderr]   /opt/rustwide/cargo-home/registry/src/index.crates.io-6f17d22bba15001f/assimp-sys-0.3.1/assimp/include/assimp/vector3.h:65:7: note: 'aiVector3D' {aka 'class aiVector3t<float>'} declared here
[INFO] [stderr]      65 | class aiVector3t
[INFO] [stderr]         |       ^~~~~~~~~~
[INFO] [stderr]   /opt/rustwide/cargo-home/registry/src/index.crates.io-6f17d22bba15001f/assimp-sys-0.3.1/assimp/code/SceneCombiner.cpp:806:29: warning: 'void* memcpy(void*, const void*, size_t)' writing to an object of non-trivially copyable type 'aiVector3D' {aka 'class aiVector3t<float>'}; use copy-assignment or copy-initialization instead [-Wclass-memaccess]
[INFO] [stderr]     806 |                     ::memcpy(pv2,(*it)->mNormals,(*it)->mNumVertices*sizeof(aiVector3D));
[INFO] [stderr]         |                     ~~~~~~~~^~~~~~~~~~~~~~~~~~~~~~~~~~~~~~~~~~~~~~~~~~~~~~~~~~~~~~~~~~~~
[INFO] [stderr]   In file included from /opt/rustwide/cargo-home/registry/src/index.crates.io-6f17d22bba15001f/assimp-sys-0.3.1/assimp/include/assimp/types.h:60,
[INFO] [stderr]                    from /opt/rustwide/cargo-home/registry/src/index.crates.io-6f17d22bba15001f/assimp-sys-0.3.1/assimp/include/assimp/SceneCombiner.h:49,
[INFO] [stderr]                    from /opt/rustwide/cargo-home/registry/src/index.crates.io-6f17d22bba15001f/assimp-sys-0.3.1/assimp/code/SceneCombiner.cpp:54:
[INFO] [stderr]   /opt/rustwide/cargo-home/registry/src/index.crates.io-6f17d22bba15001f/assimp-sys-0.3.1/assimp/include/assimp/vector3.h:65:7: note: 'aiVector3D' {aka 'class aiVector3t<float>'} declared here
[INFO] [stderr]      65 | class aiVector3t
[INFO] [stderr]         |       ^~~~~~~~~~
[INFO] [stderr]   /opt/rustwide/cargo-home/registry/src/index.crates.io-6f17d22bba15001f/assimp-sys-0.3.1/assimp/code/SceneCombiner.cpp:820:29: warning: 'void* memcpy(void*, const void*, size_t)' writing to an object of non-trivially copyable type 'aiVector3D' {aka 'class aiVector3t<float>'}; use copy-assignment or copy-initialization instead [-Wclass-memaccess]
[INFO] [stderr]     820 |                     ::memcpy(pv2, (*it)->mTangents,  (*it)->mNumVertices*sizeof(aiVector3D));
[INFO] [stderr]         |                     ~~~~~~~~^~~~~~~~~~~~~~~~~~~~~~~~~~~~~~~~~~~~~~~~~~~~~~~~~~~~~~~~~~~~~~~~
[INFO] [stderr]   In file included from /opt/rustwide/cargo-home/registry/src/index.crates.io-6f17d22bba15001f/assimp-sys-0.3.1/assimp/include/assimp/types.h:60,
[INFO] [stderr]                    from /opt/rustwide/cargo-home/registry/src/index.crates.io-6f17d22bba15001f/assimp-sys-0.3.1/assimp/include/assimp/SceneCombiner.h:49,
[INFO] [stderr]                    from /opt/rustwide/cargo-home/registry/src/index.crates.io-6f17d22bba15001f/assimp-sys-0.3.1/assimp/code/SceneCombiner.cpp:54:
[INFO] [stderr]   /opt/rustwide/cargo-home/registry/src/index.crates.io-6f17d22bba15001f/assimp-sys-0.3.1/assimp/include/assimp/vector3.h:65:7: note: 'aiVector3D' {aka 'class aiVector3t<float>'} declared here
[INFO] [stderr]      65 | class aiVector3t
[INFO] [stderr]         |       ^~~~~~~~~~
[INFO] [stderr]   /opt/rustwide/cargo-home/registry/src/index.crates.io-6f17d22bba15001f/assimp-sys-0.3.1/assimp/code/SceneCombiner.cpp:821:29: warning: 'void* memcpy(void*, const void*, size_t)' writing to an object of non-trivially copyable type 'aiVector3D' {aka 'class aiVector3t<float>'}; use copy-assignment or copy-initialization instead [-Wclass-memaccess]
[INFO] [stderr]     821 |                     ::memcpy(pv2b,(*it)->mBitangents,(*it)->mNumVertices*sizeof(aiVector3D));
[INFO] [stderr]         |                     ~~~~~~~~^~~~~~~~~~~~~~~~~~~~~~~~~~~~~~~~~~~~~~~~~~~~~~~~~~~~~~~~~~~~~~~~
[INFO] [stderr]   In file included from /opt/rustwide/cargo-home/registry/src/index.crates.io-6f17d22bba15001f/assimp-sys-0.3.1/assimp/include/assimp/types.h:60,
[INFO] [stderr]                    from /opt/rustwide/cargo-home/registry/src/index.crates.io-6f17d22bba15001f/assimp-sys-0.3.1/assimp/include/assimp/SceneCombiner.h:49,
[INFO] [stderr]                    from /opt/rustwide/cargo-home/registry/src/index.crates.io-6f17d22bba15001f/assimp-sys-0.3.1/assimp/code/SceneCombiner.cpp:54:
[INFO] [stderr]   /opt/rustwide/cargo-home/registry/src/index.crates.io-6f17d22bba15001f/assimp-sys-0.3.1/assimp/include/assimp/vector3.h:65:7: note: 'aiVector3D' {aka 'class aiVector3t<float>'} declared here
[INFO] [stderr]      65 | class aiVector3t
[INFO] [stderr]         |       ^~~~~~~~~~
[INFO] [stderr]   /opt/rustwide/cargo-home/registry/src/index.crates.io-6f17d22bba15001f/assimp-sys-0.3.1/assimp/code/SceneCombiner.cpp:837:29: warning: 'void* memcpy(void*, const void*, size_t)' writing to an object of non-trivially copyable type 'aiVector3D' {aka 'class aiVector3t<float>'}; use copy-assignment or copy-initialization instead [-Wclass-memaccess]
[INFO] [stderr]     837 |                     ::memcpy(pv2,(*it)->mTextureCoords[n],(*it)->mNumVertices*sizeof(aiVector3D));
[INFO] [stderr]         |                     ~~~~~~~~^~~~~~~~~~~~~~~~~~~~~~~~~~~~~~~~~~~~~~~~~~~~~~~~~~~~~~~~~~~~~~~~~~~~~
[INFO] [stderr]   In file included from /opt/rustwide/cargo-home/registry/src/index.crates.io-6f17d22bba15001f/assimp-sys-0.3.1/assimp/include/assimp/types.h:60,
[INFO] [stderr]                    from /opt/rustwide/cargo-home/registry/src/index.crates.io-6f17d22bba15001f/assimp-sys-0.3.1/assimp/include/assimp/SceneCombiner.h:49,
[INFO] [stderr]                    from /opt/rustwide/cargo-home/registry/src/index.crates.io-6f17d22bba15001f/assimp-sys-0.3.1/assimp/code/SceneCombiner.cpp:54:
[INFO] [stderr]   /opt/rustwide/cargo-home/registry/src/index.crates.io-6f17d22bba15001f/assimp-sys-0.3.1/assimp/include/assimp/vector3.h:65:7: note: 'aiVector3D' {aka 'class aiVector3t<float>'} declared here
[INFO] [stderr]      65 | class aiVector3t
[INFO] [stderr]         |       ^~~~~~~~~~
[INFO] [stderr]   /opt/rustwide/cargo-home/registry/src/index.crates.io-6f17d22bba15001f/assimp-sys-0.3.1/assimp/code/SceneCombiner.cpp:851:29: warning: 'void* memcpy(void*, const void*, size_t)' writing to an object of non-trivially copyable type 'aiColor4D' {aka 'class aiColor4t<float>'}; use copy-assignment or copy-initialization instead [-Wclass-memaccess]
[INFO] [stderr]     851 |                     ::memcpy(pv2,(*it)->mColors[n],(*it)->mNumVertices*sizeof(aiColor4D));
[INFO] [stderr]         |                     ~~~~~~~~^~~~~~~~~~~~~~~~~~~~~~~~~~~~~~~~~~~~~~~~~~~~~~~~~~~~~~~~~~~~~
[INFO] [stderr]   In file included from /opt/rustwide/cargo-home/registry/src/index.crates.io-6f17d22bba15001f/assimp-sys-0.3.1/assimp/include/assimp/types.h:62,
[INFO] [stderr]                    from /opt/rustwide/cargo-home/registry/src/index.crates.io-6f17d22bba15001f/assimp-sys-0.3.1/assimp/include/assimp/SceneCombiner.h:49,
[INFO] [stderr]                    from /opt/rustwide/cargo-home/registry/src/index.crates.io-6f17d22bba15001f/assimp-sys-0.3.1/assimp/code/SceneCombiner.cpp:54:
[INFO] [stderr]   /opt/rustwide/cargo-home/registry/src/index.crates.io-6f17d22bba15001f/assimp-sys-0.3.1/assimp/include/assimp/color4.h:58:7: note: 'aiColor4D' {aka 'class aiColor4t<float>'} declared here
[INFO] [stderr]      58 | class aiColor4t
[INFO] [stderr]         |       ^~~~~~~~~
[INFO] [stderr]   /opt/rustwide/cargo-home/registry/src/index.crates.io-6f17d22bba15001f/assimp-sys-0.3.1/assimp/code/SceneCombiner.cpp: In static member function 'static void Assimp::SceneCombiner::CopySceneFlat(aiScene**, const aiScene*)':
[INFO] [stderr]   /opt/rustwide/cargo-home/registry/src/index.crates.io-6f17d22bba15001f/assimp-sys-0.3.1/assimp/code/SceneCombiner.cpp:982:13: warning: 'void* memcpy(void*, const void*, size_t)' writing to an object of non-trivially copyable type 'struct aiScene'; use copy-assignment or copy-initialization instead [-Wclass-memaccess]
[INFO] [stderr]     982 |     ::memcpy(*_dest,src,sizeof(aiScene));
[INFO] [stderr]         |     ~~~~~~~~^~~~~~~~~~~~~~~~~~~~~~~~~~~~
[INFO] [stderr]   In file included from /opt/rustwide/cargo-home/registry/src/index.crates.io-6f17d22bba15001f/assimp-sys-0.3.1/assimp/code/SceneCombiner.cpp:60:
[INFO] [stderr]   /opt/rustwide/cargo-home/registry/src/index.crates.io-6f17d22bba15001f/assimp-sys-0.3.1/assimp/include/assimp/scene.h:232:8: note: 'struct aiScene' declared here
[INFO] [stderr]     232 | struct aiScene
[INFO] [stderr]         |        ^~~~~~~
[INFO] [stderr]   /opt/rustwide/cargo-home/registry/src/index.crates.io-6f17d22bba15001f/assimp-sys-0.3.1/assimp/code/SceneCombiner.cpp: In static member function 'static void Assimp::SceneCombiner::Copy(aiMesh**, const aiMesh*)':
[INFO] [stderr]   /opt/rustwide/cargo-home/registry/src/index.crates.io-6f17d22bba15001f/assimp-sys-0.3.1/assimp/code/SceneCombiner.cpp:1046:13: warning: 'void* memcpy(void*, const void*, size_t)' writing to an object of non-trivially copyable type 'struct aiMesh'; use copy-assignment or copy-initialization instead [-Wclass-memaccess]
[INFO] [stderr]    1046 |     ::memcpy(dest,src,sizeof(aiMesh));
[INFO] [stderr]         |     ~~~~~~~~^~~~~~~~~~~~~~~~~~~~~~~~~
[INFO] [stderr]   In file included from /opt/rustwide/cargo-home/registry/src/index.crates.io-6f17d22bba15001f/assimp-sys-0.3.1/assimp/include/assimp/scene.h:52,
[INFO] [stderr]                    from /opt/rustwide/cargo-home/registry/src/index.crates.io-6f17d22bba15001f/assimp-sys-0.3.1/assimp/code/SceneCombiner.cpp:60:
[INFO] [stderr]   /opt/rustwide/cargo-home/registry/src/index.crates.io-6f17d22bba15001f/assimp-sys-0.3.1/assimp/include/assimp/mesh.h:496:8: note: 'struct aiMesh' declared here
[INFO] [stderr]     496 | struct aiMesh
[INFO] [stderr]         |        ^~~~~~
[INFO] [stderr]   /opt/rustwide/cargo-home/registry/src/index.crates.io-6f17d22bba15001f/assimp-sys-0.3.1/assimp/code/SceneCombiner.cpp: In static member function 'static void Assimp::SceneCombiner::Copy(aiTexture**, const aiTexture*)':
[INFO] [stderr]   /opt/rustwide/cargo-home/registry/src/index.crates.io-6f17d22bba15001f/assimp-sys-0.3.1/assimp/code/SceneCombiner.cpp:1112:13: warning: 'void* memcpy(void*, const void*, size_t)' writing to an object of non-trivially copyable type 'struct aiTexture'; use copy-assignment or copy-initialization instead [-Wclass-memaccess]
[INFO] [stderr]    1112 |     ::memcpy(dest,src,sizeof(aiTexture));
[INFO] [stderr]         |     ~~~~~~~~^~~~~~~~~~~~~~~~~~~~~~~~~~~~
[INFO] [stderr]   In file included from /opt/rustwide/cargo-home/registry/src/index.crates.io-6f17d22bba15001f/assimp-sys-0.3.1/assimp/include/assimp/scene.h:51,
[INFO] [stderr]                    from /opt/rustwide/cargo-home/registry/src/index.crates.io-6f17d22bba15001f/assimp-sys-0.3.1/assimp/code/SceneCombiner.cpp:60:
[INFO] [stderr]   /opt/rustwide/cargo-home/registry/src/index.crates.io-6f17d22bba15001f/assimp-sys-0.3.1/assimp/include/assimp/texture.h:133:8: note: 'struct aiTexture' declared here
[INFO] [stderr]     133 | struct aiTexture
[INFO] [stderr]         |        ^~~~~~~~~
[INFO] [stderr]   /opt/rustwide/cargo-home/registry/src/index.crates.io-6f17d22bba15001f/assimp-sys-0.3.1/assimp/code/SceneCombiner.cpp: In static member function 'static void Assimp::SceneCombiner::Copy(aiAnimation**, const aiAnimation*)':
[INFO] [stderr]   /opt/rustwide/cargo-home/registry/src/index.crates.io-6f17d22bba15001f/assimp-sys-0.3.1/assimp/code/SceneCombiner.cpp:1142:13: warning: 'void* memcpy(void*, const void*, size_t)' writing to an object of non-trivially copyable type 'struct aiAnimation'; use copy-assignment or copy-initialization instead [-Wclass-memaccess]
[INFO] [stderr]    1142 |     ::memcpy(dest,src,sizeof(aiAnimation));
[INFO] [stderr]         |     ~~~~~~~~^~~~~~~~~~~~~~~~~~~~~~~~~~~~~~
[INFO] [stderr]   In file included from /opt/rustwide/cargo-home/registry/src/index.crates.io-6f17d22bba15001f/assimp-sys-0.3.1/assimp/include/assimp/scene.h:56,
[INFO] [stderr]                    from /opt/rustwide/cargo-home/registry/src/index.crates.io-6f17d22bba15001f/assimp-sys-0.3.1/assimp/code/SceneCombiner.cpp:60:
[INFO] [stderr]   /opt/rustwide/cargo-home/registry/src/index.crates.io-6f17d22bba15001f/assimp-sys-0.3.1/assimp/include/assimp/anim.h:411:8: note: 'struct aiAnimation' declared here
[INFO] [stderr]     411 | struct aiAnimation {
[INFO] [stderr]         |        ^~~~~~~~~~~
[INFO] [stderr]   /opt/rustwide/cargo-home/registry/src/index.crates.io-6f17d22bba15001f/assimp-sys-0.3.1/assimp/code/SceneCombiner.cpp: In static member function 'static void Assimp::SceneCombiner::Copy(aiNodeAnim**, const aiNodeAnim*)':
[INFO] [stderr]   /opt/rustwide/cargo-home/registry/src/index.crates.io-6f17d22bba15001f/assimp-sys-0.3.1/assimp/code/SceneCombiner.cpp:1156:13: warning: 'void* memcpy(void*, const void*, size_t)' writing to an object of non-trivially copyable type 'struct aiNodeAnim'; use copy-assignment or copy-initialization instead [-Wclass-memaccess]
[INFO] [stderr]    1156 |     ::memcpy(dest,src,sizeof(aiNodeAnim));
[INFO] [stderr]         |     ~~~~~~~~^~~~~~~~~~~~~~~~~~~~~~~~~~~~~
[INFO] [stderr]   In file included from /opt/rustwide/cargo-home/registry/src/index.crates.io-6f17d22bba15001f/assimp-sys-0.3.1/assimp/include/assimp/scene.h:56,
[INFO] [stderr]                    from /opt/rustwide/cargo-home/registry/src/index.crates.io-6f17d22bba15001f/assimp-sys-0.3.1/assimp/code/SceneCombiner.cpp:60:
[INFO] [stderr]   /opt/rustwide/cargo-home/registry/src/index.crates.io-6f17d22bba15001f/assimp-sys-0.3.1/assimp/include/assimp/anim.h:271:8: note: 'struct aiNodeAnim' declared here
[INFO] [stderr]     271 | struct aiNodeAnim {
[INFO] [stderr]         |        ^~~~~~~~~~
[INFO] [stderr]   /opt/rustwide/cargo-home/registry/src/index.crates.io-6f17d22bba15001f/assimp-sys-0.3.1/assimp/code/SceneCombiner.cpp: In static member function 'static void Assimp::SceneCombiner::Copy(aiCamera**, const aiCamera*)':
[INFO] [stderr]   /opt/rustwide/cargo-home/registry/src/index.crates.io-6f17d22bba15001f/assimp-sys-0.3.1/assimp/code/SceneCombiner.cpp:1172:13: warning: 'void* memcpy(void*, const void*, size_t)' writing to an object of non-trivially copyable type 'struct aiCamera'; use copy-assignment or copy-initialization instead [-Wclass-memaccess]
[INFO] [stderr]    1172 |     ::memcpy(dest,src,sizeof(aiCamera));
[INFO] [stderr]         |     ~~~~~~~~^~~~~~~~~~~~~~~~~~~~~~~~~~~
[INFO] [stderr]   In file included from /opt/rustwide/cargo-home/registry/src/index.crates.io-6f17d22bba15001f/assimp-sys-0.3.1/assimp/include/assimp/scene.h:54,
[INFO] [stderr]                    from /opt/rustwide/cargo-home/registry/src/index.crates.io-6f17d22bba15001f/assimp-sys-0.3.1/assimp/code/SceneCombiner.cpp:60:
[INFO] [stderr]   /opt/rustwide/cargo-home/registry/src/index.crates.io-6f17d22bba15001f/assimp-sys-0.3.1/assimp/include/assimp/camera.h:100:8: note: 'struct aiCamera' declared here
[INFO] [stderr]     100 | struct aiCamera
[INFO] [stderr]         |        ^~~~~~~~
[INFO] [stderr]   /opt/rustwide/cargo-home/registry/src/index.crates.io-6f17d22bba15001f/assimp-sys-0.3.1/assimp/code/SceneCombiner.cpp: In static member function 'static void Assimp::SceneCombiner::Copy(aiLight**, const aiLight*)':
[INFO] [stderr]   /opt/rustwide/cargo-home/registry/src/index.crates.io-6f17d22bba15001f/assimp-sys-0.3.1/assimp/code/SceneCombiner.cpp:1183:13: warning: 'void* memcpy(void*, const void*, size_t)' writing to an object of non-trivially copyable type 'struct aiLight'; use copy-assignment or copy-initialization instead [-Wclass-memaccess]
[INFO] [stderr]    1183 |     ::memcpy(dest,src,sizeof(aiLight));
[INFO] [stderr]         |     ~~~~~~~~^~~~~~~~~~~~~~~~~~~~~~~~~~
[INFO] [stderr]   In file included from /opt/rustwide/cargo-home/registry/src/index.crates.io-6f17d22bba15001f/assimp-sys-0.3.1/assimp/include/assimp/scene.h:53,
[INFO] [stderr]                    from /opt/rustwide/cargo-home/registry/src/index.crates.io-6f17d22bba15001f/assimp-sys-0.3.1/assimp/code/SceneCombiner.cpp:60:
[INFO] [stderr]   /opt/rustwide/cargo-home/registry/src/index.crates.io-6f17d22bba15001f/assimp-sys-0.3.1/assimp/include/assimp/light.h:113:8: note: 'struct aiLight' declared here
[INFO] [stderr]     113 | struct aiLight
[INFO] [stderr]         |        ^~~~~~~
[INFO] [stderr]   /opt/rustwide/cargo-home/registry/src/index.crates.io-6f17d22bba15001f/assimp-sys-0.3.1/assimp/code/SceneCombiner.cpp: In static member function 'static void Assimp::SceneCombiner::Copy(aiBone**, const aiBone*)':
[INFO] [stderr]   /opt/rustwide/cargo-home/registry/src/index.crates.io-6f17d22bba15001f/assimp-sys-0.3.1/assimp/code/SceneCombiner.cpp:1194:13: warning: 'void* memcpy(void*, const void*, size_t)' writing to an object of non-trivially copyable type 'struct aiBone'; use copy-assignment or copy-initialization instead [-Wclass-memaccess]
[INFO] [stderr]    1194 |     ::memcpy(dest,src,sizeof(aiBone));
[INFO] [stderr]         |     ~~~~~~~~^~~~~~~~~~~~~~~~~~~~~~~~~
[INFO] [stderr]   In file included from /opt/rustwide/cargo-home/registry/src/index.crates.io-6f17d22bba15001f/assimp-sys-0.3.1/assimp/include/assimp/scene.h:52,
[INFO] [stderr]                    from /opt/rustwide/cargo-home/registry/src/index.crates.io-6f17d22bba15001f/assimp-sys-0.3.1/assimp/code/SceneCombiner.cpp:60:
[INFO] [stderr]   /opt/rustwide/cargo-home/registry/src/index.crates.io-6f17d22bba15001f/assimp-sys-0.3.1/assimp/include/assimp/mesh.h:234:8: note: 'struct aiBone' declared here
[INFO] [stderr]     234 | struct aiBone
[INFO] [stderr]         |        ^~~~~~
[INFO] [stderr]   /opt/rustwide/cargo-home/registry/src/index.crates.io-6f17d22bba15001f/assimp-sys-0.3.1/assimp/code/SceneCombiner.cpp: In static member function 'static void Assimp::SceneCombiner::Copy(aiNode**, const aiNode*)':
[INFO] [stderr]   /opt/rustwide/cargo-home/registry/src/index.crates.io-6f17d22bba15001f/assimp-sys-0.3.1/assimp/code/SceneCombiner.cpp:1208:13: warning: 'void* memcpy(void*, const void*, size_t)' writing to an object of non-trivially copyable type 'struct aiNode'; use copy-assignment or copy-initialization instead [-Wclass-memaccess]
[INFO] [stderr]    1208 |     ::memcpy(dest,src,sizeof(aiNode));
[INFO] [stderr]         |     ~~~~~~~~^~~~~~~~~~~~~~~~~~~~~~~~~
[INFO] [stderr]   In file included from /opt/rustwide/cargo-home/registry/src/index.crates.io-6f17d22bba15001f/assimp-sys-0.3.1/assimp/code/SceneCombiner.cpp:60:
[INFO] [stderr]   /opt/rustwide/cargo-home/registry/src/index.crates.io-6f17d22bba15001f/assimp-sys-0.3.1/assimp/include/assimp/scene.h:73:19: note: 'struct aiNode' declared here
[INFO] [stderr]      73 | struct ASSIMP_API aiNode
[INFO] [stderr]         |                   ^~~~~~
[INFO] [stderr]   /opt/rustwide/cargo-home/registry/src/index.crates.io-6f17d22bba15001f/assimp-sys-0.3.1/assimp/code/SceneCombiner.cpp: In instantiation of 'void Assimp::GetArrayCopy(Type*&, ai_uint) [with Type = aiVector3t<float>; ai_uint = unsigned int]':
[INFO] [stderr]   /opt/rustwide/cargo-home/registry/src/index.crates.io-6f17d22bba15001f/assimp-sys-0.3.1/assimp/code/SceneCombiner.cpp:1049:17:   required from here
[INFO] [stderr]   /opt/rustwide/cargo-home/registry/src/index.crates.io-6f17d22bba15001f/assimp-sys-0.3.1/assimp/code/SceneCombiner.cpp:969:13: warning: 'void* memcpy(void*, const void*, size_t)' writing to an object of non-trivially copyable type 'class aiVector3t<float>'; use copy-assignment or copy-initialization instead [-Wclass-memaccess]
[INFO] [stderr]     969 |     ::memcpy(dest, old, sizeof(Type) * num);
[INFO] [stderr]         |     ~~~~~~~~^~~~~~~~~~~~~~~~~~~~~~~~~~~~~~~
[INFO] [stderr]   In file included from /opt/rustwide/cargo-home/registry/src/index.crates.io-6f17d22bba15001f/assimp-sys-0.3.1/assimp/include/assimp/types.h:60,
[INFO] [stderr]                    from /opt/rustwide/cargo-home/registry/src/index.crates.io-6f17d22bba15001f/assimp-sys-0.3.1/assimp/include/assimp/SceneCombiner.h:49,
[INFO] [stderr]                    from /opt/rustwide/cargo-home/registry/src/index.crates.io-6f17d22bba15001f/assimp-sys-0.3.1/assimp/code/SceneCombiner.cpp:54:
[INFO] [stderr]   /opt/rustwide/cargo-home/registry/src/index.crates.io-6f17d22bba15001f/assimp-sys-0.3.1/assimp/include/assimp/vector3.h:65:7: note: 'class aiVector3t<float>' declared here
[INFO] [stderr]      65 | class aiVector3t
[INFO] [stderr]         |       ^~~~~~~~~~
[INFO] [stderr]   /opt/rustwide/cargo-home/registry/src/index.crates.io-6f17d22bba15001f/assimp-sys-0.3.1/assimp/code/SceneCombiner.cpp: In instantiation of 'void Assimp::GetArrayCopy(Type*&, ai_uint) [with Type = aiColor4t<float>; ai_uint = unsigned int]':
[INFO] [stderr]   /opt/rustwide/cargo-home/registry/src/index.crates.io-6f17d22bba15001f/assimp-sys-0.3.1/assimp/code/SceneCombiner.cpp:1060:21:   required from here
[INFO] [stderr]   /opt/rustwide/cargo-home/registry/src/index.crates.io-6f17d22bba15001f/assimp-sys-0.3.1/assimp/code/SceneCombiner.cpp:969:13: warning: 'void* memcpy(void*, const void*, size_t)' writing to an object of non-trivially copyable type 'class aiColor4t<float>'; use copy-assignment or copy-initialization instead [-Wclass-memaccess]
[INFO] [stderr]     969 |     ::memcpy(dest, old, sizeof(Type) * num);
[INFO] [stderr]         |     ~~~~~~~~^~~~~~~~~~~~~~~~~~~~~~~~~~~~~~~
[INFO] [stderr]   In file included from /opt/rustwide/cargo-home/registry/src/index.crates.io-6f17d22bba15001f/assimp-sys-0.3.1/assimp/include/assimp/types.h:62,
[INFO] [stderr]                    from /opt/rustwide/cargo-home/registry/src/index.crates.io-6f17d22bba15001f/assimp-sys-0.3.1/assimp/include/assimp/SceneCombiner.h:49,
[INFO] [stderr]                    from /opt/rustwide/cargo-home/registry/src/index.crates.io-6f17d22bba15001f/assimp-sys-0.3.1/assimp/code/SceneCombiner.cpp:54:
[INFO] [stderr]   /opt/rustwide/cargo-home/registry/src/index.crates.io-6f17d22bba15001f/assimp-sys-0.3.1/assimp/include/assimp/color4.h:58:7: note: 'class aiColor4t<float>' declared here
[INFO] [stderr]      58 | class aiColor4t
[INFO] [stderr]         |       ^~~~~~~~~
[INFO] [stderr]   /opt/rustwide/cargo-home/registry/src/index.crates.io-6f17d22bba15001f/assimp-sys-0.3.1/assimp/code/SceneCombiner.cpp: In instantiation of 'void Assimp::GetArrayCopy(Type*&, ai_uint) [with Type = aiFace; ai_uint = unsigned int]':
[INFO] [stderr]   /opt/rustwide/cargo-home/registry/src/index.crates.io-6f17d22bba15001f/assimp-sys-0.3.1/assimp/code/SceneCombiner.cpp:1066:17:   required from here
[INFO] [stderr]   /opt/rustwide/cargo-home/registry/src/index.crates.io-6f17d22bba15001f/assimp-sys-0.3.1/assimp/code/SceneCombiner.cpp:969:13: warning: 'void* memcpy(void*, const void*, size_t)' writing to an object of type 'struct aiFace' with no trivial copy-assignment; use copy-assignment or copy-initialization instead [-Wclass-memaccess]
[INFO] [stderr]     969 |     ::memcpy(dest, old, sizeof(Type) * num);
[INFO] [stderr]         |     ~~~~~~~~^~~~~~~~~~~~~~~~~~~~~~~~~~~~~~~
[INFO] [stderr]   In file included from /opt/rustwide/cargo-home/registry/src/index.crates.io-6f17d22bba15001f/assimp-sys-0.3.1/assimp/include/assimp/scene.h:52,
[INFO] [stderr]                    from /opt/rustwide/cargo-home/registry/src/index.crates.io-6f17d22bba15001f/assimp-sys-0.3.1/assimp/code/SceneCombiner.cpp:60:
[INFO] [stderr]   /opt/rustwide/cargo-home/registry/src/index.crates.io-6f17d22bba15001f/assimp-sys-0.3.1/assimp/include/assimp/mesh.h:126:8: note: 'struct aiFace' declared here
[INFO] [stderr]     126 | struct aiFace
[INFO] [stderr]         |        ^~~~~~
[INFO] [stderr]   /opt/rustwide/cargo-home/registry/src/index.crates.io-6f17d22bba15001f/assimp-sys-0.3.1/assimp/code/SceneCombiner.cpp: In instantiation of 'void Assimp::GetArrayCopy(Type*&, ai_uint) [with Type = aiVectorKey; ai_uint = unsigned int]':
[INFO] [stderr]   /opt/rustwide/cargo-home/registry/src/index.crates.io-6f17d22bba15001f/assimp-sys-0.3.1/assimp/code/SceneCombiner.cpp:1159:17:   required from here
[INFO] [stderr]   /opt/rustwide/cargo-home/registry/src/index.crates.io-6f17d22bba15001f/assimp-sys-0.3.1/assimp/code/SceneCombiner.cpp:969:13: warning: 'void* memcpy(void*, const void*, size_t)' writing to an object of non-trivially copyable type 'struct aiVectorKey'; use copy-assignment or copy-initialization instead [-Wclass-memaccess]
[INFO] [stderr]     969 |     ::memcpy(dest, old, sizeof(Type) * num);
[INFO] [stderr]         |     ~~~~~~~~^~~~~~~~~~~~~~~~~~~~~~~~~~~~~~~
[INFO] [stderr]   In file included from /opt/rustwide/cargo-home/registry/src/index.crates.io-6f17d22bba15001f/assimp-sys-0.3.1/assimp/include/assimp/scene.h:56,
[INFO] [stderr]                    from /opt/rustwide/cargo-home/registry/src/index.crates.io-6f17d22bba15001f/assimp-sys-0.3.1/assimp/code/SceneCombiner.cpp:60:
[INFO] [stderr]   /opt/rustwide/cargo-home/registry/src/index.crates.io-6f17d22bba15001f/assimp-sys-0.3.1/assimp/include/assimp/anim.h:61:8: note: 'struct aiVectorKey' declared here
[INFO] [stderr]      61 | struct aiVectorKey
[INFO] [stderr]         |        ^~~~~~~~~~~
[INFO] [stderr]   /opt/rustwide/cargo-home/registry/src/index.crates.io-6f17d22bba15001f/assimp-sys-0.3.1/assimp/code/StandardShapes.cpp: In static member function 'static aiMesh* Assimp::StandardShapes::MakeMesh(const std::vector<aiVector3t<float> >&, unsigned int)':
[INFO] [stderr]   /opt/rustwide/cargo-home/registry/src/index.crates.io-6f17d22bba15001f/assimp-sys-0.3.1/assimp/code/StandardShapes.cpp:157:13: warning: 'void* memcpy(void*, const void*, size_t)' writing to an object of non-trivially copyable type 'aiVector3D' {aka 'class aiVector3t<float>'}; use copy-assignment or copy-initialization instead [-Wclass-memaccess]
[INFO] [stderr]     157 |     ::memcpy(out->mVertices,&positions[0],out->mNumVertices*sizeof(aiVector3D));
[INFO] [stderr]         |     ~~~~~~~~^~~~~~~~~~~~~~~~~~~~~~~~~~~~~~~~~~~~~~~~~~~~~~~~~~~~~~~~~~~~~~~~~~~
[INFO] [stderr]   In file included from /opt/rustwide/cargo-home/registry/src/index.crates.io-6f17d22bba15001f/assimp-sys-0.3.1/assimp/code/StandardShapes.h:48,
[INFO] [stderr]                    from /opt/rustwide/cargo-home/registry/src/index.crates.io-6f17d22bba15001f/assimp-sys-0.3.1/assimp/code/StandardShapes.cpp:49:
[INFO] [stderr]   /opt/rustwide/cargo-home/registry/src/index.crates.io-6f17d22bba15001f/assimp-sys-0.3.1/assimp/include/assimp/vector3.h:65:7: note: 'aiVector3D' {aka 'class aiVector3t<float>'} declared here
[INFO] [stderr]      65 | class aiVector3t
[INFO] [stderr]         |       ^~~~~~~~~~
[INFO] [stderr]   /opt/rustwide/cargo-home/registry/src/index.crates.io-6f17d22bba15001f/assimp-sys-0.3.1/assimp/code/CreateAnimMesh.cpp: In function 'aiAnimMesh* Assimp::aiCreateAnimMesh(const aiMesh*)':
[INFO] [stderr]   /opt/rustwide/cargo-home/registry/src/index.crates.io-6f17d22bba15001f/assimp-sys-0.3.1/assimp/code/CreateAnimMesh.cpp:57:20: warning: 'void* memcpy(void*, const void*, size_t)' writing to an object of non-trivially copyable type 'aiVector3D' {aka 'class aiVector3t<float>'}; use copy-assignment or copy-initialization instead [-Wclass-memaccess]
[INFO] [stderr]      57 |         std::memcpy(animesh->mVertices, mesh->mVertices, mesh->mNumVertices * sizeof(aiVector3D));
[INFO] [stderr]         |         ~~~~~~~~~~~^~~~~~~~~~~~~~~~~~~~~~~~~~~~~~~~~~~~~~~~~~~~~~~~~~~~~~~~~~~~~~~~~~~~~~~~~~~~~~
[INFO] [stderr]   In file included from /opt/rustwide/cargo-home/registry/src/index.crates.io-6f17d22bba15001f/assimp-sys-0.3.1/assimp/include/assimp/types.h:60,
[INFO] [stderr]                    from /opt/rustwide/cargo-home/registry/src/index.crates.io-6f17d22bba15001f/assimp-sys-0.3.1/assimp/include/assimp/mesh.h:50,
[INFO] [stderr]                    from /opt/rustwide/cargo-home/registry/src/index.crates.io-6f17d22bba15001f/assimp-sys-0.3.1/assimp/code/CreateAnimMesh.h:48,
[INFO] [stderr]                    from /opt/rustwide/cargo-home/registry/src/index.crates.io-6f17d22bba15001f/assimp-sys-0.3.1/assimp/code/CreateAnimMesh.cpp:43:
[INFO] [stderr]   /opt/rustwide/cargo-home/registry/src/index.crates.io-6f17d22bba15001f/assimp-sys-0.3.1/assimp/include/assimp/vector3.h:65:7: note: 'aiVector3D' {aka 'class aiVector3t<float>'} declared here
[INFO] [stderr]      65 | class aiVector3t
[INFO] [stderr]         |       ^~~~~~~~~~
[INFO] [stderr]   /opt/rustwide/cargo-home/registry/src/index.crates.io-6f17d22bba15001f/assimp-sys-0.3.1/assimp/code/CreateAnimMesh.cpp:61:20: warning: 'void* memcpy(void*, const void*, size_t)' writing to an object of non-trivially copyable type 'aiVector3D' {aka 'class aiVector3t<float>'}; use copy-assignment or copy-initialization instead [-Wclass-memaccess]
[INFO] [stderr]      61 |         std::memcpy(animesh->mNormals, mesh->mNormals, mesh->mNumVertices * sizeof(aiVector3D));
[INFO] [stderr]         |         ~~~~~~~~~~~^~~~~~~~~~~~~~~~~~~~~~~~~~~~~~~~~~~~~~~~~~~~~~~~~~~~~~~~~~~~~~~~~~~~~~~~~~~~
[INFO] [stderr]   In file included from /opt/rustwide/cargo-home/registry/src/index.crates.io-6f17d22bba15001f/assimp-sys-0.3.1/assimp/include/assimp/types.h:60,
[INFO] [stderr]                    from /opt/rustwide/cargo-home/registry/src/index.crates.io-6f17d22bba15001f/assimp-sys-0.3.1/assimp/include/assimp/mesh.h:50,
[INFO] [stderr]                    from /opt/rustwide/cargo-home/registry/src/index.crates.io-6f17d22bba15001f/assimp-sys-0.3.1/assimp/code/CreateAnimMesh.h:48,
[INFO] [stderr]                    from /opt/rustwide/cargo-home/registry/src/index.crates.io-6f17d22bba15001f/assimp-sys-0.3.1/assimp/code/CreateAnimMesh.cpp:43:
[INFO] [stderr]   /opt/rustwide/cargo-home/registry/src/index.crates.io-6f17d22bba15001f/assimp-sys-0.3.1/assimp/include/assimp/vector3.h:65:7: note: 'aiVector3D' {aka 'class aiVector3t<float>'} declared here
[INFO] [stderr]      65 | class aiVector3t
[INFO] [stderr]         |       ^~~~~~~~~~
[INFO] [stderr]   /opt/rustwide/cargo-home/registry/src/index.crates.io-6f17d22bba15001f/assimp-sys-0.3.1/assimp/code/CreateAnimMesh.cpp:65:20: warning: 'void* memcpy(void*, const void*, size_t)' writing to an object of non-trivially copyable type 'aiVector3D' {aka 'class aiVector3t<float>'}; use copy-assignment or copy-initialization instead [-Wclass-memaccess]
[INFO] [stderr]      65 |         std::memcpy(animesh->mTangents, mesh->mTangents, mesh->mNumVertices * sizeof(aiVector3D));
[INFO] [stderr]         |         ~~~~~~~~~~~^~~~~~~~~~~~~~~~~~~~~~~~~~~~~~~~~~~~~~~~~~~~~~~~~~~~~~~~~~~~~~~~~~~~~~~~~~~~~~
[INFO] [stderr]   In file included from /opt/rustwide/cargo-home/registry/src/index.crates.io-6f17d22bba15001f/assimp-sys-0.3.1/assimp/include/assimp/types.h:60,
[INFO] [stderr]                    from /opt/rustwide/cargo-home/registry/src/index.crates.io-6f17d22bba15001f/assimp-sys-0.3.1/assimp/include/assimp/mesh.h:50,
[INFO] [stderr]                    from /opt/rustwide/cargo-home/registry/src/index.crates.io-6f17d22bba15001f/assimp-sys-0.3.1/assimp/code/CreateAnimMesh.h:48,
[INFO] [stderr]                    from /opt/rustwide/cargo-home/registry/src/index.crates.io-6f17d22bba15001f/assimp-sys-0.3.1/assimp/code/CreateAnimMesh.cpp:43:
[INFO] [stderr]   /opt/rustwide/cargo-home/registry/src/index.crates.io-6f17d22bba15001f/assimp-sys-0.3.1/assimp/include/assimp/vector3.h:65:7: note: 'aiVector3D' {aka 'class aiVector3t<float>'} declared here
[INFO] [stderr]      65 | class aiVector3t
[INFO] [stderr]         |       ^~~~~~~~~~
[INFO] [stderr]   /opt/rustwide/cargo-home/registry/src/index.crates.io-6f17d22bba15001f/assimp-sys-0.3.1/assimp/code/CreateAnimMesh.cpp:69:20: warning: 'void* memcpy(void*, const void*, size_t)' writing to an object of non-trivially copyable type 'aiVector3D' {aka 'class aiVector3t<float>'}; use copy-assignment or copy-initialization instead [-Wclass-memaccess]
[INFO] [stderr]      69 |         std::memcpy(animesh->mBitangents, mesh->mBitangents, mesh->mNumVertices * sizeof(aiVector3D));
[INFO] [stderr]         |         ~~~~~~~~~~~^~~~~~~~~~~~~~~~~~~~~~~~~~~~~~~~~~~~~~~~~~~~~~~~~~~~~~~~~~~~~~~~~~~~~~~~~~~~~~~~~~
[INFO] [stderr]   In file included from /opt/rustwide/cargo-home/registry/src/index.crates.io-6f17d22bba15001f/assimp-sys-0.3.1/assimp/include/assimp/types.h:60,
[INFO] [stderr]                    from /opt/rustwide/cargo-home/registry/src/index.crates.io-6f17d22bba15001f/assimp-sys-0.3.1/assimp/include/assimp/mesh.h:50,
[INFO] [stderr]                    from /opt/rustwide/cargo-home/registry/src/index.crates.io-6f17d22bba15001f/assimp-sys-0.3.1/assimp/code/CreateAnimMesh.h:48,
[INFO] [stderr]                    from /opt/rustwide/cargo-home/registry/src/index.crates.io-6f17d22bba15001f/assimp-sys-0.3.1/assimp/code/CreateAnimMesh.cpp:43:
[INFO] [stderr]   /opt/rustwide/cargo-home/registry/src/index.crates.io-6f17d22bba15001f/assimp-sys-0.3.1/assimp/include/assimp/vector3.h:65:7: note: 'aiVector3D' {aka 'class aiVector3t<float>'} declared here
[INFO] [stderr]      65 | class aiVector3t
[INFO] [stderr]         |       ^~~~~~~~~~
[INFO] [stderr]   /opt/rustwide/cargo-home/registry/src/index.crates.io-6f17d22bba15001f/assimp-sys-0.3.1/assimp/code/CreateAnimMesh.cpp:75:24: warning: 'void* memcpy(void*, const void*, size_t)' writing to an object of non-trivially copyable type 'aiColor4D' {aka 'class aiColor4t<float>'}; use copy-assignment or copy-initialization instead [-Wclass-memaccess]
[INFO] [stderr]      75 |             std::memcpy(animesh->mColors[i], mesh->mColors[i], mesh->mNumVertices * sizeof(aiColor4D));
[INFO] [stderr]         |             ~~~~~~~~~~~^~~~~~~~~~~~~~~~~~~~~~~~~~~~~~~~~~~~~~~~~~~~~~~~~~~~~~~~~~~~~~~~~~~~~~~~~~~~~~~
[INFO] [stderr]   In file included from /opt/rustwide/cargo-home/registry/src/index.crates.io-6f17d22bba15001f/assimp-sys-0.3.1/assimp/include/assimp/types.h:62,
[INFO] [stderr]                    from /opt/rustwide/cargo-home/registry/src/index.crates.io-6f17d22bba15001f/assimp-sys-0.3.1/assimp/include/assimp/mesh.h:50,
[INFO] [stderr]                    from /opt/rustwide/cargo-home/registry/src/index.crates.io-6f17d22bba15001f/assimp-sys-0.3.1/assimp/code/CreateAnimMesh.h:48,
[INFO] [stderr]                    from /opt/rustwide/cargo-home/registry/src/index.crates.io-6f17d22bba15001f/assimp-sys-0.3.1/assimp/code/CreateAnimMesh.cpp:43:
[INFO] [stderr]   /opt/rustwide/cargo-home/registry/src/index.crates.io-6f17d22bba15001f/assimp-sys-0.3.1/assimp/include/assimp/color4.h:58:7: note: 'aiColor4D' {aka 'class aiColor4t<float>'} declared here
[INFO] [stderr]      58 | class aiColor4t
[INFO] [stderr]         |       ^~~~~~~~~
[INFO] [stderr]   /opt/rustwide/cargo-home/registry/src/index.crates.io-6f17d22bba15001f/assimp-sys-0.3.1/assimp/code/CreateAnimMesh.cpp:84:24: warning: 'void* memcpy(void*, const void*, size_t)' writing to an object of non-trivially copyable type 'aiVector3D' {aka 'class aiVector3t<float>'}; use copy-assignment or copy-initialization instead [-Wclass-memaccess]
[INFO] [stderr]      84 |             std::memcpy(animesh->mTextureCoords[i], mesh->mTextureCoords[i], mesh->mNumVertices * sizeof(aiVector3D));
[INFO] [stderr]         |             ~~~~~~~~~~~^~~~~~~~~~~~~~~~~~~~~~~~~~~~~~~~~~~~~~~~~~~~~~~~~~~~~~~~~~~~~~~~~~~~~~~~~~~~~~~~~~~~~~~~~~~~~~
[INFO] [stderr]   In file included from /opt/rustwide/cargo-home/registry/src/index.crates.io-6f17d22bba15001f/assimp-sys-0.3.1/assimp/include/assimp/types.h:60,
[INFO] [stderr]                    from /opt/rustwide/cargo-home/registry/src/index.crates.io-6f17d22bba15001f/assimp-sys-0.3.1/assimp/include/assimp/mesh.h:50,
[INFO] [stderr]                    from /opt/rustwide/cargo-home/registry/src/index.crates.io-6f17d22bba15001f/assimp-sys-0.3.1/assimp/code/CreateAnimMesh.h:48,
[INFO] [stderr]                    from /opt/rustwide/cargo-home/registry/src/index.crates.io-6f17d22bba15001f/assimp-sys-0.3.1/assimp/code/CreateAnimMesh.cpp:43:
[INFO] [stderr]   /opt/rustwide/cargo-home/registry/src/index.crates.io-6f17d22bba15001f/assimp-sys-0.3.1/assimp/include/assimp/vector3.h:65:7: note: 'aiVector3D' {aka 'class aiVector3t<float>'} declared here
[INFO] [stderr]      65 | class aiVector3t
[INFO] [stderr]         |       ^~~~~~~~~~
[INFO] [stderr]   /opt/rustwide/cargo-home/registry/src/index.crates.io-6f17d22bba15001f/assimp-sys-0.3.1/assimp/code/DefaultLogger.cpp: In member function 'virtual void Assimp::DefaultLogger::OnDebug(const char*)':
[INFO] [stderr]   /opt/rustwide/cargo-home/registry/src/index.crates.io-6f17d22bba15001f/assimp-sys-0.3.1/assimp/code/DefaultLogger.cpp:256:5: warning: this 'if' clause does not guard... [-Wmisleading-indentation]
[INFO] [stderr]     256 |     if ( m_Severity == Logger::NORMAL )
[INFO] [stderr]         |     ^~
[INFO] [stderr]   /opt/rustwide/cargo-home/registry/src/index.crates.io-6f17d22bba15001f/assimp-sys-0.3.1/assimp/code/DefaultLogger.cpp:259:9: note: ...this statement, but the latter is misleadingly indented as if it were guarded by the 'if'
[INFO] [stderr]     259 |         static const size_t Size = MAX_LOG_MESSAGE_LENGTH + 16;
[INFO] [stderr]         |         ^~~~~~
[INFO] [stderr]   /opt/rustwide/cargo-home/registry/src/index.crates.io-6f17d22bba15001f/assimp-sys-0.3.1/assimp/code/PretransformVertices.cpp: In member function 'void Assimp::PretransformVertices::CollectData(aiScene*, aiNode*, unsigned int, unsigned int, aiMesh*, unsigned int*, unsigned int*)':
[INFO] [stderr]   /opt/rustwide/cargo-home/registry/src/index.crates.io-6f17d22bba15001f/assimp-sys-0.3.1/assimp/code/PretransformVertices.cpp:166:25: warning: 'void* memcpy(void*, const void*, size_t)' writing to an object of non-trivially copyable type 'aiVector3D' {aka 'class aiVector3t<float>'}; use copy-assignment or copy-initialization instead [-Wclass-memaccess]
[INFO] [stderr]     166 |                 ::memcpy(pcMeshOut->mVertices + aiCurrent[AI_PTVS_VERTEX],
[INFO] [stderr]         |                 ~~~~~~~~^~~~~~~~~~~~~~~~~~~~~~~~~~~~~~~~~~~~~~~~~~~~~~~~~~
[INFO] [stderr]     167 |                     pcMesh->mVertices,
[INFO] [stderr]         |                     ~~~~~~~~~~~~~~~~~~
[INFO] [stderr]     168 |                     pcMesh->mNumVertices * sizeof(aiVector3D));
[INFO] [stderr]         |                     ~~~~~~~~~~~~~~~~~~~~~~~~~~~~~~~~~~~~~~~~~~
[INFO] [stderr]   In file included from /opt/rustwide/cargo-home/registry/src/index.crates.io-6f17d22bba15001f/assimp-sys-0.3.1/assimp/include/assimp/types.h:60,
[INFO] [stderr]                    from /opt/rustwide/cargo-home/registry/src/index.crates.io-6f17d22bba15001f/assimp-sys-0.3.1/assimp/include/assimp/Importer.hpp:55,
[INFO] [stderr]                    from /opt/rustwide/cargo-home/registry/src/index.crates.io-6f17d22bba15001f/assimp-sys-0.3.1/assimp/code/GenericProperty.h:45,
[INFO] [stderr]                    from /opt/rustwide/cargo-home/registry/src/index.crates.io-6f17d22bba15001f/assimp-sys-0.3.1/assimp/code/BaseProcess.h:47,
[INFO] [stderr]                    from /opt/rustwide/cargo-home/registry/src/index.crates.io-6f17d22bba15001f/assimp-sys-0.3.1/assimp/code/PretransformVertices.h:49,
[INFO] [stderr]                    from /opt/rustwide/cargo-home/registry/src/index.crates.io-6f17d22bba15001f/assimp-sys-0.3.1/assimp/code/PretransformVertices.cpp:48:
[INFO] [stderr]   /opt/rustwide/cargo-home/registry/src/index.crates.io-6f17d22bba15001f/assimp-sys-0.3.1/assimp/include/assimp/vector3.h:65:7: note: 'aiVector3D' {aka 'class aiVector3t<float>'} declared here
[INFO] [stderr]      65 | class aiVector3t
[INFO] [stderr]         |       ^~~~~~~~~~
[INFO] [stderr]   /opt/rustwide/cargo-home/registry/src/index.crates.io-6f17d22bba15001f/assimp-sys-0.3.1/assimp/code/PretransformVertices.cpp:172:29: warning: 'void* memcpy(void*, const void*, size_t)' writing to an object of non-trivially copyable type 'aiVector3D' {aka 'class aiVector3t<float>'}; use copy-assignment or copy-initialization instead [-Wclass-memaccess]
[INFO] [stderr]     172 |                     ::memcpy(pcMeshOut->mNormals + aiCurrent[AI_PTVS_VERTEX],
[INFO] [stderr]         |                     ~~~~~~~~^~~~~~~~~~~~~~~~~~~~~~~~~~~~~~~~~~~~~~~~~~~~~~~~~
[INFO] [stderr]     173 |                         pcMesh->mNormals,
[INFO] [stderr]         |                         ~~~~~~~~~~~~~~~~~
[INFO] [stderr]     174 |                         pcMesh->mNumVertices * sizeof(aiVector3D));
[INFO] [stderr]         |                         ~~~~~~~~~~~~~~~~~~~~~~~~~~~~~~~~~~~~~~~~~~
[INFO] [stderr]   In file included from /opt/rustwide/cargo-home/registry/src/index.crates.io-6f17d22bba15001f/assimp-sys-0.3.1/assimp/include/assimp/types.h:60,
[INFO] [stderr]                    from /opt/rustwide/cargo-home/registry/src/index.crates.io-6f17d22bba15001f/assimp-sys-0.3.1/assimp/include/assimp/Importer.hpp:55,
[INFO] [stderr]                    from /opt/rustwide/cargo-home/registry/src/index.crates.io-6f17d22bba15001f/assimp-sys-0.3.1/assimp/code/GenericProperty.h:45,
[INFO] [stderr]                    from /opt/rustwide/cargo-home/registry/src/index.crates.io-6f17d22bba15001f/assimp-sys-0.3.1/assimp/code/BaseProcess.h:47,
[INFO] [stderr]                    from /opt/rustwide/cargo-home/registry/src/index.crates.io-6f17d22bba15001f/assimp-sys-0.3.1/assimp/code/PretransformVertices.h:49,
[INFO] [stderr]                    from /opt/rustwide/cargo-home/registry/src/index.crates.io-6f17d22bba15001f/assimp-sys-0.3.1/assimp/code/PretransformVertices.cpp:48:
[INFO] [stderr]   /opt/rustwide/cargo-home/registry/src/index.crates.io-6f17d22bba15001f/assimp-sys-0.3.1/assimp/include/assimp/vector3.h:65:7: note: 'aiVector3D' {aka 'class aiVector3t<float>'} declared here
[INFO] [stderr]      65 | class aiVector3t
[INFO] [stderr]         |       ^~~~~~~~~~
[INFO] [stderr]   /opt/rustwide/cargo-home/registry/src/index.crates.io-6f17d22bba15001f/assimp-sys-0.3.1/assimp/code/PretransformVertices.cpp:179:29: warning: 'void* memcpy(void*, const void*, size_t)' writing to an object of non-trivially copyable type 'aiVector3D' {aka 'class aiVector3t<float>'}; use copy-assignment or copy-initialization instead [-Wclass-memaccess]
[INFO] [stderr]     179 |                     ::memcpy(pcMeshOut->mTangents + aiCurrent[AI_PTVS_VERTEX],
[INFO] [stderr]         |                     ~~~~~~~~^~~~~~~~~~~~~~~~~~~~~~~~~~~~~~~~~~~~~~~~~~~~~~~~~~
[INFO] [stderr]     180 |                         pcMesh->mTangents,
[INFO] [stderr]         |                         ~~~~~~~~~~~~~~~~~~
[INFO] [stderr]     181 |                         pcMesh->mNumVertices * sizeof(aiVector3D));
[INFO] [stderr]         |                         ~~~~~~~~~~~~~~~~~~~~~~~~~~~~~~~~~~~~~~~~~~
[INFO] [stderr]   In file included from /opt/rustwide/cargo-home/registry/src/index.crates.io-6f17d22bba15001f/assimp-sys-0.3.1/assimp/include/assimp/types.h:60,
[INFO] [stderr]                    from /opt/rustwide/cargo-home/registry/src/index.crates.io-6f17d22bba15001f/assimp-sys-0.3.1/assimp/include/assimp/Importer.hpp:55,
[INFO] [stderr]                    from /opt/rustwide/cargo-home/registry/src/index.crates.io-6f17d22bba15001f/assimp-sys-0.3.1/assimp/code/GenericProperty.h:45,
[INFO] [stderr]                    from /opt/rustwide/cargo-home/registry/src/index.crates.io-6f17d22bba15001f/assimp-sys-0.3.1/assimp/code/BaseProcess.h:47,
[INFO] [stderr]                    from /opt/rustwide/cargo-home/registry/src/index.crates.io-6f17d22bba15001f/assimp-sys-0.3.1/assimp/code/PretransformVertices.h:49,
[INFO] [stderr]                    from /opt/rustwide/cargo-home/registry/src/index.crates.io-6f17d22bba15001f/assimp-sys-0.3.1/assimp/code/PretransformVertices.cpp:48:
[INFO] [stderr]   /opt/rustwide/cargo-home/registry/src/index.crates.io-6f17d22bba15001f/assimp-sys-0.3.1/assimp/include/assimp/vector3.h:65:7: note: 'aiVector3D' {aka 'class aiVector3t<float>'} declared here
[INFO] [stderr]      65 | class aiVector3t
[INFO] [stderr]         |       ^~~~~~~~~~
[INFO] [stderr]   /opt/rustwide/cargo-home/registry/src/index.crates.io-6f17d22bba15001f/assimp-sys-0.3.1/assimp/code/PretransformVertices.cpp:183:29: warning: 'void* memcpy(void*, const void*, size_t)' writing to an object of non-trivially copyable type 'aiVector3D' {aka 'class aiVector3t<float>'}; use copy-assignment or copy-initialization instead [-Wclass-memaccess]
[INFO] [stderr]     183 |                     ::memcpy(pcMeshOut->mBitangents + aiCurrent[AI_PTVS_VERTEX],
[INFO] [stderr]         |                     ~~~~~~~~^~~~~~~~~~~~~~~~~~~~~~~~~~~~~~~~~~~~~~~~~~~~~~~~~~~~
[INFO] [stderr]     184 |                         pcMesh->mBitangents,
[INFO] [stderr]         |                         ~~~~~~~~~~~~~~~~~~~~
[INFO] [stderr]     185 |                         pcMesh->mNumVertices * sizeof(aiVector3D));
[INFO] [stderr]         |                         ~~~~~~~~~~~~~~~~~~~~~~~~~~~~~~~~~~~~~~~~~~
[INFO] [stderr]   In file included from /opt/rustwide/cargo-home/registry/src/index.crates.io-6f17d22bba15001f/assimp-sys-0.3.1/assimp/include/assimp/types.h:60,
[INFO] [stderr]                    from /opt/rustwide/cargo-home/registry/src/index.crates.io-6f17d22bba15001f/assimp-sys-0.3.1/assimp/include/assimp/Importer.hpp:55,
[INFO] [stderr]                    from /opt/rustwide/cargo-home/registry/src/index.crates.io-6f17d22bba15001f/assimp-sys-0.3.1/assimp/code/GenericProperty.h:45,
[INFO] [stderr]                    from /opt/rustwide/cargo-home/registry/src/index.crates.io-6f17d22bba15001f/assimp-sys-0.3.1/assimp/code/BaseProcess.h:47,
[INFO] [stderr]                    from /opt/rustwide/cargo-home/registry/src/index.crates.io-6f17d22bba15001f/assimp-sys-0.3.1/assimp/code/PretransformVertices.h:49,
[INFO] [stderr]                    from /opt/rustwide/cargo-home/registry/src/index.crates.io-6f17d22bba15001f/assimp-sys-0.3.1/assimp/code/PretransformVertices.cpp:48:
[INFO] [stderr]   /opt/rustwide/cargo-home/registry/src/index.crates.io-6f17d22bba15001f/assimp-sys-0.3.1/assimp/include/assimp/vector3.h:65:7: note: 'aiVector3D' {aka 'class aiVector3t<float>'} declared here
[INFO] [stderr]      65 | class aiVector3t
[INFO] [stderr]         |       ^~~~~~~~~~
[INFO] [stderr]   /opt/rustwide/cargo-home/registry/src/index.crates.io-6f17d22bba15001f/assimp-sys-0.3.1/assimp/code/PretransformVertices.cpp:221:23: warning: 'void* memcpy(void*, const void*, size_t)' writing to an object of non-trivially copyable type 'aiVector3D' {aka 'class aiVector3t<float>'}; use copy-assignment or copy-initialization instead [-Wclass-memaccess]
[INFO] [stderr]     221 |                 memcpy(pcMeshOut->mTextureCoords[p] + aiCurrent[AI_PTVS_VERTEX],
[INFO] [stderr]         |                 ~~~~~~^~~~~~~~~~~~~~~~~~~~~~~~~~~~~~~~~~~~~~~~~~~~~~~~~~~~~~~~~~
[INFO] [stderr]     222 |                     pcMesh->mTextureCoords[p],
[INFO] [stderr]         |                     ~~~~~~~~~~~~~~~~~~~~~~~~~~
[INFO] [stderr]     223 |                     pcMesh->mNumVertices * sizeof(aiVector3D));
[INFO] [stderr]         |                     ~~~~~~~~~~~~~~~~~~~~~~~~~~~~~~~~~~~~~~~~~~
[INFO] [stderr]   In file included from /opt/rustwide/cargo-home/registry/src/index.crates.io-6f17d22bba15001f/assimp-sys-0.3.1/assimp/include/assimp/types.h:60,
[INFO] [stderr]                    from /opt/rustwide/cargo-home/registry/src/index.crates.io-6f17d22bba15001f/assimp-sys-0.3.1/assimp/include/assimp/Importer.hpp:55,
[INFO] [stderr]                    from /opt/rustwide/cargo-home/registry/src/index.crates.io-6f17d22bba15001f/assimp-sys-0.3.1/assimp/code/GenericProperty.h:45,
[INFO] [stderr]                    from /opt/rustwide/cargo-home/registry/src/index.crates.io-6f17d22bba15001f/assimp-sys-0.3.1/assimp/code/BaseProcess.h:47,
[INFO] [stderr]                    from /opt/rustwide/cargo-home/registry/src/index.crates.io-6f17d22bba15001f/assimp-sys-0.3.1/assimp/code/PretransformVertices.h:49,
[INFO] [stderr]                    from /opt/rustwide/cargo-home/registry/src/index.crates.io-6f17d22bba15001f/assimp-sys-0.3.1/assimp/code/PretransformVertices.cpp:48:
[INFO] [stderr]   /opt/rustwide/cargo-home/registry/src/index.crates.io-6f17d22bba15001f/assimp-sys-0.3.1/assimp/include/assimp/vector3.h:65:7: note: 'aiVector3D' {aka 'class aiVector3t<float>'} declared here
[INFO] [stderr]      65 | class aiVector3t
[INFO] [stderr]         |       ^~~~~~~~~~
[INFO] [stderr]   /opt/rustwide/cargo-home/registry/src/index.crates.io-6f17d22bba15001f/assimp-sys-0.3.1/assimp/code/PretransformVertices.cpp:230:23: warning: 'void* memcpy(void*, const void*, size_t)' writing to an object of non-trivially copyable type 'aiColor4D' {aka 'class aiColor4t<float>'}; use copy-assignment or copy-initialization instead [-Wclass-memaccess]
[INFO] [stderr]     230 |                 memcpy(pcMeshOut->mColors[p] + aiCurrent[AI_PTVS_VERTEX],
[INFO] [stderr]         |                 ~~~~~~^~~~~~~~~~~~~~~~~~~~~~~~~~~~~~~~~~~~~~~~~~~~~~~~~~~
[INFO] [stderr]     231 |                     pcMesh->mColors[p],
[INFO] [stderr]         |                     ~~~~~~~~~~~~~~~~~~~
[INFO] [stderr]     232 |                     pcMesh->mNumVertices * sizeof(aiColor4D));
[INFO] [stderr]         |                     ~~~~~~~~~~~~~~~~~~~~~~~~~~~~~~~~~~~~~~~~~
[INFO] [stderr]   In file included from /opt/rustwide/cargo-home/registry/src/index.crates.io-6f17d22bba15001f/assimp-sys-0.3.1/assimp/include/assimp/types.h:62,
[INFO] [stderr]                    from /opt/rustwide/cargo-home/registry/src/index.crates.io-6f17d22bba15001f/assimp-sys-0.3.1/assimp/include/assimp/Importer.hpp:55,
[INFO] [stderr]                    from /opt/rustwide/cargo-home/registry/src/index.crates.io-6f17d22bba15001f/assimp-sys-0.3.1/assimp/code/GenericProperty.h:45,
[INFO] [stderr]                    from /opt/rustwide/cargo-home/registry/src/index.crates.io-6f17d22bba15001f/assimp-sys-0.3.1/assimp/code/BaseProcess.h:47,
[INFO] [stderr]                    from /opt/rustwide/cargo-home/registry/src/index.crates.io-6f17d22bba15001f/assimp-sys-0.3.1/assimp/code/PretransformVertices.h:49,
[INFO] [stderr]                    from /opt/rustwide/cargo-home/registry/src/index.crates.io-6f17d22bba15001f/assimp-sys-0.3.1/assimp/code/PretransformVertices.cpp:48:
[INFO] [stderr]   /opt/rustwide/cargo-home/registry/src/index.crates.io-6f17d22bba15001f/assimp-sys-0.3.1/assimp/include/assimp/color4.h:58:7: note: 'aiColor4D' {aka 'class aiColor4t<float>'} declared here
[INFO] [stderr]      58 | class aiColor4t
[INFO] [stderr]         |       ^~~~~~~~~
[INFO] [stderr]   c++: fatal error: Killed signal terminated program cc1plus
[INFO] [stderr]   compilation terminated.
[INFO] [stderr]   gmake[2]: *** [code/CMakeFiles/assimp.dir/build.make:132: code/CMakeFiles/assimp.dir/ImporterRegistry.cpp.o] Error 1
[INFO] [stderr]   gmake[2]: *** Waiting for unfinished jobs....
[INFO] [stderr]   /opt/rustwide/cargo-home/registry/src/index.crates.io-6f17d22bba15001f/assimp-sys-0.3.1/assimp/code/TextureTransform.cpp: In member function 'virtual void Assimp::TextureTransformStep::Execute(aiScene*)':
[INFO] [stderr]   /opt/rustwide/cargo-home/registry/src/index.crates.io-6f17d22bba15001f/assimp-sys-0.3.1/assimp/code/TextureTransform.cpp:517:25: warning: 'void* memcpy(void*, const void*, size_t)' writing to an object of non-trivially copyable type 'aiVector3D' {aka 'class aiVector3t<float>'}; use copy-assignment or copy-initialization instead [-Wclass-memaccess]
[INFO] [stderr]     517 |                 ::memcpy(dest,src,sizeof(aiVector3D)*mesh->mNumVertices);
[INFO] [stderr]         |                 ~~~~~~~~^~~~~~~~~~~~~~~~~~~~~~~~~~~~~~~~~~~~~~~~~~~~~~~~
[INFO] [stderr]   In file included from /opt/rustwide/cargo-home/registry/src/index.crates.io-6f17d22bba15001f/assimp-sys-0.3.1/assimp/include/assimp/types.h:60,
[INFO] [stderr]                    from /opt/rustwide/cargo-home/registry/src/index.crates.io-6f17d22bba15001f/assimp-sys-0.3.1/assimp/include/assimp/Importer.hpp:55,
[INFO] [stderr]                    from /opt/rustwide/cargo-home/registry/src/index.crates.io-6f17d22bba15001f/assimp-sys-0.3.1/assimp/code/TextureTransform.cpp:46:
[INFO] [stderr]   /opt/rustwide/cargo-home/registry/src/index.crates.io-6f17d22bba15001f/assimp-sys-0.3.1/assimp/include/assimp/vector3.h:65:7: note: 'aiVector3D' {aka 'class aiVector3t<float>'} declared here
[INFO] [stderr]      65 | class aiVector3t
[INFO] [stderr]         |       ^~~~~~~~~~
[INFO] [stderr]   gmake[1]: *** [CMakeFiles/Makefile2:184: code/CMakeFiles/assimp.dir/all] Error 2
[INFO] [stderr]   gmake: *** [Makefile:136: all] Error 2
[INFO] [stderr]   thread 'main' panicked at /opt/rustwide/cargo-home/registry/src/index.crates.io-6f17d22bba15001f/cmake-0.1.50/src/lib.rs:1098:5:
[INFO] [stderr] 
[INFO] [stderr]   command did not execute successfully, got: exit status: 2
[INFO] [stderr] 
[INFO] [stderr]   build script failed, must exit now
[INFO] [stderr]   stack backtrace:
[INFO] [stderr]      0:     0x556f25a371a6 - std::backtrace_rs::backtrace::libunwind::trace::h261606ad26a499c1
[INFO] [stderr]                                  at /rustc/0e09125c6c3c2fd70d7de961bcf0e51575235fad/library/std/src/../../backtrace/src/backtrace/libunwind.rs:104:5
[INFO] [stderr]      1:     0x556f25a371a6 - std::backtrace_rs::backtrace::trace_unsynchronized::hd183f0625477fb28
[INFO] [stderr]                                  at /rustc/0e09125c6c3c2fd70d7de961bcf0e51575235fad/library/std/src/../../backtrace/src/backtrace/mod.rs:66:5
[INFO] [stderr]      2:     0x556f25a371a6 - std::sys_common::backtrace::_print_fmt::hd7f8fef21b4eda67
[INFO] [stderr]                                  at /rustc/0e09125c6c3c2fd70d7de961bcf0e51575235fad/library/std/src/sys_common/backtrace.rs:68:5
[INFO] [stderr]      3:     0x556f25a371a6 - <std::sys_common::backtrace::_print::DisplayBacktrace as core::fmt::Display>::fmt::h623d9b51f2f453f1
[INFO] [stderr]                                  at /rustc/0e09125c6c3c2fd70d7de961bcf0e51575235fad/library/std/src/sys_common/backtrace.rs:44:22
[INFO] [stderr]      4:     0x556f25a5ca60 - core::fmt::rt::Argument::fmt::h9f417ac76a86f368
[INFO] [stderr]                                  at /rustc/0e09125c6c3c2fd70d7de961bcf0e51575235fad/library/core/src/fmt/rt.rs:142:9
[INFO] [stderr]      5:     0x556f25a5ca60 - core::fmt::write::hc9b6faf4ac2aeff7
[INFO] [stderr]                                  at /rustc/0e09125c6c3c2fd70d7de961bcf0e51575235fad/library/core/src/fmt/mod.rs:1120:17
[INFO] [stderr]      6:     0x556f25a3471f - std::io::Write::write_fmt::hfead1eee52c2e65e
[INFO] [stderr]                                  at /rustc/0e09125c6c3c2fd70d7de961bcf0e51575235fad/library/std/src/io/mod.rs:1810:15
[INFO] [stderr]      7:     0x556f25a36f84 - std::sys_common::backtrace::_print::hd5d66399c7df88a2
[INFO] [stderr]                                  at /rustc/0e09125c6c3c2fd70d7de961bcf0e51575235fad/library/std/src/sys_common/backtrace.rs:47:5
[INFO] [stderr]      8:     0x556f25a36f84 - std::sys_common::backtrace::print::he81ed2da642d37e5
[INFO] [stderr]                                  at /rustc/0e09125c6c3c2fd70d7de961bcf0e51575235fad/library/std/src/sys_common/backtrace.rs:34:9
[INFO] [stderr]      9:     0x556f25a38867 - std::panicking::default_hook::{{closure}}::h85773f4fa117163d
[INFO] [stderr]     10:     0x556f25a385c9 - std::panicking::default_hook::h6a1694a91d09b278
[INFO] [stderr]                                  at /rustc/0e09125c6c3c2fd70d7de961bcf0e51575235fad/library/std/src/panicking.rs:292:9
[INFO] [stderr]     11:     0x556f25a38cf8 - std::panicking::rust_panic_with_hook::h0a7ad96e90f7145b
[INFO] [stderr]                                  at /rustc/0e09125c6c3c2fd70d7de961bcf0e51575235fad/library/std/src/panicking.rs:779:13
[INFO] [stderr]     12:     0x556f25a38bd2 - std::panicking::begin_panic_handler::{{closure}}::h7919090525c6485e
[INFO] [stderr]                                  at /rustc/0e09125c6c3c2fd70d7de961bcf0e51575235fad/library/std/src/panicking.rs:657:13
[INFO] [stderr]     13:     0x556f25a376a6 - std::sys_common::backtrace::__rust_end_short_backtrace::hf3289479464f7dfe
[INFO] [stderr]                                  at /rustc/0e09125c6c3c2fd70d7de961bcf0e51575235fad/library/std/src/sys_common/backtrace.rs:171:18
[INFO] [stderr]     14:     0x556f25a38930 - rust_begin_unwind
[INFO] [stderr]                                  at /rustc/0e09125c6c3c2fd70d7de961bcf0e51575235fad/library/std/src/panicking.rs:645:5
[INFO] [stderr]     15:     0x556f25997635 - core::panicking::panic_fmt::hcc9f77c5c132af55
[INFO] [stderr]                                  at /rustc/0e09125c6c3c2fd70d7de961bcf0e51575235fad/library/core/src/panicking.rs:72:14
[INFO] [stderr]     16:     0x556f259cd0b1 - cmake::fail::h113ebb1e8bcb629f
[INFO] [stderr]     17:     0x556f259cc847 - cmake::run::hec04f23a0a3ddbb9
[INFO] [stderr]     18:     0x556f259c913e - cmake::Config::build::h2c749c2656cb1402
[INFO] [stderr]     19:     0x556f2599998b - build_script_build::main::h1b874e2b745bd5d6
[INFO] [stderr]     20:     0x556f25998323 - core::ops::function::FnOnce::call_once::hda0a40b6d815fc0f
[INFO] [stderr]     21:     0x556f25997f26 - std::sys_common::backtrace::__rust_begin_short_backtrace::h5f7c5c0f30f7b938
[INFO] [stderr]     22:     0x556f25998039 - std::rt::lang_start::{{closure}}::h3674173cf86f0188
[INFO] [stderr]     23:     0x556f25a30371 - core::ops::function::impls::<impl core::ops::function::FnOnce<A> for &F>::call_once::h4eb4c5e1620f29b0
[INFO] [stderr]                                  at /rustc/0e09125c6c3c2fd70d7de961bcf0e51575235fad/library/core/src/ops/function.rs:284:13
[INFO] [stderr]     24:     0x556f25a30371 - std::panicking::try::do_call::h73fd26535faffcdf
[INFO] [stderr]                                  at /rustc/0e09125c6c3c2fd70d7de961bcf0e51575235fad/library/std/src/panicking.rs:552:40
[INFO] [stderr]     25:     0x556f25a30371 - std::panicking::try::h77ff1d98f0fb9f39
[INFO] [stderr]                                  at /rustc/0e09125c6c3c2fd70d7de961bcf0e51575235fad/library/std/src/panicking.rs:516:19
[INFO] [stderr]     26:     0x556f25a30371 - std::panic::catch_unwind::hab3caf2448b95e37
[INFO] [stderr]                                  at /rustc/0e09125c6c3c2fd70d7de961bcf0e51575235fad/library/std/src/panic.rs:142:14
[INFO] [stderr]     27:     0x556f25a30371 - std::rt::lang_start_internal::{{closure}}::h8086711f9c783f78
[INFO] [stderr]                                  at /rustc/0e09125c6c3c2fd70d7de961bcf0e51575235fad/library/std/src/rt.rs:148:48
[INFO] [stderr]     28:     0x556f25a30371 - std::panicking::try::do_call::hf920d4dc291cd6ca
[INFO] [stderr]                                  at /rustc/0e09125c6c3c2fd70d7de961bcf0e51575235fad/library/std/src/panicking.rs:552:40
[INFO] [stderr]     29:     0x556f25a30371 - std::panicking::try::h2b806ccc0a85db74
[INFO] [stderr]                                  at /rustc/0e09125c6c3c2fd70d7de961bcf0e51575235fad/library/std/src/panicking.rs:516:19
[INFO] [stderr]     30:     0x556f25a30371 - std::panic::catch_unwind::h038489539c507df2
[INFO] [stderr]                                  at /rustc/0e09125c6c3c2fd70d7de961bcf0e51575235fad/library/std/src/panic.rs:142:14
[INFO] [stderr]     31:     0x556f25a30371 - std::rt::lang_start_internal::h28503b88912e8a5c
[INFO] [stderr]                                  at /rustc/0e09125c6c3c2fd70d7de961bcf0e51575235fad/library/std/src/rt.rs:148:20
[INFO] [stderr]     32:     0x556f25998017 - std::rt::lang_start::h8d1f4d5f5064bdd3
[INFO] [stderr]     33:     0x556f2599a055 - main
[INFO] [stderr]     34:     0x7f2f31a8bd90 - <unknown>
[INFO] [stderr]     35:     0x7f2f31a8be40 - __libc_start_main
[INFO] [stderr]     36:     0x556f25997e55 - _start
[INFO] [stderr]     37:                0x0 - <unknown>
[INFO] running `Command { std: "docker" "inspect" "9efac1a1922fe559c0549899d4e46189a6f7abf31f0df0e033ec8930b00dedd2", kill_on_drop: false }`
[INFO] running `Command { std: "docker" "rm" "-f" "9efac1a1922fe559c0549899d4e46189a6f7abf31f0df0e033ec8930b00dedd2", kill_on_drop: false }`
[INFO] [stdout] 9efac1a1922fe559c0549899d4e46189a6f7abf31f0df0e033ec8930b00dedd2
