[INFO] fetching crate openbanking 0.1.0...
[INFO] documenting openbanking-0.1.0 against 1.75.0 for beta-1.76-rustdoc-1
[INFO] extracting crate openbanking 0.1.0 into /workspace/builds/worker-3-tc1/source
[INFO] validating manifest of crates.io crate openbanking 0.1.0 on toolchain 1.75.0
[INFO] running `Command { std: CARGO_HOME="/workspace/cargo-home" RUSTUP_HOME="/workspace/rustup-home" "/workspace/cargo-home/bin/cargo" "+1.75.0" "metadata" "--manifest-path" "Cargo.toml" "--no-deps", kill_on_drop: false }`
[INFO] started tweaking crates.io crate openbanking 0.1.0
[INFO] finished tweaking crates.io crate openbanking 0.1.0
[INFO] tweaked toml for crates.io crate openbanking 0.1.0 written to /workspace/builds/worker-3-tc1/source/Cargo.toml
[INFO] running `Command { std: CARGO_HOME="/workspace/cargo-home" RUSTUP_HOME="/workspace/rustup-home" "/workspace/cargo-home/bin/cargo" "+1.75.0" "generate-lockfile" "--manifest-path" "Cargo.toml", kill_on_drop: false }`
[INFO] [stderr]     Updating crates.io index
[INFO] running `Command { std: CARGO_HOME="/workspace/cargo-home" RUSTUP_HOME="/workspace/rustup-home" "/workspace/cargo-home/bin/cargo" "+1.75.0" "fetch" "--manifest-path" "Cargo.toml", kill_on_drop: false }`
[INFO] [stderr]  Downloading crates ...
[INFO] [stderr]   Downloaded tokio-rustls v0.9.4
[INFO] [stderr]   Downloaded clicolors-control v1.0.1
[INFO] [stderr]   Downloaded actix-web v1.0.9
[INFO] [stderr]   Downloaded actix-router v0.1.5
[INFO] [stderr]   Downloaded actix-web-codegen v0.1.3
[INFO] [stderr]   Downloaded actix-server v0.6.1
[INFO] [stderr]   Downloaded actix-testing v0.1.0
[INFO] [stderr]   Downloaded dialoguer v0.4.0
[INFO] [stderr]   Downloaded sct v0.5.0
[INFO] [stderr]   Downloaded webpki v0.19.1
[INFO] [stderr]   Downloaded webpki-roots v0.16.0
[INFO] [stderr]   Downloaded rustls v0.15.2
[INFO] [stderr]   Downloaded actix-files v0.1.7
[INFO] [stderr]   Downloaded hyper-rustls v0.16.1
[INFO] [stderr]   Downloaded ct-logs v0.5.1
[INFO] [stderr]   Downloaded ring v0.14.6
[INFO] [stderr]   Downloaded biscuit v0.2.0
[INFO] [stderr]   Downloaded reqwest v0.9.19
[INFO] [stderr]   Downloaded better-panic v0.1.2
[INFO] running `Command { std: "docker" "create" "-v" "/var/lib/crater-agent-workspace/builds/worker-3-tc1/target:/opt/rustwide/target:rw,Z" "-v" "/var/lib/crater-agent-workspace/builds/worker-3-tc1/source:/opt/rustwide/workdir:ro,Z" "-v" "/var/lib/crater-agent-workspace/cargo-home:/opt/rustwide/cargo-home:ro,Z" "-v" "/var/lib/crater-agent-workspace/rustup-home:/opt/rustwide/rustup-home:ro,Z" "-e" "SOURCE_DIR=/opt/rustwide/workdir" "-e" "CARGO_TARGET_DIR=/opt/rustwide/target" "-e" "CARGO_HOME=/opt/rustwide/cargo-home" "-e" "RUSTUP_HOME=/opt/rustwide/rustup-home" "-w" "/opt/rustwide/workdir" "-m" "1610612736" "--user" "0:0" "--network" "none" "ghcr.io/rust-lang/crates-build-env/linux@sha256:2788e3201cd34a07e3172128adcd8b3090168a8e3bcc40d7c032b9dda1df7d1c" "/opt/rustwide/cargo-home/bin/cargo" "+1.75.0" "metadata" "--no-deps" "--format-version=1", kill_on_drop: false }`
[INFO] [stdout] 05c69b91bea1faf984fbe99c8f78b47ff8db42f446226ee3a39e89e25f08e7c4
[INFO] running `Command { std: "docker" "start" "-a" "05c69b91bea1faf984fbe99c8f78b47ff8db42f446226ee3a39e89e25f08e7c4", kill_on_drop: false }`
[INFO] running `Command { std: "docker" "inspect" "05c69b91bea1faf984fbe99c8f78b47ff8db42f446226ee3a39e89e25f08e7c4", kill_on_drop: false }`
[INFO] running `Command { std: "docker" "rm" "-f" "05c69b91bea1faf984fbe99c8f78b47ff8db42f446226ee3a39e89e25f08e7c4", kill_on_drop: false }`
[INFO] [stdout] 05c69b91bea1faf984fbe99c8f78b47ff8db42f446226ee3a39e89e25f08e7c4
[INFO] running `Command { std: "docker" "create" "-v" "/var/lib/crater-agent-workspace/builds/worker-3-tc1/target:/opt/rustwide/target:rw,Z" "-v" "/var/lib/crater-agent-workspace/builds/worker-3-tc1/source:/opt/rustwide/workdir:ro,Z" "-v" "/var/lib/crater-agent-workspace/cargo-home:/opt/rustwide/cargo-home:ro,Z" "-v" "/var/lib/crater-agent-workspace/rustup-home:/opt/rustwide/rustup-home:ro,Z" "-e" "SOURCE_DIR=/opt/rustwide/workdir" "-e" "CARGO_TARGET_DIR=/opt/rustwide/target" "-e" "CARGO_INCREMENTAL=0" "-e" "RUST_BACKTRACE=full" "-e" "RUSTFLAGS=--cap-lints=warn" "-e" "RUSTDOCFLAGS=--cap-lints=warn" "-e" "CARGO_HOME=/opt/rustwide/cargo-home" "-e" "RUSTUP_HOME=/opt/rustwide/rustup-home" "-w" "/opt/rustwide/workdir" "-m" "1610612736" "--user" "0:0" "--network" "none" "ghcr.io/rust-lang/crates-build-env/linux@sha256:2788e3201cd34a07e3172128adcd8b3090168a8e3bcc40d7c032b9dda1df7d1c" "/opt/rustwide/cargo-home/bin/cargo" "+1.75.0" "doc" "--frozen" "--no-deps" "--document-private-items" "--message-format=json", kill_on_drop: false }`
[INFO] [stdout] 9d20a9576b2e773c3e4af6eeb71db65ff7287efea314610a3f66486761df5585
[INFO] running `Command { std: "docker" "start" "-a" "9d20a9576b2e773c3e4af6eeb71db65ff7287efea314610a3f66486761df5585", kill_on_drop: false }`
[INFO] [stderr]    Compiling libc v0.2.151
[INFO] [stderr]    Compiling serde v1.0.195
[INFO] [stderr]    Compiling syn v2.0.48
[INFO] [stderr]     Checking memchr v2.7.1
[INFO] [stderr]    Compiling syn v1.0.109
[INFO] [stderr]    Compiling syn v0.15.44
[INFO] [stderr]     Checking miniz_oxide v0.7.1
[INFO] [stderr]    Compiling indexmap v1.9.3
[INFO] [stderr]     Checking object v0.32.2
[INFO] [stderr]    Compiling aho-corasick v1.1.2
[INFO] [stderr]     Checking iovec v0.1.4
[INFO] [stderr]     Checking bytes v0.4.12
[INFO] [stderr]     Checking num_cpus v1.16.0
[INFO] [stderr]     Checking parking_lot_core v0.6.3
[INFO] [stderr]     Checking net2 v0.2.39
[INFO] [stderr]     Checking parking_lot v0.9.0
[INFO] [stderr]    Compiling cc v1.0.83
[INFO] [stderr]     Checking http v0.1.21
[INFO] [stderr]    Compiling regex-automata v0.4.3
[INFO] [stderr]     Checking string v0.2.1
[INFO] [stderr]    Compiling backtrace v0.3.69
[INFO] [stderr]    Compiling ring v0.14.6
[INFO] [stderr]     Checking time v0.1.45
[INFO] [stderr]     Checking rand_os v0.1.3
[INFO] [stderr]    Compiling memoffset v0.5.6
[INFO] [stderr]     Checking spin v0.5.2
[INFO] [stderr]     Checking untrusted v0.6.2
[INFO] [stderr]    Compiling synstructure v0.12.6
[INFO] [stderr]     Checking rand v0.6.5
[INFO] [stderr]     Checking threadpool v1.8.1
[INFO] [stderr]    Compiling crossbeam-epoch v0.8.2
[INFO] [stderr]     Checking equivalent v1.0.1
[INFO] [stderr]    Compiling regex v1.10.2
[INFO] [stderr]     Checking hashbrown v0.14.3
[INFO] [stderr]    Compiling serde_json v1.0.111
[INFO] [stderr]    Compiling getrandom v0.2.11
[INFO] [stderr]    Compiling unicase v2.7.0
[INFO] [stderr]    Compiling openssl-sys v0.9.98
[INFO] [stderr]     Checking indexmap v2.1.0
[INFO] [stderr]    Compiling serde_derive v1.0.195
[INFO] [stderr]     Checking unicode-width v0.1.11
[INFO] [stderr]    Compiling const-random-macro v0.1.16
[INFO] [stderr]     Checking hostname v0.3.1
[INFO] [stderr]     Checking getrandom v0.1.16
[INFO] [stderr]    Compiling enum-as-inner v0.2.1
[INFO] [stderr]    Compiling brotli-sys v0.3.2
[INFO] [stderr]     Checking socket2 v0.3.19
[INFO] [stderr]    Compiling num-integer v0.1.45
[INFO] [stderr]    Compiling version_check v0.1.5
[INFO] [stderr]     Checking bitflags v2.4.1
[INFO] [stderr]     Checking const-random v0.1.17
[INFO] [stderr]    Compiling nom v4.2.3
[INFO] [stderr]     Checking rand_core v0.5.1
[INFO] [stderr]    Compiling derive_more v0.15.0
[INFO] [stderr]     Checking crossbeam-deque v0.7.4
[INFO] [stderr]     Checking resolv-conf v0.6.3
[INFO] [stderr]     Checking crossbeam-queue v0.2.3
[INFO] [stderr]    Compiling lock_api v0.4.11
[INFO] [stderr]    Compiling parking_lot_core v0.9.9
[INFO] [stderr]     Checking flate2 v1.0.28
[INFO] [stderr]     Checking sct v0.5.0
[INFO] [stderr]     Checking webpki v0.19.1
[INFO] [stderr]     Checking rand_chacha v0.2.2
[INFO] [stderr]     Checking ahash v0.2.19
[INFO] [stderr]    Compiling failure_derive v0.1.8
[INFO] [stderr]     Checking tokio-buf v0.1.1
[INFO] [stderr]     Checking signal-hook-registry v1.4.1
[INFO] [stderr]     Checking atty v0.2.14
[INFO] [stderr]    Compiling hyper v0.12.36
[INFO] [stderr]    Compiling num-bigint v0.2.6
[INFO] [stderr]     Checking smallvec v1.11.2
[INFO] [stderr]     Checking try-lock v0.2.5
[INFO] [stderr]    Compiling openssl v0.10.62
[INFO] [stderr]     Checking http-body v0.1.0
[INFO] [stderr]    Compiling mime_guess v2.0.4
[INFO] [stderr]     Checking hashbrown v0.6.3
[INFO] [stderr]     Checking rand v0.7.3
[INFO] [stderr]     Checking failure v0.1.8
[INFO] [stderr]    Compiling openssl-macros v0.1.1
[INFO] [stderr]     Checking futures-cpupool v0.1.8
[INFO] [stderr]    Compiling num-complex v0.2.4
[INFO] [stderr]    Compiling num-iter v0.1.43
[INFO] [stderr]    Compiling num-rational v0.2.4
[INFO] [stderr]    Compiling rustix v0.38.28
[INFO] [stderr]    Compiling native-tls v0.2.11
[INFO] [stderr]    Compiling v_escape_derive v0.5.6
[INFO] [stderr]     Checking parking_lot v0.12.1
[INFO] [stderr]     Checking idna v0.2.3
[INFO] [stderr]     Checking linux-raw-sys v0.4.12
[INFO] [stderr]    Compiling v_htmlescape v0.4.5
[INFO] [stderr]     Checking v_escape v0.7.4
[INFO] [stderr]     Checking publicsuffix v1.5.6
[INFO] [stderr]     Checking rand_core v0.6.4
[INFO] [stderr]     Checking webpki-roots v0.16.0
[INFO] [stderr]    Compiling actix-web-codegen v0.1.3
[INFO] [stderr]     Checking ct-logs v0.5.1
[INFO] [stderr]     Checking textwrap v0.11.0
[INFO] [stderr]     Checking console v0.15.7
[INFO] [stderr]     Checking cookie v0.12.0
[INFO] [stderr]     Checking clicolors-control v1.0.1
[INFO] [stderr]     Checking termios v0.3.3
[INFO] [stderr]     Checking try_from v0.3.2
[INFO] [stderr]     Checking ansi_term v0.12.1
[INFO] [stderr]     Checking vec_map v0.8.2
[INFO] [stderr]     Checking strsim v0.8.0
[INFO] [stderr]     Checking fastrand v2.0.1
[INFO] [stderr]     Checking console v0.7.7
[INFO] [stderr]     Checking clap v2.34.0
[INFO] [stderr]     Checking num v0.2.1
[INFO] [stderr]     Checking tempfile v3.9.0
[INFO] [stderr]     Checking rand_chacha v0.3.1
[INFO] [stderr]    Compiling structopt-derive v0.2.18
[INFO] [stderr]     Checking yaml-rust v0.4.5
[INFO] [stderr]     Checking humantime v1.3.0
[INFO] [stderr]     Checking number_prefix v0.2.8
[INFO] [stderr]     Checking data-encoding v2.5.0
[INFO] [stderr]     Checking indicatif v0.11.0
[INFO] [stderr]     Checking dialoguer v0.4.0
[INFO] [stderr]     Checking rand v0.8.5
[INFO] [stderr]     Checking better-panic v0.1.2
[INFO] [stderr]     Checking term_size v0.3.2
[INFO] [stderr]     Checking log v0.4.20
[INFO] [stderr]     Checking chrono v0.4.31
[INFO] [stderr]     Checking serde_urlencoded v0.6.1
[INFO] [stderr]     Checking serde_urlencoded v0.5.5
[INFO] [stderr]     Checking uuid v0.7.4
[INFO] [stderr]     Checking structopt v0.2.18
[INFO] [stderr]     Checking serde_yaml v0.8.26
[INFO] [stderr]     Checking tokio-io v0.1.13
[INFO] [stderr]     Checking mio v0.6.23
[INFO] [stderr]     Checking actix-threadpool v0.1.2
[INFO] [stderr]     Checking tokio-threadpool v0.1.18
[INFO] [stderr]     Checking want v0.2.0
[INFO] [stderr]     Checking tokio-codec v0.1.2
[INFO] [stderr]     Checking h2 v0.1.26
[INFO] [stderr]     Checking actix-codec v0.1.2
[INFO] [stderr]     Checking rustls v0.15.2
[INFO] [stderr]     Checking actix-router v0.1.5
[INFO] [stderr]     Checking tokio-reactor v0.1.12
[INFO] [stderr]     Checking mio-uds v0.6.8
[INFO] [stderr]     Checking actix-utils v0.4.7
[INFO] [stderr]     Checking brotli2 v0.3.2
[INFO] [stderr]     Checking cookie_store v0.7.0
[INFO] [stderr]     Checking tokio-tcp v0.1.4
[INFO] [stderr]     Checking actix-rt v0.2.6
[INFO] [stderr]     Checking tokio-udp v0.1.6
[INFO] [stderr]     Checking tokio-signal v0.2.9
[INFO] [stderr]     Checking actix-server-config v0.1.2
[INFO] [stderr]     Checking tokio v0.1.22
[INFO] [stderr]     Checking biscuit v0.2.0
[INFO] [stderr]     Checking trust-dns-proto v0.7.4
[INFO] [stderr]     Checking env_logger v0.6.2
[INFO] [stderr]     Checking actix-server v0.6.1
[INFO] [stderr]     Checking actix-testing v0.1.0
[INFO] [stderr]     Checking tokio-rustls v0.9.4
[INFO] [stderr]     Checking trust-dns-resolver v0.11.1
[INFO] [stderr]     Checking actix-connect v0.2.5
[INFO] [stderr]     Checking actix-http v0.2.11
[INFO] [stderr]     Checking hyper-tls v0.3.2
[INFO] [stderr]     Checking hyper-rustls v0.16.1
[INFO] [stdout] error[E0277]: cannot subtract `chrono::Duration` from `Tm`
[INFO] [stdout]    --> /opt/rustwide/cargo-home/registry/src/index.crates.io-6f17d22bba15001f/actix-http-0.2.11/src/cookie/jar.rs:226:44
[INFO] [stdout]     |
[INFO] [stdout] 226 |             cookie.set_expires(time::now() - Duration::days(365));
[INFO] [stdout]     |                                            ^ no implementation for `Tm - chrono::Duration`
[INFO] [stdout]     |
[INFO] [stdout]     = help: the trait `Sub<chrono::Duration>` is not implemented for `Tm`
[INFO] [stdout]     = help: the following other types implement trait `Sub<Rhs>`:
[INFO] [stdout]               <Tm as Sub<time::Duration>>
[INFO] [stdout]               <Tm as Sub>
[INFO] [stdout] 
[INFO] [stdout] 
[INFO] [stderr]     Checking reqwest v0.9.19
[INFO] [stdout] error[E0308]: mismatched types
[INFO] [stdout]    --> /opt/rustwide/cargo-home/registry/src/index.crates.io-6f17d22bba15001f/actix-http-0.2.11/src/cookie/mod.rs:742:40
[INFO] [stdout]     |
[INFO] [stdout] 742 |         self.set_expires(time::now() + twenty_years);
[INFO] [stdout]     |                                        ^^^^^^^^^^^^ expected `time::Duration`, found `chrono::Duration`
[INFO] [stdout]     |
[INFO] [stdout]     = note: `chrono::Duration` and `time::Duration` have similar names, but are actually distinct types
[INFO] [stdout] note: `chrono::Duration` is defined in crate `chrono`
[INFO] [stdout]    --> /opt/rustwide/cargo-home/registry/src/index.crates.io-6f17d22bba15001f/chrono-0.4.31/src/duration.rs:55:1
[INFO] [stdout]     |
[INFO] [stdout] 55  | pub struct Duration {
[INFO] [stdout]     | ^^^^^^^^^^^^^^^^^^^
[INFO] [stdout] note: `time::Duration` is defined in crate `time`
[INFO] [stdout]    --> /opt/rustwide/cargo-home/registry/src/index.crates.io-6f17d22bba15001f/time-0.1.45/src/duration.rs:45:1
[INFO] [stdout]     |
[INFO] [stdout] 45  | pub struct Duration {
[INFO] [stdout]     | ^^^^^^^^^^^^^^^^^^^
[INFO] [stdout] 
[INFO] [stdout] 
[INFO] [stdout] error: aborting due to 2 previous errors
[INFO] [stdout] 
[INFO] [stdout] 
[INFO] [stdout] Some errors have detailed explanations: E0277, E0308.
[INFO] [stdout] 
[INFO] [stdout] For more information about an error, try `rustc --explain E0277`.
[INFO] [stdout] 
[INFO] [stderr] error: could not compile `actix-http` (lib) due to 3 previous errors
[INFO] [stderr] warning: build failed, waiting for other jobs to finish...
[INFO] running `Command { std: "docker" "inspect" "9d20a9576b2e773c3e4af6eeb71db65ff7287efea314610a3f66486761df5585", kill_on_drop: false }`
[INFO] running `Command { std: "docker" "rm" "-f" "9d20a9576b2e773c3e4af6eeb71db65ff7287efea314610a3f66486761df5585", kill_on_drop: false }`
[INFO] [stdout] 9d20a9576b2e773c3e4af6eeb71db65ff7287efea314610a3f66486761df5585
[INFO] documenting openbanking-0.1.0 against beta-2023-12-22 for beta-1.76-rustdoc-1
[INFO] extracting crate openbanking 0.1.0 into /workspace/builds/worker-3-tc2/source
[INFO] validating manifest of crates.io crate openbanking 0.1.0 on toolchain beta-2023-12-22
[INFO] running `Command { std: CARGO_HOME="/workspace/cargo-home" RUSTUP_HOME="/workspace/rustup-home" "/workspace/cargo-home/bin/cargo" "+beta-2023-12-22" "metadata" "--manifest-path" "Cargo.toml" "--no-deps", kill_on_drop: false }`
[INFO] started tweaking crates.io crate openbanking 0.1.0
[INFO] finished tweaking crates.io crate openbanking 0.1.0
[INFO] tweaked toml for crates.io crate openbanking 0.1.0 written to /workspace/builds/worker-3-tc2/source/Cargo.toml
[INFO] running `Command { std: CARGO_HOME="/workspace/cargo-home" RUSTUP_HOME="/workspace/rustup-home" "/workspace/cargo-home/bin/cargo" "+beta-2023-12-22" "generate-lockfile" "--manifest-path" "Cargo.toml", kill_on_drop: false }`
[INFO] [stderr]     Updating crates.io index
[INFO] running `Command { std: CARGO_HOME="/workspace/cargo-home" RUSTUP_HOME="/workspace/rustup-home" "/workspace/cargo-home/bin/cargo" "+beta-2023-12-22" "fetch" "--manifest-path" "Cargo.toml", kill_on_drop: false }`
[INFO] running `Command { std: "docker" "create" "-v" "/var/lib/crater-agent-workspace/builds/worker-3-tc2/target:/opt/rustwide/target:rw,Z" "-v" "/var/lib/crater-agent-workspace/builds/worker-3-tc2/source:/opt/rustwide/workdir:ro,Z" "-v" "/var/lib/crater-agent-workspace/cargo-home:/opt/rustwide/cargo-home:ro,Z" "-v" "/var/lib/crater-agent-workspace/rustup-home:/opt/rustwide/rustup-home:ro,Z" "-e" "SOURCE_DIR=/opt/rustwide/workdir" "-e" "CARGO_TARGET_DIR=/opt/rustwide/target" "-e" "CARGO_HOME=/opt/rustwide/cargo-home" "-e" "RUSTUP_HOME=/opt/rustwide/rustup-home" "-w" "/opt/rustwide/workdir" "-m" "1610612736" "--user" "0:0" "--network" "none" "ghcr.io/rust-lang/crates-build-env/linux@sha256:2788e3201cd34a07e3172128adcd8b3090168a8e3bcc40d7c032b9dda1df7d1c" "/opt/rustwide/cargo-home/bin/cargo" "+beta-2023-12-22" "metadata" "--no-deps" "--format-version=1", kill_on_drop: false }`
[INFO] [stdout] 6c5d5e4e9907f200a370794c592ec37176e422eb2e817792ba2c167208195eac
[INFO] running `Command { std: "docker" "start" "-a" "6c5d5e4e9907f200a370794c592ec37176e422eb2e817792ba2c167208195eac", kill_on_drop: false }`
[INFO] running `Command { std: "docker" "inspect" "6c5d5e4e9907f200a370794c592ec37176e422eb2e817792ba2c167208195eac", kill_on_drop: false }`
[INFO] running `Command { std: "docker" "rm" "-f" "6c5d5e4e9907f200a370794c592ec37176e422eb2e817792ba2c167208195eac", kill_on_drop: false }`
[INFO] [stdout] 6c5d5e4e9907f200a370794c592ec37176e422eb2e817792ba2c167208195eac
[INFO] running `Command { std: "docker" "create" "-v" "/var/lib/crater-agent-workspace/builds/worker-3-tc2/target:/opt/rustwide/target:rw,Z" "-v" "/var/lib/crater-agent-workspace/builds/worker-3-tc2/source:/opt/rustwide/workdir:ro,Z" "-v" "/var/lib/crater-agent-workspace/cargo-home:/opt/rustwide/cargo-home:ro,Z" "-v" "/var/lib/crater-agent-workspace/rustup-home:/opt/rustwide/rustup-home:ro,Z" "-e" "SOURCE_DIR=/opt/rustwide/workdir" "-e" "CARGO_TARGET_DIR=/opt/rustwide/target" "-e" "CARGO_INCREMENTAL=0" "-e" "RUST_BACKTRACE=full" "-e" "RUSTFLAGS=--cap-lints=warn" "-e" "RUSTDOCFLAGS=--cap-lints=warn" "-e" "CARGO_HOME=/opt/rustwide/cargo-home" "-e" "RUSTUP_HOME=/opt/rustwide/rustup-home" "-w" "/opt/rustwide/workdir" "-m" "1610612736" "--user" "0:0" "--network" "none" "ghcr.io/rust-lang/crates-build-env/linux@sha256:2788e3201cd34a07e3172128adcd8b3090168a8e3bcc40d7c032b9dda1df7d1c" "/opt/rustwide/cargo-home/bin/cargo" "+beta-2023-12-22" "doc" "--frozen" "--no-deps" "--document-private-items" "--message-format=json", kill_on_drop: false }`
[INFO] [stdout] 4e1b74c3d1986239e1005b651cb0770b6fee033eae3c5add3f0e6e8fd5ec4040
[INFO] running `Command { std: "docker" "start" "-a" "4e1b74c3d1986239e1005b651cb0770b6fee033eae3c5add3f0e6e8fd5ec4040", kill_on_drop: false }`
[INFO] [stderr]    Compiling libc v0.2.151
[INFO] [stderr]    Compiling serde v1.0.195
[INFO] [stderr]    Compiling syn v2.0.48
[INFO] [stderr]     Checking memchr v2.7.1
[INFO] [stderr]    Compiling syn v1.0.109
[INFO] [stderr]    Compiling syn v0.15.44
[INFO] [stderr]     Checking miniz_oxide v0.7.1
[INFO] [stderr]    Compiling indexmap v1.9.3
[INFO] [stderr]    Compiling memoffset v0.5.6
[INFO] [stderr]     Checking object v0.32.2
[INFO] [stderr]    Compiling aho-corasick v1.1.2
[INFO] [stderr]     Checking iovec v0.1.4
[INFO] [stderr]     Checking bytes v0.4.12
[INFO] [stderr]    Compiling cc v1.0.83
[INFO] [stderr]     Checking num_cpus v1.16.0
[INFO] [stderr]     Checking parking_lot_core v0.6.3
[INFO] [stderr]     Checking net2 v0.2.39
[INFO] [stderr]     Checking parking_lot v0.9.0
[INFO] [stderr]     Checking http v0.1.21
[INFO] [stderr]    Compiling regex-automata v0.4.3
[INFO] [stderr]    Compiling backtrace v0.3.69
[INFO] [stderr]    Compiling ring v0.14.6
[INFO] [stderr]     Checking string v0.2.1
[INFO] [stderr]     Checking time v0.1.45
[INFO] [stderr]     Checking rand_os v0.1.3
[INFO] [stderr]     Checking spin v0.5.2
[INFO] [stderr]     Checking untrusted v0.6.2
[INFO] [stderr]     Checking rand v0.6.5
[INFO] [stderr]     Checking threadpool v1.8.1
[INFO] [stderr]    Compiling synstructure v0.12.6
[INFO] [stderr]    Compiling crossbeam-epoch v0.8.2
[INFO] [stderr]     Checking equivalent v1.0.1
[INFO] [stderr]     Checking hashbrown v0.14.3
[INFO] [stderr]    Compiling regex v1.10.2
[INFO] [stderr]    Compiling serde_json v1.0.111
[INFO] [stderr]    Compiling openssl-sys v0.9.98
[INFO] [stderr]     Checking indexmap v2.1.0
[INFO] [stderr]    Compiling getrandom v0.2.11
[INFO] [stderr]    Compiling serde_derive v1.0.195
[INFO] [stderr]    Compiling unicase v2.7.0
[INFO] [stderr]     Checking unicode-width v0.1.11
[INFO] [stderr]    Compiling const-random-macro v0.1.16
[INFO] [stderr]     Checking hostname v0.3.1
[INFO] [stderr]     Checking getrandom v0.1.16
[INFO] [stderr]    Compiling enum-as-inner v0.2.1
[INFO] [stderr]    Compiling brotli-sys v0.3.2
[INFO] [stderr]     Checking socket2 v0.3.19
[INFO] [stderr]    Compiling num-integer v0.1.45
[INFO] [stderr]     Checking bitflags v2.4.1
[INFO] [stderr]    Compiling version_check v0.1.5
[INFO] [stderr]    Compiling derive_more v0.15.0
[INFO] [stderr]     Checking const-random v0.1.17
[INFO] [stderr]     Checking rand_core v0.5.1
[INFO] [stderr]     Checking crossbeam-deque v0.7.4
[INFO] [stderr]     Checking resolv-conf v0.6.3
[INFO] [stderr]    Compiling nom v4.2.3
[INFO] [stderr]     Checking crossbeam-queue v0.2.3
[INFO] [stderr]    Compiling lock_api v0.4.11
[INFO] [stderr]    Compiling parking_lot_core v0.9.9
[INFO] [stderr]     Checking flate2 v1.0.28
[INFO] [stderr]    Compiling failure_derive v0.1.8
[INFO] [stderr]     Checking sct v0.5.0
[INFO] [stderr]     Checking webpki v0.19.1
[INFO] [stderr]     Checking rand_chacha v0.2.2
[INFO] [stderr]     Checking ahash v0.2.19
[INFO] [stderr]     Checking tokio-buf v0.1.1
[INFO] [stderr]     Checking atty v0.2.14
[INFO] [stderr]     Checking signal-hook-registry v1.4.1
[INFO] [stderr]    Compiling hyper v0.12.36
[INFO] [stderr]    Compiling num-bigint v0.2.6
[INFO] [stderr]     Checking try-lock v0.2.5
[INFO] [stderr]     Checking smallvec v1.11.2
[INFO] [stderr]    Compiling openssl v0.10.62
[INFO] [stderr]     Checking http-body v0.1.0
[INFO] [stderr]    Compiling mime_guess v2.0.4
[INFO] [stderr]     Checking hashbrown v0.6.3
[INFO] [stderr]     Checking rand v0.7.3
[INFO] [stderr]     Checking failure v0.1.8
[INFO] [stderr]    Compiling openssl-macros v0.1.1
[INFO] [stderr]     Checking futures-cpupool v0.1.8
[INFO] [stderr]    Compiling num-complex v0.2.4
[INFO] [stderr]    Compiling num-rational v0.2.4
[INFO] [stderr]    Compiling num-iter v0.1.43
[INFO] [stderr]    Compiling rustix v0.38.28
[INFO] [stderr]    Compiling native-tls v0.2.11
[INFO] [stderr]    Compiling v_escape_derive v0.5.6
[INFO] [stderr]     Checking parking_lot v0.12.1
[INFO] [stderr]     Checking idna v0.2.3
[INFO] [stderr]     Checking linux-raw-sys v0.4.12
[INFO] [stderr]    Compiling v_htmlescape v0.4.5
[INFO] [stderr]     Checking publicsuffix v1.5.6
[INFO] [stderr]     Checking rand_core v0.6.4
[INFO] [stderr]     Checking v_escape v0.7.4
[INFO] [stderr]     Checking webpki-roots v0.16.0
[INFO] [stderr]     Checking ct-logs v0.5.1
[INFO] [stderr]    Compiling actix-web-codegen v0.1.3
[INFO] [stderr]     Checking textwrap v0.11.0
[INFO] [stderr]     Checking console v0.15.7
[INFO] [stderr]     Checking cookie v0.12.0
[INFO] [stderr]     Checking termios v0.3.3
[INFO] [stderr]     Checking clicolors-control v1.0.1
[INFO] [stderr]     Checking try_from v0.3.2
[INFO] [stderr]     Checking vec_map v0.8.2
[INFO] [stderr]     Checking ansi_term v0.12.1
[INFO] [stderr]     Checking strsim v0.8.0
[INFO] [stderr]     Checking fastrand v2.0.1
[INFO] [stderr]     Checking console v0.7.7
[INFO] [stderr]     Checking clap v2.34.0
[INFO] [stderr]     Checking num v0.2.1
[INFO] [stderr]     Checking rand_chacha v0.3.1
[INFO] [stderr]     Checking tempfile v3.9.0
[INFO] [stderr]    Compiling structopt-derive v0.2.18
[INFO] [stderr]     Checking humantime v1.3.0
[INFO] [stderr]     Checking yaml-rust v0.4.5
[INFO] [stderr]     Checking number_prefix v0.2.8
[INFO] [stderr]     Checking data-encoding v2.5.0
[INFO] [stderr]     Checking indicatif v0.11.0
[INFO] [stderr]     Checking dialoguer v0.4.0
[INFO] [stderr]     Checking rand v0.8.5
[INFO] [stderr]     Checking better-panic v0.1.2
[INFO] [stderr]     Checking term_size v0.3.2
[INFO] [stderr]     Checking brotli2 v0.3.2
[INFO] [stderr]     Checking log v0.4.20
[INFO] [stderr]     Checking chrono v0.4.31
[INFO] [stderr]     Checking serde_urlencoded v0.6.1
[INFO] [stderr]     Checking uuid v0.7.4
[INFO] [stderr]     Checking serde_urlencoded v0.5.5
[INFO] [stderr]     Checking tokio-io v0.1.13
[INFO] [stderr]     Checking mio v0.6.23
[INFO] [stderr]     Checking actix-threadpool v0.1.2
[INFO] [stderr]     Checking tokio-threadpool v0.1.18
[INFO] [stderr]     Checking want v0.2.0
[INFO] [stderr]     Checking rustls v0.15.2
[INFO] [stderr]     Checking actix-router v0.1.5
[INFO] [stderr]     Checking tokio-codec v0.1.2
[INFO] [stderr]     Checking h2 v0.1.26
[INFO] [stderr]     Checking actix-codec v0.1.2
[INFO] [stderr]     Checking actix-utils v0.4.7
[INFO] [stderr]     Checking structopt v0.2.18
[INFO] [stderr]     Checking tokio-reactor v0.1.12
[INFO] [stderr]     Checking mio-uds v0.6.8
[INFO] [stderr]     Checking cookie_store v0.7.0
[INFO] [stderr]     Checking env_logger v0.6.2
[INFO] [stderr]     Checking serde_yaml v0.8.26
[INFO] [stderr]     Checking tokio-tcp v0.1.4
[INFO] [stderr]     Checking tokio-udp v0.1.6
[INFO] [stderr]     Checking actix-rt v0.2.6
[INFO] [stderr]     Checking tokio-signal v0.2.9
[INFO] [stderr]     Checking biscuit v0.2.0
[INFO] [stderr]     Checking actix-server-config v0.1.2
[INFO] [stderr]     Checking trust-dns-proto v0.7.4
[INFO] [stderr]     Checking tokio v0.1.22
[INFO] [stderr]     Checking actix-server v0.6.1
[INFO] [stderr]     Checking actix-testing v0.1.0
[INFO] [stderr]     Checking tokio-rustls v0.9.4
[INFO] [stderr]     Checking trust-dns-resolver v0.11.1
[INFO] [stderr]     Checking actix-connect v0.2.5
[INFO] [stderr]     Checking hyper-tls v0.3.2
[INFO] [stderr]     Checking hyper-rustls v0.16.1
[INFO] [stderr]     Checking actix-http v0.2.11
[INFO] [stderr]     Checking reqwest v0.9.19
[INFO] [stdout] error[E0277]: cannot subtract `chrono::Duration` from `Tm`
[INFO] [stdout]    --> /opt/rustwide/cargo-home/registry/src/index.crates.io-6f17d22bba15001f/actix-http-0.2.11/src/cookie/jar.rs:226:44
[INFO] [stdout]     |
[INFO] [stdout] 226 |             cookie.set_expires(time::now() - Duration::days(365));
[INFO] [stdout]     |                                            ^ no implementation for `Tm - chrono::Duration`
[INFO] [stdout]     |
[INFO] [stdout]     = help: the trait `Sub<chrono::Duration>` is not implemented for `Tm`
[INFO] [stdout]     = help: the following other types implement trait `Sub<Rhs>`:
[INFO] [stdout]               <Tm as Sub<time::Duration>>
[INFO] [stdout]               <Tm as Sub>
[INFO] [stdout] 
[INFO] [stdout] 
[INFO] [stdout] error[E0308]: mismatched types
[INFO] [stdout]    --> /opt/rustwide/cargo-home/registry/src/index.crates.io-6f17d22bba15001f/actix-http-0.2.11/src/cookie/mod.rs:742:40
[INFO] [stdout]     |
[INFO] [stdout] 742 |         self.set_expires(time::now() + twenty_years);
[INFO] [stdout]     |                                        ^^^^^^^^^^^^ expected `time::Duration`, found `chrono::Duration`
[INFO] [stdout]     |
[INFO] [stdout]     = note: `chrono::Duration` and `time::Duration` have similar names, but are actually distinct types
[INFO] [stdout] note: `chrono::Duration` is defined in crate `chrono`
[INFO] [stdout]    --> /opt/rustwide/cargo-home/registry/src/index.crates.io-6f17d22bba15001f/chrono-0.4.31/src/duration.rs:55:1
[INFO] [stdout]     |
[INFO] [stdout] 55  | pub struct Duration {
[INFO] [stdout]     | ^^^^^^^^^^^^^^^^^^^
[INFO] [stdout] note: `time::Duration` is defined in crate `time`
[INFO] [stdout]    --> /opt/rustwide/cargo-home/registry/src/index.crates.io-6f17d22bba15001f/time-0.1.45/src/duration.rs:45:1
[INFO] [stdout]     |
[INFO] [stdout] 45  | pub struct Duration {
[INFO] [stdout]     | ^^^^^^^^^^^^^^^^^^^
[INFO] [stdout] 
[INFO] [stdout] 
[INFO] [stdout] error: aborting due to 2 previous errors
[INFO] [stdout] 
[INFO] [stdout] 
[INFO] [stdout] Some errors have detailed explanations: E0277, E0308.
[INFO] [stdout] 
[INFO] [stdout] For more information about an error, try `rustc --explain E0277`.
[INFO] [stdout] 
[INFO] [stderr] error: could not compile `actix-http` (lib) due to 3 previous errors
[INFO] running `Command { std: "docker" "inspect" "4e1b74c3d1986239e1005b651cb0770b6fee033eae3c5add3f0e6e8fd5ec4040", kill_on_drop: false }`
[INFO] running `Command { std: "docker" "rm" "-f" "4e1b74c3d1986239e1005b651cb0770b6fee033eae3c5add3f0e6e8fd5ec4040", kill_on_drop: false }`
[INFO] [stdout] 4e1b74c3d1986239e1005b651cb0770b6fee033eae3c5add3f0e6e8fd5ec4040
