[INFO] fetching crate octosql 0.0.1...
[INFO] documenting octosql-0.0.1 against 1.75.0 for beta-1.76-rustdoc-1
[INFO] extracting crate octosql 0.0.1 into /workspace/builds/worker-5-tc1/source
[INFO] validating manifest of crates.io crate octosql 0.0.1 on toolchain 1.75.0
[INFO] running `Command { std: CARGO_HOME="/workspace/cargo-home" RUSTUP_HOME="/workspace/rustup-home" "/workspace/cargo-home/bin/cargo" "+1.75.0" "metadata" "--manifest-path" "Cargo.toml" "--no-deps", kill_on_drop: false }`
[INFO] started tweaking crates.io crate octosql 0.0.1
[INFO] finished tweaking crates.io crate octosql 0.0.1
[INFO] tweaked toml for crates.io crate octosql 0.0.1 written to /workspace/builds/worker-5-tc1/source/Cargo.toml
[INFO] crate crates.io crate octosql 0.0.1 already has a lockfile, it will not be regenerated
[INFO] running `Command { std: CARGO_HOME="/workspace/cargo-home" RUSTUP_HOME="/workspace/rustup-home" "/workspace/cargo-home/bin/cargo" "+1.75.0" "fetch" "--manifest-path" "Cargo.toml", kill_on_drop: false }`
[INFO] [stderr]     Updating crates.io index
[INFO] [stderr]  Downloading crates ...
[INFO] [stderr]   Downloaded serde v1.0.110
[INFO] [stderr]   Downloaded num-complex v0.3.0
[INFO] [stderr]   Downloaded num v0.3.0
[INFO] [stderr]   Downloaded num-iter v0.1.41
[INFO] [stderr]   Downloaded tracing-core v0.1.10
[INFO] [stderr]   Downloaded alloc-no-stdlib v2.0.1
[INFO] [stderr]   Downloaded dirs-next v1.0.1
[INFO] [stderr]   Downloaded parquet-format v2.6.1
[INFO] [stderr]   Downloaded datafusion v1.0.0
[INFO] [stderr]   Downloaded regex v1.3.7
[INFO] [stderr]   Downloaded snap v1.0.1
[INFO] [stderr]   Downloaded zstd-sys v1.4.17+zstd.1.4.5
[INFO] [stderr]   Downloaded brotli v3.3.0
[INFO] [stderr]   Downloaded integer-encoding v1.1.5
[INFO] [stderr]   Downloaded syn v1.0.19
[INFO] [stderr]   Downloaded brotli-decompressor v2.3.1
[INFO] [stderr]   Downloaded arrow v1.0.0
[INFO] [stderr]   Downloaded lz4-sys v1.9.2
[INFO] [stderr]   Downloaded sqlparser v0.2.6
[INFO] [stderr]   Downloaded rust-argon2 v0.7.0
[INFO] [stderr]   Downloaded zstd v0.5.3+zstd.1.4.5
[INFO] [stderr]   Downloaded redox_users v0.3.4
[INFO] [stderr]   Downloaded quote v1.0.4
[INFO] [stderr]   Downloaded serde_derive v1.0.110
[INFO] [stderr]   Downloaded ordered-float v1.1.0
[INFO] [stderr]   Downloaded thrift v0.13.0
[INFO] [stderr]   Downloaded zstd-safe v2.0.5+zstd.1.4.5
[INFO] [stderr]   Downloaded crossbeam-channel v0.4.3
[INFO] [stderr]   Downloaded hyper v0.13.5
[INFO] [stderr]   Downloaded pin-project v0.4.16
[INFO] [stderr]   Downloaded tracing v0.1.13
[INFO] [stderr]   Downloaded arrow-flight v1.0.0
[INFO] [stderr]   Downloaded smallvec v1.4.0
[INFO] [stderr]   Downloaded flatbuffers v0.6.1
[INFO] [stderr]   Downloaded hex v0.4.2
[INFO] [stderr]   Downloaded num-rational v0.3.0
[INFO] [stderr]   Downloaded dirs-sys-next v0.1.0
[INFO] [stderr]   Downloaded parquet v1.0.0
[INFO] [stderr]   Downloaded rustyline v6.2.0
[INFO] [stderr]   Downloaded serde_json v1.0.53
[INFO] [stderr]   Downloaded prettytable-rs v0.8.0
[INFO] [stderr]   Downloaded lz4 v1.23.2
[INFO] [stderr]   Downloaded sqlparser v0.6.1
[INFO] [stderr]   Downloaded async-trait v0.1.30
[INFO] [stderr]   Downloaded pin-project-lite v0.1.5
[INFO] [stderr]   Downloaded tokio v0.2.20
[INFO] [stderr]   Downloaded pin-project-internal v0.4.16
[INFO] [stderr]   Downloaded tracing-attributes v0.1.7
[INFO] [stderr]   Downloaded petgraph v0.5.0
[INFO] [stderr]   Downloaded flate2 v1.0.16
[INFO] [stderr]   Downloaded num-bigint v0.3.0
[INFO] running `Command { std: "docker" "create" "-v" "/var/lib/crater-agent-workspace/builds/worker-5-tc1/target:/opt/rustwide/target:rw,Z" "-v" "/var/lib/crater-agent-workspace/builds/worker-5-tc1/source:/opt/rustwide/workdir:ro,Z" "-v" "/var/lib/crater-agent-workspace/cargo-home:/opt/rustwide/cargo-home:ro,Z" "-v" "/var/lib/crater-agent-workspace/rustup-home:/opt/rustwide/rustup-home:ro,Z" "-e" "SOURCE_DIR=/opt/rustwide/workdir" "-e" "CARGO_TARGET_DIR=/opt/rustwide/target" "-e" "CARGO_HOME=/opt/rustwide/cargo-home" "-e" "RUSTUP_HOME=/opt/rustwide/rustup-home" "-w" "/opt/rustwide/workdir" "-m" "1610612736" "--user" "0:0" "--network" "none" "ghcr.io/rust-lang/crates-build-env/linux@sha256:2788e3201cd34a07e3172128adcd8b3090168a8e3bcc40d7c032b9dda1df7d1c" "/opt/rustwide/cargo-home/bin/cargo" "+1.75.0" "metadata" "--no-deps" "--format-version=1", kill_on_drop: false }`
[INFO] [stdout] a5dc8f811a669faa995477fe1ca04e0fae4baa81c110603358269138867dbf51
[INFO] running `Command { std: "docker" "start" "-a" "a5dc8f811a669faa995477fe1ca04e0fae4baa81c110603358269138867dbf51", kill_on_drop: false }`
[INFO] running `Command { std: "docker" "inspect" "a5dc8f811a669faa995477fe1ca04e0fae4baa81c110603358269138867dbf51", kill_on_drop: false }`
[INFO] running `Command { std: "docker" "rm" "-f" "a5dc8f811a669faa995477fe1ca04e0fae4baa81c110603358269138867dbf51", kill_on_drop: false }`
[INFO] [stdout] a5dc8f811a669faa995477fe1ca04e0fae4baa81c110603358269138867dbf51
[INFO] running `Command { std: "docker" "create" "-v" "/var/lib/crater-agent-workspace/builds/worker-5-tc1/target:/opt/rustwide/target:rw,Z" "-v" "/var/lib/crater-agent-workspace/builds/worker-5-tc1/source:/opt/rustwide/workdir:ro,Z" "-v" "/var/lib/crater-agent-workspace/cargo-home:/opt/rustwide/cargo-home:ro,Z" "-v" "/var/lib/crater-agent-workspace/rustup-home:/opt/rustwide/rustup-home:ro,Z" "-e" "SOURCE_DIR=/opt/rustwide/workdir" "-e" "CARGO_TARGET_DIR=/opt/rustwide/target" "-e" "CARGO_INCREMENTAL=0" "-e" "RUST_BACKTRACE=full" "-e" "RUSTFLAGS=--cap-lints=warn" "-e" "RUSTDOCFLAGS=--cap-lints=warn" "-e" "CARGO_HOME=/opt/rustwide/cargo-home" "-e" "RUSTUP_HOME=/opt/rustwide/rustup-home" "-w" "/opt/rustwide/workdir" "-m" "1610612736" "--user" "0:0" "--network" "none" "ghcr.io/rust-lang/crates-build-env/linux@sha256:2788e3201cd34a07e3172128adcd8b3090168a8e3bcc40d7c032b9dda1df7d1c" "/opt/rustwide/cargo-home/bin/cargo" "+1.75.0" "doc" "--frozen" "--no-deps" "--document-private-items" "--message-format=json", kill_on_drop: false }`
[INFO] [stdout] 166ce7665620127cd6a1be1c3c3d1658ca643bd1f95b8d8e23ddb45b1d0474fb
[INFO] running `Command { std: "docker" "start" "-a" "166ce7665620127cd6a1be1c3c3d1658ca643bd1f95b8d8e23ddb45b1d0474fb", kill_on_drop: false }`
[INFO] [stderr]    Compiling libc v0.2.69
[INFO] [stderr]    Compiling autocfg v1.0.0
[INFO] [stderr]     Checking cfg-if v0.1.10
[INFO] [stderr]    Compiling proc-macro2 v1.0.12
[INFO] [stderr]    Compiling unicode-xid v0.2.0
[INFO] [stderr]    Compiling syn v1.0.19
[INFO] [stderr]    Compiling log v0.4.8
[INFO] [stderr]    Compiling memchr v2.3.3
[INFO] [stderr]     Checking futures-core v0.3.5
[INFO] [stderr]    Compiling getrandom v0.1.14
[INFO] [stderr]     Checking bytes v0.5.4
[INFO] [stderr]     Checking fnv v1.0.6
[INFO] [stderr]    Compiling hashbrown v0.8.1
[INFO] [stderr]    Compiling either v1.5.3
[INFO] [stderr]     Checking slab v0.4.2
[INFO] [stderr]    Compiling indexmap v1.5.0
[INFO] [stderr]     Checking tower-service v0.3.0
[INFO] [stderr]     Checking pin-project-lite v0.1.5
[INFO] [stderr]    Compiling num-traits v0.2.12
[INFO] [stderr]     Checking futures-sink v0.3.5
[INFO] [stderr]    Compiling anyhow v1.0.28
[INFO] [stderr]    Compiling itertools v0.8.2
[INFO] [stderr]     Checking futures-task v0.3.5
[INFO] [stderr]     Checking pin-utils v0.1.0
[INFO] [stderr]    Compiling byteorder v1.3.4
[INFO] [stderr]     Checking tower-layer v0.3.0
[INFO] [stderr]    Compiling quote v1.0.4
[INFO] [stderr]     Checking itoa v0.4.5
[INFO] [stderr]    Compiling num-integer v0.1.43
[INFO] [stderr]    Compiling ppv-lite86 v0.2.6
[INFO] [stderr]    Compiling jobserver v0.1.21
[INFO] [stderr]     Checking iovec v0.1.4
[INFO] [stderr]     Checking net2 v0.2.34
[INFO] [stderr]    Compiling rand_core v0.5.1
[INFO] [stderr]    Compiling cc v1.0.58
[INFO] [stderr]    Compiling which v3.1.1
[INFO] [stderr]    Compiling rand_pcg v0.2.1
[INFO] [stderr]     Checking mio v0.6.22
[INFO] [stderr]    Compiling rand_chacha v0.2.2
[INFO] [stderr]     Checking tracing-core v0.1.10
[INFO] [stderr]    Compiling ryu v1.0.4
[INFO] [stderr]    Compiling rand v0.7.3
[INFO] [stderr]    Compiling prost-build v0.6.1
[INFO] [stderr]    Compiling fixedbitset v0.2.0
[INFO] [stderr]    Compiling remove_dir_all v0.5.2
[INFO] [stderr]    Compiling serde v1.0.110
[INFO] [stderr]    Compiling unicode-segmentation v1.6.0
[INFO] [stderr]    Compiling petgraph v0.5.0
[INFO] [stderr]     Checking time v0.1.43
[INFO] [stderr]     Checking http v0.2.1
[INFO] [stderr]    Compiling crossbeam-utils v0.7.2
[INFO] [stderr]    Compiling heck v0.3.1
[INFO] [stderr]    Compiling multimap v0.8.1
[INFO] [stderr]    Compiling httparse v1.3.4
[INFO] [stderr]    Compiling bitflags v1.2.1
[INFO] [stderr]    Compiling tempfile v3.1.0
[INFO] [stderr]     Checking futures-channel v0.3.5
[INFO] [stderr]    Compiling itertools v0.9.0
[INFO] [stderr]    Compiling num-bigint v0.3.0
[INFO] [stderr]     Checking unicode-width v0.1.7
[INFO] [stderr]    Compiling maybe-uninit v2.0.0
[INFO] [stderr]    Compiling glob v0.3.0
[INFO] [stderr]     Checking try-lock v0.2.2
[INFO] [stderr]     Checking want v0.3.0
[INFO] [stderr]     Checking regex-automata v0.1.9
[INFO] [stderr]     Checking http-body v0.3.1
[INFO] [stderr]    Compiling memoffset v0.5.5
[INFO] [stderr]    Compiling num-iter v0.1.41
[INFO] [stderr]    Compiling num-rational v0.3.0
[INFO] [stderr]    Compiling zstd-sys v1.4.17+zstd.1.4.5
[INFO] [stderr]    Compiling lz4-sys v1.9.2
[INFO] [stderr]     Checking dirs v1.0.5
[INFO] [stderr]     Checking atty v0.2.14
[INFO] [stderr]     Checking num_cpus v1.13.0
[INFO] [stderr]     Checking csv-core v0.1.10
[INFO] [stderr]    Compiling crossbeam-epoch v0.8.2
[INFO] [stderr]     Checking percent-encoding v2.1.0
[INFO] [stderr]    Compiling crc32fast v1.2.0
[INFO] [stderr]     Checking alloc-no-stdlib v2.0.1
[INFO] [stderr]     Checking base64 v0.11.0
[INFO] [stderr]     Checking futures-io v0.3.5
[INFO] [stdout] error[E0308]: mismatched types
[INFO] [stdout]    --> /opt/rustwide/cargo-home/registry/src/index.crates.io-6f17d22bba15001f/num-bigint-0.3.0/src/biguint.rs:198:19
[INFO] [stdout]     |
[INFO] [stdout] 198 |         .div_ceil(&big_digit::BITS.into())
[INFO] [stdout]     |          -------- ^^^^^^^^^^^^^^^^^^^^^^^ expected `u64`, found `&_`
[INFO] [stdout]     |          |
[INFO] [stdout]     |          arguments to this method are incorrect
[INFO] [stdout]     |
[INFO] [stdout]     = note:   expected type `u64`
[INFO] [stdout]             found reference `&_`
[INFO] [stdout] note: method defined here
[INFO] [stdout]    --> /rustc/82e1608dfa6e0b5569232559e3d385fea5a93112/library/core/src/num/mod.rs:1169:5
[INFO] [stdout]     = note: this error originates in the macro `uint_impl` (in Nightly builds, run with -Z macro-backtrace for more info)
[INFO] [stdout] help: consider removing the borrow
[INFO] [stdout]     |
[INFO] [stdout] 198 -         .div_ceil(&big_digit::BITS.into())
[INFO] [stdout] 198 +         .div_ceil(big_digit::BITS.into())
[INFO] [stdout]     |
[INFO] [stdout] 
[INFO] [stdout] 
[INFO] [stderr]     Checking alloc-stdlib v0.2.1
[INFO] [stdout] error[E0308]: mismatched types
[INFO] [stdout]     --> /opt/rustwide/cargo-home/registry/src/index.crates.io-6f17d22bba15001f/num-bigint-0.3.0/src/biguint.rs:1700:50
[INFO] [stdout]      |
[INFO] [stdout] 1700 |             let root_scale = extra_bits.div_ceil(&n64);
[INFO] [stdout]      |                                         -------- ^^^^ expected `u64`, found `&u64`
[INFO] [stdout]      |                                         |
[INFO] [stdout]      |                                         arguments to this method are incorrect
[INFO] [stdout]      |
[INFO] [stdout] note: method defined here
[INFO] [stdout]     --> /rustc/82e1608dfa6e0b5569232559e3d385fea5a93112/library/core/src/num/mod.rs:1169:5
[INFO] [stdout]      = note: this error originates in the macro `uint_impl` (in Nightly builds, run with -Z macro-backtrace for more info)
[INFO] [stdout] help: consider removing the borrow
[INFO] [stdout]      |
[INFO] [stdout] 1700 -             let root_scale = extra_bits.div_ceil(&n64);
[INFO] [stdout] 1700 +             let root_scale = extra_bits.div_ceil(n64);
[INFO] [stdout]      |
[INFO] [stdout] 
[INFO] [stdout] 
[INFO] [stdout] error[E0308]: mismatched types
[INFO] [stdout]     --> /opt/rustwide/cargo-home/registry/src/index.crates.io-6f17d22bba15001f/num-bigint-0.3.0/src/biguint.rs:2119:19
[INFO] [stdout]      |
[INFO] [stdout] 2119 |         .div_ceil(&u64::from(bits))
[INFO] [stdout]      |          -------- ^^^^^^^^^^^^^^^^ expected `u64`, found `&u64`
[INFO] [stdout]      |          |
[INFO] [stdout]      |          arguments to this method are incorrect
[INFO] [stdout]      |
[INFO] [stdout] note: method defined here
[INFO] [stdout]     --> /rustc/82e1608dfa6e0b5569232559e3d385fea5a93112/library/core/src/num/mod.rs:1169:5
[INFO] [stdout]      = note: this error originates in the macro `uint_impl` (in Nightly builds, run with -Z macro-backtrace for more info)
[INFO] [stdout] help: consider removing the borrow
[INFO] [stdout]      |
[INFO] [stdout] 2119 -         .div_ceil(&u64::from(bits))
[INFO] [stdout] 2119 +         .div_ceil(u64::from(bits))
[INFO] [stdout]      |
[INFO] [stdout] 
[INFO] [stdout] 
[INFO] [stdout] error[E0308]: mismatched types
[INFO] [stdout]     --> /opt/rustwide/cargo-home/registry/src/index.crates.io-6f17d22bba15001f/num-bigint-0.3.0/src/biguint.rs:2147:19
[INFO] [stdout]      |
[INFO] [stdout] 2147 |         .div_ceil(&u64::from(bits))
[INFO] [stdout]      |          -------- ^^^^^^^^^^^^^^^^ expected `u64`, found `&u64`
[INFO] [stdout]      |          |
[INFO] [stdout]      |          arguments to this method are incorrect
[INFO] [stdout]      |
[INFO] [stdout] note: method defined here
[INFO] [stdout]     --> /rustc/82e1608dfa6e0b5569232559e3d385fea5a93112/library/core/src/num/mod.rs:1169:5
[INFO] [stdout]      = note: this error originates in the macro `uint_impl` (in Nightly builds, run with -Z macro-backtrace for more info)
[INFO] [stdout] help: consider removing the borrow
[INFO] [stdout]      |
[INFO] [stdout] 2147 -         .div_ceil(&u64::from(bits))
[INFO] [stdout] 2147 +         .div_ceil(u64::from(bits))
[INFO] [stdout]      |
[INFO] [stdout] 
[INFO] [stdout] 
[INFO] [stdout] error: aborting due to 4 previous errors
[INFO] [stdout] 
[INFO] [stdout] 
[INFO] [stderr]     Checking threadpool v1.8.1
[INFO] [stdout] For more information about this error, try `rustc --explain E0308`.
[INFO] [stdout] 
[INFO] [stderr]     Checking term v0.5.2
[INFO] [stderr] error: could not compile `num-bigint` (lib) due to 5 previous errors
[INFO] [stderr] warning: build failed, waiting for other jobs to finish...
[INFO] running `Command { std: "docker" "inspect" "166ce7665620127cd6a1be1c3c3d1658ca643bd1f95b8d8e23ddb45b1d0474fb", kill_on_drop: false }`
[INFO] running `Command { std: "docker" "rm" "-f" "166ce7665620127cd6a1be1c3c3d1658ca643bd1f95b8d8e23ddb45b1d0474fb", kill_on_drop: false }`
[INFO] [stdout] 166ce7665620127cd6a1be1c3c3d1658ca643bd1f95b8d8e23ddb45b1d0474fb
[INFO] documenting octosql-0.0.1 against beta-2023-12-22 for beta-1.76-rustdoc-1
[INFO] extracting crate octosql 0.0.1 into /workspace/builds/worker-5-tc2/source
[INFO] validating manifest of crates.io crate octosql 0.0.1 on toolchain beta-2023-12-22
[INFO] running `Command { std: CARGO_HOME="/workspace/cargo-home" RUSTUP_HOME="/workspace/rustup-home" "/workspace/cargo-home/bin/cargo" "+beta-2023-12-22" "metadata" "--manifest-path" "Cargo.toml" "--no-deps", kill_on_drop: false }`
[INFO] started tweaking crates.io crate octosql 0.0.1
[INFO] finished tweaking crates.io crate octosql 0.0.1
[INFO] tweaked toml for crates.io crate octosql 0.0.1 written to /workspace/builds/worker-5-tc2/source/Cargo.toml
[INFO] crate crates.io crate octosql 0.0.1 already has a lockfile, it will not be regenerated
[INFO] running `Command { std: CARGO_HOME="/workspace/cargo-home" RUSTUP_HOME="/workspace/rustup-home" "/workspace/cargo-home/bin/cargo" "+beta-2023-12-22" "fetch" "--manifest-path" "Cargo.toml", kill_on_drop: false }`
[INFO] running `Command { std: "docker" "create" "-v" "/var/lib/crater-agent-workspace/builds/worker-5-tc2/target:/opt/rustwide/target:rw,Z" "-v" "/var/lib/crater-agent-workspace/builds/worker-5-tc2/source:/opt/rustwide/workdir:ro,Z" "-v" "/var/lib/crater-agent-workspace/cargo-home:/opt/rustwide/cargo-home:ro,Z" "-v" "/var/lib/crater-agent-workspace/rustup-home:/opt/rustwide/rustup-home:ro,Z" "-e" "SOURCE_DIR=/opt/rustwide/workdir" "-e" "CARGO_TARGET_DIR=/opt/rustwide/target" "-e" "CARGO_HOME=/opt/rustwide/cargo-home" "-e" "RUSTUP_HOME=/opt/rustwide/rustup-home" "-w" "/opt/rustwide/workdir" "-m" "1610612736" "--user" "0:0" "--network" "none" "ghcr.io/rust-lang/crates-build-env/linux@sha256:2788e3201cd34a07e3172128adcd8b3090168a8e3bcc40d7c032b9dda1df7d1c" "/opt/rustwide/cargo-home/bin/cargo" "+beta-2023-12-22" "metadata" "--no-deps" "--format-version=1", kill_on_drop: false }`
[INFO] [stdout] 21241c4149b1a7fe3a97b41509908d74faaad338e421ce9d7cabffb6204c880a
[INFO] running `Command { std: "docker" "start" "-a" "21241c4149b1a7fe3a97b41509908d74faaad338e421ce9d7cabffb6204c880a", kill_on_drop: false }`
[INFO] running `Command { std: "docker" "inspect" "21241c4149b1a7fe3a97b41509908d74faaad338e421ce9d7cabffb6204c880a", kill_on_drop: false }`
[INFO] running `Command { std: "docker" "rm" "-f" "21241c4149b1a7fe3a97b41509908d74faaad338e421ce9d7cabffb6204c880a", kill_on_drop: false }`
[INFO] [stdout] 21241c4149b1a7fe3a97b41509908d74faaad338e421ce9d7cabffb6204c880a
[INFO] running `Command { std: "docker" "create" "-v" "/var/lib/crater-agent-workspace/builds/worker-5-tc2/target:/opt/rustwide/target:rw,Z" "-v" "/var/lib/crater-agent-workspace/builds/worker-5-tc2/source:/opt/rustwide/workdir:ro,Z" "-v" "/var/lib/crater-agent-workspace/cargo-home:/opt/rustwide/cargo-home:ro,Z" "-v" "/var/lib/crater-agent-workspace/rustup-home:/opt/rustwide/rustup-home:ro,Z" "-e" "SOURCE_DIR=/opt/rustwide/workdir" "-e" "CARGO_TARGET_DIR=/opt/rustwide/target" "-e" "CARGO_INCREMENTAL=0" "-e" "RUST_BACKTRACE=full" "-e" "RUSTFLAGS=--cap-lints=warn" "-e" "RUSTDOCFLAGS=--cap-lints=warn" "-e" "CARGO_HOME=/opt/rustwide/cargo-home" "-e" "RUSTUP_HOME=/opt/rustwide/rustup-home" "-w" "/opt/rustwide/workdir" "-m" "1610612736" "--user" "0:0" "--network" "none" "ghcr.io/rust-lang/crates-build-env/linux@sha256:2788e3201cd34a07e3172128adcd8b3090168a8e3bcc40d7c032b9dda1df7d1c" "/opt/rustwide/cargo-home/bin/cargo" "+beta-2023-12-22" "doc" "--frozen" "--no-deps" "--document-private-items" "--message-format=json", kill_on_drop: false }`
[INFO] [stdout] 63221d5f9e4f1b6f9b4f5a272e9c67337330e9221fe972b87ece5f71c623db2c
[INFO] running `Command { std: "docker" "start" "-a" "63221d5f9e4f1b6f9b4f5a272e9c67337330e9221fe972b87ece5f71c623db2c", kill_on_drop: false }`
[INFO] [stderr]    Compiling libc v0.2.69
[INFO] [stderr]    Compiling autocfg v1.0.0
[INFO] [stderr]     Checking cfg-if v0.1.10
[INFO] [stderr]    Compiling proc-macro2 v1.0.12
[INFO] [stderr]    Compiling unicode-xid v0.2.0
[INFO] [stderr]    Compiling syn v1.0.19
[INFO] [stderr]    Compiling log v0.4.8
[INFO] [stderr]    Compiling memchr v2.3.3
[INFO] [stderr]     Checking futures-core v0.3.5
[INFO] [stderr]    Compiling getrandom v0.1.14
[INFO] [stderr]     Checking bytes v0.5.4
[INFO] [stderr]     Checking fnv v1.0.6
[INFO] [stderr]    Compiling either v1.5.3
[INFO] [stderr]     Checking slab v0.4.2
[INFO] [stderr]    Compiling hashbrown v0.8.1
[INFO] [stderr]    Compiling indexmap v1.5.0
[INFO] [stderr]     Checking pin-project-lite v0.1.5
[INFO] [stderr]     Checking tower-service v0.3.0
[INFO] [stderr]    Compiling num-traits v0.2.12
[INFO] [stderr]     Checking futures-sink v0.3.5
[INFO] [stderr]    Compiling anyhow v1.0.28
[INFO] [stderr]    Compiling itertools v0.8.2
[INFO] [stderr]     Checking futures-task v0.3.5
[INFO] [stderr]     Checking pin-utils v0.1.0
[INFO] [stderr]     Checking tower-layer v0.3.0
[INFO] [stderr]    Compiling byteorder v1.3.4
[INFO] [stderr]     Checking itoa v0.4.5
[INFO] [stderr]    Compiling quote v1.0.4
[INFO] [stderr]    Compiling num-integer v0.1.43
[INFO] [stderr]    Compiling ppv-lite86 v0.2.6
[INFO] [stderr]     Checking tracing-core v0.1.10
[INFO] [stderr]     Checking iovec v0.1.4
[INFO] [stderr]     Checking net2 v0.2.34
[INFO] [stderr]    Compiling ryu v1.0.4
[INFO] [stderr]    Compiling jobserver v0.1.21
[INFO] [stderr]     Checking mio v0.6.22
[INFO] [stderr]    Compiling which v3.1.1
[INFO] [stderr]    Compiling rand_core v0.5.1
[INFO] [stderr]    Compiling cc v1.0.58
[INFO] [stderr]    Compiling prost-build v0.6.1
[INFO] [stderr]    Compiling rand_chacha v0.2.2
[INFO] [stderr]    Compiling rand_pcg v0.2.1
[INFO] [stderr]    Compiling rand v0.7.3
[INFO] [stderr]    Compiling serde v1.0.110
[INFO] [stderr]    Compiling remove_dir_all v0.5.2
[INFO] [stderr]    Compiling unicode-segmentation v1.6.0
[INFO] [stderr]    Compiling fixedbitset v0.2.0
[INFO] [stderr]     Checking time v0.1.43
[INFO] [stderr]    Compiling petgraph v0.5.0
[INFO] [stderr]     Checking http v0.2.1
[INFO] [stderr]    Compiling heck v0.3.1
[INFO] [stderr]    Compiling crossbeam-utils v0.7.2
[INFO] [stderr]    Compiling httparse v1.3.4
[INFO] [stderr]    Compiling multimap v0.8.1
[INFO] [stderr]    Compiling tempfile v3.1.0
[INFO] [stderr]    Compiling bitflags v1.2.1
[INFO] [stderr]     Checking futures-channel v0.3.5
[INFO] [stderr]    Compiling itertools v0.9.0
[INFO] [stderr]    Compiling num-bigint v0.3.0
[INFO] [stderr]     Checking try-lock v0.2.2
[INFO] [stderr]    Compiling maybe-uninit v2.0.0
[INFO] [stderr]     Checking unicode-width v0.1.7
[INFO] [stderr]    Compiling glob v0.3.0
[INFO] [stderr]     Checking want v0.3.0
[INFO] [stderr]     Checking regex-automata v0.1.9
[INFO] [stderr]    Compiling num-rational v0.3.0
[INFO] [stderr]    Compiling num-iter v0.1.41
[INFO] [stderr]    Compiling memoffset v0.5.5
[INFO] [stderr]    Compiling zstd-sys v1.4.17+zstd.1.4.5
[INFO] [stderr]     Checking http-body v0.3.1
[INFO] [stderr]    Compiling lz4-sys v1.9.2
[INFO] [stderr]     Checking atty v0.2.14
[INFO] [stderr]     Checking num_cpus v1.13.0
[INFO] [stderr]     Checking dirs v1.0.5
[INFO] [stderr]     Checking csv-core v0.1.10
[INFO] [stderr]    Compiling crossbeam-epoch v0.8.2
[INFO] [stderr]     Checking percent-encoding v2.1.0
[INFO] [stderr]     Checking base64 v0.11.0
[INFO] [stderr]     Checking futures-io v0.3.5
[INFO] [stderr]    Compiling crc32fast v1.2.0
[INFO] [stderr]     Checking alloc-no-stdlib v2.0.1
[INFO] [stderr]     Checking term v0.5.2
[INFO] [stderr]     Checking threadpool v1.8.1
[INFO] [stderr]     Checking alloc-stdlib v0.2.1
[INFO] [stderr]     Checking chrono v0.4.11
[INFO] [stderr]     Checking ordered-float v1.1.0
[INFO] [stderr]     Checking num-complex v0.3.0
[INFO] [stderr]     Checking aho-corasick v0.7.10
[INFO] [stderr]     Checking thread_local v1.0.1
[INFO] [stdout] error[E0308]: mismatched types
[INFO] [stdout]    --> /opt/rustwide/cargo-home/registry/src/index.crates.io-6f17d22bba15001f/num-bigint-0.3.0/src/biguint.rs:198:19
[INFO] [stdout]     |
[INFO] [stdout] 198 |         .div_ceil(&big_digit::BITS.into())
[INFO] [stdout]     |          -------- ^^^^^^^^^^^^^^^^^^^^^^^ expected `u64`, found `&_`
[INFO] [stdout]     |          |
[INFO] [stdout]     |          arguments to this method are incorrect
[INFO] [stdout]     |
[INFO] [stdout]     = note:   expected type `u64`
[INFO] [stdout]             found reference `&_`
[INFO] [stdout] note: method defined here
[INFO] [stdout]    --> /rustc/0e09125c6c3c2fd70d7de961bcf0e51575235fad/library/core/src/num/mod.rs:1169:5
[INFO] [stdout]     = note: this error originates in the macro `uint_impl` (in Nightly builds, run with -Z macro-backtrace for more info)
[INFO] [stdout] help: consider removing the borrow
[INFO] [stdout]     |
[INFO] [stdout] 198 -         .div_ceil(&big_digit::BITS.into())
[INFO] [stdout] 198 +         .div_ceil(big_digit::BITS.into())
[INFO] [stdout]     |
[INFO] [stdout] 
[INFO] [stdout] 
[INFO] [stderr]     Checking integer-encoding v1.1.5
[INFO] [stdout] error[E0308]: mismatched types
[INFO] [stdout]     --> /opt/rustwide/cargo-home/registry/src/index.crates.io-6f17d22bba15001f/num-bigint-0.3.0/src/biguint.rs:1700:50
[INFO] [stdout]      |
[INFO] [stdout] 1700 |             let root_scale = extra_bits.div_ceil(&n64);
[INFO] [stdout]      |                                         -------- ^^^^ expected `u64`, found `&u64`
[INFO] [stdout]      |                                         |
[INFO] [stdout]      |                                         arguments to this method are incorrect
[INFO] [stdout]      |
[INFO] [stdout] note: method defined here
[INFO] [stdout]     --> /rustc/0e09125c6c3c2fd70d7de961bcf0e51575235fad/library/core/src/num/mod.rs:1169:5
[INFO] [stdout]      = note: this error originates in the macro `uint_impl` (in Nightly builds, run with -Z macro-backtrace for more info)
[INFO] [stdout] help: consider removing the borrow
[INFO] [stdout]      |
[INFO] [stdout] 1700 -             let root_scale = extra_bits.div_ceil(&n64);
[INFO] [stdout] 1700 +             let root_scale = extra_bits.div_ceil(n64);
[INFO] [stdout]      |
[INFO] [stdout] 
[INFO] [stdout] 
[INFO] [stdout] error[E0308]: mismatched types
[INFO] [stdout]     --> /opt/rustwide/cargo-home/registry/src/index.crates.io-6f17d22bba15001f/num-bigint-0.3.0/src/biguint.rs:2119:19
[INFO] [stdout]      |
[INFO] [stdout] 2119 |         .div_ceil(&u64::from(bits))
[INFO] [stdout]      |          -------- ^^^^^^^^^^^^^^^^ expected `u64`, found `&u64`
[INFO] [stdout]      |          |
[INFO] [stdout]      |          arguments to this method are incorrect
[INFO] [stdout]      |
[INFO] [stdout] note: method defined here
[INFO] [stdout]     --> /rustc/0e09125c6c3c2fd70d7de961bcf0e51575235fad/library/core/src/num/mod.rs:1169:5
[INFO] [stdout]      = note: this error originates in the macro `uint_impl` (in Nightly builds, run with -Z macro-backtrace for more info)
[INFO] [stdout] help: consider removing the borrow
[INFO] [stdout]      |
[INFO] [stdout] 2119 -         .div_ceil(&u64::from(bits))
[INFO] [stdout] 2119 +         .div_ceil(u64::from(bits))
[INFO] [stdout]      |
[INFO] [stdout] 
[INFO] [stdout] 
[INFO] [stdout] error[E0308]: mismatched types
[INFO] [stdout]     --> /opt/rustwide/cargo-home/registry/src/index.crates.io-6f17d22bba15001f/num-bigint-0.3.0/src/biguint.rs:2147:19
[INFO] [stdout]      |
[INFO] [stdout] 2147 |         .div_ceil(&u64::from(bits))
[INFO] [stdout]      |          -------- ^^^^^^^^^^^^^^^^ expected `u64`, found `&u64`
[INFO] [stdout]      |          |
[INFO] [stdout]      |          arguments to this method are incorrect
[INFO] [stdout]      |
[INFO] [stdout] note: method defined here
[INFO] [stdout]     --> /rustc/0e09125c6c3c2fd70d7de961bcf0e51575235fad/library/core/src/num/mod.rs:1169:5
[INFO] [stdout]      = note: this error originates in the macro `uint_impl` (in Nightly builds, run with -Z macro-backtrace for more info)
[INFO] [stdout] help: consider removing the borrow
[INFO] [stdout]      |
[INFO] [stdout] 2147 -         .div_ceil(&u64::from(bits))
[INFO] [stdout] 2147 +         .div_ceil(u64::from(bits))
[INFO] [stdout]      |
[INFO] [stdout] 
[INFO] [stdout] 
[INFO] [stdout] error: aborting due to 4 previous errors
[INFO] [stdout] 
[INFO] [stdout] 
[INFO] [stdout] For more information about this error, try `rustc --explain E0308`.
[INFO] [stdout] 
[INFO] [stderr] error: could not compile `num-bigint` (lib) due to 5 previous errors
[INFO] [stderr] warning: build failed, waiting for other jobs to finish...
[INFO] running `Command { std: "docker" "inspect" "63221d5f9e4f1b6f9b4f5a272e9c67337330e9221fe972b87ece5f71c623db2c", kill_on_drop: false }`
[INFO] running `Command { std: "docker" "rm" "-f" "63221d5f9e4f1b6f9b4f5a272e9c67337330e9221fe972b87ece5f71c623db2c", kill_on_drop: false }`
[INFO] [stdout] 63221d5f9e4f1b6f9b4f5a272e9c67337330e9221fe972b87ece5f71c623db2c
