[INFO] fetching crate ntex-mqtt 0.12.14...
[INFO] documenting ntex-mqtt-0.12.14 against 1.75.0 for beta-1.76-rustdoc-1
[INFO] extracting crate ntex-mqtt 0.12.14 into /workspace/builds/worker-4-tc1/source
[INFO] validating manifest of crates.io crate ntex-mqtt 0.12.14 on toolchain 1.75.0
[INFO] running `Command { std: CARGO_HOME="/workspace/cargo-home" RUSTUP_HOME="/workspace/rustup-home" "/workspace/cargo-home/bin/cargo" "+1.75.0" "metadata" "--manifest-path" "Cargo.toml" "--no-deps", kill_on_drop: false }`
[INFO] started tweaking crates.io crate ntex-mqtt 0.12.14
[INFO] finished tweaking crates.io crate ntex-mqtt 0.12.14
[INFO] tweaked toml for crates.io crate ntex-mqtt 0.12.14 written to /workspace/builds/worker-4-tc1/source/Cargo.toml
[INFO] crate crates.io crate ntex-mqtt 0.12.14 already has a lockfile, it will not be regenerated
[INFO] running `Command { std: CARGO_HOME="/workspace/cargo-home" RUSTUP_HOME="/workspace/rustup-home" "/workspace/cargo-home/bin/cargo" "+1.75.0" "fetch" "--manifest-path" "Cargo.toml", kill_on_drop: false }`
[INFO] [stderr]     Updating crates.io index
[INFO] [stderr]  Downloading crates ...
[INFO] [stderr]   Downloaded ntex-router v0.5.2
[INFO] [stderr]   Downloaded ntex-service v1.2.7
[INFO] [stderr]   Downloaded ntex-tls v0.3.3
[INFO] [stderr]   Downloaded ntex-tokio v0.3.1
[INFO] [stderr]   Downloaded ntex-macros v0.1.3
[INFO] [stderr]   Downloaded ntex-codec v0.6.2
[INFO] [stderr]   Downloaded ntex-rt v0.4.11
[INFO] [stderr]   Downloaded ntex-connect v0.3.2
[INFO] [stderr]   Downloaded oneshot v0.1.6
[INFO] [stderr]   Downloaded ntex-bytes v0.1.21
[INFO] [stderr]   Downloaded ntex-h2 v0.4.4
[INFO] [stderr]   Downloaded ntex v0.7.13
[INFO] [stderr]   Downloaded ntex-io v0.3.12
[INFO] [stderr]   Downloaded ntex-util v0.3.4
[INFO] [stderr]   Downloaded ntex-http v0.1.11
[INFO] running `Command { std: "docker" "create" "-v" "/var/lib/crater-agent-workspace/builds/worker-4-tc1/target:/opt/rustwide/target:rw,Z" "-v" "/var/lib/crater-agent-workspace/builds/worker-4-tc1/source:/opt/rustwide/workdir:ro,Z" "-v" "/var/lib/crater-agent-workspace/cargo-home:/opt/rustwide/cargo-home:ro,Z" "-v" "/var/lib/crater-agent-workspace/rustup-home:/opt/rustwide/rustup-home:ro,Z" "-e" "SOURCE_DIR=/opt/rustwide/workdir" "-e" "CARGO_TARGET_DIR=/opt/rustwide/target" "-e" "CARGO_HOME=/opt/rustwide/cargo-home" "-e" "RUSTUP_HOME=/opt/rustwide/rustup-home" "-w" "/opt/rustwide/workdir" "-m" "1610612736" "--user" "0:0" "--network" "none" "ghcr.io/rust-lang/crates-build-env/linux@sha256:2788e3201cd34a07e3172128adcd8b3090168a8e3bcc40d7c032b9dda1df7d1c" "/opt/rustwide/cargo-home/bin/cargo" "+1.75.0" "metadata" "--no-deps" "--format-version=1", kill_on_drop: false }`
[INFO] [stdout] 035058730f02c7e2467ba513be688db9b7dbbd85bee4da10fc13a5c2f58dbf93
[INFO] running `Command { std: "docker" "start" "-a" "035058730f02c7e2467ba513be688db9b7dbbd85bee4da10fc13a5c2f58dbf93", kill_on_drop: false }`
[INFO] running `Command { std: "docker" "inspect" "035058730f02c7e2467ba513be688db9b7dbbd85bee4da10fc13a5c2f58dbf93", kill_on_drop: false }`
[INFO] running `Command { std: "docker" "rm" "-f" "035058730f02c7e2467ba513be688db9b7dbbd85bee4da10fc13a5c2f58dbf93", kill_on_drop: false }`
[INFO] [stdout] 035058730f02c7e2467ba513be688db9b7dbbd85bee4da10fc13a5c2f58dbf93
[INFO] running `Command { std: "docker" "create" "-v" "/var/lib/crater-agent-workspace/builds/worker-4-tc1/target:/opt/rustwide/target:rw,Z" "-v" "/var/lib/crater-agent-workspace/builds/worker-4-tc1/source:/opt/rustwide/workdir:ro,Z" "-v" "/var/lib/crater-agent-workspace/cargo-home:/opt/rustwide/cargo-home:ro,Z" "-v" "/var/lib/crater-agent-workspace/rustup-home:/opt/rustwide/rustup-home:ro,Z" "-e" "SOURCE_DIR=/opt/rustwide/workdir" "-e" "CARGO_TARGET_DIR=/opt/rustwide/target" "-e" "CARGO_INCREMENTAL=0" "-e" "RUST_BACKTRACE=full" "-e" "RUSTFLAGS=--cap-lints=warn" "-e" "RUSTDOCFLAGS=--cap-lints=warn" "-e" "CARGO_HOME=/opt/rustwide/cargo-home" "-e" "RUSTUP_HOME=/opt/rustwide/rustup-home" "-w" "/opt/rustwide/workdir" "-m" "1610612736" "--user" "0:0" "--network" "none" "ghcr.io/rust-lang/crates-build-env/linux@sha256:2788e3201cd34a07e3172128adcd8b3090168a8e3bcc40d7c032b9dda1df7d1c" "/opt/rustwide/cargo-home/bin/cargo" "+1.75.0" "doc" "--frozen" "--no-deps" "--document-private-items" "--message-format=json", kill_on_drop: false }`
[INFO] [stdout] 6caebefb777077973bae2b3e1e1d717a970d15ca630dca00dbd3f17353c455ee
[INFO] running `Command { std: "docker" "start" "-a" "6caebefb777077973bae2b3e1e1d717a970d15ca630dca00dbd3f17353c455ee", kill_on_drop: false }`
[INFO] [stderr]    Compiling proc-macro2 v1.0.70
[INFO] [stderr]    Compiling futures-core v0.3.29
[INFO] [stderr]    Compiling crossbeam-utils v0.8.16
[INFO] [stderr]    Compiling serde v1.0.193
[INFO] [stderr]     Checking bitflags v2.4.1
[INFO] [stderr]     Checking oneshot v0.1.6
[INFO] [stderr]     Checking ntex-service v1.2.7
[INFO] [stderr]     Checking futures-timer v3.0.2
[INFO] [stderr]     Checking futures-sink v0.3.29
[INFO] [stderr]     Checking http v0.2.11
[INFO] [stderr]    Compiling thiserror v1.0.50
[INFO] [stderr]     Checking regex-syntax v0.8.2
[INFO] [stderr]    Compiling libc v0.2.150
[INFO] [stderr]    Compiling rustix v0.38.25
[INFO] [stderr]    Compiling serde_json v1.0.108
[INFO] [stderr]     Checking linux-raw-sys v0.4.11
[INFO] [stderr]     Checking concurrent-queue v2.3.0
[INFO] [stderr]     Checking tracing-core v0.1.32
[INFO] [stderr]    Compiling quote v1.0.33
[INFO] [stderr]     Checking event-listener v4.0.0
[INFO] [stderr]    Compiling syn v2.0.39
[INFO] [stderr]     Checking tracing v0.1.40
[INFO] [stderr]     Checking event-listener-strategy v0.4.0
[INFO] [stderr]    Compiling syn v1.0.109
[INFO] [stderr]     Checking async-channel v2.1.1
[INFO] [stderr]     Checking cpufeatures v0.2.11
[INFO] [stderr]     Checking nanorand v0.7.0
[INFO] [stderr]     Checking regex-automata v0.4.3
[INFO] [stderr]     Checking sha-1 v0.10.1
[INFO] [stderr]     Checking ntex-rt v0.4.11
[INFO] [stderr]     Checking ntex-util v0.3.4
[INFO] [stderr]     Checking socket2 v0.5.5
[INFO] [stderr]     Checking regex v1.10.2
[INFO] [stderr]    Compiling serde_derive v1.0.193
[INFO] [stderr]    Compiling thiserror-impl v1.0.50
[INFO] [stderr]     Checking polling v3.3.1
[INFO] [stderr]    Compiling ntex-macros v0.1.3
[INFO] [stderr]     Checking ntex-bytes v0.1.21
[INFO] [stderr]     Checking serde_urlencoded v0.7.1
[INFO] [stderr]     Checking ntex-codec v0.6.2
[INFO] [stderr]     Checking ntex-http v0.1.11
[INFO] [stderr]     Checking ntex-router v0.5.2
[INFO] [stderr]     Checking ntex-io v0.3.12
[INFO] [stderr]     Checking ntex-tls v0.3.3
[INFO] [stderr]     Checking ntex-connect v0.3.2
[INFO] [stderr]     Checking ntex-h2 v0.4.4
[INFO] [stderr]     Checking ntex v0.7.13
[INFO] [stdout] error[E0432]: unresolved import `crate::rt::Signal`
[INFO] [stdout]  --> /opt/rustwide/cargo-home/registry/src/index.crates.io-6f17d22bba15001f/ntex-0.7.13/src/server/builder.rs:7:24
[INFO] [stdout]   |
[INFO] [stdout] 7 | use crate::rt::{spawn, Signal, System};
[INFO] [stdout]   |                        ^^^^^^ no `Signal` in `rt`
[INFO] [stdout]   |
[INFO] [stdout]   = help: consider importing this variant instead:
[INFO] [stdout]           crate::server::ServerCommand::Signal
[INFO] [stdout] 
[INFO] [stdout] 
[INFO] [stdout] error[E0432]: unresolved import `crate::rt::tcp_connect`
[INFO] [stdout]  --> /opt/rustwide/cargo-home/registry/src/index.crates.io-6f17d22bba15001f/ntex-0.7.13/src/server/test.rs:6:17
[INFO] [stdout]   |
[INFO] [stdout] 6 | use crate::rt::{tcp_connect, System};
[INFO] [stdout]   |                 ^^^^^^^^^^^ no `tcp_connect` in `rt`
[INFO] [stdout] 
[INFO] [stdout] 
[INFO] [stdout] error[E0425]: cannot find function `signal` in module `crate::rt`
[INFO] [stdout]    --> /opt/rustwide/cargo-home/registry/src/index.crates.io-6f17d22bba15001f/ntex-0.7.13/src/server/builder.rs:513:38
[INFO] [stdout]     |
[INFO] [stdout] 513 |         if let Some(rx) = crate::rt::signal() {
[INFO] [stdout]     |                                      ^^^^^^ not found in `crate::rt`
[INFO] [stdout] 
[INFO] [stdout] 
[INFO] [stdout] error[E0425]: cannot find function `from_tcp_stream` in module `rt`
[INFO] [stdout]    --> /opt/rustwide/cargo-home/registry/src/index.crates.io-6f17d22bba15001f/ntex-0.7.13/src/server/socket.rs:166:40
[INFO] [stdout]     |
[INFO] [stdout] 166 |             Stream::Tcp(stream) => rt::from_tcp_stream(stream),
[INFO] [stdout]     |                                        ^^^^^^^^^^^^^^^ not found in `rt`
[INFO] [stdout]     |
[INFO] [stdout] help: consider importing one of these items
[INFO] [stdout]     |
[INFO] [stdout] 1   + use crate::connect::net::from_tcp_stream;
[INFO] [stdout]     |
[INFO] [stdout] 1   + use ntex_connect::net::from_tcp_stream;
[INFO] [stdout]     |
[INFO] [stdout] help: if you import `from_tcp_stream`, refer to it directly
[INFO] [stdout]     |
[INFO] [stdout] 166 -             Stream::Tcp(stream) => rt::from_tcp_stream(stream),
[INFO] [stdout] 166 +             Stream::Tcp(stream) => from_tcp_stream(stream),
[INFO] [stdout]     |
[INFO] [stdout] 
[INFO] [stdout] 
[INFO] [stdout] error[E0425]: cannot find function `from_unix_stream` in module `rt`
[INFO] [stdout]    --> /opt/rustwide/cargo-home/registry/src/index.crates.io-6f17d22bba15001f/ntex-0.7.13/src/server/socket.rs:168:40
[INFO] [stdout]     |
[INFO] [stdout] 168 |             Stream::Uds(stream) => rt::from_unix_stream(stream),
[INFO] [stdout]     |                                        ^^^^^^^^^^^^^^^^ not found in `rt`
[INFO] [stdout]     |
[INFO] [stdout] help: consider importing one of these items
[INFO] [stdout]     |
[INFO] [stdout] 1   + use crate::connect::net::from_unix_stream;
[INFO] [stdout]     |
[INFO] [stdout] 1   + use ntex_connect::net::from_unix_stream;
[INFO] [stdout]     |
[INFO] [stdout] help: if you import `from_unix_stream`, refer to it directly
[INFO] [stdout]     |
[INFO] [stdout] 168 -             Stream::Uds(stream) => rt::from_unix_stream(stream),
[INFO] [stdout] 168 +             Stream::Uds(stream) => from_unix_stream(stream),
[INFO] [stdout]     |
[INFO] [stdout] 
[INFO] [stdout] 
[INFO] [stdout] error[E0412]: cannot find type `Signal` in module `crate::rt`
[INFO] [stdout]   --> /opt/rustwide/cargo-home/registry/src/index.crates.io-6f17d22bba15001f/ntex-0.7.13/src/server/mod.rs:66:23
[INFO] [stdout]    |
[INFO] [stdout] 66 |     Signal(crate::rt::Signal),
[INFO] [stdout]    |                       ^^^^^^ not found in `crate::rt`
[INFO] [stdout]    |
[INFO] [stdout] help: there is an enum variant `crate::server::ServerCommand::Signal`; try using the variant's enum
[INFO] [stdout]    |
[INFO] [stdout] 66 |     Signal(crate::server::ServerCommand),
[INFO] [stdout]    |            ~~~~~~~~~~~~~~~~~~~~~~~~~~~~
[INFO] [stdout] 
[INFO] [stdout] 
[INFO] [stdout] error[E0412]: cannot find type `Signal` in module `crate::rt`
[INFO] [stdout]   --> /opt/rustwide/cargo-home/registry/src/index.crates.io-6f17d22bba15001f/ntex-0.7.13/src/server/mod.rs:90:38
[INFO] [stdout]    |
[INFO] [stdout] 90 |     fn signal(&self, sig: crate::rt::Signal) {
[INFO] [stdout]    |                                      ^^^^^^ not found in `crate::rt`
[INFO] [stdout]    |
[INFO] [stdout] help: there is an enum variant `crate::server::ServerCommand::Signal`; try using the variant's enum
[INFO] [stdout]    |
[INFO] [stdout] 90 |     fn signal(&self, sig: crate::server::ServerCommand) {
[INFO] [stdout]    |                           ~~~~~~~~~~~~~~~~~~~~~~~~~~~~
[INFO] [stdout] 
[INFO] [stdout] 
[INFO] [stdout] error: aborting due to 7 previous errors
[INFO] [stdout] 
[INFO] [stdout] 
[INFO] [stdout] Some errors have detailed explanations: E0412, E0425, E0432.
[INFO] [stdout] 
[INFO] [stdout] For more information about an error, try `rustc --explain E0412`.
[INFO] [stdout] 
[INFO] [stderr] error: could not compile `ntex` (lib) due to 8 previous errors
[INFO] running `Command { std: "docker" "inspect" "6caebefb777077973bae2b3e1e1d717a970d15ca630dca00dbd3f17353c455ee", kill_on_drop: false }`
[INFO] running `Command { std: "docker" "rm" "-f" "6caebefb777077973bae2b3e1e1d717a970d15ca630dca00dbd3f17353c455ee", kill_on_drop: false }`
[INFO] [stdout] 6caebefb777077973bae2b3e1e1d717a970d15ca630dca00dbd3f17353c455ee
[INFO] documenting ntex-mqtt-0.12.14 against beta-2023-12-22 for beta-1.76-rustdoc-1
[INFO] extracting crate ntex-mqtt 0.12.14 into /workspace/builds/worker-4-tc2/source
[INFO] validating manifest of crates.io crate ntex-mqtt 0.12.14 on toolchain beta-2023-12-22
[INFO] running `Command { std: CARGO_HOME="/workspace/cargo-home" RUSTUP_HOME="/workspace/rustup-home" "/workspace/cargo-home/bin/cargo" "+beta-2023-12-22" "metadata" "--manifest-path" "Cargo.toml" "--no-deps", kill_on_drop: false }`
[INFO] started tweaking crates.io crate ntex-mqtt 0.12.14
[INFO] finished tweaking crates.io crate ntex-mqtt 0.12.14
[INFO] tweaked toml for crates.io crate ntex-mqtt 0.12.14 written to /workspace/builds/worker-4-tc2/source/Cargo.toml
[INFO] crate crates.io crate ntex-mqtt 0.12.14 already has a lockfile, it will not be regenerated
[INFO] running `Command { std: CARGO_HOME="/workspace/cargo-home" RUSTUP_HOME="/workspace/rustup-home" "/workspace/cargo-home/bin/cargo" "+beta-2023-12-22" "fetch" "--manifest-path" "Cargo.toml", kill_on_drop: false }`
[INFO] running `Command { std: "docker" "create" "-v" "/var/lib/crater-agent-workspace/builds/worker-4-tc2/target:/opt/rustwide/target:rw,Z" "-v" "/var/lib/crater-agent-workspace/builds/worker-4-tc2/source:/opt/rustwide/workdir:ro,Z" "-v" "/var/lib/crater-agent-workspace/cargo-home:/opt/rustwide/cargo-home:ro,Z" "-v" "/var/lib/crater-agent-workspace/rustup-home:/opt/rustwide/rustup-home:ro,Z" "-e" "SOURCE_DIR=/opt/rustwide/workdir" "-e" "CARGO_TARGET_DIR=/opt/rustwide/target" "-e" "CARGO_HOME=/opt/rustwide/cargo-home" "-e" "RUSTUP_HOME=/opt/rustwide/rustup-home" "-w" "/opt/rustwide/workdir" "-m" "1610612736" "--user" "0:0" "--network" "none" "ghcr.io/rust-lang/crates-build-env/linux@sha256:2788e3201cd34a07e3172128adcd8b3090168a8e3bcc40d7c032b9dda1df7d1c" "/opt/rustwide/cargo-home/bin/cargo" "+beta-2023-12-22" "metadata" "--no-deps" "--format-version=1", kill_on_drop: false }`
[INFO] [stdout] f9f9ef0f20ee35d8894c875291181c384a9e15bc324de572bb53f52fa45a8045
[INFO] running `Command { std: "docker" "start" "-a" "f9f9ef0f20ee35d8894c875291181c384a9e15bc324de572bb53f52fa45a8045", kill_on_drop: false }`
[INFO] running `Command { std: "docker" "inspect" "f9f9ef0f20ee35d8894c875291181c384a9e15bc324de572bb53f52fa45a8045", kill_on_drop: false }`
[INFO] running `Command { std: "docker" "rm" "-f" "f9f9ef0f20ee35d8894c875291181c384a9e15bc324de572bb53f52fa45a8045", kill_on_drop: false }`
[INFO] [stdout] f9f9ef0f20ee35d8894c875291181c384a9e15bc324de572bb53f52fa45a8045
[INFO] running `Command { std: "docker" "create" "-v" "/var/lib/crater-agent-workspace/builds/worker-4-tc2/target:/opt/rustwide/target:rw,Z" "-v" "/var/lib/crater-agent-workspace/builds/worker-4-tc2/source:/opt/rustwide/workdir:ro,Z" "-v" "/var/lib/crater-agent-workspace/cargo-home:/opt/rustwide/cargo-home:ro,Z" "-v" "/var/lib/crater-agent-workspace/rustup-home:/opt/rustwide/rustup-home:ro,Z" "-e" "SOURCE_DIR=/opt/rustwide/workdir" "-e" "CARGO_TARGET_DIR=/opt/rustwide/target" "-e" "CARGO_INCREMENTAL=0" "-e" "RUST_BACKTRACE=full" "-e" "RUSTFLAGS=--cap-lints=warn" "-e" "RUSTDOCFLAGS=--cap-lints=warn" "-e" "CARGO_HOME=/opt/rustwide/cargo-home" "-e" "RUSTUP_HOME=/opt/rustwide/rustup-home" "-w" "/opt/rustwide/workdir" "-m" "1610612736" "--user" "0:0" "--network" "none" "ghcr.io/rust-lang/crates-build-env/linux@sha256:2788e3201cd34a07e3172128adcd8b3090168a8e3bcc40d7c032b9dda1df7d1c" "/opt/rustwide/cargo-home/bin/cargo" "+beta-2023-12-22" "doc" "--frozen" "--no-deps" "--document-private-items" "--message-format=json", kill_on_drop: false }`
[INFO] [stdout] e1ceb707a322df52cc8c5168fb428b5e6cb1a1e7b13b6e8684eab220342c57bf
[INFO] running `Command { std: "docker" "start" "-a" "e1ceb707a322df52cc8c5168fb428b5e6cb1a1e7b13b6e8684eab220342c57bf", kill_on_drop: false }`
[INFO] [stderr]    Compiling proc-macro2 v1.0.70
[INFO] [stderr]    Compiling futures-core v0.3.29
[INFO] [stderr]    Compiling serde v1.0.193
[INFO] [stderr]    Compiling crossbeam-utils v0.8.16
[INFO] [stderr]     Checking bitflags v2.4.1
[INFO] [stderr]     Checking oneshot v0.1.6
[INFO] [stderr]     Checking ntex-service v1.2.7
[INFO] [stderr]     Checking futures-sink v0.3.29
[INFO] [stderr]     Checking futures-timer v3.0.2
[INFO] [stderr]     Checking http v0.2.11
[INFO] [stderr]    Compiling thiserror v1.0.50
[INFO] [stderr]     Checking regex-syntax v0.8.2
[INFO] [stderr]    Compiling libc v0.2.150
[INFO] [stderr]    Compiling rustix v0.38.25
[INFO] [stderr]    Compiling serde_json v1.0.108
[INFO] [stderr]     Checking concurrent-queue v2.3.0
[INFO] [stderr]     Checking tracing-core v0.1.32
[INFO] [stderr]     Checking event-listener v4.0.0
[INFO] [stderr]     Checking linux-raw-sys v0.4.11
[INFO] [stderr]     Checking tracing v0.1.40
[INFO] [stderr]     Checking nanorand v0.7.0
[INFO] [stderr]     Checking event-listener-strategy v0.4.0
[INFO] [stderr]     Checking cpufeatures v0.2.11
[INFO] [stderr]    Compiling quote v1.0.33
[INFO] [stderr]     Checking async-channel v2.1.1
[INFO] [stderr]     Checking sha-1 v0.10.1
[INFO] [stderr]     Checking ntex-rt v0.4.11
[INFO] [stderr]    Compiling syn v2.0.39
[INFO] [stderr]    Compiling syn v1.0.109
[INFO] [stderr]     Checking regex-automata v0.4.3
[INFO] [stderr]     Checking ntex-util v0.3.4
[INFO] [stderr]     Checking socket2 v0.5.5
[INFO] [stderr]     Checking regex v1.10.2
[INFO] [stderr]    Compiling serde_derive v1.0.193
[INFO] [stderr]    Compiling thiserror-impl v1.0.50
[INFO] [stderr]     Checking polling v3.3.1
[INFO] [stderr]    Compiling ntex-macros v0.1.3
[INFO] [stderr]     Checking ntex-bytes v0.1.21
[INFO] [stderr]     Checking serde_urlencoded v0.7.1
[INFO] [stderr]     Checking ntex-codec v0.6.2
[INFO] [stderr]     Checking ntex-http v0.1.11
[INFO] [stderr]     Checking ntex-router v0.5.2
[INFO] [stderr]     Checking ntex-io v0.3.12
[INFO] [stderr]     Checking ntex-tls v0.3.3
[INFO] [stderr]     Checking ntex-connect v0.3.2
[INFO] [stderr]     Checking ntex-h2 v0.4.4
[INFO] [stderr]     Checking ntex v0.7.13
[INFO] [stdout] error[E0432]: unresolved import `crate::rt::Signal`
[INFO] [stdout]  --> /opt/rustwide/cargo-home/registry/src/index.crates.io-6f17d22bba15001f/ntex-0.7.13/src/server/builder.rs:7:24
[INFO] [stdout]   |
[INFO] [stdout] 7 | use crate::rt::{spawn, Signal, System};
[INFO] [stdout]   |                        ^^^^^^ no `Signal` in `rt`
[INFO] [stdout]   |
[INFO] [stdout]   = help: consider importing this variant instead:
[INFO] [stdout]           crate::server::ServerCommand::Signal
[INFO] [stdout] 
[INFO] [stdout] 
[INFO] [stdout] error[E0432]: unresolved import `crate::rt::tcp_connect`
[INFO] [stdout]  --> /opt/rustwide/cargo-home/registry/src/index.crates.io-6f17d22bba15001f/ntex-0.7.13/src/server/test.rs:6:17
[INFO] [stdout]   |
[INFO] [stdout] 6 | use crate::rt::{tcp_connect, System};
[INFO] [stdout]   |                 ^^^^^^^^^^^ no `tcp_connect` in `rt`
[INFO] [stdout] 
[INFO] [stdout] 
[INFO] [stdout] error[E0425]: cannot find function `signal` in module `crate::rt`
[INFO] [stdout]    --> /opt/rustwide/cargo-home/registry/src/index.crates.io-6f17d22bba15001f/ntex-0.7.13/src/server/builder.rs:513:38
[INFO] [stdout]     |
[INFO] [stdout] 513 |         if let Some(rx) = crate::rt::signal() {
[INFO] [stdout]     |                                      ^^^^^^ not found in `crate::rt`
[INFO] [stdout] 
[INFO] [stdout] 
[INFO] [stdout] error[E0425]: cannot find function `from_tcp_stream` in module `rt`
[INFO] [stdout]    --> /opt/rustwide/cargo-home/registry/src/index.crates.io-6f17d22bba15001f/ntex-0.7.13/src/server/socket.rs:166:40
[INFO] [stdout]     |
[INFO] [stdout] 166 |             Stream::Tcp(stream) => rt::from_tcp_stream(stream),
[INFO] [stdout]     |                                        ^^^^^^^^^^^^^^^ not found in `rt`
[INFO] [stdout]     |
[INFO] [stdout] help: consider importing one of these items
[INFO] [stdout]     |
[INFO] [stdout] 1   + use crate::connect::net::from_tcp_stream;
[INFO] [stdout]     |
[INFO] [stdout] 1   + use ntex_connect::net::from_tcp_stream;
[INFO] [stdout]     |
[INFO] [stdout] help: if you import `from_tcp_stream`, refer to it directly
[INFO] [stdout]     |
[INFO] [stdout] 166 -             Stream::Tcp(stream) => rt::from_tcp_stream(stream),
[INFO] [stdout] 166 +             Stream::Tcp(stream) => from_tcp_stream(stream),
[INFO] [stdout]     |
[INFO] [stdout] 
[INFO] [stdout] 
[INFO] [stdout] error[E0425]: cannot find function `from_unix_stream` in module `rt`
[INFO] [stdout]    --> /opt/rustwide/cargo-home/registry/src/index.crates.io-6f17d22bba15001f/ntex-0.7.13/src/server/socket.rs:168:40
[INFO] [stdout]     |
[INFO] [stdout] 168 |             Stream::Uds(stream) => rt::from_unix_stream(stream),
[INFO] [stdout]     |                                        ^^^^^^^^^^^^^^^^ not found in `rt`
[INFO] [stdout]     |
[INFO] [stdout] help: consider importing one of these items
[INFO] [stdout]     |
[INFO] [stdout] 1   + use crate::connect::net::from_unix_stream;
[INFO] [stdout]     |
[INFO] [stdout] 1   + use ntex_connect::net::from_unix_stream;
[INFO] [stdout]     |
[INFO] [stdout] help: if you import `from_unix_stream`, refer to it directly
[INFO] [stdout]     |
[INFO] [stdout] 168 -             Stream::Uds(stream) => rt::from_unix_stream(stream),
[INFO] [stdout] 168 +             Stream::Uds(stream) => from_unix_stream(stream),
[INFO] [stdout]     |
[INFO] [stdout] 
[INFO] [stdout] 
[INFO] [stdout] error[E0412]: cannot find type `Signal` in module `crate::rt`
[INFO] [stdout]   --> /opt/rustwide/cargo-home/registry/src/index.crates.io-6f17d22bba15001f/ntex-0.7.13/src/server/mod.rs:66:23
[INFO] [stdout]    |
[INFO] [stdout] 66 |     Signal(crate::rt::Signal),
[INFO] [stdout]    |                       ^^^^^^ not found in `crate::rt`
[INFO] [stdout]    |
[INFO] [stdout] help: there is an enum variant `crate::server::ServerCommand::Signal`; try using the variant's enum
[INFO] [stdout]    |
[INFO] [stdout] 66 |     Signal(crate::server::ServerCommand),
[INFO] [stdout]    |            ~~~~~~~~~~~~~~~~~~~~~~~~~~~~
[INFO] [stdout] 
[INFO] [stdout] 
[INFO] [stdout] error[E0412]: cannot find type `Signal` in module `crate::rt`
[INFO] [stdout]   --> /opt/rustwide/cargo-home/registry/src/index.crates.io-6f17d22bba15001f/ntex-0.7.13/src/server/mod.rs:90:38
[INFO] [stdout]    |
[INFO] [stdout] 90 |     fn signal(&self, sig: crate::rt::Signal) {
[INFO] [stdout]    |                                      ^^^^^^ not found in `crate::rt`
[INFO] [stdout]    |
[INFO] [stdout] help: there is an enum variant `crate::server::ServerCommand::Signal`; try using the variant's enum
[INFO] [stdout]    |
[INFO] [stdout] 90 |     fn signal(&self, sig: crate::server::ServerCommand) {
[INFO] [stdout]    |                           ~~~~~~~~~~~~~~~~~~~~~~~~~~~~
[INFO] [stdout] 
[INFO] [stdout] 
[INFO] [stdout] error: aborting due to 7 previous errors
[INFO] [stdout] 
[INFO] [stdout] 
[INFO] [stdout] Some errors have detailed explanations: E0412, E0425, E0432.
[INFO] [stdout] 
[INFO] [stdout] For more information about an error, try `rustc --explain E0412`.
[INFO] [stdout] 
[INFO] [stderr] error: could not compile `ntex` (lib) due to 8 previous errors
[INFO] running `Command { std: "docker" "inspect" "e1ceb707a322df52cc8c5168fb428b5e6cb1a1e7b13b6e8684eab220342c57bf", kill_on_drop: false }`
[INFO] running `Command { std: "docker" "rm" "-f" "e1ceb707a322df52cc8c5168fb428b5e6cb1a1e7b13b6e8684eab220342c57bf", kill_on_drop: false }`
[INFO] [stdout] e1ceb707a322df52cc8c5168fb428b5e6cb1a1e7b13b6e8684eab220342c57bf
