[INFO] fetching crate nonebot_rs 0.3.0...
[INFO] documenting nonebot_rs-0.3.0 against 1.75.0 for beta-1.76-rustdoc-1
[INFO] extracting crate nonebot_rs 0.3.0 into /workspace/builds/worker-2-tc1/source
[INFO] validating manifest of crates.io crate nonebot_rs 0.3.0 on toolchain 1.75.0
[INFO] running `Command { std: CARGO_HOME="/workspace/cargo-home" RUSTUP_HOME="/workspace/rustup-home" "/workspace/cargo-home/bin/cargo" "+1.75.0" "metadata" "--manifest-path" "Cargo.toml" "--no-deps", kill_on_drop: false }`
[INFO] started tweaking crates.io crate nonebot_rs 0.3.0
[INFO] finished tweaking crates.io crate nonebot_rs 0.3.0
[INFO] tweaked toml for crates.io crate nonebot_rs 0.3.0 written to /workspace/builds/worker-2-tc1/source/Cargo.toml
[INFO] crate crates.io crate nonebot_rs 0.3.0 already has a lockfile, it will not be regenerated
[INFO] running `Command { std: CARGO_HOME="/workspace/cargo-home" RUSTUP_HOME="/workspace/rustup-home" "/workspace/cargo-home/bin/cargo" "+1.75.0" "fetch" "--manifest-path" "Cargo.toml", kill_on_drop: false }`
[INFO] [stderr]     Updating crates.io index
[INFO] [stderr]  Downloading crates ...
[INFO] [stderr]   Downloaded thiserror v1.0.29
[INFO] [stderr]   Downloaded cron v0.8.0
[INFO] [stderr]   Downloaded tracing-core v0.1.20
[INFO] [stderr]   Downloaded argh v0.1.6
[INFO] [stderr]   Downloaded argh_shared v0.1.6
[INFO] [stderr]   Downloaded siphasher v0.3.7
[INFO] [stderr]   Downloaded nom v4.1.1
[INFO] [stderr]   Downloaded tinyvec v1.4.0
[INFO] [stderr]   Downloaded tokio-tungstenite v0.15.0
[INFO] [stderr]   Downloaded tungstenite v0.14.0
[INFO] [stderr]   Downloaded tracing-subscriber v0.2.24
[INFO] [stderr]   Downloaded syn v1.0.76
[INFO] [stderr]   Downloaded tokio v1.11.0
[INFO] [stderr]   Downloaded libc v0.2.102
[INFO] [stderr]   Downloaded tracing v0.1.28
[INFO] [stderr]   Downloaded proc-macro2 v1.0.29
[INFO] [stderr]   Downloaded headers v0.3.4
[INFO] [stderr]   Downloaded thiserror-impl v1.0.29
[INFO] [stderr]   Downloaded tracing-attributes v0.1.16
[INFO] [stderr]   Downloaded async-trait v0.1.51
[INFO] [stderr]   Downloaded argh_derive v0.1.6
[INFO] [stderr]   Downloaded rcnb-rs v0.1.0
[INFO] [stderr]   Downloaded tokio-cron-scheduler v0.2.3
[INFO] running `Command { std: "docker" "create" "-v" "/var/lib/crater-agent-workspace/builds/worker-2-tc1/target:/opt/rustwide/target:rw,Z" "-v" "/var/lib/crater-agent-workspace/builds/worker-2-tc1/source:/opt/rustwide/workdir:ro,Z" "-v" "/var/lib/crater-agent-workspace/cargo-home:/opt/rustwide/cargo-home:ro,Z" "-v" "/var/lib/crater-agent-workspace/rustup-home:/opt/rustwide/rustup-home:ro,Z" "-e" "SOURCE_DIR=/opt/rustwide/workdir" "-e" "CARGO_TARGET_DIR=/opt/rustwide/target" "-e" "CARGO_HOME=/opt/rustwide/cargo-home" "-e" "RUSTUP_HOME=/opt/rustwide/rustup-home" "-w" "/opt/rustwide/workdir" "-m" "1610612736" "--user" "0:0" "--network" "none" "ghcr.io/rust-lang/crates-build-env/linux@sha256:2788e3201cd34a07e3172128adcd8b3090168a8e3bcc40d7c032b9dda1df7d1c" "/opt/rustwide/cargo-home/bin/cargo" "+1.75.0" "metadata" "--no-deps" "--format-version=1", kill_on_drop: false }`
[INFO] [stdout] 1a589dfdd3c4377cbfdf94b88423d616410a0081aa15a0636d80c583782104ee
[INFO] running `Command { std: "docker" "start" "-a" "1a589dfdd3c4377cbfdf94b88423d616410a0081aa15a0636d80c583782104ee", kill_on_drop: false }`
[INFO] running `Command { std: "docker" "inspect" "1a589dfdd3c4377cbfdf94b88423d616410a0081aa15a0636d80c583782104ee", kill_on_drop: false }`
[INFO] running `Command { std: "docker" "rm" "-f" "1a589dfdd3c4377cbfdf94b88423d616410a0081aa15a0636d80c583782104ee", kill_on_drop: false }`
[INFO] [stdout] 1a589dfdd3c4377cbfdf94b88423d616410a0081aa15a0636d80c583782104ee
[INFO] running `Command { std: "docker" "create" "-v" "/var/lib/crater-agent-workspace/builds/worker-2-tc1/target:/opt/rustwide/target:rw,Z" "-v" "/var/lib/crater-agent-workspace/builds/worker-2-tc1/source:/opt/rustwide/workdir:ro,Z" "-v" "/var/lib/crater-agent-workspace/cargo-home:/opt/rustwide/cargo-home:ro,Z" "-v" "/var/lib/crater-agent-workspace/rustup-home:/opt/rustwide/rustup-home:ro,Z" "-e" "SOURCE_DIR=/opt/rustwide/workdir" "-e" "CARGO_TARGET_DIR=/opt/rustwide/target" "-e" "CARGO_INCREMENTAL=0" "-e" "RUST_BACKTRACE=full" "-e" "RUSTFLAGS=--cap-lints=warn" "-e" "RUSTDOCFLAGS=--cap-lints=warn" "-e" "CARGO_HOME=/opt/rustwide/cargo-home" "-e" "RUSTUP_HOME=/opt/rustwide/rustup-home" "-w" "/opt/rustwide/workdir" "-m" "1610612736" "--user" "0:0" "--network" "none" "ghcr.io/rust-lang/crates-build-env/linux@sha256:2788e3201cd34a07e3172128adcd8b3090168a8e3bcc40d7c032b9dda1df7d1c" "/opt/rustwide/cargo-home/bin/cargo" "+1.75.0" "doc" "--frozen" "--no-deps" "--document-private-items" "--message-format=json", kill_on_drop: false }`
[INFO] [stdout] fa533e2f91ba04f775e94e30a86b41a98c60fc114a1838da512fe8454976ad24
[INFO] running `Command { std: "docker" "start" "-a" "fa533e2f91ba04f775e94e30a86b41a98c60fc114a1838da512fe8454976ad24", kill_on_drop: false }`
[INFO] [stderr]    Compiling proc-macro2 v1.0.29
[INFO] [stderr]    Compiling unicode-xid v0.2.2
[INFO] [stderr]    Compiling syn v1.0.76
[INFO] [stderr]    Compiling libc v0.2.102
[INFO] [stderr]    Compiling version_check v0.9.3
[INFO] [stderr]    Compiling memchr v2.4.1
[INFO] [stderr]    Compiling num-traits v0.2.14
[INFO] [stderr]    Compiling serde_derive v1.0.130
[INFO] [stderr]    Compiling log v0.4.14
[INFO] [stderr]    Compiling serde v1.0.130
[INFO] [stderr]    Compiling generic-array v0.14.4
[INFO] [stderr]     Checking bytes v1.1.0
[INFO] [stderr]     Checking regex-syntax v0.6.25
[INFO] [stderr]     Checking tinyvec v1.4.0
[INFO] [stderr]     Checking matches v0.1.9
[INFO] [stderr]    Compiling proc-macro-hack v0.5.19
[INFO] [stderr]    Compiling quote v1.0.9
[INFO] [stderr]     Checking digest v0.9.0
[INFO] [stderr]     Checking getrandom v0.2.3
[INFO] [stderr]     Checking rand_core v0.6.3
[INFO] [stderr]     Checking block-buffer v0.9.0
[INFO] [stderr]     Checking aho-corasick v0.7.18
[INFO] [stderr]     Checking http v0.2.4
[INFO] [stderr]     Checking tracing-core v0.1.20
[INFO] [stderr]    Compiling futures-macro v0.3.17
[INFO] [stderr]    Compiling num-integer v0.1.44
[INFO] [stderr]    Compiling proc-macro-nested v0.1.7
[INFO] [stderr]     Checking unicode-normalization v0.1.19
[INFO] [stderr]    Compiling serde_json v1.0.68
[INFO] [stderr]    Compiling futures-task v0.3.17
[INFO] [stderr]    Compiling httparse v1.5.1
[INFO] [stderr]    Compiling lexical-core v0.7.6
[INFO] [stderr]     Checking unicode-bidi v0.3.6
[INFO] [stderr]     Checking percent-encoding v2.1.0
[INFO] [stderr]    Compiling futures-core v0.3.17
[INFO] [stderr]     Checking ppv-lite86 v0.2.10
[INFO] [stderr]     Checking form_urlencoded v1.0.1
[INFO] [stderr]     Checking regex v1.5.4
[INFO] [stderr]     Checking sha-1 v0.9.8
[INFO] [stderr]     Checking idna v0.2.3
[INFO] [stderr]     Checking time v0.1.44
[INFO] [stderr]    Compiling nom v5.1.2
[INFO] [stderr]     Checking rand_chacha v0.3.1
[INFO] [stderr]    Compiling futures-util v0.3.17
[INFO] [stderr]    Compiling tokio v1.11.0
[INFO] [stderr]     Checking static_assertions v1.1.0
[INFO] [stderr]     Checking base64 v0.13.0
[INFO] [stderr]     Checking arrayvec v0.5.2
[INFO] [stderr]     Checking url v2.2.2
[INFO] [stderr]     Checking rand v0.8.4
[INFO] [stderr]     Checking regex-automata v0.1.10
[INFO] [stderr]     Checking num-traits v0.1.43
[INFO] [stderr]     Checking num_cpus v1.13.0
[INFO] [stderr]     Checking mio v0.7.13
[INFO] [stderr]     Checking futures-sink v0.3.17
[INFO] [stderr]     Checking byteorder v1.4.3
[INFO] [stderr]     Checking linked-hash-map v0.5.4
[INFO] [stderr]     Checking slab v0.4.4
[INFO] [stderr]     Checking serde v0.8.23
[INFO] [stderr]    Compiling async-trait v0.1.51
[INFO] [stderr]     Checking yaml-rust v0.4.5
[INFO] [stderr]     Checking thread_local v1.1.3
[INFO] [stderr]     Checking chrono v0.4.19
[INFO] [stderr]     Checking headers-core v0.2.0
[INFO] [stderr]     Checking tracing-log v0.1.2
[INFO] [stderr]     Checking matchers v0.0.1
[INFO] [stderr]     Checking atty v0.2.14
[INFO] [stderr]     Checking sharded-slab v0.1.3
[INFO] [stderr]     Checking ansi_term v0.12.1
[INFO] [stderr]     Checking smallvec v1.6.1
[INFO] [stderr]     Checking rust-ini v0.13.0
[INFO] [stderr]     Checking colored v2.0.0
[INFO] [stderr]     Checking headers v0.3.4
[INFO] [stderr]     Checking serde-hjson v0.9.1
[INFO] [stderr]    Compiling thiserror-impl v1.0.29
[INFO] [stderr]    Compiling pin-project-internal v1.0.8
[INFO] [stderr]    Compiling tracing-attributes v0.1.16
[INFO] [stderr]    Compiling tokio-macros v1.3.0
[INFO] [stderr]    Compiling async-recursion v0.3.2
[INFO] [stderr]     Checking pin-project v1.0.8
[INFO] [stderr]     Checking tracing v0.1.28
[INFO] [stderr]     Checking thiserror v1.0.29
[INFO] [stderr]     Checking tungstenite v0.14.0
[INFO] [stderr]     Checking tokio-tungstenite v0.15.0
[INFO] [stderr]     Checking tracing-serde v0.1.2
[INFO] [stderr]     Checking toml v0.5.8
[INFO] [stderr]     Checking tracing-subscriber v0.2.24
[INFO] [stderr]     Checking config v0.11.0
[INFO] [stderr]     Checking nonebot_rs v0.3.0 (/opt/rustwide/workdir)
[INFO] [stderr]  Documenting nonebot_rs v0.3.0 (/opt/rustwide/workdir)
[INFO] [stdout] error[E0433]: failed to resolve: could not find `matcher` in the crate root
[INFO] [stdout]  --> src/comms/ws.rs:2:27
[INFO] [stdout]   |
[INFO] [stdout] 2 | use crate::{event::Event, matcher::prelude::SelfId, ActionSender, EventSender};
[INFO] [stdout]   |                           ^^^^^^^ could not find `matcher` in the crate root
[INFO] [stdout] 
[INFO] [stdout] 
[INFO] [stdout] error[E0433]: failed to resolve: could not find `matcher` in the crate root
[INFO] [stdout]  --> src/comms/ws.rs:2:27
[INFO] [stdout]   |
[INFO] [stdout] 2 | use crate::{event::Event, matcher::prelude::SelfId, ActionSender, EventSender};
[INFO] [stdout]   |                           ^^^^^^^ could not find `matcher` in the crate root
[INFO] [stdout] 
[INFO] [stdout] 
[INFO] [stdout] error: aborting due to previous error
[INFO] [stdout] 
[INFO] [stdout] 
[INFO] [stdout] For more information about this error, try `rustc --explain E0433`.
[INFO] [stdout] 
[INFO] [stderr] error: could not document `nonebot_rs`
[INFO] [stderr] 
[INFO] [stderr] Caused by:
[INFO] [stderr]   process didn't exit successfully: `/opt/rustwide/rustup-home/toolchains/1.75.0-x86_64-unknown-linux-gnu/bin/rustdoc --edition=2018 --crate-type lib --crate-name nonebot_rs src/lib.rs -o /opt/rustwide/target/doc --error-format=json --json=diagnostic-rendered-ansi,artifacts,future-incompat --document-private-items -C metadata=64c678f2a6ff482b -L dependency=/opt/rustwide/target/debug/deps --extern async_recursion=/opt/rustwide/target/debug/deps/libasync_recursion-a4491fb46528e660.so --extern async_trait=/opt/rustwide/target/debug/deps/libasync_trait-4b07dbb231b66d8c.so --extern chrono=/opt/rustwide/target/debug/deps/libchrono-b09d44227da3c079.rmeta --extern colored=/opt/rustwide/target/debug/deps/libcolored-cbb7b5eab80ebfd8.rmeta --extern config=/opt/rustwide/target/debug/deps/libconfig-8678c05dd9db30ce.rmeta --extern futures_util=/opt/rustwide/target/debug/deps/libfutures_util-cf8bdb3d51d62479.rmeta --extern headers=/opt/rustwide/target/debug/deps/libheaders-26b4712de07767ab.rmeta --extern http=/opt/rustwide/target/debug/deps/libhttp-a5c2bcacd7733cd6.rmeta --extern serde=/opt/rustwide/target/debug/deps/libserde-be6821e5e36dc068.rmeta --extern serde_json=/opt/rustwide/target/debug/deps/libserde_json-fb5977af6e227fe7.rmeta --extern tokio=/opt/rustwide/target/debug/deps/libtokio-399a537a7452d640.rmeta --extern tokio_tungstenite=/opt/rustwide/target/debug/deps/libtokio_tungstenite-53fcf7f808570da4.rmeta --extern toml=/opt/rustwide/target/debug/deps/libtoml-99692cbc46899f7b.rmeta --extern tracing=/opt/rustwide/target/debug/deps/libtracing-0b6ed3e3a1a567ce.rmeta --extern tracing_subscriber=/opt/rustwide/target/debug/deps/libtracing_subscriber-1768acecf521d59f.rmeta --cap-lints=warn --crate-version 0.3.0` (exit status: 1)
[INFO] [stderr] warning: build failed, waiting for other jobs to finish...
[INFO] [stdout] error[E0599]: no method named `get_self_id` found for enum `event::Event` in the current scope
[INFO] [stdout]    --> src/comms/ws.rs:85:44
[INFO] [stdout]     |
[INFO] [stdout] 85  |                         let bot_id = event.get_self_id();
[INFO] [stdout]     |                                            ^^^^^^^^^^^ method not found in `Event`
[INFO] [stdout]     |
[INFO] [stdout]    ::: src/event.rs:16:1
[INFO] [stdout]     |
[INFO] [stdout] 16  | pub enum Event {
[INFO] [stdout]     | -------------- method `get_self_id` not found for this enum
[INFO] [stdout] ...
[INFO] [stdout] 352 |     fn get_self_id(&self) -> String;
[INFO] [stdout]     |        ----------- the method is available for `event::Event` here
[INFO] [stdout]     |
[INFO] [stdout]     = help: items from traits can only be used if the trait is in scope
[INFO] [stdout] help: the following trait is implemented but not in scope; perhaps add a `use` for it:
[INFO] [stdout]     |
[INFO] [stdout] 1   + use crate::event::SelfId;
[INFO] [stdout]     |
[INFO] [stdout] 
[INFO] [stdout] 
[INFO] [stdout] warning: unused import: `colored`
[INFO] [stdout]  --> src/comms/ws.rs:4:5
[INFO] [stdout]   |
[INFO] [stdout] 4 | use colored::*;
[INFO] [stdout]   |     ^^^^^^^
[INFO] [stdout]   |
[INFO] [stdout]   = note: `#[warn(unused_imports)]` on by default
[INFO] [stdout] 
[INFO] [stdout] 
[INFO] [stdout] error: aborting due to 2 previous errors; 1 warning emitted
[INFO] [stdout] 
[INFO] [stdout] 
[INFO] [stdout] Some errors have detailed explanations: E0433, E0599.
[INFO] [stdout] 
[INFO] [stdout] For more information about an error, try `rustc --explain E0433`.
[INFO] [stdout] 
[INFO] [stderr] error: could not compile `nonebot_rs` (lib) due to 3 previous errors; 1 warning emitted
[INFO] running `Command { std: "docker" "inspect" "fa533e2f91ba04f775e94e30a86b41a98c60fc114a1838da512fe8454976ad24", kill_on_drop: false }`
[INFO] running `Command { std: "docker" "rm" "-f" "fa533e2f91ba04f775e94e30a86b41a98c60fc114a1838da512fe8454976ad24", kill_on_drop: false }`
[INFO] [stdout] fa533e2f91ba04f775e94e30a86b41a98c60fc114a1838da512fe8454976ad24
[INFO] documenting nonebot_rs-0.3.0 against beta-2023-12-22 for beta-1.76-rustdoc-1
[INFO] extracting crate nonebot_rs 0.3.0 into /workspace/builds/worker-2-tc2/source
[INFO] validating manifest of crates.io crate nonebot_rs 0.3.0 on toolchain beta-2023-12-22
[INFO] running `Command { std: CARGO_HOME="/workspace/cargo-home" RUSTUP_HOME="/workspace/rustup-home" "/workspace/cargo-home/bin/cargo" "+beta-2023-12-22" "metadata" "--manifest-path" "Cargo.toml" "--no-deps", kill_on_drop: false }`
[INFO] started tweaking crates.io crate nonebot_rs 0.3.0
[INFO] finished tweaking crates.io crate nonebot_rs 0.3.0
[INFO] tweaked toml for crates.io crate nonebot_rs 0.3.0 written to /workspace/builds/worker-2-tc2/source/Cargo.toml
[INFO] crate crates.io crate nonebot_rs 0.3.0 already has a lockfile, it will not be regenerated
[INFO] running `Command { std: CARGO_HOME="/workspace/cargo-home" RUSTUP_HOME="/workspace/rustup-home" "/workspace/cargo-home/bin/cargo" "+beta-2023-12-22" "fetch" "--manifest-path" "Cargo.toml", kill_on_drop: false }`
[INFO] running `Command { std: "docker" "create" "-v" "/var/lib/crater-agent-workspace/builds/worker-2-tc2/target:/opt/rustwide/target:rw,Z" "-v" "/var/lib/crater-agent-workspace/builds/worker-2-tc2/source:/opt/rustwide/workdir:ro,Z" "-v" "/var/lib/crater-agent-workspace/cargo-home:/opt/rustwide/cargo-home:ro,Z" "-v" "/var/lib/crater-agent-workspace/rustup-home:/opt/rustwide/rustup-home:ro,Z" "-e" "SOURCE_DIR=/opt/rustwide/workdir" "-e" "CARGO_TARGET_DIR=/opt/rustwide/target" "-e" "CARGO_HOME=/opt/rustwide/cargo-home" "-e" "RUSTUP_HOME=/opt/rustwide/rustup-home" "-w" "/opt/rustwide/workdir" "-m" "1610612736" "--user" "0:0" "--network" "none" "ghcr.io/rust-lang/crates-build-env/linux@sha256:2788e3201cd34a07e3172128adcd8b3090168a8e3bcc40d7c032b9dda1df7d1c" "/opt/rustwide/cargo-home/bin/cargo" "+beta-2023-12-22" "metadata" "--no-deps" "--format-version=1", kill_on_drop: false }`
[INFO] [stdout] 654b71c4b3a3458c0573eadab3046b174e834217fa423b463719083e45f6f7ac
[INFO] running `Command { std: "docker" "start" "-a" "654b71c4b3a3458c0573eadab3046b174e834217fa423b463719083e45f6f7ac", kill_on_drop: false }`
[INFO] running `Command { std: "docker" "inspect" "654b71c4b3a3458c0573eadab3046b174e834217fa423b463719083e45f6f7ac", kill_on_drop: false }`
[INFO] running `Command { std: "docker" "rm" "-f" "654b71c4b3a3458c0573eadab3046b174e834217fa423b463719083e45f6f7ac", kill_on_drop: false }`
[INFO] [stdout] 654b71c4b3a3458c0573eadab3046b174e834217fa423b463719083e45f6f7ac
[INFO] running `Command { std: "docker" "create" "-v" "/var/lib/crater-agent-workspace/builds/worker-2-tc2/target:/opt/rustwide/target:rw,Z" "-v" "/var/lib/crater-agent-workspace/builds/worker-2-tc2/source:/opt/rustwide/workdir:ro,Z" "-v" "/var/lib/crater-agent-workspace/cargo-home:/opt/rustwide/cargo-home:ro,Z" "-v" "/var/lib/crater-agent-workspace/rustup-home:/opt/rustwide/rustup-home:ro,Z" "-e" "SOURCE_DIR=/opt/rustwide/workdir" "-e" "CARGO_TARGET_DIR=/opt/rustwide/target" "-e" "CARGO_INCREMENTAL=0" "-e" "RUST_BACKTRACE=full" "-e" "RUSTFLAGS=--cap-lints=warn" "-e" "RUSTDOCFLAGS=--cap-lints=warn" "-e" "CARGO_HOME=/opt/rustwide/cargo-home" "-e" "RUSTUP_HOME=/opt/rustwide/rustup-home" "-w" "/opt/rustwide/workdir" "-m" "1610612736" "--user" "0:0" "--network" "none" "ghcr.io/rust-lang/crates-build-env/linux@sha256:2788e3201cd34a07e3172128adcd8b3090168a8e3bcc40d7c032b9dda1df7d1c" "/opt/rustwide/cargo-home/bin/cargo" "+beta-2023-12-22" "doc" "--frozen" "--no-deps" "--document-private-items" "--message-format=json", kill_on_drop: false }`
[INFO] [stdout] 23a096417b49f067cabfca028950cf478034ef618ca04c4370322eb193c64761
[INFO] running `Command { std: "docker" "start" "-a" "23a096417b49f067cabfca028950cf478034ef618ca04c4370322eb193c64761", kill_on_drop: false }`
[INFO] [stderr]    Compiling proc-macro2 v1.0.29
[INFO] [stderr]    Compiling unicode-xid v0.2.2
[INFO] [stderr]    Compiling syn v1.0.76
[INFO] [stderr]    Compiling libc v0.2.102
[INFO] [stderr]    Compiling version_check v0.9.3
[INFO] [stderr]    Compiling memchr v2.4.1
[INFO] [stderr]    Compiling num-traits v0.2.14
[INFO] [stderr]    Compiling log v0.4.14
[INFO] [stderr]    Compiling serde_derive v1.0.130
[INFO] [stderr]    Compiling serde v1.0.130
[INFO] [stderr]    Compiling generic-array v0.14.4
[INFO] [stderr]     Checking bytes v1.1.0
[INFO] [stderr]     Checking regex-syntax v0.6.25
[INFO] [stderr]     Checking tinyvec v1.4.0
[INFO] [stderr]    Compiling proc-macro-hack v0.5.19
[INFO] [stderr]    Compiling quote v1.0.9
[INFO] [stderr]     Checking getrandom v0.2.3
[INFO] [stderr]     Checking matches v0.1.9
[INFO] [stderr]     Checking http v0.2.4
[INFO] [stderr]     Checking rand_core v0.6.3
[INFO] [stderr]     Checking digest v0.9.0
[INFO] [stderr]     Checking block-buffer v0.9.0
[INFO] [stderr]     Checking aho-corasick v0.7.18
[INFO] [stderr]     Checking tracing-core v0.1.20
[INFO] [stderr]    Compiling num-integer v0.1.44
[INFO] [stderr]    Compiling futures-macro v0.3.17
[INFO] [stderr]     Checking unicode-bidi v0.3.6
[INFO] [stderr]    Compiling lexical-core v0.7.6
[INFO] [stderr]     Checking percent-encoding v2.1.0
[INFO] [stderr]     Checking unicode-normalization v0.1.19
[INFO] [stderr]    Compiling serde_json v1.0.68
[INFO] [stderr]    Compiling httparse v1.5.1
[INFO] [stderr]     Checking ppv-lite86 v0.2.10
[INFO] [stderr]    Compiling futures-task v0.3.17
[INFO] [stderr]    Compiling futures-core v0.3.17
[INFO] [stderr]    Compiling proc-macro-nested v0.1.7
[INFO] [stderr]     Checking sha-1 v0.9.8
[INFO] [stderr]     Checking rand_chacha v0.3.1
[INFO] [stderr]     Checking form_urlencoded v1.0.1
[INFO] [stderr]     Checking regex v1.5.4
[INFO] [stderr]     Checking idna v0.2.3
[INFO] [stderr]     Checking time v0.1.44
[INFO] [stderr]    Compiling nom v5.1.2
[INFO] [stderr]    Compiling futures-util v0.3.17
[INFO] [stderr]    Compiling tokio v1.11.0
[INFO] [stderr]     Checking arrayvec v0.5.2
[INFO] [stderr]     Checking base64 v0.13.0
[INFO] [stderr]     Checking static_assertions v1.1.0
[INFO] [stderr]     Checking url v2.2.2
[INFO] [stderr]     Checking rand v0.8.4
[INFO] [stderr]     Checking regex-automata v0.1.10
[INFO] [stderr]     Checking num-traits v0.1.43
[INFO] [stderr]     Checking num_cpus v1.13.0
[INFO] [stderr]     Checking mio v0.7.13
[INFO] [stderr]     Checking byteorder v1.4.3
[INFO] [stderr]    Compiling async-trait v0.1.51
[INFO] [stderr]     Checking futures-sink v0.3.17
[INFO] [stderr]     Checking linked-hash-map v0.5.4
[INFO] [stderr]     Checking slab v0.4.4
[INFO] [stderr]     Checking serde v0.8.23
[INFO] [stderr]     Checking thread_local v1.1.3
[INFO] [stderr]     Checking yaml-rust v0.4.5
[INFO] [stderr]     Checking matchers v0.0.1
[INFO] [stderr]     Checking chrono v0.4.19
[INFO] [stderr]     Checking headers-core v0.2.0
[INFO] [stderr]     Checking tracing-log v0.1.2
[INFO] [stderr]     Checking atty v0.2.14
[INFO] [stderr]     Checking sharded-slab v0.1.3
[INFO] [stderr]     Checking smallvec v1.6.1
[INFO] [stderr]     Checking ansi_term v0.12.1
[INFO] [stderr]     Checking rust-ini v0.13.0
[INFO] [stderr]     Checking headers v0.3.4
[INFO] [stderr]     Checking colored v2.0.0
[INFO] [stderr]     Checking serde-hjson v0.9.1
[INFO] [stderr]    Compiling thiserror-impl v1.0.29
[INFO] [stderr]    Compiling tokio-macros v1.3.0
[INFO] [stderr]    Compiling tracing-attributes v0.1.16
[INFO] [stderr]    Compiling pin-project-internal v1.0.8
[INFO] [stderr]    Compiling async-recursion v0.3.2
[INFO] [stderr]     Checking tracing v0.1.28
[INFO] [stderr]     Checking thiserror v1.0.29
[INFO] [stderr]     Checking pin-project v1.0.8
[INFO] [stderr]     Checking tungstenite v0.14.0
[INFO] [stderr]     Checking tokio-tungstenite v0.15.0
[INFO] [stderr]     Checking toml v0.5.8
[INFO] [stderr]     Checking tracing-serde v0.1.2
[INFO] [stderr]     Checking tracing-subscriber v0.2.24
[INFO] [stderr]     Checking config v0.11.0
[INFO] [stderr]  Documenting nonebot_rs v0.3.0 (/opt/rustwide/workdir)
[INFO] [stderr]     Checking nonebot_rs v0.3.0 (/opt/rustwide/workdir)
[INFO] [stdout] error[E0433]: failed to resolve: could not find `matcher` in the crate root
[INFO] [stdout]  --> src/comms/ws.rs:2:27
[INFO] [stdout]   |
[INFO] [stdout] 2 | use crate::{event::Event, matcher::prelude::SelfId, ActionSender, EventSender};
[INFO] [stdout]   |                           ^^^^^^^ could not find `matcher` in the crate root
[INFO] [stdout] 
[INFO] [stdout] 
[INFO] [stdout] error[E0433]: failed to resolve: could not find `matcher` in the crate root
[INFO] [stdout]  --> src/comms/ws.rs:2:27
[INFO] [stdout]   |
[INFO] [stdout] 2 | use crate::{event::Event, matcher::prelude::SelfId, ActionSender, EventSender};
[INFO] [stdout]   |                           ^^^^^^^ could not find `matcher` in the crate root
[INFO] [stdout] 
[INFO] [stdout] 
[INFO] [stdout] error: aborting due to 1 previous error
[INFO] [stdout] 
[INFO] [stdout] 
[INFO] [stdout] For more information about this error, try `rustc --explain E0433`.
[INFO] [stdout] 
[INFO] [stderr] error: could not document `nonebot_rs`
[INFO] [stderr] 
[INFO] [stderr] Caused by:
[INFO] [stderr]   process didn't exit successfully: `/opt/rustwide/rustup-home/toolchains/beta-2023-12-22-x86_64-unknown-linux-gnu/bin/rustdoc --edition=2018 --crate-type lib --crate-name nonebot_rs src/lib.rs -o /opt/rustwide/target/doc --error-format=json --json=diagnostic-rendered-ansi,artifacts,future-incompat --document-private-items -C metadata=a5a23ab73a304a53 -L dependency=/opt/rustwide/target/debug/deps --extern async_recursion=/opt/rustwide/target/debug/deps/libasync_recursion-2812eb6b61626551.so --extern async_trait=/opt/rustwide/target/debug/deps/libasync_trait-845a5fab6bcd9350.so --extern chrono=/opt/rustwide/target/debug/deps/libchrono-30fa437e4e087169.rmeta --extern colored=/opt/rustwide/target/debug/deps/libcolored-7da0649e418e3924.rmeta --extern config=/opt/rustwide/target/debug/deps/libconfig-2decb2d2290bff77.rmeta --extern futures_util=/opt/rustwide/target/debug/deps/libfutures_util-9f893a178a10a458.rmeta --extern headers=/opt/rustwide/target/debug/deps/libheaders-a5f7fbb3669da68c.rmeta --extern http=/opt/rustwide/target/debug/deps/libhttp-c5e4732ac915c8ac.rmeta --extern serde=/opt/rustwide/target/debug/deps/libserde-f4ee5cd83a99404d.rmeta --extern serde_json=/opt/rustwide/target/debug/deps/libserde_json-b9c33e157120fb8e.rmeta --extern tokio=/opt/rustwide/target/debug/deps/libtokio-bc632d9cd2617345.rmeta --extern tokio_tungstenite=/opt/rustwide/target/debug/deps/libtokio_tungstenite-9103d6156e145ba3.rmeta --extern toml=/opt/rustwide/target/debug/deps/libtoml-7b084138cadf25cb.rmeta --extern tracing=/opt/rustwide/target/debug/deps/libtracing-c1c50fad0d856143.rmeta --extern tracing_subscriber=/opt/rustwide/target/debug/deps/libtracing_subscriber-70067bba313d568d.rmeta --cap-lints=warn --crate-version 0.3.0` (exit status: 1)
[INFO] [stderr] warning: build failed, waiting for other jobs to finish...
[INFO] [stdout] error[E0599]: no method named `get_self_id` found for enum `event::Event` in the current scope
[INFO] [stdout]    --> src/comms/ws.rs:85:44
[INFO] [stdout]     |
[INFO] [stdout] 85  |                         let bot_id = event.get_self_id();
[INFO] [stdout]     |                                            ^^^^^^^^^^^ method not found in `Event`
[INFO] [stdout]     |
[INFO] [stdout]    ::: src/event.rs:16:1
[INFO] [stdout]     |
[INFO] [stdout] 16  | pub enum Event {
[INFO] [stdout]     | -------------- method `get_self_id` not found for this enum
[INFO] [stdout] ...
[INFO] [stdout] 352 |     fn get_self_id(&self) -> String;
[INFO] [stdout]     |        ----------- the method is available for `event::Event` here
[INFO] [stdout]     |
[INFO] [stdout]     = help: items from traits can only be used if the trait is in scope
[INFO] [stdout] help: the following trait is implemented but not in scope; perhaps add a `use` for it:
[INFO] [stdout]     |
[INFO] [stdout] 1   + use crate::event::SelfId;
[INFO] [stdout]     |
[INFO] [stdout] 
[INFO] [stdout] 
[INFO] [stdout] warning: unused import: `colored`
[INFO] [stdout]  --> src/comms/ws.rs:4:5
[INFO] [stdout]   |
[INFO] [stdout] 4 | use colored::*;
[INFO] [stdout]   |     ^^^^^^^
[INFO] [stdout]   |
[INFO] [stdout]   = note: `#[warn(unused_imports)]` on by default
[INFO] [stdout] 
[INFO] [stdout] 
[INFO] [stdout] error: aborting due to 2 previous errors; 1 warning emitted
[INFO] [stdout] 
[INFO] [stdout] 
[INFO] [stdout] Some errors have detailed explanations: E0433, E0599.
[INFO] [stdout] 
[INFO] [stdout] For more information about an error, try `rustc --explain E0433`.
[INFO] [stdout] 
[INFO] [stderr] error: could not compile `nonebot_rs` (lib) due to 3 previous errors; 1 warning emitted
[INFO] running `Command { std: "docker" "inspect" "23a096417b49f067cabfca028950cf478034ef618ca04c4370322eb193c64761", kill_on_drop: false }`
[INFO] running `Command { std: "docker" "rm" "-f" "23a096417b49f067cabfca028950cf478034ef618ca04c4370322eb193c64761", kill_on_drop: false }`
[INFO] [stdout] 23a096417b49f067cabfca028950cf478034ef618ca04c4370322eb193c64761
