[INFO] fetching crate nokhwa 0.10.4...
[INFO] documenting nokhwa-0.10.4 against 1.75.0 for beta-1.76-rustdoc-1
[INFO] extracting crate nokhwa 0.10.4 into /workspace/builds/worker-5-tc1/source
[INFO] validating manifest of crates.io crate nokhwa 0.10.4 on toolchain 1.75.0
[INFO] running `Command { std: CARGO_HOME="/workspace/cargo-home" RUSTUP_HOME="/workspace/rustup-home" "/workspace/cargo-home/bin/cargo" "+1.75.0" "metadata" "--manifest-path" "Cargo.toml" "--no-deps", kill_on_drop: false }`
[INFO] started tweaking crates.io crate nokhwa 0.10.4
[INFO] finished tweaking crates.io crate nokhwa 0.10.4
[INFO] tweaked toml for crates.io crate nokhwa 0.10.4 written to /workspace/builds/worker-5-tc1/source/Cargo.toml
[INFO] running `Command { std: CARGO_HOME="/workspace/cargo-home" RUSTUP_HOME="/workspace/rustup-home" "/workspace/cargo-home/bin/cargo" "+1.75.0" "generate-lockfile" "--manifest-path" "Cargo.toml", kill_on_drop: false }`
[INFO] [stderr]     Updating crates.io index
[INFO] running `Command { std: CARGO_HOME="/workspace/cargo-home" RUSTUP_HOME="/workspace/rustup-home" "/workspace/cargo-home/bin/cargo" "+1.75.0" "fetch" "--manifest-path" "Cargo.toml", kill_on_drop: false }`
[INFO] [stderr]  Downloading crates ...
[INFO] [stderr]   Downloaded nokhwa-bindings-windows v0.4.0
[INFO] [stderr]   Downloaded nokhwa-bindings-macos v0.2.1
[INFO] [stderr]   Downloaded cocoa v0.20.2
[INFO] [stderr]   Downloaded core-media-sys v0.1.2
[INFO] [stderr]   Downloaded v4l2-sys-mit v0.2.0
[INFO] [stderr]   Downloaded wasm-rs-async-executor v0.9.0
[INFO] [stderr]   Downloaded v4l v0.13.1
[INFO] [stderr]   Downloaded mozjpeg v0.9.8
[INFO] [stderr]   Downloaded nokhwa-core v0.1.2
[INFO] [stderr]   Downloaded opencv-binding-generator v0.64.0
[INFO] [stderr]   Downloaded mozjpeg-sys v1.1.1
[INFO] [stderr]   Downloaded nokhwa-bindings-linux v0.1.0
[INFO] [stderr]   Downloaded metal v0.18.0
[INFO] [stderr]   Downloaded nasm-rs v0.2.5
[INFO] [stderr]   Downloaded usb_enumeration v0.2.0
[INFO] [stderr]   Downloaded opencv v0.81.5
[INFO] running `Command { std: "docker" "create" "-v" "/var/lib/crater-agent-workspace/builds/worker-5-tc1/target:/opt/rustwide/target:rw,Z" "-v" "/var/lib/crater-agent-workspace/builds/worker-5-tc1/source:/opt/rustwide/workdir:ro,Z" "-v" "/var/lib/crater-agent-workspace/cargo-home:/opt/rustwide/cargo-home:ro,Z" "-v" "/var/lib/crater-agent-workspace/rustup-home:/opt/rustwide/rustup-home:ro,Z" "-e" "SOURCE_DIR=/opt/rustwide/workdir" "-e" "CARGO_TARGET_DIR=/opt/rustwide/target" "-e" "CARGO_HOME=/opt/rustwide/cargo-home" "-e" "RUSTUP_HOME=/opt/rustwide/rustup-home" "-w" "/opt/rustwide/workdir" "-m" "1610612736" "--user" "0:0" "--network" "none" "ghcr.io/rust-lang/crates-build-env/linux@sha256:2788e3201cd34a07e3172128adcd8b3090168a8e3bcc40d7c032b9dda1df7d1c" "/opt/rustwide/cargo-home/bin/cargo" "+1.75.0" "metadata" "--no-deps" "--format-version=1", kill_on_drop: false }`
[INFO] [stdout] 295de1c3d555700d6f5ab88bbf58cd6693e6e7d2fe71a83f5bebce92db623564
[INFO] running `Command { std: "docker" "start" "-a" "295de1c3d555700d6f5ab88bbf58cd6693e6e7d2fe71a83f5bebce92db623564", kill_on_drop: false }`
[INFO] running `Command { std: "docker" "inspect" "295de1c3d555700d6f5ab88bbf58cd6693e6e7d2fe71a83f5bebce92db623564", kill_on_drop: false }`
[INFO] running `Command { std: "docker" "rm" "-f" "295de1c3d555700d6f5ab88bbf58cd6693e6e7d2fe71a83f5bebce92db623564", kill_on_drop: false }`
[INFO] [stdout] 295de1c3d555700d6f5ab88bbf58cd6693e6e7d2fe71a83f5bebce92db623564
[INFO] running `Command { std: "docker" "create" "-v" "/var/lib/crater-agent-workspace/builds/worker-5-tc1/target:/opt/rustwide/target:rw,Z" "-v" "/var/lib/crater-agent-workspace/builds/worker-5-tc1/source:/opt/rustwide/workdir:ro,Z" "-v" "/var/lib/crater-agent-workspace/cargo-home:/opt/rustwide/cargo-home:ro,Z" "-v" "/var/lib/crater-agent-workspace/rustup-home:/opt/rustwide/rustup-home:ro,Z" "-e" "SOURCE_DIR=/opt/rustwide/workdir" "-e" "CARGO_TARGET_DIR=/opt/rustwide/target" "-e" "CARGO_INCREMENTAL=0" "-e" "RUST_BACKTRACE=full" "-e" "RUSTFLAGS=--cap-lints=warn" "-e" "RUSTDOCFLAGS=--cap-lints=warn" "-e" "CARGO_HOME=/opt/rustwide/cargo-home" "-e" "RUSTUP_HOME=/opt/rustwide/rustup-home" "-w" "/opt/rustwide/workdir" "-m" "1610612736" "--user" "0:0" "--network" "none" "ghcr.io/rust-lang/crates-build-env/linux@sha256:2788e3201cd34a07e3172128adcd8b3090168a8e3bcc40d7c032b9dda1df7d1c" "/opt/rustwide/cargo-home/bin/cargo" "+1.75.0" "doc" "--frozen" "--no-deps" "--document-private-items" "--message-format=json", kill_on_drop: false }`
[INFO] [stdout] f462eb9d1b90b0d02c23655223b1bbfd3c0bab8d7c3c3f8fc41627c54e3f0fa4
[INFO] running `Command { std: "docker" "start" "-a" "f462eb9d1b90b0d02c23655223b1bbfd3c0bab8d7c3c3f8fc41627c54e3f0fa4", kill_on_drop: false }`
[INFO] [stderr]    Compiling num-traits v0.2.17
[INFO] [stderr]    Compiling nasm-rs v0.2.5
[INFO] [stderr]    Compiling dunce v1.0.4
[INFO] [stderr]    Compiling num-rational v0.4.1
[INFO] [stderr]    Compiling lock_api v0.4.11
[INFO] [stderr]     Checking bytemuck v1.14.0
[INFO] [stderr]     Checking arrayvec v0.7.4
[INFO] [stderr]     Checking color_quant v1.1.0
[INFO] [stderr]    Compiling paste v1.0.14
[INFO] [stderr]    Compiling proc-macro2 v1.0.76
[INFO] [stderr]    Compiling libc v0.2.151
[INFO] [stderr]    Compiling thiserror v1.0.56
[INFO] [stderr]     Checking futures-core v0.3.30
[INFO] [stderr]     Checking getrandom v0.2.11
[INFO] [stderr]     Checking futures-sink v0.3.30
[INFO] [stderr]     Checking nanorand v0.7.0
[INFO] [stderr]     Checking rgb v0.8.37
[INFO] [stderr]    Compiling quote v1.0.35
[INFO] [stderr]     Checking spin v0.9.8
[INFO] [stderr]    Compiling syn v2.0.48
[INFO] [stderr]    Compiling jobserver v0.1.27
[INFO] [stderr]    Compiling cc v1.0.83
[INFO] [stderr]     Checking num-integer v0.1.45
[INFO] [stderr]    Compiling mozjpeg-sys v1.1.1
[INFO] [stderr]     Checking image v0.24.7
[INFO] [stderr]     Checking mozjpeg v0.9.8
[INFO] [stderr]    Compiling thiserror-impl v1.0.56
[INFO] [stderr]    Compiling pin-project-internal v1.1.3
[INFO] [stderr]     Checking pin-project v1.1.3
[INFO] [stderr]     Checking nokhwa-core v0.1.2
[INFO] [stderr]     Checking flume v0.10.14
[INFO] [stderr]  Documenting nokhwa v0.10.4 (/opt/rustwide/workdir)
[INFO] [stdout] warning: redundant explicit link target
[INFO] [stdout]   --> src/lib.rs:24:51
[INFO] [stdout]    |
[INFO] [stdout] 24 | //! The raw backends can be found in [`backends`](crate::backends)
[INFO] [stdout]    |                                       ----------  ^^^^^^^^^^^^^^^ explicit target is redundant
[INFO] [stdout]    |                                       |
[INFO] [stdout]    |                                       because label contains path that resolves to same destination
[INFO] [stdout]    |
[INFO] [stdout]    = note: when a link's destination is not specified,
[INFO] [stdout]            the label is used to resolve intra-doc links
[INFO] [stdout]    = note: `#[warn(rustdoc::redundant_explicit_links)]` on by default
[INFO] [stdout] help: remove explicit link target
[INFO] [stdout]    |
[INFO] [stdout] 24 | //! The raw backends can be found in [`backends`]
[INFO] [stdout]    |                                      ~~~~~~~~~~~~
[INFO] [stdout] 
[INFO] [stdout] 
[INFO] [stdout] warning: redundant explicit link target
[INFO] [stdout]    --> src/camera.rs:268:67
[INFO] [stdout]     |
[INFO] [stdout] 268 |     /// Gets the current supported list of [`KnownCameraControl`](crate::utils::KnownCameraControl)
[INFO] [stdout]     |                                             --------------------  ^^^^^^^^^^^^^^^^^^^^^^^^^^^^^^^^ explicit target is redundant
[INFO] [stdout]     |                                             |
[INFO] [stdout]     |                                             because label contains path that resolves to same destination
[INFO] [stdout]     |
[INFO] [stdout]     = note: when a link's destination is not specified,
[INFO] [stdout]             the label is used to resolve intra-doc links
[INFO] [stdout] help: remove explicit link target
[INFO] [stdout]     |
[INFO] [stdout] 268 |     /// Gets the current supported list of [`KnownCameraControl`]
[INFO] [stdout]     |                                            ~~~~~~~~~~~~~~~~~~~~~~
[INFO] [stdout] 
[INFO] [stdout] 
[INFO] [stdout] warning: redundant explicit link target
[INFO] [stdout]    --> src/camera.rs:350:104
[INFO] [stdout]     |
[INFO] [stdout] 350 | ...trol::value()) to get a [`ControlValueSetter`](crate::utils::ControlValueSetter) and setting the value that way.
[INFO] [stdout]     |                             --------------------  ^^^^^^^^^^^^^^^^^^^^^^^^^^^^^^^^ explicit target is redundant
[INFO] [stdout]     |                             |
[INFO] [stdout]     |                             because label contains path that resolves to same destination
[INFO] [stdout]     |
[INFO] [stdout]     = note: when a link's destination is not specified,
[INFO] [stdout]             the label is used to resolve intra-doc links
[INFO] [stdout] help: remove explicit link target
[INFO] [stdout]     |
[INFO] [stdout] 350 |     /// then calling [`value()`](crate::utils::CameraControl::value()) to get a [`ControlValueSetter`] and setting the value that way.
[INFO] [stdout]     |                                                                                 ~~~~~~~~~~~~~~~~~~~~~~
[INFO] [stdout] 
[INFO] [stdout] 
[INFO] [stdout] warning: 3 warnings emitted
[INFO] [stdout] 
[INFO] [stdout] 
[INFO] [stderr]     Finished dev [unoptimized + debuginfo] target(s) in 4.33s
[INFO] [stderr]    Generated /opt/rustwide/target/doc/nokhwa/index.html
[INFO] running `Command { std: "docker" "inspect" "f462eb9d1b90b0d02c23655223b1bbfd3c0bab8d7c3c3f8fc41627c54e3f0fa4", kill_on_drop: false }`
[INFO] running `Command { std: "docker" "rm" "-f" "f462eb9d1b90b0d02c23655223b1bbfd3c0bab8d7c3c3f8fc41627c54e3f0fa4", kill_on_drop: false }`
[INFO] [stdout] f462eb9d1b90b0d02c23655223b1bbfd3c0bab8d7c3c3f8fc41627c54e3f0fa4
[INFO] running `Command { std: "docker" "create" "-v" "/var/lib/crater-agent-workspace/builds/worker-5-tc1/target:/opt/rustwide/target:rw,Z" "-v" "/var/lib/crater-agent-workspace/builds/worker-5-tc1/source:/opt/rustwide/workdir:ro,Z" "-v" "/var/lib/crater-agent-workspace/cargo-home:/opt/rustwide/cargo-home:ro,Z" "-v" "/var/lib/crater-agent-workspace/rustup-home:/opt/rustwide/rustup-home:ro,Z" "-e" "SOURCE_DIR=/opt/rustwide/workdir" "-e" "CARGO_TARGET_DIR=/opt/rustwide/target" "-e" "CARGO_INCREMENTAL=0" "-e" "RUST_BACKTRACE=full" "-e" "RUSTFLAGS=--cap-lints=warn" "-e" "RUSTDOCFLAGS=--cap-lints=warn" "-e" "DOCS_RS=1" "-e" "RUSTC_BOOTSTRAP=1" "-e" "CARGO_HOME=/opt/rustwide/cargo-home" "-e" "RUSTUP_HOME=/opt/rustwide/rustup-home" "-w" "/opt/rustwide/workdir" "-m" "1610612736" "--user" "0:0" "--network" "none" "ghcr.io/rust-lang/crates-build-env/linux@sha256:2788e3201cd34a07e3172128adcd8b3090168a8e3bcc40d7c032b9dda1df7d1c" "/opt/rustwide/cargo-home/bin/cargo" "+1.75.0" "rustdoc" "--lib" "-Zrustdoc-map" "--features" "docs-only docs-nolink docs-features" "-Z" "unstable-options" "--config" "build.rustdocflags=[\"-Z\", \"unstable-options\", \"--document-private-items\"]" "--frozen" "--message-format=json", kill_on_drop: false }`
[INFO] [stdout] 809a51cabf9e85880a01c3fd0a8785a98d51e0e13fbf70132f7c7b0fb421474a
[INFO] running `Command { std: "docker" "start" "-a" "809a51cabf9e85880a01c3fd0a8785a98d51e0e13fbf70132f7c7b0fb421474a", kill_on_drop: false }`
[INFO] [stderr]    Compiling memchr v2.7.1
[INFO] [stderr]    Compiling regex-syntax v0.8.2
[INFO] [stderr]    Compiling proc-macro2 v1.0.76
[INFO] [stderr]    Compiling clang-sys v1.7.0
[INFO] [stderr]    Compiling libloading v0.8.1
[INFO] [stderr]    Compiling ahash v0.8.7
[INFO] [stderr]    Compiling indexmap v1.9.3
[INFO] [stderr]     Checking bitflags v2.4.1
[INFO] [stderr]    Compiling parking_lot_core v0.9.9
[INFO] [stderr]     Checking zerocopy v0.7.32
[INFO] [stderr]    Compiling nom v5.1.3
[INFO] [stderr]    Compiling thiserror v1.0.56
[INFO] [stderr]     Checking libloading v0.7.4
[INFO] [stderr]     Checking allocator-api2 v0.2.16
[INFO] [stderr]     Checking bit-vec v0.6.3
[INFO] [stderr]     Checking termcolor v1.4.0
[INFO] [stderr]    Compiling semver v1.0.21
[INFO] [stderr]    Compiling ash v0.37.3+1.3.251
[INFO] [stderr]     Checking unicode-width v0.1.11
[INFO] [stderr]     Checking smallvec v1.11.2
[INFO] [stderr]    Compiling khronos-egl v4.1.0
[INFO] [stderr]     Checking hashbrown v0.12.3
[INFO] [stderr]     Checking codespan-reporting v0.11.1
[INFO] [stderr]     Checking bit-set v0.5.3
[INFO] [stderr]     Checking gpu-descriptor-types v0.1.2
[INFO] [stderr]     Checking spirv v0.2.0+1.5.4
[INFO] [stderr]    Compiling atty v0.2.14
[INFO] [stderr]     Checking gpu-alloc-types v0.2.0
[INFO] [stderr]     Checking rustc-hash v1.1.0
[INFO] [stderr]     Checking unicode-xid v0.2.4
[INFO] [stderr]    Compiling maplit v1.0.2
[INFO] [stderr]    Compiling percent-encoding v2.3.1
[INFO] [stderr]     Checking hexf-parse v0.2.1
[INFO] [stderr]     Checking log v0.4.20
[INFO] [stderr]     Checking gpu-alloc v0.5.4
[INFO] [stderr]    Compiling textwrap v0.11.0
[INFO] [stderr]     Checking hashbrown v0.14.3
[INFO] [stderr]     Checking parking_lot v0.12.1
[INFO] [stderr]     Checking wgpu-types v0.16.1
[INFO] [stderr]     Checking renderdoc-sys v1.0.0
[INFO] [stderr]    Compiling quote v1.0.35
[INFO] [stderr]    Compiling aho-corasick v1.1.2
[INFO] [stderr]    Compiling vec_map v0.8.2
[INFO] [stderr]     Checking glow v0.12.3
[INFO] [stderr]     Checking raw-window-handle v0.5.2
[INFO] [stderr]    Compiling syn v2.0.48
[INFO] [stderr]    Compiling shlex v1.2.0
[INFO] [stderr]     Checking profiling v1.0.13
[INFO] [stderr]    Compiling strsim v0.8.0
[INFO] [stderr]    Compiling ansi_term v0.12.1
[INFO] [stderr]    Compiling humantime v2.1.0
[INFO] [stderr]    Compiling bindgen v0.56.0
[INFO] [stderr]     Checking gpu-descriptor v0.2.4
[INFO] [stderr]    Compiling clap v2.34.0
[INFO] [stderr]     Checking rgb v0.8.37
[INFO] [stderr]    Compiling which v3.1.1
[INFO] [stderr]     Checking futures-sink v0.3.30
[INFO] [stderr]    Compiling shlex v0.1.1
[INFO] [stderr]     Checking futures-core v0.3.30
[INFO] [stderr]     Checking static_assertions v1.1.0
[INFO] [stderr]     Checking futures-io v0.3.30
[INFO] [stderr]    Compiling nokhwa-bindings-macos v0.2.1
[INFO] [stderr]     Checking futures-channel v0.3.30
[INFO] [stderr]     Checking mozjpeg v0.9.8
[INFO] [stderr]    Compiling regex-automata v0.4.3
[INFO] [stderr]    Compiling cexpr v0.4.0
[INFO] [stderr]    Compiling clang v2.0.0
[INFO] [stderr]    Compiling wasm-bindgen-backend v0.2.89
[INFO] [stderr]    Compiling regex v1.10.2
[INFO] [stderr]    Compiling opencv-binding-generator v0.64.0
[INFO] [stderr]    Compiling env_logger v0.8.4
[INFO] [stderr]    Compiling thiserror-impl v1.0.56
[INFO] [stderr]    Compiling serde_derive v1.0.195
[INFO] [stderr]    Compiling futures-macro v0.3.30
[INFO] [stderr]    Compiling pin-project-internal v1.1.3
[INFO] [stderr]    Compiling wasm-bindgen-macro-support v0.2.89
[INFO] [stderr]     Checking futures-util v0.3.30
[INFO] [stderr]    Compiling wasm-bindgen-macro v0.2.89
[INFO] [stderr]     Checking naga v0.12.3
[INFO] [stderr]     Checking pin-project v1.1.3
[INFO] [stderr]     Checking flume v0.10.14
[INFO] [stderr]     Checking wasm-bindgen v0.2.89
[INFO] [stderr]     Checking js-sys v0.3.66
[INFO] [stderr]     Checking serde v1.0.195
[INFO] [stderr]    Compiling opencv v0.81.5
[INFO] [stderr]     Checking futures-executor v0.3.30
[INFO] [stderr]     Checking futures v0.3.30
[INFO] [stderr]     Checking wasm-rs-async-executor v0.9.0
[INFO] [stderr]    Compiling v4l2-sys-mit v0.2.0
[INFO] [stderr]     Checking wgpu-hal v0.16.2
[INFO] [stderr]     Checking web-sys v0.3.66
[INFO] [stderr]     Checking wasm-bindgen-futures v0.4.39
[INFO] [stderr]     Checking wgpu-core v0.16.1
[INFO] [stderr]     Checking v4l v0.13.1
[INFO] [stderr]     Checking wgpu v0.16.3
[INFO] [stderr]     Checking nokhwa-core v0.1.2
[INFO] [stdout] error[E0308]: mismatched types
[INFO] [stdout]    --> /opt/rustwide/cargo-home/registry/src/index.crates.io-6f17d22bba15001f/nokhwa-core-0.1.2/src/traits.rs:230:32
[INFO] [stdout]     |
[INFO] [stdout] 230 |                 bytes_per_row: width_nonzero,
[INFO] [stdout]     |                                ^^^^^^^^^^^^^ expected `Option<u32>`, found `u32`
[INFO] [stdout]     |
[INFO] [stdout]     = note: expected enum `std::option::Option<u32>`
[INFO] [stdout]                found type `u32`
[INFO] [stdout] help: try wrapping the expression in `Some`
[INFO] [stdout]     |
[INFO] [stdout] 230 |                 bytes_per_row: Some(width_nonzero),
[INFO] [stdout]     |                                +++++             +
[INFO] [stdout] 
[INFO] [stdout] 
[INFO] [stdout] error[E0308]: mismatched types
[INFO] [stdout]    --> /opt/rustwide/cargo-home/registry/src/index.crates.io-6f17d22bba15001f/nokhwa-core-0.1.2/src/traits.rs:231:33
[INFO] [stdout]     |
[INFO] [stdout] 231 |                 rows_per_image: height_nonzero,
[INFO] [stdout]     |                                 ^^^^^^^^^^^^^^ expected `Option<u32>`, found `u32`
[INFO] [stdout]     |
[INFO] [stdout]     = note: expected enum `std::option::Option<u32>`
[INFO] [stdout]                found type `u32`
[INFO] [stdout] help: try wrapping the expression in `Some`
[INFO] [stdout]     |
[INFO] [stdout] 231 |                 rows_per_image: Some(height_nonzero),
[INFO] [stdout]     |                                 +++++              +
[INFO] [stdout] 
[INFO] [stdout] 
[INFO] [stdout] error: aborting due to 2 previous errors
[INFO] [stdout] 
[INFO] [stdout] 
[INFO] [stdout] For more information about this error, try `rustc --explain E0308`.
[INFO] [stdout] 
[INFO] [stderr] error: could not compile `nokhwa-core` (lib) due to 3 previous errors
[INFO] running `Command { std: "docker" "inspect" "809a51cabf9e85880a01c3fd0a8785a98d51e0e13fbf70132f7c7b0fb421474a", kill_on_drop: false }`
[INFO] running `Command { std: "docker" "rm" "-f" "809a51cabf9e85880a01c3fd0a8785a98d51e0e13fbf70132f7c7b0fb421474a", kill_on_drop: false }`
[INFO] [stdout] 809a51cabf9e85880a01c3fd0a8785a98d51e0e13fbf70132f7c7b0fb421474a
[INFO] documenting nokhwa-0.10.4 against beta-2023-12-22 for beta-1.76-rustdoc-1
[INFO] extracting crate nokhwa 0.10.4 into /workspace/builds/worker-5-tc2/source
[INFO] validating manifest of crates.io crate nokhwa 0.10.4 on toolchain beta-2023-12-22
[INFO] running `Command { std: CARGO_HOME="/workspace/cargo-home" RUSTUP_HOME="/workspace/rustup-home" "/workspace/cargo-home/bin/cargo" "+beta-2023-12-22" "metadata" "--manifest-path" "Cargo.toml" "--no-deps", kill_on_drop: false }`
[INFO] started tweaking crates.io crate nokhwa 0.10.4
[INFO] finished tweaking crates.io crate nokhwa 0.10.4
[INFO] tweaked toml for crates.io crate nokhwa 0.10.4 written to /workspace/builds/worker-5-tc2/source/Cargo.toml
[INFO] running `Command { std: CARGO_HOME="/workspace/cargo-home" RUSTUP_HOME="/workspace/rustup-home" "/workspace/cargo-home/bin/cargo" "+beta-2023-12-22" "generate-lockfile" "--manifest-path" "Cargo.toml", kill_on_drop: false }`
[INFO] [stderr]     Updating crates.io index
[INFO] running `Command { std: CARGO_HOME="/workspace/cargo-home" RUSTUP_HOME="/workspace/rustup-home" "/workspace/cargo-home/bin/cargo" "+beta-2023-12-22" "fetch" "--manifest-path" "Cargo.toml", kill_on_drop: false }`
[INFO] running `Command { std: "docker" "create" "-v" "/var/lib/crater-agent-workspace/builds/worker-5-tc2/target:/opt/rustwide/target:rw,Z" "-v" "/var/lib/crater-agent-workspace/builds/worker-5-tc2/source:/opt/rustwide/workdir:ro,Z" "-v" "/var/lib/crater-agent-workspace/cargo-home:/opt/rustwide/cargo-home:ro,Z" "-v" "/var/lib/crater-agent-workspace/rustup-home:/opt/rustwide/rustup-home:ro,Z" "-e" "SOURCE_DIR=/opt/rustwide/workdir" "-e" "CARGO_TARGET_DIR=/opt/rustwide/target" "-e" "CARGO_HOME=/opt/rustwide/cargo-home" "-e" "RUSTUP_HOME=/opt/rustwide/rustup-home" "-w" "/opt/rustwide/workdir" "-m" "1610612736" "--user" "0:0" "--network" "none" "ghcr.io/rust-lang/crates-build-env/linux@sha256:2788e3201cd34a07e3172128adcd8b3090168a8e3bcc40d7c032b9dda1df7d1c" "/opt/rustwide/cargo-home/bin/cargo" "+beta-2023-12-22" "metadata" "--no-deps" "--format-version=1", kill_on_drop: false }`
[INFO] [stdout] a0de1680d75771db5a2489a828044106e83538fc8ad90275e7332796f4832992
[INFO] running `Command { std: "docker" "start" "-a" "a0de1680d75771db5a2489a828044106e83538fc8ad90275e7332796f4832992", kill_on_drop: false }`
[INFO] running `Command { std: "docker" "inspect" "a0de1680d75771db5a2489a828044106e83538fc8ad90275e7332796f4832992", kill_on_drop: false }`
[INFO] running `Command { std: "docker" "rm" "-f" "a0de1680d75771db5a2489a828044106e83538fc8ad90275e7332796f4832992", kill_on_drop: false }`
[INFO] [stdout] a0de1680d75771db5a2489a828044106e83538fc8ad90275e7332796f4832992
[INFO] running `Command { std: "docker" "create" "-v" "/var/lib/crater-agent-workspace/builds/worker-5-tc2/target:/opt/rustwide/target:rw,Z" "-v" "/var/lib/crater-agent-workspace/builds/worker-5-tc2/source:/opt/rustwide/workdir:ro,Z" "-v" "/var/lib/crater-agent-workspace/cargo-home:/opt/rustwide/cargo-home:ro,Z" "-v" "/var/lib/crater-agent-workspace/rustup-home:/opt/rustwide/rustup-home:ro,Z" "-e" "SOURCE_DIR=/opt/rustwide/workdir" "-e" "CARGO_TARGET_DIR=/opt/rustwide/target" "-e" "CARGO_INCREMENTAL=0" "-e" "RUST_BACKTRACE=full" "-e" "RUSTFLAGS=--cap-lints=warn" "-e" "RUSTDOCFLAGS=--cap-lints=warn" "-e" "CARGO_HOME=/opt/rustwide/cargo-home" "-e" "RUSTUP_HOME=/opt/rustwide/rustup-home" "-w" "/opt/rustwide/workdir" "-m" "1610612736" "--user" "0:0" "--network" "none" "ghcr.io/rust-lang/crates-build-env/linux@sha256:2788e3201cd34a07e3172128adcd8b3090168a8e3bcc40d7c032b9dda1df7d1c" "/opt/rustwide/cargo-home/bin/cargo" "+beta-2023-12-22" "doc" "--frozen" "--no-deps" "--document-private-items" "--message-format=json", kill_on_drop: false }`
[INFO] [stdout] 3ae504974d8b6e117a0b90cb50de3b7aa2942ab8538a799e2c2d86cf76e13379
[INFO] running `Command { std: "docker" "start" "-a" "3ae504974d8b6e117a0b90cb50de3b7aa2942ab8538a799e2c2d86cf76e13379", kill_on_drop: false }`
[INFO] [stderr]    Compiling num-traits v0.2.17
[INFO] [stderr]    Compiling nasm-rs v0.2.5
[INFO] [stderr]    Compiling dunce v1.0.4
[INFO] [stderr]    Compiling lock_api v0.4.11
[INFO] [stderr]    Compiling num-rational v0.4.1
[INFO] [stderr]     Checking bytemuck v1.14.0
[INFO] [stderr]     Checking color_quant v1.1.0
[INFO] [stderr]     Checking arrayvec v0.7.4
[INFO] [stderr]    Compiling proc-macro2 v1.0.76
[INFO] [stderr]    Compiling libc v0.2.151
[INFO] [stderr]    Compiling thiserror v1.0.56
[INFO] [stderr]    Compiling paste v1.0.14
[INFO] [stderr]     Checking futures-core v0.3.30
[INFO] [stderr]     Checking futures-sink v0.3.30
[INFO] [stderr]     Checking getrandom v0.2.11
[INFO] [stderr]     Checking nanorand v0.7.0
[INFO] [stderr]     Checking rgb v0.8.37
[INFO] [stderr]    Compiling quote v1.0.35
[INFO] [stderr]     Checking spin v0.9.8
[INFO] [stderr]    Compiling syn v2.0.48
[INFO] [stderr]    Compiling jobserver v0.1.27
[INFO] [stderr]    Compiling cc v1.0.83
[INFO] [stderr]     Checking num-integer v0.1.45
[INFO] [stderr]    Compiling mozjpeg-sys v1.1.1
[INFO] [stderr]     Checking image v0.24.7
[INFO] [stderr]    Compiling thiserror-impl v1.0.56
[INFO] [stderr]    Compiling pin-project-internal v1.1.3
[INFO] [stderr]     Checking mozjpeg v0.9.8
[INFO] [stderr]     Checking pin-project v1.1.3
[INFO] [stderr]     Checking nokhwa-core v0.1.2
[INFO] [stderr]     Checking flume v0.10.14
[INFO] [stderr]  Documenting nokhwa v0.10.4 (/opt/rustwide/workdir)
[INFO] [stdout] warning: redundant explicit link target
[INFO] [stdout]   --> src/lib.rs:24:51
[INFO] [stdout]    |
[INFO] [stdout] 24 | //! The raw backends can be found in [`backends`](crate::backends)
[INFO] [stdout]    |                                       ----------  ^^^^^^^^^^^^^^^ explicit target is redundant
[INFO] [stdout]    |                                       |
[INFO] [stdout]    |                                       because label contains path that resolves to same destination
[INFO] [stdout]    |
[INFO] [stdout]    = note: when a link's destination is not specified,
[INFO] [stdout]            the label is used to resolve intra-doc links
[INFO] [stdout]    = note: `#[warn(rustdoc::redundant_explicit_links)]` on by default
[INFO] [stdout] help: remove explicit link target
[INFO] [stdout]    |
[INFO] [stdout] 24 | //! The raw backends can be found in [`backends`]
[INFO] [stdout]    |                                      ~~~~~~~~~~~~
[INFO] [stdout] 
[INFO] [stdout] 
[INFO] [stdout] warning: redundant explicit link target
[INFO] [stdout]    --> src/camera.rs:268:67
[INFO] [stdout]     |
[INFO] [stdout] 268 |     /// Gets the current supported list of [`KnownCameraControl`](crate::utils::KnownCameraControl)
[INFO] [stdout]     |                                             --------------------  ^^^^^^^^^^^^^^^^^^^^^^^^^^^^^^^^ explicit target is redundant
[INFO] [stdout]     |                                             |
[INFO] [stdout]     |                                             because label contains path that resolves to same destination
[INFO] [stdout]     |
[INFO] [stdout]     = note: when a link's destination is not specified,
[INFO] [stdout]             the label is used to resolve intra-doc links
[INFO] [stdout] help: remove explicit link target
[INFO] [stdout]     |
[INFO] [stdout] 268 |     /// Gets the current supported list of [`KnownCameraControl`]
[INFO] [stdout]     |                                            ~~~~~~~~~~~~~~~~~~~~~~
[INFO] [stdout] 
[INFO] [stdout] 
[INFO] [stdout] warning: redundant explicit link target
[INFO] [stdout]    --> src/camera.rs:350:104
[INFO] [stdout]     |
[INFO] [stdout] 350 | ...trol::value()) to get a [`ControlValueSetter`](crate::utils::ControlValueSetter) and setting the value that way.
[INFO] [stdout]     |                             --------------------  ^^^^^^^^^^^^^^^^^^^^^^^^^^^^^^^^ explicit target is redundant
[INFO] [stdout]     |                             |
[INFO] [stdout]     |                             because label contains path that resolves to same destination
[INFO] [stdout]     |
[INFO] [stdout]     = note: when a link's destination is not specified,
[INFO] [stdout]             the label is used to resolve intra-doc links
[INFO] [stdout] help: remove explicit link target
[INFO] [stdout]     |
[INFO] [stdout] 350 |     /// then calling [`value()`](crate::utils::CameraControl::value()) to get a [`ControlValueSetter`] and setting the value that way.
[INFO] [stdout]     |                                                                                 ~~~~~~~~~~~~~~~~~~~~~~
[INFO] [stdout] 
[INFO] [stdout] 
[INFO] [stdout] warning: 3 warnings emitted
[INFO] [stdout] 
[INFO] [stdout] 
[INFO] [stderr]     Finished dev [unoptimized + debuginfo] target(s) in 4.11s
[INFO] [stderr]    Generated /opt/rustwide/target/doc/nokhwa/index.html
[INFO] running `Command { std: "docker" "inspect" "3ae504974d8b6e117a0b90cb50de3b7aa2942ab8538a799e2c2d86cf76e13379", kill_on_drop: false }`
[INFO] running `Command { std: "docker" "rm" "-f" "3ae504974d8b6e117a0b90cb50de3b7aa2942ab8538a799e2c2d86cf76e13379", kill_on_drop: false }`
[INFO] [stdout] 3ae504974d8b6e117a0b90cb50de3b7aa2942ab8538a799e2c2d86cf76e13379
[INFO] running `Command { std: "docker" "create" "-v" "/var/lib/crater-agent-workspace/builds/worker-5-tc2/target:/opt/rustwide/target:rw,Z" "-v" "/var/lib/crater-agent-workspace/builds/worker-5-tc2/source:/opt/rustwide/workdir:ro,Z" "-v" "/var/lib/crater-agent-workspace/cargo-home:/opt/rustwide/cargo-home:ro,Z" "-v" "/var/lib/crater-agent-workspace/rustup-home:/opt/rustwide/rustup-home:ro,Z" "-e" "SOURCE_DIR=/opt/rustwide/workdir" "-e" "CARGO_TARGET_DIR=/opt/rustwide/target" "-e" "CARGO_INCREMENTAL=0" "-e" "RUST_BACKTRACE=full" "-e" "RUSTFLAGS=--cap-lints=warn" "-e" "RUSTDOCFLAGS=--cap-lints=warn" "-e" "RUSTC_BOOTSTRAP=1" "-e" "DOCS_RS=1" "-e" "CARGO_HOME=/opt/rustwide/cargo-home" "-e" "RUSTUP_HOME=/opt/rustwide/rustup-home" "-w" "/opt/rustwide/workdir" "-m" "1610612736" "--user" "0:0" "--network" "none" "ghcr.io/rust-lang/crates-build-env/linux@sha256:2788e3201cd34a07e3172128adcd8b3090168a8e3bcc40d7c032b9dda1df7d1c" "/opt/rustwide/cargo-home/bin/cargo" "+beta-2023-12-22" "rustdoc" "--lib" "-Zrustdoc-map" "--features" "docs-only docs-nolink docs-features" "-Z" "unstable-options" "--config" "build.rustdocflags=[\"-Z\", \"unstable-options\", \"--document-private-items\"]" "--frozen" "--message-format=json", kill_on_drop: false }`
[INFO] [stdout] e32342d1db7f2852fb7c81304b3694c4e70863532669e9bf002b7dc0b757dec9
[INFO] running `Command { std: "docker" "start" "-a" "e32342d1db7f2852fb7c81304b3694c4e70863532669e9bf002b7dc0b757dec9", kill_on_drop: false }`
[INFO] [stderr]    Compiling memchr v2.7.1
[INFO] [stderr]    Compiling regex-syntax v0.8.2
[INFO] [stderr]    Compiling proc-macro2 v1.0.76
[INFO] [stderr]    Compiling clang-sys v1.7.0
[INFO] [stderr]    Compiling libloading v0.8.1
[INFO] [stderr]    Compiling ahash v0.8.7
[INFO] [stderr]    Compiling indexmap v1.9.3
[INFO] [stderr]     Checking zerocopy v0.7.32
[INFO] [stderr]     Checking bitflags v2.4.1
[INFO] [stderr]    Compiling parking_lot_core v0.9.9
[INFO] [stderr]     Checking libloading v0.7.4
[INFO] [stderr]    Compiling thiserror v1.0.56
[INFO] [stderr]    Compiling nom v5.1.3
[INFO] [stderr]     Checking hashbrown v0.12.3
[INFO] [stderr]     Checking termcolor v1.4.0
[INFO] [stderr]     Checking bit-vec v0.6.3
[INFO] [stderr]    Compiling khronos-egl v4.1.0
[INFO] [stderr]    Compiling ash v0.37.3+1.3.251
[INFO] [stderr]     Checking allocator-api2 v0.2.16
[INFO] [stderr]     Checking unicode-width v0.1.11
[INFO] [stderr]     Checking smallvec v1.11.2
[INFO] [stderr]    Compiling semver v1.0.21
[INFO] [stderr]     Checking codespan-reporting v0.11.1
[INFO] [stderr]     Checking bit-set v0.5.3
[INFO] [stderr]     Checking gpu-descriptor-types v0.1.2
[INFO] [stderr]     Checking spirv v0.2.0+1.5.4
[INFO] [stderr]    Compiling atty v0.2.14
[INFO] [stderr]     Checking gpu-alloc-types v0.2.0
[INFO] [stderr]     Checking unicode-xid v0.2.4
[INFO] [stderr]    Compiling maplit v1.0.2
[INFO] [stderr]     Checking rustc-hash v1.1.0
[INFO] [stderr]    Compiling percent-encoding v2.3.1
[INFO] [stderr]     Checking log v0.4.20
[INFO] [stderr]     Checking hexf-parse v0.2.1
[INFO] [stderr]    Compiling textwrap v0.11.0
[INFO] [stderr]     Checking gpu-alloc v0.5.4
[INFO] [stderr]     Checking hashbrown v0.14.3
[INFO] [stderr]    Compiling aho-corasick v1.1.2
[INFO] [stderr]     Checking parking_lot v0.12.1
[INFO] [stderr]    Compiling quote v1.0.35
[INFO] [stderr]     Checking wgpu-types v0.16.1
[INFO] [stderr]    Compiling syn v2.0.48
[INFO] [stderr]    Compiling shlex v1.2.0
[INFO] [stderr]     Checking glow v0.12.3
[INFO] [stderr]     Checking raw-window-handle v0.5.2
[INFO] [stderr]    Compiling vec_map v0.8.2
[INFO] [stderr]    Compiling humantime v2.1.0
[INFO] [stderr]     Checking profiling v1.0.13
[INFO] [stderr]    Compiling bindgen v0.56.0
[INFO] [stderr]     Checking renderdoc-sys v1.0.0
[INFO] [stderr]    Compiling ansi_term v0.12.1
[INFO] [stderr]    Compiling strsim v0.8.0
[INFO] [stderr]     Checking gpu-descriptor v0.2.4
[INFO] [stderr]     Checking rgb v0.8.37
[INFO] [stderr]    Compiling which v3.1.1
[INFO] [stderr]    Compiling shlex v0.1.1
[INFO] [stderr]    Compiling clap v2.34.0
[INFO] [stderr]     Checking futures-sink v0.3.30
[INFO] [stderr]     Checking futures-core v0.3.30
[INFO] [stderr]     Checking static_assertions v1.1.0
[INFO] [stderr]     Checking futures-io v0.3.30
[INFO] [stderr]    Compiling nokhwa-bindings-macos v0.2.1
[INFO] [stderr]     Checking futures-channel v0.3.30
[INFO] [stderr]     Checking mozjpeg v0.9.8
[INFO] [stderr]    Compiling regex-automata v0.4.3
[INFO] [stderr]    Compiling cexpr v0.4.0
[INFO] [stderr]    Compiling clang v2.0.0
[INFO] [stderr]    Compiling wasm-bindgen-backend v0.2.89
[INFO] [stderr]    Compiling regex v1.10.2
[INFO] [stderr]    Compiling thiserror-impl v1.0.56
[INFO] [stderr]    Compiling serde_derive v1.0.195
[INFO] [stderr]    Compiling futures-macro v0.3.30
[INFO] [stderr]    Compiling pin-project-internal v1.1.3
[INFO] [stderr]    Compiling opencv-binding-generator v0.64.0
[INFO] [stderr]    Compiling env_logger v0.8.4
[INFO] [stderr]    Compiling wasm-bindgen-macro-support v0.2.89
[INFO] [stderr]    Compiling wasm-bindgen-macro v0.2.89
[INFO] [stderr]     Checking futures-util v0.3.30
[INFO] [stderr]     Checking pin-project v1.1.3
[INFO] [stderr]     Checking flume v0.10.14
[INFO] [stderr]     Checking naga v0.12.3
[INFO] [stderr]     Checking wasm-bindgen v0.2.89
[INFO] [stderr]     Checking js-sys v0.3.66
[INFO] [stderr]     Checking serde v1.0.195
[INFO] [stderr]    Compiling opencv v0.81.5
[INFO] [stderr]     Checking futures-executor v0.3.30
[INFO] [stderr]     Checking futures v0.3.30
[INFO] [stderr]     Checking wasm-rs-async-executor v0.9.0
[INFO] [stderr]    Compiling v4l2-sys-mit v0.2.0
[INFO] [stderr]     Checking wasm-bindgen-futures v0.4.39
[INFO] [stderr]     Checking web-sys v0.3.66
[INFO] [stderr]     Checking wgpu-hal v0.16.2
[INFO] [stderr]     Checking wgpu-core v0.16.1
[INFO] [stderr]     Checking v4l v0.13.1
[INFO] [stderr]     Checking wgpu v0.16.3
[INFO] [stderr]     Checking nokhwa-core v0.1.2
[INFO] [stdout] error[E0308]: mismatched types
[INFO] [stdout]    --> /opt/rustwide/cargo-home/registry/src/index.crates.io-6f17d22bba15001f/nokhwa-core-0.1.2/src/traits.rs:230:32
[INFO] [stdout]     |
[INFO] [stdout] 230 |                 bytes_per_row: width_nonzero,
[INFO] [stdout]     |                                ^^^^^^^^^^^^^ expected `Option<u32>`, found `u32`
[INFO] [stdout]     |
[INFO] [stdout]     = note: expected enum `std::option::Option<u32>`
[INFO] [stdout]                found type `u32`
[INFO] [stdout] help: try wrapping the expression in `Some`
[INFO] [stdout]     |
[INFO] [stdout] 230 |                 bytes_per_row: Some(width_nonzero),
[INFO] [stdout]     |                                +++++             +
[INFO] [stdout] 
[INFO] [stdout] 
[INFO] [stdout] error[E0308]: mismatched types
[INFO] [stdout]    --> /opt/rustwide/cargo-home/registry/src/index.crates.io-6f17d22bba15001f/nokhwa-core-0.1.2/src/traits.rs:231:33
[INFO] [stdout]     |
[INFO] [stdout] 231 |                 rows_per_image: height_nonzero,
[INFO] [stdout]     |                                 ^^^^^^^^^^^^^^ expected `Option<u32>`, found `u32`
[INFO] [stdout]     |
[INFO] [stdout]     = note: expected enum `std::option::Option<u32>`
[INFO] [stdout]                found type `u32`
[INFO] [stdout] help: try wrapping the expression in `Some`
[INFO] [stdout]     |
[INFO] [stdout] 231 |                 rows_per_image: Some(height_nonzero),
[INFO] [stdout]     |                                 +++++              +
[INFO] [stdout] 
[INFO] [stdout] 
[INFO] [stdout] error: aborting due to 2 previous errors
[INFO] [stdout] 
[INFO] [stdout] 
[INFO] [stdout] For more information about this error, try `rustc --explain E0308`.
[INFO] [stdout] 
[INFO] [stderr] error: could not compile `nokhwa-core` (lib) due to 3 previous errors
[INFO] running `Command { std: "docker" "inspect" "e32342d1db7f2852fb7c81304b3694c4e70863532669e9bf002b7dc0b757dec9", kill_on_drop: false }`
[INFO] running `Command { std: "docker" "rm" "-f" "e32342d1db7f2852fb7c81304b3694c4e70863532669e9bf002b7dc0b757dec9", kill_on_drop: false }`
[INFO] [stdout] e32342d1db7f2852fb7c81304b3694c4e70863532669e9bf002b7dc0b757dec9
