[INFO] fetching crate nflog-sys 0.1.0...
[INFO] documenting nflog-sys-0.1.0 against 1.75.0 for beta-1.76-rustdoc-1
[INFO] extracting crate nflog-sys 0.1.0 into /workspace/builds/worker-5-tc1/source
[INFO] validating manifest of crates.io crate nflog-sys 0.1.0 on toolchain 1.75.0
[INFO] running `Command { std: CARGO_HOME="/workspace/cargo-home" RUSTUP_HOME="/workspace/rustup-home" "/workspace/cargo-home/bin/cargo" "+1.75.0" "metadata" "--manifest-path" "Cargo.toml" "--no-deps", kill_on_drop: false }`
[INFO] started tweaking crates.io crate nflog-sys 0.1.0
[INFO] finished tweaking crates.io crate nflog-sys 0.1.0
[INFO] tweaked toml for crates.io crate nflog-sys 0.1.0 written to /workspace/builds/worker-5-tc1/source/Cargo.toml
[INFO] running `Command { std: CARGO_HOME="/workspace/cargo-home" RUSTUP_HOME="/workspace/rustup-home" "/workspace/cargo-home/bin/cargo" "+1.75.0" "generate-lockfile" "--manifest-path" "Cargo.toml", kill_on_drop: false }`
[INFO] [stderr]     Updating crates.io index
[INFO] running `Command { std: CARGO_HOME="/workspace/cargo-home" RUSTUP_HOME="/workspace/rustup-home" "/workspace/cargo-home/bin/cargo" "+1.75.0" "fetch" "--manifest-path" "Cargo.toml", kill_on_drop: false }`
[INFO] [stderr]  Downloading crates ...
[INFO] [stderr]   Downloaded nfnetlink-sys v0.1.0
[INFO] running `Command { std: "docker" "create" "-v" "/var/lib/crater-agent-workspace/builds/worker-5-tc1/target:/opt/rustwide/target:rw,Z" "-v" "/var/lib/crater-agent-workspace/builds/worker-5-tc1/source:/opt/rustwide/workdir:ro,Z" "-v" "/var/lib/crater-agent-workspace/cargo-home:/opt/rustwide/cargo-home:ro,Z" "-v" "/var/lib/crater-agent-workspace/rustup-home:/opt/rustwide/rustup-home:ro,Z" "-e" "SOURCE_DIR=/opt/rustwide/workdir" "-e" "CARGO_TARGET_DIR=/opt/rustwide/target" "-e" "CARGO_HOME=/opt/rustwide/cargo-home" "-e" "RUSTUP_HOME=/opt/rustwide/rustup-home" "-w" "/opt/rustwide/workdir" "-m" "1610612736" "--user" "0:0" "--network" "none" "ghcr.io/rust-lang/crates-build-env/linux@sha256:2788e3201cd34a07e3172128adcd8b3090168a8e3bcc40d7c032b9dda1df7d1c" "/opt/rustwide/cargo-home/bin/cargo" "+1.75.0" "metadata" "--no-deps" "--format-version=1", kill_on_drop: false }`
[INFO] [stdout] f5a3608962f0a34b590c0329d8c240b9aac6def9932fe93c33e8cc99d399613e
[INFO] running `Command { std: "docker" "start" "-a" "f5a3608962f0a34b590c0329d8c240b9aac6def9932fe93c33e8cc99d399613e", kill_on_drop: false }`
[INFO] running `Command { std: "docker" "inspect" "f5a3608962f0a34b590c0329d8c240b9aac6def9932fe93c33e8cc99d399613e", kill_on_drop: false }`
[INFO] running `Command { std: "docker" "rm" "-f" "f5a3608962f0a34b590c0329d8c240b9aac6def9932fe93c33e8cc99d399613e", kill_on_drop: false }`
[INFO] [stdout] f5a3608962f0a34b590c0329d8c240b9aac6def9932fe93c33e8cc99d399613e
[INFO] running `Command { std: "docker" "create" "-v" "/var/lib/crater-agent-workspace/builds/worker-5-tc1/target:/opt/rustwide/target:rw,Z" "-v" "/var/lib/crater-agent-workspace/builds/worker-5-tc1/source:/opt/rustwide/workdir:ro,Z" "-v" "/var/lib/crater-agent-workspace/cargo-home:/opt/rustwide/cargo-home:ro,Z" "-v" "/var/lib/crater-agent-workspace/rustup-home:/opt/rustwide/rustup-home:ro,Z" "-e" "SOURCE_DIR=/opt/rustwide/workdir" "-e" "CARGO_TARGET_DIR=/opt/rustwide/target" "-e" "CARGO_INCREMENTAL=0" "-e" "RUST_BACKTRACE=full" "-e" "RUSTFLAGS=--cap-lints=warn" "-e" "RUSTDOCFLAGS=--cap-lints=warn" "-e" "CARGO_HOME=/opt/rustwide/cargo-home" "-e" "RUSTUP_HOME=/opt/rustwide/rustup-home" "-w" "/opt/rustwide/workdir" "-m" "1610612736" "--user" "0:0" "--network" "none" "ghcr.io/rust-lang/crates-build-env/linux@sha256:2788e3201cd34a07e3172128adcd8b3090168a8e3bcc40d7c032b9dda1df7d1c" "/opt/rustwide/cargo-home/bin/cargo" "+1.75.0" "doc" "--frozen" "--no-deps" "--document-private-items" "--message-format=json", kill_on_drop: false }`
[INFO] [stdout] 8565dab6745eb5166d813204695c0b08cfaa60f735309263693f77b7f16d19a7
[INFO] running `Command { std: "docker" "start" "-a" "8565dab6745eb5166d813204695c0b08cfaa60f735309263693f77b7f16d19a7", kill_on_drop: false }`
[INFO] [stderr]    Compiling libc v0.2.151
[INFO] [stderr]    Compiling jobserver v0.1.27
[INFO] [stderr]    Compiling cc v1.0.83
[INFO] [stderr]    Compiling nfnetlink-sys v0.1.0
[INFO] [stderr]    Compiling nflog-sys v0.1.0 (/opt/rustwide/workdir)
[INFO] [stderr] The following warnings were emitted during compilation:
[INFO] [stderr] 
[INFO] [stderr] warning: nflog-sys@0.1.0: src/libnetfilter_log/src/libnetfilter_log.c:33:10: fatal error: libnfnetlink/libnfnetlink.h: No such file or directory
[INFO] [stderr] warning: nflog-sys@0.1.0:    33 | #include <libnfnetlink/libnfnetlink.h>
[INFO] [stderr] warning: nflog-sys@0.1.0:       |          ^~~~~~~~~~~~~~~~~~~~~~~~~~~~~
[INFO] [stderr] warning: nflog-sys@0.1.0: compilation terminated.
[INFO] [stderr] 
[INFO] [stderr] error: failed to run custom build command for `nflog-sys v0.1.0 (/opt/rustwide/workdir)`
[INFO] [stderr] note: To improve backtraces for build dependencies, set the CARGO_PROFILE_DEV_BUILD_OVERRIDE_DEBUG=true environment variable to enable debug information generation.
[INFO] [stderr] 
[INFO] [stderr] Caused by:
[INFO] [stderr]   process didn't exit successfully: `/opt/rustwide/target/debug/build/nflog-sys-212d1d2c7c55440e/build-script-build` (exit status: 1)
[INFO] [stderr]   --- stdout
[INFO] [stderr]   TARGET = Some("x86_64-unknown-linux-gnu")
[INFO] [stderr]   OPT_LEVEL = Some("0")
[INFO] [stderr]   HOST = Some("x86_64-unknown-linux-gnu")
[INFO] [stderr]   cargo:rerun-if-env-changed=CC_x86_64-unknown-linux-gnu
[INFO] [stderr]   CC_x86_64-unknown-linux-gnu = None
[INFO] [stderr]   cargo:rerun-if-env-changed=CC_x86_64_unknown_linux_gnu
[INFO] [stderr]   CC_x86_64_unknown_linux_gnu = None
[INFO] [stderr]   cargo:rerun-if-env-changed=HOST_CC
[INFO] [stderr]   HOST_CC = None
[INFO] [stderr]   cargo:rerun-if-env-changed=CC
[INFO] [stderr]   CC = None
[INFO] [stderr]   cargo:rerun-if-env-changed=CRATE_CC_NO_DEFAULTS
[INFO] [stderr]   CRATE_CC_NO_DEFAULTS = None
[INFO] [stderr]   DEBUG = Some("true")
[INFO] [stderr]   CARGO_CFG_TARGET_FEATURE = Some("fxsr,sse,sse2")
[INFO] [stderr]   cargo:rerun-if-env-changed=CFLAGS_x86_64-unknown-linux-gnu
[INFO] [stderr]   CFLAGS_x86_64-unknown-linux-gnu = None
[INFO] [stderr]   cargo:rerun-if-env-changed=CFLAGS_x86_64_unknown_linux_gnu
[INFO] [stderr]   CFLAGS_x86_64_unknown_linux_gnu = None
[INFO] [stderr]   cargo:rerun-if-env-changed=HOST_CFLAGS
[INFO] [stderr]   HOST_CFLAGS = None
[INFO] [stderr]   cargo:rerun-if-env-changed=CFLAGS
[INFO] [stderr]   CFLAGS = None
[INFO] [stderr]   running: "cc" "-O0" "-ffunction-sections" "-fdata-sections" "-fPIC" "-gdwarf-4" "-fno-omit-frame-pointer" "-m64" "-I" "src/libnetfilter_log/include" "-I" "/opt/rustwide/target/debug/build/nfnetlink-sys-90db59baeacce554/out/include" "-lnfnetlink" "-o" "/opt/rustwide/target/debug/build/nflog-sys-9fd1e4f211ec9933/out/lib/src/libnetfilter_log/src/libnetfilter_log.o" "-c" "src/libnetfilter_log/src/libnetfilter_log.c"
[INFO] [stderr]   cargo:warning=src/libnetfilter_log/src/libnetfilter_log.c:33:10: fatal error: libnfnetlink/libnfnetlink.h: No such file or directory
[INFO] [stderr] 
[INFO] [stderr]   cargo:warning=   33 | #include <libnfnetlink/libnfnetlink.h>
[INFO] [stderr] 
[INFO] [stderr]   cargo:warning=      |          ^~~~~~~~~~~~~~~~~~~~~~~~~~~~~
[INFO] [stderr] 
[INFO] [stderr]   cargo:warning=compilation terminated.
[INFO] [stderr] 
[INFO] [stderr]   exit status: 1
[INFO] [stderr] 
[INFO] [stderr]   --- stderr
[INFO] [stderr] 
[INFO] [stderr] 
[INFO] [stderr]   error occurred: Command "cc" "-O0" "-ffunction-sections" "-fdata-sections" "-fPIC" "-gdwarf-4" "-fno-omit-frame-pointer" "-m64" "-I" "src/libnetfilter_log/include" "-I" "/opt/rustwide/target/debug/build/nfnetlink-sys-90db59baeacce554/out/include" "-lnfnetlink" "-o" "/opt/rustwide/target/debug/build/nflog-sys-9fd1e4f211ec9933/out/lib/src/libnetfilter_log/src/libnetfilter_log.o" "-c" "src/libnetfilter_log/src/libnetfilter_log.c" with args "cc" did not execute successfully (status code exit status: 1).
[INFO] [stderr] 
[INFO] [stderr] 
[INFO] [stderr] warning: build failed, waiting for other jobs to finish...
[INFO] running `Command { std: "docker" "inspect" "8565dab6745eb5166d813204695c0b08cfaa60f735309263693f77b7f16d19a7", kill_on_drop: false }`
[INFO] running `Command { std: "docker" "rm" "-f" "8565dab6745eb5166d813204695c0b08cfaa60f735309263693f77b7f16d19a7", kill_on_drop: false }`
[INFO] [stdout] 8565dab6745eb5166d813204695c0b08cfaa60f735309263693f77b7f16d19a7
[INFO] documenting nflog-sys-0.1.0 against beta-2023-12-22 for beta-1.76-rustdoc-1
[INFO] extracting crate nflog-sys 0.1.0 into /workspace/builds/worker-5-tc2/source
[INFO] validating manifest of crates.io crate nflog-sys 0.1.0 on toolchain beta-2023-12-22
[INFO] running `Command { std: CARGO_HOME="/workspace/cargo-home" RUSTUP_HOME="/workspace/rustup-home" "/workspace/cargo-home/bin/cargo" "+beta-2023-12-22" "metadata" "--manifest-path" "Cargo.toml" "--no-deps", kill_on_drop: false }`
[INFO] started tweaking crates.io crate nflog-sys 0.1.0
[INFO] finished tweaking crates.io crate nflog-sys 0.1.0
[INFO] tweaked toml for crates.io crate nflog-sys 0.1.0 written to /workspace/builds/worker-5-tc2/source/Cargo.toml
[INFO] running `Command { std: CARGO_HOME="/workspace/cargo-home" RUSTUP_HOME="/workspace/rustup-home" "/workspace/cargo-home/bin/cargo" "+beta-2023-12-22" "generate-lockfile" "--manifest-path" "Cargo.toml", kill_on_drop: false }`
[INFO] [stderr]     Updating crates.io index
[INFO] running `Command { std: CARGO_HOME="/workspace/cargo-home" RUSTUP_HOME="/workspace/rustup-home" "/workspace/cargo-home/bin/cargo" "+beta-2023-12-22" "fetch" "--manifest-path" "Cargo.toml", kill_on_drop: false }`
[INFO] running `Command { std: "docker" "create" "-v" "/var/lib/crater-agent-workspace/builds/worker-5-tc2/target:/opt/rustwide/target:rw,Z" "-v" "/var/lib/crater-agent-workspace/builds/worker-5-tc2/source:/opt/rustwide/workdir:ro,Z" "-v" "/var/lib/crater-agent-workspace/cargo-home:/opt/rustwide/cargo-home:ro,Z" "-v" "/var/lib/crater-agent-workspace/rustup-home:/opt/rustwide/rustup-home:ro,Z" "-e" "SOURCE_DIR=/opt/rustwide/workdir" "-e" "CARGO_TARGET_DIR=/opt/rustwide/target" "-e" "CARGO_HOME=/opt/rustwide/cargo-home" "-e" "RUSTUP_HOME=/opt/rustwide/rustup-home" "-w" "/opt/rustwide/workdir" "-m" "1610612736" "--user" "0:0" "--network" "none" "ghcr.io/rust-lang/crates-build-env/linux@sha256:2788e3201cd34a07e3172128adcd8b3090168a8e3bcc40d7c032b9dda1df7d1c" "/opt/rustwide/cargo-home/bin/cargo" "+beta-2023-12-22" "metadata" "--no-deps" "--format-version=1", kill_on_drop: false }`
[INFO] [stdout] 1b60a6e286ecf2ce6fb240173e5b3a67a424304c15a011c21b3d601a07252831
[INFO] running `Command { std: "docker" "start" "-a" "1b60a6e286ecf2ce6fb240173e5b3a67a424304c15a011c21b3d601a07252831", kill_on_drop: false }`
[INFO] running `Command { std: "docker" "inspect" "1b60a6e286ecf2ce6fb240173e5b3a67a424304c15a011c21b3d601a07252831", kill_on_drop: false }`
[INFO] running `Command { std: "docker" "rm" "-f" "1b60a6e286ecf2ce6fb240173e5b3a67a424304c15a011c21b3d601a07252831", kill_on_drop: false }`
[INFO] [stdout] 1b60a6e286ecf2ce6fb240173e5b3a67a424304c15a011c21b3d601a07252831
[INFO] running `Command { std: "docker" "create" "-v" "/var/lib/crater-agent-workspace/builds/worker-5-tc2/target:/opt/rustwide/target:rw,Z" "-v" "/var/lib/crater-agent-workspace/builds/worker-5-tc2/source:/opt/rustwide/workdir:ro,Z" "-v" "/var/lib/crater-agent-workspace/cargo-home:/opt/rustwide/cargo-home:ro,Z" "-v" "/var/lib/crater-agent-workspace/rustup-home:/opt/rustwide/rustup-home:ro,Z" "-e" "SOURCE_DIR=/opt/rustwide/workdir" "-e" "CARGO_TARGET_DIR=/opt/rustwide/target" "-e" "CARGO_INCREMENTAL=0" "-e" "RUST_BACKTRACE=full" "-e" "RUSTFLAGS=--cap-lints=warn" "-e" "RUSTDOCFLAGS=--cap-lints=warn" "-e" "CARGO_HOME=/opt/rustwide/cargo-home" "-e" "RUSTUP_HOME=/opt/rustwide/rustup-home" "-w" "/opt/rustwide/workdir" "-m" "1610612736" "--user" "0:0" "--network" "none" "ghcr.io/rust-lang/crates-build-env/linux@sha256:2788e3201cd34a07e3172128adcd8b3090168a8e3bcc40d7c032b9dda1df7d1c" "/opt/rustwide/cargo-home/bin/cargo" "+beta-2023-12-22" "doc" "--frozen" "--no-deps" "--document-private-items" "--message-format=json", kill_on_drop: false }`
[INFO] [stdout] 66b3098908217ea6cf25387437af9440a948b4d449d22aef0ca7e287b013dc29
[INFO] running `Command { std: "docker" "start" "-a" "66b3098908217ea6cf25387437af9440a948b4d449d22aef0ca7e287b013dc29", kill_on_drop: false }`
[INFO] [stderr]    Compiling libc v0.2.151
[INFO] [stderr]    Compiling jobserver v0.1.27
[INFO] [stderr]    Compiling cc v1.0.83
[INFO] [stderr]    Compiling nfnetlink-sys v0.1.0
[INFO] [stderr]    Compiling nflog-sys v0.1.0 (/opt/rustwide/workdir)
[INFO] [stderr] The following warnings were emitted during compilation:
[INFO] [stderr] 
[INFO] [stderr] warning: nflog-sys@0.1.0: src/libnetfilter_log/src/libnetfilter_log.c:33:10: fatal error: libnfnetlink/libnfnetlink.h: No such file or directory
[INFO] [stderr] warning: nflog-sys@0.1.0:    33 | #include <libnfnetlink/libnfnetlink.h>
[INFO] [stderr] warning: nflog-sys@0.1.0:       |          ^~~~~~~~~~~~~~~~~~~~~~~~~~~~~
[INFO] [stderr] warning: nflog-sys@0.1.0: compilation terminated.
[INFO] [stderr] 
[INFO] [stderr] error: failed to run custom build command for `nflog-sys v0.1.0 (/opt/rustwide/workdir)`
[INFO] [stderr] note: To improve backtraces for build dependencies, set the CARGO_PROFILE_DEV_BUILD_OVERRIDE_DEBUG=true environment variable to enable debug information generation.
[INFO] [stderr] 
[INFO] [stderr] Caused by:
[INFO] [stderr]   process didn't exit successfully: `/opt/rustwide/target/debug/build/nflog-sys-feebbb012cc11ef3/build-script-build` (exit status: 1)
[INFO] [stderr]   --- stdout
[INFO] [stderr]   TARGET = Some("x86_64-unknown-linux-gnu")
[INFO] [stderr]   OPT_LEVEL = Some("0")
[INFO] [stderr]   HOST = Some("x86_64-unknown-linux-gnu")
[INFO] [stderr]   cargo:rerun-if-env-changed=CC_x86_64-unknown-linux-gnu
[INFO] [stderr]   CC_x86_64-unknown-linux-gnu = None
[INFO] [stderr]   cargo:rerun-if-env-changed=CC_x86_64_unknown_linux_gnu
[INFO] [stderr]   CC_x86_64_unknown_linux_gnu = None
[INFO] [stderr]   cargo:rerun-if-env-changed=HOST_CC
[INFO] [stderr]   HOST_CC = None
[INFO] [stderr]   cargo:rerun-if-env-changed=CC
[INFO] [stderr]   CC = None
[INFO] [stderr]   cargo:rerun-if-env-changed=CRATE_CC_NO_DEFAULTS
[INFO] [stderr]   CRATE_CC_NO_DEFAULTS = None
[INFO] [stderr]   DEBUG = Some("true")
[INFO] [stderr]   CARGO_CFG_TARGET_FEATURE = Some("fxsr,sse,sse2")
[INFO] [stderr]   cargo:rerun-if-env-changed=CFLAGS_x86_64-unknown-linux-gnu
[INFO] [stderr]   CFLAGS_x86_64-unknown-linux-gnu = None
[INFO] [stderr]   cargo:rerun-if-env-changed=CFLAGS_x86_64_unknown_linux_gnu
[INFO] [stderr]   CFLAGS_x86_64_unknown_linux_gnu = None
[INFO] [stderr]   cargo:rerun-if-env-changed=HOST_CFLAGS
[INFO] [stderr]   HOST_CFLAGS = None
[INFO] [stderr]   cargo:rerun-if-env-changed=CFLAGS
[INFO] [stderr]   CFLAGS = None
[INFO] [stderr]   running: "cc" "-O0" "-ffunction-sections" "-fdata-sections" "-fPIC" "-gdwarf-4" "-fno-omit-frame-pointer" "-m64" "-I" "src/libnetfilter_log/include" "-I" "/opt/rustwide/target/debug/build/nfnetlink-sys-26bb44bbc3314ffb/out/include" "-lnfnetlink" "-o" "/opt/rustwide/target/debug/build/nflog-sys-88eb9826b6bacc87/out/lib/src/libnetfilter_log/src/libnetfilter_log.o" "-c" "src/libnetfilter_log/src/libnetfilter_log.c"
[INFO] [stderr]   cargo:warning=src/libnetfilter_log/src/libnetfilter_log.c:33:10: fatal error: libnfnetlink/libnfnetlink.h: No such file or directory
[INFO] [stderr] 
[INFO] [stderr]   cargo:warning=   33 | #include <libnfnetlink/libnfnetlink.h>
[INFO] [stderr] 
[INFO] [stderr]   cargo:warning=      |          ^~~~~~~~~~~~~~~~~~~~~~~~~~~~~
[INFO] [stderr] 
[INFO] [stderr]   cargo:warning=compilation terminated.
[INFO] [stderr] 
[INFO] [stderr]   exit status: 1
[INFO] [stderr] 
[INFO] [stderr]   --- stderr
[INFO] [stderr] 
[INFO] [stderr] 
[INFO] [stderr]   error occurred: Command "cc" "-O0" "-ffunction-sections" "-fdata-sections" "-fPIC" "-gdwarf-4" "-fno-omit-frame-pointer" "-m64" "-I" "src/libnetfilter_log/include" "-I" "/opt/rustwide/target/debug/build/nfnetlink-sys-26bb44bbc3314ffb/out/include" "-lnfnetlink" "-o" "/opt/rustwide/target/debug/build/nflog-sys-88eb9826b6bacc87/out/lib/src/libnetfilter_log/src/libnetfilter_log.o" "-c" "src/libnetfilter_log/src/libnetfilter_log.c" with args "cc" did not execute successfully (status code exit status: 1).
[INFO] [stderr] 
[INFO] [stderr] 
[INFO] [stderr] warning: build failed, waiting for other jobs to finish...
[INFO] running `Command { std: "docker" "inspect" "66b3098908217ea6cf25387437af9440a948b4d449d22aef0ca7e287b013dc29", kill_on_drop: false }`
[INFO] running `Command { std: "docker" "rm" "-f" "66b3098908217ea6cf25387437af9440a948b4d449d22aef0ca7e287b013dc29", kill_on_drop: false }`
[INFO] [stdout] 66b3098908217ea6cf25387437af9440a948b4d449d22aef0ca7e287b013dc29
