[INFO] fetching crate nfd-sys 0.1.5...
[INFO] documenting nfd-sys-0.1.5 against 1.75.0 for beta-1.76-rustdoc-1
[INFO] extracting crate nfd-sys 0.1.5 into /workspace/builds/worker-1-tc1/source
[INFO] validating manifest of crates.io crate nfd-sys 0.1.5 on toolchain 1.75.0
[INFO] running `Command { std: CARGO_HOME="/workspace/cargo-home" RUSTUP_HOME="/workspace/rustup-home" "/workspace/cargo-home/bin/cargo" "+1.75.0" "metadata" "--manifest-path" "Cargo.toml" "--no-deps", kill_on_drop: false }`
[INFO] started tweaking crates.io crate nfd-sys 0.1.5
[INFO] finished tweaking crates.io crate nfd-sys 0.1.5
[INFO] tweaked toml for crates.io crate nfd-sys 0.1.5 written to /workspace/builds/worker-1-tc1/source/Cargo.toml
[INFO] running `Command { std: CARGO_HOME="/workspace/cargo-home" RUSTUP_HOME="/workspace/rustup-home" "/workspace/cargo-home/bin/cargo" "+1.75.0" "generate-lockfile" "--manifest-path" "Cargo.toml", kill_on_drop: false }`
[INFO] [stderr]     Updating crates.io index
[INFO] running `Command { std: CARGO_HOME="/workspace/cargo-home" RUSTUP_HOME="/workspace/rustup-home" "/workspace/cargo-home/bin/cargo" "+1.75.0" "fetch" "--manifest-path" "Cargo.toml", kill_on_drop: false }`
[INFO] [stderr]  Downloading crates ...
[INFO] [stderr]   Downloaded pango v0.0.7
[INFO] [stderr]   Downloaded gobject-sys v0.3.4
[INFO] [stderr]   Downloaded c_vec v1.0.12
[INFO] [stderr]   Downloaded gdk-pixbuf-sys v0.3.4
[INFO] [stderr]   Downloaded core-foundation v0.2.3
[INFO] [stderr]   Downloaded cairo-rs v0.0.8
[INFO] [stderr]   Downloaded gdk-sys v0.3.4
[INFO] [stderr]   Downloaded glib-sys v0.3.4
[INFO] [stderr]   Downloaded gdk v0.3.0
[INFO] [stderr]   Downloaded gio-sys v0.3.4
[INFO] [stderr]   Downloaded gtk-sys v0.3.4
[INFO] [stderr]   Downloaded gtk v0.0.7
[INFO] [stderr]   Downloaded gdk-pixbuf v0.0.1
[INFO] [stderr]   Downloaded glib v0.0.8
[INFO] [stderr]   Downloaded cocoa v0.2.5
[INFO] [stderr]   Downloaded core-foundation-sys v0.2.3
[INFO] [stderr]   Downloaded atk-sys v0.3.4
[INFO] [stderr]   Downloaded cairo-sys-rs v0.3.4
[INFO] [stderr]   Downloaded objc v0.1.8
[INFO] [stderr]   Downloaded core-graphics v0.3.2
[INFO] [stderr]   Downloaded pango-sys v0.3.4
[INFO] running `Command { std: "docker" "create" "-v" "/var/lib/crater-agent-workspace/builds/worker-1-tc1/target:/opt/rustwide/target:rw,Z" "-v" "/var/lib/crater-agent-workspace/builds/worker-1-tc1/source:/opt/rustwide/workdir:ro,Z" "-v" "/var/lib/crater-agent-workspace/cargo-home:/opt/rustwide/cargo-home:ro,Z" "-v" "/var/lib/crater-agent-workspace/rustup-home:/opt/rustwide/rustup-home:ro,Z" "-e" "SOURCE_DIR=/opt/rustwide/workdir" "-e" "CARGO_TARGET_DIR=/opt/rustwide/target" "-e" "CARGO_HOME=/opt/rustwide/cargo-home" "-e" "RUSTUP_HOME=/opt/rustwide/rustup-home" "-w" "/opt/rustwide/workdir" "-m" "1610612736" "--user" "0:0" "--network" "none" "ghcr.io/rust-lang/crates-build-env/linux@sha256:2788e3201cd34a07e3172128adcd8b3090168a8e3bcc40d7c032b9dda1df7d1c" "/opt/rustwide/cargo-home/bin/cargo" "+1.75.0" "metadata" "--no-deps" "--format-version=1", kill_on_drop: false }`
[INFO] [stdout] 182e4e00ea826ca56a796287fce4054887219e4fd3af131502488465a9031873
[INFO] running `Command { std: "docker" "start" "-a" "182e4e00ea826ca56a796287fce4054887219e4fd3af131502488465a9031873", kill_on_drop: false }`
[INFO] running `Command { std: "docker" "inspect" "182e4e00ea826ca56a796287fce4054887219e4fd3af131502488465a9031873", kill_on_drop: false }`
[INFO] running `Command { std: "docker" "rm" "-f" "182e4e00ea826ca56a796287fce4054887219e4fd3af131502488465a9031873", kill_on_drop: false }`
[INFO] [stdout] 182e4e00ea826ca56a796287fce4054887219e4fd3af131502488465a9031873
[INFO] running `Command { std: "docker" "create" "-v" "/var/lib/crater-agent-workspace/builds/worker-1-tc1/target:/opt/rustwide/target:rw,Z" "-v" "/var/lib/crater-agent-workspace/builds/worker-1-tc1/source:/opt/rustwide/workdir:ro,Z" "-v" "/var/lib/crater-agent-workspace/cargo-home:/opt/rustwide/cargo-home:ro,Z" "-v" "/var/lib/crater-agent-workspace/rustup-home:/opt/rustwide/rustup-home:ro,Z" "-e" "SOURCE_DIR=/opt/rustwide/workdir" "-e" "CARGO_TARGET_DIR=/opt/rustwide/target" "-e" "CARGO_INCREMENTAL=0" "-e" "RUST_BACKTRACE=full" "-e" "RUSTFLAGS=--cap-lints=warn" "-e" "RUSTDOCFLAGS=--cap-lints=warn" "-e" "CARGO_HOME=/opt/rustwide/cargo-home" "-e" "RUSTUP_HOME=/opt/rustwide/rustup-home" "-w" "/opt/rustwide/workdir" "-m" "1610612736" "--user" "0:0" "--network" "none" "ghcr.io/rust-lang/crates-build-env/linux@sha256:2788e3201cd34a07e3172128adcd8b3090168a8e3bcc40d7c032b9dda1df7d1c" "/opt/rustwide/cargo-home/bin/cargo" "+1.75.0" "doc" "--frozen" "--no-deps" "--document-private-items" "--message-format=json", kill_on_drop: false }`
[INFO] [stdout] ce928468cc0832f10d700ab69c71edba5b616df99cb66ecea67ec07c9944e21e
[INFO] running `Command { std: "docker" "start" "-a" "ce928468cc0832f10d700ab69c71edba5b616df99cb66ecea67ec07c9944e21e", kill_on_drop: false }`
[INFO] [stderr]    Compiling pkg-config v0.3.28
[INFO] [stderr]    Compiling libc v0.2.151
[INFO] [stderr]     Checking bitflags v0.8.2
[INFO] [stderr]    Compiling gdk-pixbuf v0.0.1
[INFO] [stderr]    Compiling cairo-rs v0.0.8
[INFO] [stderr]     Checking c_vec v1.0.12
[INFO] [stderr]    Compiling gdk v0.3.0
[INFO] [stderr]    Compiling gtk v0.0.7
[INFO] [stderr]    Compiling nfd-sys v0.1.5 (/opt/rustwide/workdir)
[INFO] [stderr]    Compiling glib-sys v0.3.4
[INFO] [stderr]    Compiling gobject-sys v0.3.4
[INFO] [stderr]    Compiling gio-sys v0.3.4
[INFO] [stderr]    Compiling cairo-sys-rs v0.3.4
[INFO] [stderr]    Compiling gdk-pixbuf-sys v0.3.4
[INFO] [stderr]    Compiling pango-sys v0.3.4
[INFO] [stderr]    Compiling gdk-sys v0.3.4
[INFO] [stderr]    Compiling atk-sys v0.3.4
[INFO] [stderr]    Compiling gtk-sys v0.3.4
[INFO] [stderr]     Checking glib v0.0.8
[INFO] [stdout] error[E0119]: conflicting implementations of trait `SetValue` for type `&_`
[INFO] [stdout]    --> /opt/rustwide/cargo-home/registry/src/index.crates.io-6f17d22bba15001f/glib-0.0.8/src/value.rs:482:1
[INFO] [stdout]     |
[INFO] [stdout] 451 | impl<'a, T: ?Sized + SetValue> SetValue for &'a T {
[INFO] [stdout]     | ------------------------------------------------- first implementation here
[INFO] [stdout] ...
[INFO] [stdout] 482 | impl<T: IsA<Object>> SetValue for T {
[INFO] [stdout]     | ^^^^^^^^^^^^^^^^^^^^^^^^^^^^^^^^^^^ conflicting implementation for `&_`
[INFO] [stdout]     |
[INFO] [stdout]     = note: downstream crates may implement trait `object::IsA<object::Object>` for type `&_`
[INFO] [stdout] 
[INFO] [stdout] 
[INFO] [stdout] error[E0119]: conflicting implementations of trait `SetValueOptional` for type `&_`
[INFO] [stdout]    --> /opt/rustwide/cargo-home/registry/src/index.crates.io-6f17d22bba15001f/glib-0.0.8/src/value.rs:488:1
[INFO] [stdout]     |
[INFO] [stdout] 457 | impl<'a, T: ?Sized + SetValueOptional> SetValueOptional for &'a T {
[INFO] [stdout]     | ----------------------------------------------------------------- first implementation here
[INFO] [stdout] ...
[INFO] [stdout] 488 | impl<T: IsA<Object>> SetValueOptional for T {
[INFO] [stdout]     | ^^^^^^^^^^^^^^^^^^^^^^^^^^^^^^^^^^^^^^^^^^^ conflicting implementation for `&_`
[INFO] [stdout]     |
[INFO] [stdout]     = note: downstream crates may implement trait `object::IsA<object::Object>` for type `&_`
[INFO] [stdout] 
[INFO] [stdout] 
[INFO] [stdout] error: aborting due to 2 previous errors
[INFO] [stdout] 
[INFO] [stdout] 
[INFO] [stdout] For more information about this error, try `rustc --explain E0119`.
[INFO] [stdout] 
[INFO] [stderr] error: could not compile `glib` (lib) due to 3 previous errors
[INFO] [stderr] warning: build failed, waiting for other jobs to finish...
[INFO] running `Command { std: "docker" "inspect" "ce928468cc0832f10d700ab69c71edba5b616df99cb66ecea67ec07c9944e21e", kill_on_drop: false }`
[INFO] running `Command { std: "docker" "rm" "-f" "ce928468cc0832f10d700ab69c71edba5b616df99cb66ecea67ec07c9944e21e", kill_on_drop: false }`
[INFO] [stdout] ce928468cc0832f10d700ab69c71edba5b616df99cb66ecea67ec07c9944e21e
[INFO] documenting nfd-sys-0.1.5 against beta-2023-12-22 for beta-1.76-rustdoc-1
[INFO] extracting crate nfd-sys 0.1.5 into /workspace/builds/worker-1-tc2/source
[INFO] validating manifest of crates.io crate nfd-sys 0.1.5 on toolchain beta-2023-12-22
[INFO] running `Command { std: CARGO_HOME="/workspace/cargo-home" RUSTUP_HOME="/workspace/rustup-home" "/workspace/cargo-home/bin/cargo" "+beta-2023-12-22" "metadata" "--manifest-path" "Cargo.toml" "--no-deps", kill_on_drop: false }`
[INFO] started tweaking crates.io crate nfd-sys 0.1.5
[INFO] finished tweaking crates.io crate nfd-sys 0.1.5
[INFO] tweaked toml for crates.io crate nfd-sys 0.1.5 written to /workspace/builds/worker-1-tc2/source/Cargo.toml
[INFO] running `Command { std: CARGO_HOME="/workspace/cargo-home" RUSTUP_HOME="/workspace/rustup-home" "/workspace/cargo-home/bin/cargo" "+beta-2023-12-22" "generate-lockfile" "--manifest-path" "Cargo.toml", kill_on_drop: false }`
[INFO] [stderr]     Updating crates.io index
[INFO] running `Command { std: CARGO_HOME="/workspace/cargo-home" RUSTUP_HOME="/workspace/rustup-home" "/workspace/cargo-home/bin/cargo" "+beta-2023-12-22" "fetch" "--manifest-path" "Cargo.toml", kill_on_drop: false }`
[INFO] running `Command { std: "docker" "create" "-v" "/var/lib/crater-agent-workspace/builds/worker-1-tc2/target:/opt/rustwide/target:rw,Z" "-v" "/var/lib/crater-agent-workspace/builds/worker-1-tc2/source:/opt/rustwide/workdir:ro,Z" "-v" "/var/lib/crater-agent-workspace/cargo-home:/opt/rustwide/cargo-home:ro,Z" "-v" "/var/lib/crater-agent-workspace/rustup-home:/opt/rustwide/rustup-home:ro,Z" "-e" "SOURCE_DIR=/opt/rustwide/workdir" "-e" "CARGO_TARGET_DIR=/opt/rustwide/target" "-e" "CARGO_HOME=/opt/rustwide/cargo-home" "-e" "RUSTUP_HOME=/opt/rustwide/rustup-home" "-w" "/opt/rustwide/workdir" "-m" "1610612736" "--user" "0:0" "--network" "none" "ghcr.io/rust-lang/crates-build-env/linux@sha256:2788e3201cd34a07e3172128adcd8b3090168a8e3bcc40d7c032b9dda1df7d1c" "/opt/rustwide/cargo-home/bin/cargo" "+beta-2023-12-22" "metadata" "--no-deps" "--format-version=1", kill_on_drop: false }`
[INFO] [stdout] a32b63d940602d3a4e5fb4d412d2b1d230190a6b6e877ff9ff5bc17f490291de
[INFO] running `Command { std: "docker" "start" "-a" "a32b63d940602d3a4e5fb4d412d2b1d230190a6b6e877ff9ff5bc17f490291de", kill_on_drop: false }`
[INFO] running `Command { std: "docker" "inspect" "a32b63d940602d3a4e5fb4d412d2b1d230190a6b6e877ff9ff5bc17f490291de", kill_on_drop: false }`
[INFO] running `Command { std: "docker" "rm" "-f" "a32b63d940602d3a4e5fb4d412d2b1d230190a6b6e877ff9ff5bc17f490291de", kill_on_drop: false }`
[INFO] [stdout] a32b63d940602d3a4e5fb4d412d2b1d230190a6b6e877ff9ff5bc17f490291de
[INFO] running `Command { std: "docker" "create" "-v" "/var/lib/crater-agent-workspace/builds/worker-1-tc2/target:/opt/rustwide/target:rw,Z" "-v" "/var/lib/crater-agent-workspace/builds/worker-1-tc2/source:/opt/rustwide/workdir:ro,Z" "-v" "/var/lib/crater-agent-workspace/cargo-home:/opt/rustwide/cargo-home:ro,Z" "-v" "/var/lib/crater-agent-workspace/rustup-home:/opt/rustwide/rustup-home:ro,Z" "-e" "SOURCE_DIR=/opt/rustwide/workdir" "-e" "CARGO_TARGET_DIR=/opt/rustwide/target" "-e" "CARGO_INCREMENTAL=0" "-e" "RUST_BACKTRACE=full" "-e" "RUSTFLAGS=--cap-lints=warn" "-e" "RUSTDOCFLAGS=--cap-lints=warn" "-e" "CARGO_HOME=/opt/rustwide/cargo-home" "-e" "RUSTUP_HOME=/opt/rustwide/rustup-home" "-w" "/opt/rustwide/workdir" "-m" "1610612736" "--user" "0:0" "--network" "none" "ghcr.io/rust-lang/crates-build-env/linux@sha256:2788e3201cd34a07e3172128adcd8b3090168a8e3bcc40d7c032b9dda1df7d1c" "/opt/rustwide/cargo-home/bin/cargo" "+beta-2023-12-22" "doc" "--frozen" "--no-deps" "--document-private-items" "--message-format=json", kill_on_drop: false }`
[INFO] [stdout] f95dde0e97e5aa78a8d9d90d671cc39785f1a2f4504232abdb476a8631461469
[INFO] running `Command { std: "docker" "start" "-a" "f95dde0e97e5aa78a8d9d90d671cc39785f1a2f4504232abdb476a8631461469", kill_on_drop: false }`
[INFO] [stderr]    Compiling pkg-config v0.3.28
[INFO] [stderr]    Compiling libc v0.2.151
[INFO] [stderr]     Checking bitflags v0.8.2
[INFO] [stderr]    Compiling gdk-pixbuf v0.0.1
[INFO] [stderr]    Compiling cairo-rs v0.0.8
[INFO] [stderr]     Checking c_vec v1.0.12
[INFO] [stderr]    Compiling gdk v0.3.0
[INFO] [stderr]    Compiling gtk v0.0.7
[INFO] [stderr]    Compiling nfd-sys v0.1.5 (/opt/rustwide/workdir)
[INFO] [stderr]    Compiling glib-sys v0.3.4
[INFO] [stderr]    Compiling gobject-sys v0.3.4
[INFO] [stderr]    Compiling gio-sys v0.3.4
[INFO] [stderr]    Compiling cairo-sys-rs v0.3.4
[INFO] [stderr]    Compiling gdk-pixbuf-sys v0.3.4
[INFO] [stderr]    Compiling pango-sys v0.3.4
[INFO] [stderr]    Compiling gdk-sys v0.3.4
[INFO] [stderr]    Compiling atk-sys v0.3.4
[INFO] [stderr]    Compiling gtk-sys v0.3.4
[INFO] [stderr]     Checking glib v0.0.8
[INFO] [stdout] error[E0119]: conflicting implementations of trait `SetValue` for type `&_`
[INFO] [stdout]    --> /opt/rustwide/cargo-home/registry/src/index.crates.io-6f17d22bba15001f/glib-0.0.8/src/value.rs:482:1
[INFO] [stdout]     |
[INFO] [stdout] 451 | impl<'a, T: ?Sized + SetValue> SetValue for &'a T {
[INFO] [stdout]     | ------------------------------------------------- first implementation here
[INFO] [stdout] ...
[INFO] [stdout] 482 | impl<T: IsA<Object>> SetValue for T {
[INFO] [stdout]     | ^^^^^^^^^^^^^^^^^^^^^^^^^^^^^^^^^^^ conflicting implementation for `&_`
[INFO] [stdout]     |
[INFO] [stdout]     = note: downstream crates may implement trait `object::IsA<object::Object>` for type `&_`
[INFO] [stdout] 
[INFO] [stdout] 
[INFO] [stdout] error[E0119]: conflicting implementations of trait `SetValueOptional` for type `&_`
[INFO] [stdout]    --> /opt/rustwide/cargo-home/registry/src/index.crates.io-6f17d22bba15001f/glib-0.0.8/src/value.rs:488:1
[INFO] [stdout]     |
[INFO] [stdout] 457 | impl<'a, T: ?Sized + SetValueOptional> SetValueOptional for &'a T {
[INFO] [stdout]     | ----------------------------------------------------------------- first implementation here
[INFO] [stdout] ...
[INFO] [stdout] 488 | impl<T: IsA<Object>> SetValueOptional for T {
[INFO] [stdout]     | ^^^^^^^^^^^^^^^^^^^^^^^^^^^^^^^^^^^^^^^^^^^ conflicting implementation for `&_`
[INFO] [stdout]     |
[INFO] [stdout]     = note: downstream crates may implement trait `object::IsA<object::Object>` for type `&_`
[INFO] [stdout] 
[INFO] [stdout] 
[INFO] [stdout] error: aborting due to 2 previous errors
[INFO] [stdout] 
[INFO] [stdout] 
[INFO] [stdout] For more information about this error, try `rustc --explain E0119`.
[INFO] [stdout] 
[INFO] [stderr] error: could not compile `glib` (lib) due to 3 previous errors
[INFO] [stderr] warning: build failed, waiting for other jobs to finish...
[INFO] running `Command { std: "docker" "inspect" "f95dde0e97e5aa78a8d9d90d671cc39785f1a2f4504232abdb476a8631461469", kill_on_drop: false }`
[INFO] running `Command { std: "docker" "rm" "-f" "f95dde0e97e5aa78a8d9d90d671cc39785f1a2f4504232abdb476a8631461469", kill_on_drop: false }`
[INFO] [stdout] f95dde0e97e5aa78a8d9d90d671cc39785f1a2f4504232abdb476a8631461469
