[INFO] fetching crate newport_imgui 0.2.0...
[INFO] documenting newport_imgui-0.2.0 against 1.75.0 for beta-1.76-rustdoc-1
[INFO] extracting crate newport_imgui 0.2.0 into /workspace/builds/worker-1-tc1/source
[INFO] validating manifest of crates.io crate newport_imgui 0.2.0 on toolchain 1.75.0
[INFO] running `Command { std: CARGO_HOME="/workspace/cargo-home" RUSTUP_HOME="/workspace/rustup-home" "/workspace/cargo-home/bin/cargo" "+1.75.0" "metadata" "--manifest-path" "Cargo.toml" "--no-deps", kill_on_drop: false }`
[INFO] started tweaking crates.io crate newport_imgui 0.2.0
[INFO] finished tweaking crates.io crate newport_imgui 0.2.0
[INFO] tweaked toml for crates.io crate newport_imgui 0.2.0 written to /workspace/builds/worker-1-tc1/source/Cargo.toml
[INFO] running `Command { std: CARGO_HOME="/workspace/cargo-home" RUSTUP_HOME="/workspace/rustup-home" "/workspace/cargo-home/bin/cargo" "+1.75.0" "generate-lockfile" "--manifest-path" "Cargo.toml", kill_on_drop: false }`
[INFO] [stderr]     Updating crates.io index
[INFO] running `Command { std: CARGO_HOME="/workspace/cargo-home" RUSTUP_HOME="/workspace/rustup-home" "/workspace/cargo-home/bin/cargo" "+1.75.0" "fetch" "--manifest-path" "Cargo.toml", kill_on_drop: false }`
[INFO] [stderr]  Downloading crates ...
[INFO] [stderr]   Downloaded newport_cache v0.2.0
[INFO] [stderr]   Downloaded newport_log v0.2.0
[INFO] [stderr]   Downloaded newport_serde v0.2.0
[INFO] [stderr]   Downloaded newport_os v0.2.0
[INFO] [stderr]   Downloaded newport_asset v0.2.0
[INFO] [stderr]   Downloaded newport_graphics v0.2.0
[INFO] [stderr]   Downloaded newport_math v0.2.0
[INFO] [stderr]   Downloaded newport_engine v0.2.0
[INFO] [stderr]   Downloaded stb_image v0.2.5
[INFO] [stderr]   Downloaded ash v0.32.1
[INFO] [stderr]   Downloaded freetype-sys v0.14.0
[INFO] [stderr]   Downloaded hassle-rs v0.5.4
[INFO] [stderr]   Downloaded freetype-rs v0.27.0
[INFO] [stderr]   Downloaded newport_gpu v0.2.0
[INFO] running `Command { std: "docker" "create" "-v" "/var/lib/crater-agent-workspace/builds/worker-1-tc1/target:/opt/rustwide/target:rw,Z" "-v" "/var/lib/crater-agent-workspace/builds/worker-1-tc1/source:/opt/rustwide/workdir:ro,Z" "-v" "/var/lib/crater-agent-workspace/cargo-home:/opt/rustwide/cargo-home:ro,Z" "-v" "/var/lib/crater-agent-workspace/rustup-home:/opt/rustwide/rustup-home:ro,Z" "-e" "SOURCE_DIR=/opt/rustwide/workdir" "-e" "CARGO_TARGET_DIR=/opt/rustwide/target" "-e" "CARGO_HOME=/opt/rustwide/cargo-home" "-e" "RUSTUP_HOME=/opt/rustwide/rustup-home" "-w" "/opt/rustwide/workdir" "-m" "1610612736" "--user" "0:0" "--network" "none" "ghcr.io/rust-lang/crates-build-env/linux@sha256:2788e3201cd34a07e3172128adcd8b3090168a8e3bcc40d7c032b9dda1df7d1c" "/opt/rustwide/cargo-home/bin/cargo" "+1.75.0" "metadata" "--no-deps" "--format-version=1", kill_on_drop: false }`
[INFO] [stdout] 14b6ea03f2f2846c074f3ab312a5069b12e6d3d8db72c3e95b01af63ab4c5a9d
[INFO] running `Command { std: "docker" "start" "-a" "14b6ea03f2f2846c074f3ab312a5069b12e6d3d8db72c3e95b01af63ab4c5a9d", kill_on_drop: false }`
[INFO] running `Command { std: "docker" "inspect" "14b6ea03f2f2846c074f3ab312a5069b12e6d3d8db72c3e95b01af63ab4c5a9d", kill_on_drop: false }`
[INFO] running `Command { std: "docker" "rm" "-f" "14b6ea03f2f2846c074f3ab312a5069b12e6d3d8db72c3e95b01af63ab4c5a9d", kill_on_drop: false }`
[INFO] [stdout] 14b6ea03f2f2846c074f3ab312a5069b12e6d3d8db72c3e95b01af63ab4c5a9d
[INFO] running `Command { std: "docker" "create" "-v" "/var/lib/crater-agent-workspace/builds/worker-1-tc1/target:/opt/rustwide/target:rw,Z" "-v" "/var/lib/crater-agent-workspace/builds/worker-1-tc1/source:/opt/rustwide/workdir:ro,Z" "-v" "/var/lib/crater-agent-workspace/cargo-home:/opt/rustwide/cargo-home:ro,Z" "-v" "/var/lib/crater-agent-workspace/rustup-home:/opt/rustwide/rustup-home:ro,Z" "-e" "SOURCE_DIR=/opt/rustwide/workdir" "-e" "CARGO_TARGET_DIR=/opt/rustwide/target" "-e" "CARGO_INCREMENTAL=0" "-e" "RUST_BACKTRACE=full" "-e" "RUSTFLAGS=--cap-lints=warn" "-e" "RUSTDOCFLAGS=--cap-lints=warn" "-e" "CARGO_HOME=/opt/rustwide/cargo-home" "-e" "RUSTUP_HOME=/opt/rustwide/rustup-home" "-w" "/opt/rustwide/workdir" "-m" "1610612736" "--user" "0:0" "--network" "none" "ghcr.io/rust-lang/crates-build-env/linux@sha256:2788e3201cd34a07e3172128adcd8b3090168a8e3bcc40d7c032b9dda1df7d1c" "/opt/rustwide/cargo-home/bin/cargo" "+1.75.0" "doc" "--frozen" "--no-deps" "--document-private-items" "--message-format=json", kill_on_drop: false }`
[INFO] [stdout] 86b802c46fb7a200321cd342b2a37f5815b0ac16d2e77548cf62bb548cff2d3d
[INFO] running `Command { std: "docker" "start" "-a" "86b802c46fb7a200321cd342b2a37f5815b0ac16d2e77548cf62bb548cff2d3d", kill_on_drop: false }`
[INFO] [stderr]    Compiling num-integer v0.1.45
[INFO] [stderr]    Compiling syn v1.0.109
[INFO] [stderr]    Compiling com-rs v0.2.1
[INFO] [stderr]    Compiling syn v2.0.48
[INFO] [stderr]    Compiling cc v1.0.83
[INFO] [stderr]     Checking deflate v0.8.6
[INFO] [stderr]    Compiling thiserror v1.0.56
[INFO] [stderr]    Compiling inflections v1.1.1
[INFO] [stderr]    Compiling newport_gpu v0.2.0
[INFO] [stderr]     Checking widestring v0.5.1
[INFO] [stderr]     Checking bytemuck v1.14.0
[INFO] [stderr]     Checking ash v0.32.1
[INFO] [stderr]     Checking base64 v0.12.3
[INFO] [stderr]     Checking png v0.16.8
[INFO] [stderr]     Checking num-iter v0.1.43
[INFO] [stderr]     Checking num-rational v0.3.2
[INFO] [stderr]    Compiling cmake v0.1.50
[INFO] [stderr]     Checking image v0.23.14
[INFO] [stderr]    Compiling stb_image v0.2.5
[INFO] [stderr]    Compiling freetype-sys v0.14.0
[INFO] [stderr]     Checking freetype-rs v0.27.0
[INFO] [stderr]    Compiling serde_derive v1.0.195
[INFO] [stderr]    Compiling thiserror-impl v1.0.56
[INFO] [stderr]    Compiling gltf-derive v0.16.0
[INFO] [stderr]     Checking hassle-rs v0.5.4
[INFO] [stderr]     Checking serde v1.0.195
[INFO] [stderr]     Checking newport_math v0.2.0
[INFO] [stderr]     Checking bincode v1.3.3
[INFO] [stderr]     Checking ron v0.6.6
[INFO] [stderr]     Checking serde_json v1.0.111
[INFO] [stdout] error[E0554]: `#![feature]` may not be used on the stable release channel
[INFO] [stdout]  --> /opt/rustwide/cargo-home/registry/src/index.crates.io-6f17d22bba15001f/newport_math-0.2.0/src/lib.rs:1:1
[INFO] [stdout]   |
[INFO] [stdout] 1 | #![feature(const_fn_floating_point_arithmetic)]
[INFO] [stdout]   | ^^^^^^^^^^^^^^^^^^^^^^^^^^^^^^^^^^^^^^^^^^^^^^^
[INFO] [stdout] 
[INFO] [stdout] 
[INFO] [stdout] error[E0554]: `#![feature]` may not be used on the stable release channel
[INFO] [stdout]  --> /opt/rustwide/cargo-home/registry/src/index.crates.io-6f17d22bba15001f/newport_math-0.2.0/src/lib.rs:2:1
[INFO] [stdout]   |
[INFO] [stdout] 2 | #![feature(const_float_classify)]
[INFO] [stdout]   | ^^^^^^^^^^^^^^^^^^^^^^^^^^^^^^^^^
[INFO] [stdout] 
[INFO] [stdout] 
[INFO] [stdout] error[E0554]: `#![feature]` may not be used on the stable release channel
[INFO] [stdout]  --> /opt/rustwide/cargo-home/registry/src/index.crates.io-6f17d22bba15001f/newport_math-0.2.0/src/lib.rs:2:12
[INFO] [stdout]   |
[INFO] [stdout] 2 | #![feature(const_float_classify)]
[INFO] [stdout]   |            ^^^^^^^^^^^^^^^^^^^^
[INFO] [stdout] 
[INFO] [stdout] 
[INFO] [stdout] error: aborting due to 3 previous errors
[INFO] [stdout] 
[INFO] [stdout] 
[INFO] [stdout] For more information about this error, try `rustc --explain E0554`.
[INFO] [stdout] 
[INFO] [stderr] error: could not compile `newport_math` (lib) due to 4 previous errors
[INFO] [stderr] warning: build failed, waiting for other jobs to finish...
[INFO] running `Command { std: "docker" "inspect" "86b802c46fb7a200321cd342b2a37f5815b0ac16d2e77548cf62bb548cff2d3d", kill_on_drop: false }`
[INFO] running `Command { std: "docker" "rm" "-f" "86b802c46fb7a200321cd342b2a37f5815b0ac16d2e77548cf62bb548cff2d3d", kill_on_drop: false }`
[INFO] [stdout] 86b802c46fb7a200321cd342b2a37f5815b0ac16d2e77548cf62bb548cff2d3d
[INFO] documenting newport_imgui-0.2.0 against beta-2023-12-22 for beta-1.76-rustdoc-1
[INFO] extracting crate newport_imgui 0.2.0 into /workspace/builds/worker-1-tc2/source
[INFO] validating manifest of crates.io crate newport_imgui 0.2.0 on toolchain beta-2023-12-22
[INFO] running `Command { std: CARGO_HOME="/workspace/cargo-home" RUSTUP_HOME="/workspace/rustup-home" "/workspace/cargo-home/bin/cargo" "+beta-2023-12-22" "metadata" "--manifest-path" "Cargo.toml" "--no-deps", kill_on_drop: false }`
[INFO] started tweaking crates.io crate newport_imgui 0.2.0
[INFO] finished tweaking crates.io crate newport_imgui 0.2.0
[INFO] tweaked toml for crates.io crate newport_imgui 0.2.0 written to /workspace/builds/worker-1-tc2/source/Cargo.toml
[INFO] running `Command { std: CARGO_HOME="/workspace/cargo-home" RUSTUP_HOME="/workspace/rustup-home" "/workspace/cargo-home/bin/cargo" "+beta-2023-12-22" "generate-lockfile" "--manifest-path" "Cargo.toml", kill_on_drop: false }`
[INFO] [stderr]     Updating crates.io index
[INFO] running `Command { std: CARGO_HOME="/workspace/cargo-home" RUSTUP_HOME="/workspace/rustup-home" "/workspace/cargo-home/bin/cargo" "+beta-2023-12-22" "fetch" "--manifest-path" "Cargo.toml", kill_on_drop: false }`
[INFO] running `Command { std: "docker" "create" "-v" "/var/lib/crater-agent-workspace/builds/worker-1-tc2/target:/opt/rustwide/target:rw,Z" "-v" "/var/lib/crater-agent-workspace/builds/worker-1-tc2/source:/opt/rustwide/workdir:ro,Z" "-v" "/var/lib/crater-agent-workspace/cargo-home:/opt/rustwide/cargo-home:ro,Z" "-v" "/var/lib/crater-agent-workspace/rustup-home:/opt/rustwide/rustup-home:ro,Z" "-e" "SOURCE_DIR=/opt/rustwide/workdir" "-e" "CARGO_TARGET_DIR=/opt/rustwide/target" "-e" "CARGO_HOME=/opt/rustwide/cargo-home" "-e" "RUSTUP_HOME=/opt/rustwide/rustup-home" "-w" "/opt/rustwide/workdir" "-m" "1610612736" "--user" "0:0" "--network" "none" "ghcr.io/rust-lang/crates-build-env/linux@sha256:2788e3201cd34a07e3172128adcd8b3090168a8e3bcc40d7c032b9dda1df7d1c" "/opt/rustwide/cargo-home/bin/cargo" "+beta-2023-12-22" "metadata" "--no-deps" "--format-version=1", kill_on_drop: false }`
[INFO] [stdout] 58ed615e09e1d5202cbbf43ef5989117546d8739f27e863aad3032b77d41a286
[INFO] running `Command { std: "docker" "start" "-a" "58ed615e09e1d5202cbbf43ef5989117546d8739f27e863aad3032b77d41a286", kill_on_drop: false }`
[INFO] running `Command { std: "docker" "inspect" "58ed615e09e1d5202cbbf43ef5989117546d8739f27e863aad3032b77d41a286", kill_on_drop: false }`
[INFO] running `Command { std: "docker" "rm" "-f" "58ed615e09e1d5202cbbf43ef5989117546d8739f27e863aad3032b77d41a286", kill_on_drop: false }`
[INFO] [stdout] 58ed615e09e1d5202cbbf43ef5989117546d8739f27e863aad3032b77d41a286
[INFO] running `Command { std: "docker" "create" "-v" "/var/lib/crater-agent-workspace/builds/worker-1-tc2/target:/opt/rustwide/target:rw,Z" "-v" "/var/lib/crater-agent-workspace/builds/worker-1-tc2/source:/opt/rustwide/workdir:ro,Z" "-v" "/var/lib/crater-agent-workspace/cargo-home:/opt/rustwide/cargo-home:ro,Z" "-v" "/var/lib/crater-agent-workspace/rustup-home:/opt/rustwide/rustup-home:ro,Z" "-e" "SOURCE_DIR=/opt/rustwide/workdir" "-e" "CARGO_TARGET_DIR=/opt/rustwide/target" "-e" "CARGO_INCREMENTAL=0" "-e" "RUST_BACKTRACE=full" "-e" "RUSTFLAGS=--cap-lints=warn" "-e" "RUSTDOCFLAGS=--cap-lints=warn" "-e" "CARGO_HOME=/opt/rustwide/cargo-home" "-e" "RUSTUP_HOME=/opt/rustwide/rustup-home" "-w" "/opt/rustwide/workdir" "-m" "1610612736" "--user" "0:0" "--network" "none" "ghcr.io/rust-lang/crates-build-env/linux@sha256:2788e3201cd34a07e3172128adcd8b3090168a8e3bcc40d7c032b9dda1df7d1c" "/opt/rustwide/cargo-home/bin/cargo" "+beta-2023-12-22" "doc" "--frozen" "--no-deps" "--document-private-items" "--message-format=json", kill_on_drop: false }`
[INFO] [stdout] ce92ddf1da15bdb9853d12465f3bc795e9c552c9dcf011b83081c1d22424ab8c
[INFO] running `Command { std: "docker" "start" "-a" "ce92ddf1da15bdb9853d12465f3bc795e9c552c9dcf011b83081c1d22424ab8c", kill_on_drop: false }`
[INFO] [stderr]    Compiling syn v1.0.109
[INFO] [stderr]    Compiling com-rs v0.2.1
[INFO] [stderr]    Compiling num-integer v0.1.45
[INFO] [stderr]    Compiling thiserror v1.0.56
[INFO] [stderr]     Checking deflate v0.8.6
[INFO] [stderr]    Compiling inflections v1.1.1
[INFO] [stderr]     Checking bytemuck v1.14.0
[INFO] [stderr]    Compiling syn v2.0.48
[INFO] [stderr]    Compiling cc v1.0.83
[INFO] [stderr]     Checking widestring v0.5.1
[INFO] [stderr]    Compiling newport_gpu v0.2.0
[INFO] [stderr]     Checking ash v0.32.1
[INFO] [stderr]     Checking base64 v0.12.3
[INFO] [stderr]     Checking png v0.16.8
[INFO] [stderr]     Checking num-iter v0.1.43
[INFO] [stderr]     Checking num-rational v0.3.2
[INFO] [stderr]    Compiling cmake v0.1.50
[INFO] [stderr]    Compiling stb_image v0.2.5
[INFO] [stderr]     Checking image v0.23.14
[INFO] [stderr]    Compiling freetype-sys v0.14.0
[INFO] [stderr]     Checking freetype-rs v0.27.0
[INFO] [stderr]    Compiling serde_derive v1.0.195
[INFO] [stderr]    Compiling thiserror-impl v1.0.56
[INFO] [stderr]    Compiling gltf-derive v0.16.0
[INFO] [stderr]     Checking hassle-rs v0.5.4
[INFO] [stderr]     Checking serde v1.0.195
[INFO] [stderr]     Checking newport_math v0.2.0
[INFO] [stderr]     Checking ron v0.6.6
[INFO] [stderr]     Checking bincode v1.3.3
[INFO] [stderr]     Checking serde_json v1.0.111
[INFO] [stdout] error[E0554]: `#![feature]` may not be used on the beta release channel
[INFO] [stdout]  --> /opt/rustwide/cargo-home/registry/src/index.crates.io-6f17d22bba15001f/newport_math-0.2.0/src/lib.rs:1:1
[INFO] [stdout]   |
[INFO] [stdout] 1 | #![feature(const_fn_floating_point_arithmetic)]
[INFO] [stdout]   | ^^^^^^^^^^^^^^^^^^^^^^^^^^^^^^^^^^^^^^^^^^^^^^^
[INFO] [stdout] 
[INFO] [stdout] 
[INFO] [stdout] error[E0554]: `#![feature]` may not be used on the beta release channel
[INFO] [stdout]  --> /opt/rustwide/cargo-home/registry/src/index.crates.io-6f17d22bba15001f/newport_math-0.2.0/src/lib.rs:2:1
[INFO] [stdout]   |
[INFO] [stdout] 2 | #![feature(const_float_classify)]
[INFO] [stdout]   | ^^^^^^^^^^^^^^^^^^^^^^^^^^^^^^^^^
[INFO] [stdout] 
[INFO] [stdout] 
[INFO] [stdout] error[E0554]: `#![feature]` may not be used on the beta release channel
[INFO] [stdout]  --> /opt/rustwide/cargo-home/registry/src/index.crates.io-6f17d22bba15001f/newport_math-0.2.0/src/lib.rs:2:12
[INFO] [stdout]   |
[INFO] [stdout] 2 | #![feature(const_float_classify)]
[INFO] [stdout]   |            ^^^^^^^^^^^^^^^^^^^^
[INFO] [stdout] 
[INFO] [stdout] 
[INFO] [stdout] error: aborting due to 3 previous errors
[INFO] [stdout] 
[INFO] [stdout] 
[INFO] [stdout] For more information about this error, try `rustc --explain E0554`.
[INFO] [stdout] 
[INFO] [stderr] error: could not compile `newport_math` (lib) due to 4 previous errors
[INFO] [stderr] warning: build failed, waiting for other jobs to finish...
[INFO] running `Command { std: "docker" "inspect" "ce92ddf1da15bdb9853d12465f3bc795e9c552c9dcf011b83081c1d22424ab8c", kill_on_drop: false }`
[INFO] running `Command { std: "docker" "rm" "-f" "ce92ddf1da15bdb9853d12465f3bc795e9c552c9dcf011b83081c1d22424ab8c", kill_on_drop: false }`
[INFO] [stdout] ce92ddf1da15bdb9853d12465f3bc795e9c552c9dcf011b83081c1d22424ab8c
