[INFO] fetching crate ncollide_geometry 0.6.4...
[INFO] documenting ncollide_geometry-0.6.4 against 1.75.0 for beta-1.76-rustdoc-1
[INFO] extracting crate ncollide_geometry 0.6.4 into /workspace/builds/worker-5-tc1/source
[INFO] validating manifest of crates.io crate ncollide_geometry 0.6.4 on toolchain 1.75.0
[INFO] running `Command { std: CARGO_HOME="/workspace/cargo-home" RUSTUP_HOME="/workspace/rustup-home" "/workspace/cargo-home/bin/cargo" "+1.75.0" "metadata" "--manifest-path" "Cargo.toml" "--no-deps", kill_on_drop: false }`
[INFO] started tweaking crates.io crate ncollide_geometry 0.6.4
[INFO] finished tweaking crates.io crate ncollide_geometry 0.6.4
[INFO] tweaked toml for crates.io crate ncollide_geometry 0.6.4 written to /workspace/builds/worker-5-tc1/source/Cargo.toml
[INFO] running `Command { std: CARGO_HOME="/workspace/cargo-home" RUSTUP_HOME="/workspace/rustup-home" "/workspace/cargo-home/bin/cargo" "+1.75.0" "generate-lockfile" "--manifest-path" "Cargo.toml", kill_on_drop: false }`
[INFO] [stderr]     Updating crates.io index
[INFO] running `Command { std: CARGO_HOME="/workspace/cargo-home" RUSTUP_HOME="/workspace/rustup-home" "/workspace/cargo-home/bin/cargo" "+1.75.0" "fetch" "--manifest-path" "Cargo.toml", kill_on_drop: false }`
[INFO] [stderr]  Downloading crates ...
[INFO] [stderr]   Downloaded ncollide_math v0.9.1
[INFO] [stderr]   Downloaded alga v0.5.4
[INFO] [stderr]   Downloaded nalgebra v0.14.4
[INFO] [stderr]   Downloaded ncollide_utils v0.9.1
[INFO] running `Command { std: "docker" "create" "-v" "/var/lib/crater-agent-workspace/builds/worker-5-tc1/target:/opt/rustwide/target:rw,Z" "-v" "/var/lib/crater-agent-workspace/builds/worker-5-tc1/source:/opt/rustwide/workdir:ro,Z" "-v" "/var/lib/crater-agent-workspace/cargo-home:/opt/rustwide/cargo-home:ro,Z" "-v" "/var/lib/crater-agent-workspace/rustup-home:/opt/rustwide/rustup-home:ro,Z" "-e" "SOURCE_DIR=/opt/rustwide/workdir" "-e" "CARGO_TARGET_DIR=/opt/rustwide/target" "-e" "CARGO_HOME=/opt/rustwide/cargo-home" "-e" "RUSTUP_HOME=/opt/rustwide/rustup-home" "-w" "/opt/rustwide/workdir" "-m" "1610612736" "--user" "0:0" "--network" "none" "ghcr.io/rust-lang/crates-build-env/linux@sha256:2788e3201cd34a07e3172128adcd8b3090168a8e3bcc40d7c032b9dda1df7d1c" "/opt/rustwide/cargo-home/bin/cargo" "+1.75.0" "metadata" "--no-deps" "--format-version=1", kill_on_drop: false }`
[INFO] [stdout] c6892d78be21b13f72ef8cc4fdacab4d09fab15fad988ca4139d2bc649c68b92
[INFO] running `Command { std: "docker" "start" "-a" "c6892d78be21b13f72ef8cc4fdacab4d09fab15fad988ca4139d2bc649c68b92", kill_on_drop: false }`
[INFO] running `Command { std: "docker" "inspect" "c6892d78be21b13f72ef8cc4fdacab4d09fab15fad988ca4139d2bc649c68b92", kill_on_drop: false }`
[INFO] running `Command { std: "docker" "rm" "-f" "c6892d78be21b13f72ef8cc4fdacab4d09fab15fad988ca4139d2bc649c68b92", kill_on_drop: false }`
[INFO] [stdout] c6892d78be21b13f72ef8cc4fdacab4d09fab15fad988ca4139d2bc649c68b92
[INFO] running `Command { std: "docker" "create" "-v" "/var/lib/crater-agent-workspace/builds/worker-5-tc1/target:/opt/rustwide/target:rw,Z" "-v" "/var/lib/crater-agent-workspace/builds/worker-5-tc1/source:/opt/rustwide/workdir:ro,Z" "-v" "/var/lib/crater-agent-workspace/cargo-home:/opt/rustwide/cargo-home:ro,Z" "-v" "/var/lib/crater-agent-workspace/rustup-home:/opt/rustwide/rustup-home:ro,Z" "-e" "SOURCE_DIR=/opt/rustwide/workdir" "-e" "CARGO_TARGET_DIR=/opt/rustwide/target" "-e" "CARGO_INCREMENTAL=0" "-e" "RUST_BACKTRACE=full" "-e" "RUSTFLAGS=--cap-lints=warn" "-e" "RUSTDOCFLAGS=--cap-lints=warn" "-e" "CARGO_HOME=/opt/rustwide/cargo-home" "-e" "RUSTUP_HOME=/opt/rustwide/rustup-home" "-w" "/opt/rustwide/workdir" "-m" "1610612736" "--user" "0:0" "--network" "none" "ghcr.io/rust-lang/crates-build-env/linux@sha256:2788e3201cd34a07e3172128adcd8b3090168a8e3bcc40d7c032b9dda1df7d1c" "/opt/rustwide/cargo-home/bin/cargo" "+1.75.0" "doc" "--frozen" "--no-deps" "--document-private-items" "--message-format=json", kill_on_drop: false }`
[INFO] [stdout] 9e97fbd80e970334822d9bb032b407a7c31988894443a04f8c9fae24919beb15
[INFO] running `Command { std: "docker" "start" "-a" "9e97fbd80e970334822d9bb032b407a7c31988894443a04f8c9fae24919beb15", kill_on_drop: false }`
[INFO] [stderr]    Compiling typenum v1.17.0
[INFO] [stderr]    Compiling matrixmultiply v0.1.15
[INFO] [stderr]     Checking nodrop v0.1.14
[INFO] [stderr]     Checking approx v0.1.1
[INFO] [stderr]     Checking rawpointer v0.1.0
[INFO] [stderr]     Checking num-traits v0.1.43
[INFO] [stderr]     Checking num-complex v0.1.43
[INFO] [stderr]     Checking rand v0.4.6
[INFO] [stderr]     Checking alga v0.5.4
[INFO] [stderr]     Checking generic-array v0.8.4
[INFO] [stderr]     Checking nalgebra v0.14.4
[INFO] [stdout] error[E0592]: duplicate definitions with name `new`
[INFO] [stdout]    --> /opt/rustwide/cargo-home/registry/src/index.crates.io-6f17d22bba15001f/nalgebra-0.14.4/src/core/construction.rs:510:13
[INFO] [stdout]     |
[INFO] [stdout] 510 |               pub fn new($($args: N),*) -> Self {
[INFO] [stdout]     |               ^^^^^^^^^^^^^^^^^^^^^^^^^^^^^^^^^ duplicate definitions for `new`
[INFO] [stdout] ...
[INFO] [stdout] 522 | / componentwise_constructors_impl!(
[INFO] [stdout] 523 | |     /*
[INFO] [stdout] 524 | |      * Square matrices 1 .. 6.
[INFO] [stdout] 525 | |      */
[INFO] [stdout] ...   |
[INFO] [stdout] 664 | |     U6, U1, x:(0,0), y:(1,0), z:(2,0), w:(3,0), a:(4,0), b:(5,0);
[INFO] [stdout] 665 | | );
[INFO] [stdout]     | |_- in this macro invocation
[INFO] [stdout]     |
[INFO] [stdout]    ::: /opt/rustwide/cargo-home/registry/src/index.crates.io-6f17d22bba15001f/nalgebra-0.14.4/src/core/construction_slice_deprecated.rs:171:13
[INFO] [stdout]     |
[INFO] [stdout] 171 |               pub fn new(data: &'a [N], $($args: usize),*) -> Self {
[INFO] [stdout]     |               ---------------------------------------------------- other definition for `new`
[INFO] [stdout]     |
[INFO] [stdout]     = note: this error originates in the macro `componentwise_constructors_impl` (in Nightly builds, run with -Z macro-backtrace for more info)
[INFO] [stdout] 
[INFO] [stdout] 
[INFO] [stdout] error[E0592]: duplicate definitions with name `new`
[INFO] [stdout]    --> /opt/rustwide/cargo-home/registry/src/index.crates.io-6f17d22bba15001f/nalgebra-0.14.4/src/core/construction.rs:510:13
[INFO] [stdout]     |
[INFO] [stdout] 510 |               pub fn new($($args: N),*) -> Self {
[INFO] [stdout]     |               ^^^^^^^^^^^^^^^^^^^^^^^^^^^^^^^^^ duplicate definitions for `new`
[INFO] [stdout] ...
[INFO] [stdout] 522 | / componentwise_constructors_impl!(
[INFO] [stdout] 523 | |     /*
[INFO] [stdout] 524 | |      * Square matrices 1 .. 6.
[INFO] [stdout] 525 | |      */
[INFO] [stdout] ...   |
[INFO] [stdout] 664 | |     U6, U1, x:(0,0), y:(1,0), z:(2,0), w:(3,0), a:(4,0), b:(5,0);
[INFO] [stdout] 665 | | );
[INFO] [stdout]     | |_- in this macro invocation
[INFO] [stdout]     |
[INFO] [stdout]    ::: /opt/rustwide/cargo-home/registry/src/index.crates.io-6f17d22bba15001f/nalgebra-0.14.4/src/core/construction_slice_deprecated.rs:232:13
[INFO] [stdout]     |
[INFO] [stdout] 232 |               pub fn new(data: &'a mut [N], $($args: usize),*) -> Self {
[INFO] [stdout]     |               -------------------------------------------------------- other definition for `new`
[INFO] [stdout]     |
[INFO] [stdout]     = note: this error originates in the macro `componentwise_constructors_impl` (in Nightly builds, run with -Z macro-backtrace for more info)
[INFO] [stdout] 
[INFO] [stdout] 
[INFO] [stdout] error: aborting due to 2 previous errors
[INFO] [stdout] 
[INFO] [stdout] 
[INFO] [stdout] For more information about this error, try `rustc --explain E0592`.
[INFO] [stdout] 
[INFO] [stderr] error: could not compile `nalgebra` (lib) due to 3 previous errors
[INFO] running `Command { std: "docker" "inspect" "9e97fbd80e970334822d9bb032b407a7c31988894443a04f8c9fae24919beb15", kill_on_drop: false }`
[INFO] running `Command { std: "docker" "rm" "-f" "9e97fbd80e970334822d9bb032b407a7c31988894443a04f8c9fae24919beb15", kill_on_drop: false }`
[INFO] [stdout] 9e97fbd80e970334822d9bb032b407a7c31988894443a04f8c9fae24919beb15
[INFO] documenting ncollide_geometry-0.6.4 against beta-2023-12-22 for beta-1.76-rustdoc-1
[INFO] extracting crate ncollide_geometry 0.6.4 into /workspace/builds/worker-5-tc2/source
[INFO] validating manifest of crates.io crate ncollide_geometry 0.6.4 on toolchain beta-2023-12-22
[INFO] running `Command { std: CARGO_HOME="/workspace/cargo-home" RUSTUP_HOME="/workspace/rustup-home" "/workspace/cargo-home/bin/cargo" "+beta-2023-12-22" "metadata" "--manifest-path" "Cargo.toml" "--no-deps", kill_on_drop: false }`
[INFO] started tweaking crates.io crate ncollide_geometry 0.6.4
[INFO] finished tweaking crates.io crate ncollide_geometry 0.6.4
[INFO] tweaked toml for crates.io crate ncollide_geometry 0.6.4 written to /workspace/builds/worker-5-tc2/source/Cargo.toml
[INFO] running `Command { std: CARGO_HOME="/workspace/cargo-home" RUSTUP_HOME="/workspace/rustup-home" "/workspace/cargo-home/bin/cargo" "+beta-2023-12-22" "generate-lockfile" "--manifest-path" "Cargo.toml", kill_on_drop: false }`
[INFO] [stderr]     Updating crates.io index
[INFO] running `Command { std: CARGO_HOME="/workspace/cargo-home" RUSTUP_HOME="/workspace/rustup-home" "/workspace/cargo-home/bin/cargo" "+beta-2023-12-22" "fetch" "--manifest-path" "Cargo.toml", kill_on_drop: false }`
[INFO] running `Command { std: "docker" "create" "-v" "/var/lib/crater-agent-workspace/builds/worker-5-tc2/target:/opt/rustwide/target:rw,Z" "-v" "/var/lib/crater-agent-workspace/builds/worker-5-tc2/source:/opt/rustwide/workdir:ro,Z" "-v" "/var/lib/crater-agent-workspace/cargo-home:/opt/rustwide/cargo-home:ro,Z" "-v" "/var/lib/crater-agent-workspace/rustup-home:/opt/rustwide/rustup-home:ro,Z" "-e" "SOURCE_DIR=/opt/rustwide/workdir" "-e" "CARGO_TARGET_DIR=/opt/rustwide/target" "-e" "CARGO_HOME=/opt/rustwide/cargo-home" "-e" "RUSTUP_HOME=/opt/rustwide/rustup-home" "-w" "/opt/rustwide/workdir" "-m" "1610612736" "--user" "0:0" "--network" "none" "ghcr.io/rust-lang/crates-build-env/linux@sha256:2788e3201cd34a07e3172128adcd8b3090168a8e3bcc40d7c032b9dda1df7d1c" "/opt/rustwide/cargo-home/bin/cargo" "+beta-2023-12-22" "metadata" "--no-deps" "--format-version=1", kill_on_drop: false }`
[INFO] [stdout] dfd57d87cb9f20db0dbe82745eecd8c5b0aa404b893ce5c63792cf1fb3ce3976
[INFO] running `Command { std: "docker" "start" "-a" "dfd57d87cb9f20db0dbe82745eecd8c5b0aa404b893ce5c63792cf1fb3ce3976", kill_on_drop: false }`
[INFO] running `Command { std: "docker" "inspect" "dfd57d87cb9f20db0dbe82745eecd8c5b0aa404b893ce5c63792cf1fb3ce3976", kill_on_drop: false }`
[INFO] running `Command { std: "docker" "rm" "-f" "dfd57d87cb9f20db0dbe82745eecd8c5b0aa404b893ce5c63792cf1fb3ce3976", kill_on_drop: false }`
[INFO] [stdout] dfd57d87cb9f20db0dbe82745eecd8c5b0aa404b893ce5c63792cf1fb3ce3976
[INFO] running `Command { std: "docker" "create" "-v" "/var/lib/crater-agent-workspace/builds/worker-5-tc2/target:/opt/rustwide/target:rw,Z" "-v" "/var/lib/crater-agent-workspace/builds/worker-5-tc2/source:/opt/rustwide/workdir:ro,Z" "-v" "/var/lib/crater-agent-workspace/cargo-home:/opt/rustwide/cargo-home:ro,Z" "-v" "/var/lib/crater-agent-workspace/rustup-home:/opt/rustwide/rustup-home:ro,Z" "-e" "SOURCE_DIR=/opt/rustwide/workdir" "-e" "CARGO_TARGET_DIR=/opt/rustwide/target" "-e" "CARGO_INCREMENTAL=0" "-e" "RUST_BACKTRACE=full" "-e" "RUSTFLAGS=--cap-lints=warn" "-e" "RUSTDOCFLAGS=--cap-lints=warn" "-e" "CARGO_HOME=/opt/rustwide/cargo-home" "-e" "RUSTUP_HOME=/opt/rustwide/rustup-home" "-w" "/opt/rustwide/workdir" "-m" "1610612736" "--user" "0:0" "--network" "none" "ghcr.io/rust-lang/crates-build-env/linux@sha256:2788e3201cd34a07e3172128adcd8b3090168a8e3bcc40d7c032b9dda1df7d1c" "/opt/rustwide/cargo-home/bin/cargo" "+beta-2023-12-22" "doc" "--frozen" "--no-deps" "--document-private-items" "--message-format=json", kill_on_drop: false }`
[INFO] [stdout] 4cc4647a6b9cc0bf9785aae34d84cf63b36284578e81cf2c1eb86df949e95d52
[INFO] running `Command { std: "docker" "start" "-a" "4cc4647a6b9cc0bf9785aae34d84cf63b36284578e81cf2c1eb86df949e95d52", kill_on_drop: false }`
[INFO] [stderr]    Compiling typenum v1.17.0
[INFO] [stderr]    Compiling matrixmultiply v0.1.15
[INFO] [stderr]     Checking num-complex v0.1.43
[INFO] [stderr]     Checking num-traits v0.1.43
[INFO] [stderr]     Checking approx v0.1.1
[INFO] [stderr]     Checking rawpointer v0.1.0
[INFO] [stderr]     Checking nodrop v0.1.14
[INFO] [stderr]     Checking rand v0.4.6
[INFO] [stderr]     Checking alga v0.5.4
[INFO] [stderr]     Checking generic-array v0.8.4
[INFO] [stderr]     Checking nalgebra v0.14.4
[INFO] [stdout] error[E0592]: duplicate definitions with name `new`
[INFO] [stdout]    --> /opt/rustwide/cargo-home/registry/src/index.crates.io-6f17d22bba15001f/nalgebra-0.14.4/src/core/construction.rs:510:13
[INFO] [stdout]     |
[INFO] [stdout] 510 |               pub fn new($($args: N),*) -> Self {
[INFO] [stdout]     |               ^^^^^^^^^^^^^^^^^^^^^^^^^^^^^^^^^ duplicate definitions for `new`
[INFO] [stdout] ...
[INFO] [stdout] 522 | / componentwise_constructors_impl!(
[INFO] [stdout] 523 | |     /*
[INFO] [stdout] 524 | |      * Square matrices 1 .. 6.
[INFO] [stdout] 525 | |      */
[INFO] [stdout] ...   |
[INFO] [stdout] 664 | |     U6, U1, x:(0,0), y:(1,0), z:(2,0), w:(3,0), a:(4,0), b:(5,0);
[INFO] [stdout] 665 | | );
[INFO] [stdout]     | |_- in this macro invocation
[INFO] [stdout]     |
[INFO] [stdout]    ::: /opt/rustwide/cargo-home/registry/src/index.crates.io-6f17d22bba15001f/nalgebra-0.14.4/src/core/construction_slice_deprecated.rs:171:13
[INFO] [stdout]     |
[INFO] [stdout] 171 |               pub fn new(data: &'a [N], $($args: usize),*) -> Self {
[INFO] [stdout]     |               ---------------------------------------------------- other definition for `new`
[INFO] [stdout]     |
[INFO] [stdout]     = note: this error originates in the macro `componentwise_constructors_impl` (in Nightly builds, run with -Z macro-backtrace for more info)
[INFO] [stdout] 
[INFO] [stdout] 
[INFO] [stdout] error[E0592]: duplicate definitions with name `new`
[INFO] [stdout]    --> /opt/rustwide/cargo-home/registry/src/index.crates.io-6f17d22bba15001f/nalgebra-0.14.4/src/core/construction.rs:510:13
[INFO] [stdout]     |
[INFO] [stdout] 510 |               pub fn new($($args: N),*) -> Self {
[INFO] [stdout]     |               ^^^^^^^^^^^^^^^^^^^^^^^^^^^^^^^^^ duplicate definitions for `new`
[INFO] [stdout] ...
[INFO] [stdout] 522 | / componentwise_constructors_impl!(
[INFO] [stdout] 523 | |     /*
[INFO] [stdout] 524 | |      * Square matrices 1 .. 6.
[INFO] [stdout] 525 | |      */
[INFO] [stdout] ...   |
[INFO] [stdout] 664 | |     U6, U1, x:(0,0), y:(1,0), z:(2,0), w:(3,0), a:(4,0), b:(5,0);
[INFO] [stdout] 665 | | );
[INFO] [stdout]     | |_- in this macro invocation
[INFO] [stdout]     |
[INFO] [stdout]    ::: /opt/rustwide/cargo-home/registry/src/index.crates.io-6f17d22bba15001f/nalgebra-0.14.4/src/core/construction_slice_deprecated.rs:232:13
[INFO] [stdout]     |
[INFO] [stdout] 232 |               pub fn new(data: &'a mut [N], $($args: usize),*) -> Self {
[INFO] [stdout]     |               -------------------------------------------------------- other definition for `new`
[INFO] [stdout]     |
[INFO] [stdout]     = note: this error originates in the macro `componentwise_constructors_impl` (in Nightly builds, run with -Z macro-backtrace for more info)
[INFO] [stdout] 
[INFO] [stdout] 
[INFO] [stdout] error: aborting due to 2 previous errors
[INFO] [stdout] 
[INFO] [stdout] 
[INFO] [stdout] For more information about this error, try `rustc --explain E0592`.
[INFO] [stdout] 
[INFO] [stderr] error: could not compile `nalgebra` (lib) due to 3 previous errors
[INFO] running `Command { std: "docker" "inspect" "4cc4647a6b9cc0bf9785aae34d84cf63b36284578e81cf2c1eb86df949e95d52", kill_on_drop: false }`
[INFO] running `Command { std: "docker" "rm" "-f" "4cc4647a6b9cc0bf9785aae34d84cf63b36284578e81cf2c1eb86df949e95d52", kill_on_drop: false }`
[INFO] [stdout] 4cc4647a6b9cc0bf9785aae34d84cf63b36284578e81cf2c1eb86df949e95d52
