[INFO] fetching crate narvie-processor 0.3.3...
[INFO] documenting narvie-processor-0.3.3 against 1.75.0 for beta-1.76-rustdoc-1
[INFO] extracting crate narvie-processor 0.3.3 into /workspace/builds/worker-5-tc1/source
[INFO] validating manifest of crates.io crate narvie-processor 0.3.3 on toolchain 1.75.0
[INFO] running `Command { std: CARGO_HOME="/workspace/cargo-home" RUSTUP_HOME="/workspace/rustup-home" "/workspace/cargo-home/bin/cargo" "+1.75.0" "metadata" "--manifest-path" "Cargo.toml" "--no-deps", kill_on_drop: false }`
[INFO] started tweaking crates.io crate narvie-processor 0.3.3
[INFO] finished tweaking crates.io crate narvie-processor 0.3.3
[INFO] tweaked toml for crates.io crate narvie-processor 0.3.3 written to /workspace/builds/worker-5-tc1/source/Cargo.toml
[INFO] running `Command { std: CARGO_HOME="/workspace/cargo-home" RUSTUP_HOME="/workspace/rustup-home" "/workspace/cargo-home/bin/cargo" "+1.75.0" "generate-lockfile" "--manifest-path" "Cargo.toml", kill_on_drop: false }`
[INFO] [stderr]     Blocking waiting for file lock on package cache
[INFO] running `Command { std: CARGO_HOME="/workspace/cargo-home" RUSTUP_HOME="/workspace/rustup-home" "/workspace/cargo-home/bin/cargo" "+1.75.0" "fetch" "--manifest-path" "Cargo.toml", kill_on_drop: false }`
[INFO] running `Command { std: "docker" "create" "-v" "/var/lib/crater-agent-workspace/builds/worker-5-tc1/target:/opt/rustwide/target:rw,Z" "-v" "/var/lib/crater-agent-workspace/builds/worker-5-tc1/source:/opt/rustwide/workdir:ro,Z" "-v" "/var/lib/crater-agent-workspace/cargo-home:/opt/rustwide/cargo-home:ro,Z" "-v" "/var/lib/crater-agent-workspace/rustup-home:/opt/rustwide/rustup-home:ro,Z" "-e" "SOURCE_DIR=/opt/rustwide/workdir" "-e" "CARGO_TARGET_DIR=/opt/rustwide/target" "-e" "CARGO_HOME=/opt/rustwide/cargo-home" "-e" "RUSTUP_HOME=/opt/rustwide/rustup-home" "-w" "/opt/rustwide/workdir" "-m" "1610612736" "--user" "0:0" "--network" "none" "ghcr.io/rust-lang/crates-build-env/linux@sha256:2788e3201cd34a07e3172128adcd8b3090168a8e3bcc40d7c032b9dda1df7d1c" "/opt/rustwide/cargo-home/bin/cargo" "+1.75.0" "metadata" "--no-deps" "--format-version=1", kill_on_drop: false }`
[INFO] [stdout] 340683aff50419940af006a7170a0e7d2f764fa8228be78822e5eac58621c937
[INFO] running `Command { std: "docker" "start" "-a" "340683aff50419940af006a7170a0e7d2f764fa8228be78822e5eac58621c937", kill_on_drop: false }`
[INFO] running `Command { std: "docker" "inspect" "340683aff50419940af006a7170a0e7d2f764fa8228be78822e5eac58621c937", kill_on_drop: false }`
[INFO] running `Command { std: "docker" "rm" "-f" "340683aff50419940af006a7170a0e7d2f764fa8228be78822e5eac58621c937", kill_on_drop: false }`
[INFO] [stdout] 340683aff50419940af006a7170a0e7d2f764fa8228be78822e5eac58621c937
[INFO] running `Command { std: "docker" "create" "-v" "/var/lib/crater-agent-workspace/builds/worker-5-tc1/target:/opt/rustwide/target:rw,Z" "-v" "/var/lib/crater-agent-workspace/builds/worker-5-tc1/source:/opt/rustwide/workdir:ro,Z" "-v" "/var/lib/crater-agent-workspace/cargo-home:/opt/rustwide/cargo-home:ro,Z" "-v" "/var/lib/crater-agent-workspace/rustup-home:/opt/rustwide/rustup-home:ro,Z" "-e" "SOURCE_DIR=/opt/rustwide/workdir" "-e" "CARGO_TARGET_DIR=/opt/rustwide/target" "-e" "CARGO_INCREMENTAL=0" "-e" "RUST_BACKTRACE=full" "-e" "RUSTFLAGS=--cap-lints=warn" "-e" "RUSTDOCFLAGS=--cap-lints=warn" "-e" "CARGO_HOME=/opt/rustwide/cargo-home" "-e" "RUSTUP_HOME=/opt/rustwide/rustup-home" "-w" "/opt/rustwide/workdir" "-m" "1610612736" "--user" "0:0" "--network" "none" "ghcr.io/rust-lang/crates-build-env/linux@sha256:2788e3201cd34a07e3172128adcd8b3090168a8e3bcc40d7c032b9dda1df7d1c" "/opt/rustwide/cargo-home/bin/cargo" "+1.75.0" "doc" "--frozen" "--no-deps" "--document-private-items" "--message-format=json", kill_on_drop: false }`
[INFO] [stdout] 4c3bf3bedffe29d892431c6e2ea28df4e03c01ec56647a31f4bc633f2b36507a
[INFO] running `Command { std: "docker" "start" "-a" "4c3bf3bedffe29d892431c6e2ea28df4e03c01ec56647a31f4bc633f2b36507a", kill_on_drop: false }`
[INFO] [stderr] warning: output filename collision.
[INFO] [stderr] The bin target `narvie-processor` in package `narvie-processor v0.3.3 (/opt/rustwide/workdir)` has the same output filename as the lib target `narvie_processor` in package `narvie-processor v0.3.3 (/opt/rustwide/workdir)`.
[INFO] [stderr] Colliding filename is: /opt/rustwide/target/doc/narvie_processor/index.html
[INFO] [stderr] The output filenames should be unique.
[INFO] [stderr] This is a known bug where multiple crates with the same name use
[INFO] [stderr] the same path; see <https://github.com/rust-lang/cargo/issues/6313>.
[INFO] [stderr] If this looks unexpected, it may be a bug in Cargo. Please file a bug report at
[INFO] [stderr] https://github.com/rust-lang/cargo/issues/ with as much information as you
[INFO] [stderr] can provide.
[INFO] [stderr] cargo 1.75.0 (1d8b05cdd 2023-11-20) running on `x86_64-unknown-linux-gnu` target `x86_64-unknown-linux-gnu`
[INFO] [stderr] First unit: Unit { pkg: Package { id: PackageId { name: "narvie-processor", version: "0.3.3", source: "/opt/rustwide/workdir" }, ..: ".." }, target: TargetInner { name: "narvie-processor", doc: true, ..: with_path("/opt/rustwide/workdir/simulator-src/main.rs", Edition2018) }, profile: Profile { incremental: false, ..: default_dev() }, kind: Host, mode: Doc { deps: false }, features: [], artifact: false, artifact_target_for_features: None, is_std: false, dep_hash: 5559396988927682754 }
[INFO] [stderr] Second unit: Unit { pkg: Package { id: PackageId { name: "narvie-processor", version: "0.3.3", source: "/opt/rustwide/workdir" }, ..: ".." }, target: TargetInner { ..: lib_target("narvie_processor", ["lib"], "/opt/rustwide/workdir/simulator-src/lib.rs", Edition2018) }, profile: Profile { incremental: false, ..: default_dev() }, kind: Host, mode: Doc { deps: false }, features: [], artifact: false, artifact_target_for_features: None, is_std: false, dep_hash: 803845234569334273 }
[INFO] [stderr]    Compiling narvie-processor v0.3.3 (/opt/rustwide/workdir)
[INFO] [stderr] error: failed to run custom build command for `narvie-processor v0.3.3 (/opt/rustwide/workdir)`
[INFO] [stderr] note: To improve backtraces for build dependencies, set the CARGO_PROFILE_DEV_BUILD_OVERRIDE_DEBUG=true environment variable to enable debug information generation.
[INFO] [stderr] 
[INFO] [stderr] Caused by:
[INFO] [stderr]   process didn't exit successfully: `/opt/rustwide/target/debug/build/narvie-processor-09b4475fe0d80f71/build-script-build` (exit status: 101)
[INFO] [stderr]   --- stdout
[INFO] [stderr]   verilator \
[INFO] [stderr]   	-Wall \
[INFO] [stderr]   	--cc /opt/rustwide/workdir/simulator-src/top_sim.v /opt/rustwide/workdir/sail/verilog/mux2to1.v		/opt/rustwide/workdir/sail/verilog/alu_control.v /opt/rustwide/workdir/sail/verilog/pipeline_registers.v	/opt/rustwide/workdir/sail/verilog/alu.v /opt/rustwide/workdir/sail/verilog/program_counter.v	/opt/rustwide/workdir/sail/verilog/branch_decide.v /opt/rustwide/workdir/sail/verilog/forwarding_unit.v	/opt/rustwide/workdir/sail/verilog/branch_predictor.v /opt/rustwide/workdir/sail/verilog/imm_gen.v		/opt/rustwide/workdir/sail/verilog/control_unit.v /opt/rustwide/workdir/sail/verilog/adder.v			/opt/rustwide/workdir/sail/verilog/CSR_iCE40UP5K.v /opt/rustwide/workdir/sail/verilog/dataMem_mask_gen.v			/opt/rustwide/workdir/peripherals/uart-tx/baudgen_tx.v			/opt/rustwide/workdir/peripherals/uart-tx/uart_tx.v /opt/rustwide/workdir/peripherals/uart-rx/baudgen_rx.v			/opt/rustwide/workdir/peripherals/uart-rx/uart_rx.v /opt/rustwide/workdir/narvie-verilog/cpu.v			/opt/rustwide/workdir/narvie-verilog/rx_instruction.v /opt/rustwide/workdir/narvie-verilog/main.v		/opt/rustwide/workdir/narvie-verilog/uart_regfile.v /opt/rustwide/workdir/narvie-verilog/data_memory_iCE40UP5K.v /opt/rustwide/workdir/sail/config.vlt \
[INFO] [stderr]   	-I/opt/rustwide/workdir/peripherals/uart-rx \
[INFO] [stderr]   	--prefix Vnarvie \
[INFO] [stderr]   	--cc /opt/rustwide/workdir/simulator-src/main.cpp /opt/rustwide/workdir/simulator-src/testbench.cpp /opt/rustwide/workdir/simulator-src/uartsim.cpp \
[INFO] [stderr]   	--exe \
[INFO] [stderr]   	-Mdir /opt/rustwide/target/debug/build/narvie-processor-a95bb24cf05846b9/out \
[INFO] [stderr]   	-CFLAGS "-std=c++11 -g -O3 -fPIC -Wall -Werror"
[INFO] [stderr] 
[INFO] [stderr]   --- stderr
[INFO] [stderr]   /bin/sh: 1: verilator: not found
[INFO] [stderr]   make: *** [Makefile:48: /opt/rustwide/target/debug/build/narvie-processor-a95bb24cf05846b9/out/libvnarvie.a] Error 127
[INFO] [stderr]   thread 'main' panicked at build.rs:18:5:
[INFO] [stderr]   assertion failed: output.status.success()
[INFO] [stderr]   stack backtrace:
[INFO] [stderr]      0:     0x555dc80c9d0c - std::backtrace_rs::backtrace::libunwind::trace::ha637c64ce894333a
[INFO] [stderr]                                  at /rustc/82e1608dfa6e0b5569232559e3d385fea5a93112/library/std/src/../../backtrace/src/backtrace/libunwind.rs:104:5
[INFO] [stderr]      1:     0x555dc80c9d0c - std::backtrace_rs::backtrace::trace_unsynchronized::h47f62dea28e0c88d
[INFO] [stderr]                                  at /rustc/82e1608dfa6e0b5569232559e3d385fea5a93112/library/std/src/../../backtrace/src/backtrace/mod.rs:66:5
[INFO] [stderr]      2:     0x555dc80c9d0c - std::sys_common::backtrace::_print_fmt::h9eef0abe20ede486
[INFO] [stderr]                                  at /rustc/82e1608dfa6e0b5569232559e3d385fea5a93112/library/std/src/sys_common/backtrace.rs:67:5
[INFO] [stderr]      3:     0x555dc80c9d0c - <std::sys_common::backtrace::_print::DisplayBacktrace as core::fmt::Display>::fmt::hed7f999df88cc644
[INFO] [stderr]                                  at /rustc/82e1608dfa6e0b5569232559e3d385fea5a93112/library/std/src/sys_common/backtrace.rs:44:22
[INFO] [stderr]      4:     0x555dc80ed340 - core::fmt::rt::Argument::fmt::h1539a9308b8d058d
[INFO] [stderr]                                  at /rustc/82e1608dfa6e0b5569232559e3d385fea5a93112/library/core/src/fmt/rt.rs:142:9
[INFO] [stderr]      5:     0x555dc80ed340 - core::fmt::write::h3a39390d8560d9c9
[INFO] [stderr]                                  at /rustc/82e1608dfa6e0b5569232559e3d385fea5a93112/library/core/src/fmt/mod.rs:1120:17
[INFO] [stderr]      6:     0x555dc80c7cff - std::io::Write::write_fmt::h5fc9997dfe05f882
[INFO] [stderr]                                  at /rustc/82e1608dfa6e0b5569232559e3d385fea5a93112/library/std/src/io/mod.rs:1762:15
[INFO] [stderr]      7:     0x555dc80c9af4 - std::sys_common::backtrace::_print::h894006fb5c6f3d45
[INFO] [stderr]                                  at /rustc/82e1608dfa6e0b5569232559e3d385fea5a93112/library/std/src/sys_common/backtrace.rs:47:5
[INFO] [stderr]      8:     0x555dc80c9af4 - std::sys_common::backtrace::print::h23a2d212c6fff936
[INFO] [stderr]                                  at /rustc/82e1608dfa6e0b5569232559e3d385fea5a93112/library/std/src/sys_common/backtrace.rs:34:9
[INFO] [stderr]      9:     0x555dc80cb007 - std::panicking::default_hook::{{closure}}::h8a1d2ee00185001a
[INFO] [stderr]     10:     0x555dc80cad6f - std::panicking::default_hook::h6038f2eba384e475
[INFO] [stderr]                                  at /rustc/82e1608dfa6e0b5569232559e3d385fea5a93112/library/std/src/panicking.rs:292:9
[INFO] [stderr]     11:     0x555dc80cb488 - std::panicking::rust_panic_with_hook::h2b5517d590cab22e
[INFO] [stderr]                                  at /rustc/82e1608dfa6e0b5569232559e3d385fea5a93112/library/std/src/panicking.rs:779:13
[INFO] [stderr]     12:     0x555dc80cb339 - std::panicking::begin_panic_handler::{{closure}}::h233112c06e0ef43e
[INFO] [stderr]                                  at /rustc/82e1608dfa6e0b5569232559e3d385fea5a93112/library/std/src/panicking.rs:649:13
[INFO] [stderr]     13:     0x555dc80ca1d6 - std::sys_common::backtrace::__rust_end_short_backtrace::h6e893f24d7ebbff8
[INFO] [stderr]                                  at /rustc/82e1608dfa6e0b5569232559e3d385fea5a93112/library/std/src/sys_common/backtrace.rs:170:18
[INFO] [stderr]     14:     0x555dc80cb0d2 - rust_begin_unwind
[INFO] [stderr]                                  at /rustc/82e1608dfa6e0b5569232559e3d385fea5a93112/library/std/src/panicking.rs:645:5
[INFO] [stderr]     15:     0x555dc80a6285 - core::panicking::panic_fmt::hbf0e066aabfa482c
[INFO] [stderr]                                  at /rustc/82e1608dfa6e0b5569232559e3d385fea5a93112/library/core/src/panicking.rs:72:14
[INFO] [stderr]     16:     0x555dc80a6323 - core::panicking::panic::h195fc2a96298d4c3
[INFO] [stderr]                                  at /rustc/82e1608dfa6e0b5569232559e3d385fea5a93112/library/core/src/panicking.rs:127:5
[INFO] [stderr]     17:     0x555dc80aa940 - build_script_build::main::h8310f1119a89b886
[INFO] [stderr]     18:     0x555dc80a76e3 - core::ops::function::FnOnce::call_once::h7cdc6fd119b46bae
[INFO] [stderr]     19:     0x555dc80a6dc6 - std::sys_common::backtrace::__rust_begin_short_backtrace::h47c647abb1dcab32
[INFO] [stderr]     20:     0x555dc80a7259 - std::rt::lang_start::{{closure}}::h90f6967b5dc627b9
[INFO] [stderr]     21:     0x555dc80c4717 - core::ops::function::impls::<impl core::ops::function::FnOnce<A> for &F>::call_once::hd95060ecd5e1ca24
[INFO] [stderr]                                  at /rustc/82e1608dfa6e0b5569232559e3d385fea5a93112/library/core/src/ops/function.rs:284:13
[INFO] [stderr]     22:     0x555dc80c4717 - std::panicking::try::do_call::h6e8cf51db32a6e4b
[INFO] [stderr]                                  at /rustc/82e1608dfa6e0b5569232559e3d385fea5a93112/library/std/src/panicking.rs:552:40
[INFO] [stderr]     23:     0x555dc80c4717 - std::panicking::try::h3a52eefe24fe3c29
[INFO] [stderr]                                  at /rustc/82e1608dfa6e0b5569232559e3d385fea5a93112/library/std/src/panicking.rs:516:19
[INFO] [stderr]     24:     0x555dc80c4717 - std::panic::catch_unwind::h24c28c23c02c3841
[INFO] [stderr]                                  at /rustc/82e1608dfa6e0b5569232559e3d385fea5a93112/library/std/src/panic.rs:142:14
[INFO] [stderr]     25:     0x555dc80c4717 - std::rt::lang_start_internal::{{closure}}::h705d3c9cbc06ef47
[INFO] [stderr]                                  at /rustc/82e1608dfa6e0b5569232559e3d385fea5a93112/library/std/src/rt.rs:148:48
[INFO] [stderr]     26:     0x555dc80c4717 - std::panicking::try::do_call::ha21f52ba13158470
[INFO] [stderr]                                  at /rustc/82e1608dfa6e0b5569232559e3d385fea5a93112/library/std/src/panicking.rs:552:40
[INFO] [stderr]     27:     0x555dc80c4717 - std::panicking::try::h5581346bf6aeb1f8
[INFO] [stderr]                                  at /rustc/82e1608dfa6e0b5569232559e3d385fea5a93112/library/std/src/panicking.rs:516:19
[INFO] [stderr]     28:     0x555dc80c4717 - std::panic::catch_unwind::h7919645a6b72e25b
[INFO] [stderr]                                  at /rustc/82e1608dfa6e0b5569232559e3d385fea5a93112/library/std/src/panic.rs:142:14
[INFO] [stderr]     29:     0x555dc80c4717 - std::rt::lang_start_internal::h12de51168669836e
[INFO] [stderr]                                  at /rustc/82e1608dfa6e0b5569232559e3d385fea5a93112/library/std/src/rt.rs:148:20
[INFO] [stderr]     30:     0x555dc80a7237 - std::rt::lang_start::h74bf2d3945074775
[INFO] [stderr]     31:     0x555dc80aaa35 - main
[INFO] [stderr]     32:     0x7fc4fd719d90 - <unknown>
[INFO] [stderr]     33:     0x7fc4fd719e40 - __libc_start_main
[INFO] [stderr]     34:     0x555dc80a69a5 - _start
[INFO] [stderr]     35:                0x0 - <unknown>
[INFO] running `Command { std: "docker" "inspect" "4c3bf3bedffe29d892431c6e2ea28df4e03c01ec56647a31f4bc633f2b36507a", kill_on_drop: false }`
[INFO] running `Command { std: "docker" "rm" "-f" "4c3bf3bedffe29d892431c6e2ea28df4e03c01ec56647a31f4bc633f2b36507a", kill_on_drop: false }`
[INFO] [stdout] 4c3bf3bedffe29d892431c6e2ea28df4e03c01ec56647a31f4bc633f2b36507a
[INFO] documenting narvie-processor-0.3.3 against beta-2023-12-22 for beta-1.76-rustdoc-1
[INFO] extracting crate narvie-processor 0.3.3 into /workspace/builds/worker-5-tc2/source
[INFO] validating manifest of crates.io crate narvie-processor 0.3.3 on toolchain beta-2023-12-22
[INFO] running `Command { std: CARGO_HOME="/workspace/cargo-home" RUSTUP_HOME="/workspace/rustup-home" "/workspace/cargo-home/bin/cargo" "+beta-2023-12-22" "metadata" "--manifest-path" "Cargo.toml" "--no-deps", kill_on_drop: false }`
[INFO] started tweaking crates.io crate narvie-processor 0.3.3
[INFO] finished tweaking crates.io crate narvie-processor 0.3.3
[INFO] tweaked toml for crates.io crate narvie-processor 0.3.3 written to /workspace/builds/worker-5-tc2/source/Cargo.toml
[INFO] running `Command { std: CARGO_HOME="/workspace/cargo-home" RUSTUP_HOME="/workspace/rustup-home" "/workspace/cargo-home/bin/cargo" "+beta-2023-12-22" "generate-lockfile" "--manifest-path" "Cargo.toml", kill_on_drop: false }`
[INFO] running `Command { std: CARGO_HOME="/workspace/cargo-home" RUSTUP_HOME="/workspace/rustup-home" "/workspace/cargo-home/bin/cargo" "+beta-2023-12-22" "fetch" "--manifest-path" "Cargo.toml", kill_on_drop: false }`
[INFO] running `Command { std: "docker" "create" "-v" "/var/lib/crater-agent-workspace/builds/worker-5-tc2/target:/opt/rustwide/target:rw,Z" "-v" "/var/lib/crater-agent-workspace/builds/worker-5-tc2/source:/opt/rustwide/workdir:ro,Z" "-v" "/var/lib/crater-agent-workspace/cargo-home:/opt/rustwide/cargo-home:ro,Z" "-v" "/var/lib/crater-agent-workspace/rustup-home:/opt/rustwide/rustup-home:ro,Z" "-e" "SOURCE_DIR=/opt/rustwide/workdir" "-e" "CARGO_TARGET_DIR=/opt/rustwide/target" "-e" "CARGO_HOME=/opt/rustwide/cargo-home" "-e" "RUSTUP_HOME=/opt/rustwide/rustup-home" "-w" "/opt/rustwide/workdir" "-m" "1610612736" "--user" "0:0" "--network" "none" "ghcr.io/rust-lang/crates-build-env/linux@sha256:2788e3201cd34a07e3172128adcd8b3090168a8e3bcc40d7c032b9dda1df7d1c" "/opt/rustwide/cargo-home/bin/cargo" "+beta-2023-12-22" "metadata" "--no-deps" "--format-version=1", kill_on_drop: false }`
[INFO] [stdout] 9c38f1a26ac6117d489cd4746fcd4041742366dd6458a52da2ae240cf316ff59
[INFO] running `Command { std: "docker" "start" "-a" "9c38f1a26ac6117d489cd4746fcd4041742366dd6458a52da2ae240cf316ff59", kill_on_drop: false }`
[INFO] running `Command { std: "docker" "inspect" "9c38f1a26ac6117d489cd4746fcd4041742366dd6458a52da2ae240cf316ff59", kill_on_drop: false }`
[INFO] running `Command { std: "docker" "rm" "-f" "9c38f1a26ac6117d489cd4746fcd4041742366dd6458a52da2ae240cf316ff59", kill_on_drop: false }`
[INFO] [stdout] 9c38f1a26ac6117d489cd4746fcd4041742366dd6458a52da2ae240cf316ff59
[INFO] running `Command { std: "docker" "create" "-v" "/var/lib/crater-agent-workspace/builds/worker-5-tc2/target:/opt/rustwide/target:rw,Z" "-v" "/var/lib/crater-agent-workspace/builds/worker-5-tc2/source:/opt/rustwide/workdir:ro,Z" "-v" "/var/lib/crater-agent-workspace/cargo-home:/opt/rustwide/cargo-home:ro,Z" "-v" "/var/lib/crater-agent-workspace/rustup-home:/opt/rustwide/rustup-home:ro,Z" "-e" "SOURCE_DIR=/opt/rustwide/workdir" "-e" "CARGO_TARGET_DIR=/opt/rustwide/target" "-e" "CARGO_INCREMENTAL=0" "-e" "RUST_BACKTRACE=full" "-e" "RUSTFLAGS=--cap-lints=warn" "-e" "RUSTDOCFLAGS=--cap-lints=warn" "-e" "CARGO_HOME=/opt/rustwide/cargo-home" "-e" "RUSTUP_HOME=/opt/rustwide/rustup-home" "-w" "/opt/rustwide/workdir" "-m" "1610612736" "--user" "0:0" "--network" "none" "ghcr.io/rust-lang/crates-build-env/linux@sha256:2788e3201cd34a07e3172128adcd8b3090168a8e3bcc40d7c032b9dda1df7d1c" "/opt/rustwide/cargo-home/bin/cargo" "+beta-2023-12-22" "doc" "--frozen" "--no-deps" "--document-private-items" "--message-format=json", kill_on_drop: false }`
[INFO] [stdout] 9bcfcf7b3bc00b0900e99b0e049614aa91c307b90c119b3a4d7b7a5f47816462
[INFO] running `Command { std: "docker" "start" "-a" "9bcfcf7b3bc00b0900e99b0e049614aa91c307b90c119b3a4d7b7a5f47816462", kill_on_drop: false }`
[INFO] [stderr] warning: output filename collision.
[INFO] [stderr] The bin target `narvie-processor` in package `narvie-processor v0.3.3 (/opt/rustwide/workdir)` has the same output filename as the lib target `narvie_processor` in package `narvie-processor v0.3.3 (/opt/rustwide/workdir)`.
[INFO] [stderr] Colliding filename is: /opt/rustwide/target/doc/narvie_processor/index.html
[INFO] [stderr] The output filenames should be unique.
[INFO] [stderr] This is a known bug where multiple crates with the same name use
[INFO] [stderr] the same path; see <https://github.com/rust-lang/cargo/issues/6313>.
[INFO] [stderr] If this looks unexpected, it may be a bug in Cargo. Please file a bug report at
[INFO] [stderr] https://github.com/rust-lang/cargo/issues/ with as much information as you
[INFO] [stderr] can provide.
[INFO] [stderr] cargo 1.76.0-beta.1 (1a2666ddd 2023-12-17) running on `x86_64-unknown-linux-gnu` target `x86_64-unknown-linux-gnu`
[INFO] [stderr] First unit: Unit { pkg: Package { id: PackageId { name: "narvie-processor", version: "0.3.3", source: "/opt/rustwide/workdir" }, ..: ".." }, target: TargetInner { name: "narvie-processor", doc: true, ..: with_path("/opt/rustwide/workdir/simulator-src/main.rs", Edition2018) }, profile: Profile { incremental: false, ..: default_dev() }, kind: Host, mode: Doc { deps: false }, features: [], artifact: false, artifact_target_for_features: None, is_std: false, dep_hash: 7047203542950616231 }
[INFO] [stderr] Second unit: Unit { pkg: Package { id: PackageId { name: "narvie-processor", version: "0.3.3", source: "/opt/rustwide/workdir" }, ..: ".." }, target: TargetInner { ..: lib_target("narvie_processor", ["lib"], "/opt/rustwide/workdir/simulator-src/lib.rs", Edition2018) }, profile: Profile { incremental: false, ..: default_dev() }, kind: Host, mode: Doc { deps: false }, features: [], artifact: false, artifact_target_for_features: None, is_std: false, dep_hash: 3260607801981918621 }
[INFO] [stderr]    Compiling narvie-processor v0.3.3 (/opt/rustwide/workdir)
[INFO] [stderr] error: failed to run custom build command for `narvie-processor v0.3.3 (/opt/rustwide/workdir)`
[INFO] [stderr] note: To improve backtraces for build dependencies, set the CARGO_PROFILE_DEV_BUILD_OVERRIDE_DEBUG=true environment variable to enable debug information generation.
[INFO] [stderr] 
[INFO] [stderr] Caused by:
[INFO] [stderr]   process didn't exit successfully: `/opt/rustwide/target/debug/build/narvie-processor-296badeb2a5515aa/build-script-build` (exit status: 101)
[INFO] [stderr]   --- stdout
[INFO] [stderr]   verilator \
[INFO] [stderr]   	-Wall \
[INFO] [stderr]   	--cc /opt/rustwide/workdir/simulator-src/top_sim.v /opt/rustwide/workdir/sail/verilog/mux2to1.v		/opt/rustwide/workdir/sail/verilog/alu_control.v /opt/rustwide/workdir/sail/verilog/pipeline_registers.v	/opt/rustwide/workdir/sail/verilog/alu.v /opt/rustwide/workdir/sail/verilog/program_counter.v	/opt/rustwide/workdir/sail/verilog/branch_decide.v /opt/rustwide/workdir/sail/verilog/forwarding_unit.v	/opt/rustwide/workdir/sail/verilog/branch_predictor.v /opt/rustwide/workdir/sail/verilog/imm_gen.v		/opt/rustwide/workdir/sail/verilog/control_unit.v /opt/rustwide/workdir/sail/verilog/adder.v			/opt/rustwide/workdir/sail/verilog/CSR_iCE40UP5K.v /opt/rustwide/workdir/sail/verilog/dataMem_mask_gen.v			/opt/rustwide/workdir/peripherals/uart-tx/baudgen_tx.v			/opt/rustwide/workdir/peripherals/uart-tx/uart_tx.v /opt/rustwide/workdir/peripherals/uart-rx/baudgen_rx.v			/opt/rustwide/workdir/peripherals/uart-rx/uart_rx.v /opt/rustwide/workdir/narvie-verilog/cpu.v			/opt/rustwide/workdir/narvie-verilog/rx_instruction.v /opt/rustwide/workdir/narvie-verilog/main.v		/opt/rustwide/workdir/narvie-verilog/uart_regfile.v /opt/rustwide/workdir/narvie-verilog/data_memory_iCE40UP5K.v /opt/rustwide/workdir/sail/config.vlt \
[INFO] [stderr]   	-I/opt/rustwide/workdir/peripherals/uart-rx \
[INFO] [stderr]   	--prefix Vnarvie \
[INFO] [stderr]   	--cc /opt/rustwide/workdir/simulator-src/main.cpp /opt/rustwide/workdir/simulator-src/testbench.cpp /opt/rustwide/workdir/simulator-src/uartsim.cpp \
[INFO] [stderr]   	--exe \
[INFO] [stderr]   	-Mdir /opt/rustwide/target/debug/build/narvie-processor-62acc08d4c2508d0/out \
[INFO] [stderr]   	-CFLAGS "-std=c++11 -g -O3 -fPIC -Wall -Werror"
[INFO] [stderr] 
[INFO] [stderr]   --- stderr
[INFO] [stderr]   /bin/sh: 1: verilator: not found
[INFO] [stderr]   make: *** [Makefile:48: /opt/rustwide/target/debug/build/narvie-processor-62acc08d4c2508d0/out/libvnarvie.a] Error 127
[INFO] [stderr]   thread 'main' panicked at build.rs:18:5:
[INFO] [stderr]   assertion failed: output.status.success()
[INFO] [stderr]   stack backtrace:
[INFO] [stderr]      0:     0x55feba639f16 - std::backtrace_rs::backtrace::libunwind::trace::h261606ad26a499c1
[INFO] [stderr]                                  at /rustc/0e09125c6c3c2fd70d7de961bcf0e51575235fad/library/std/src/../../backtrace/src/backtrace/libunwind.rs:104:5
[INFO] [stderr]      1:     0x55feba639f16 - std::backtrace_rs::backtrace::trace_unsynchronized::hd183f0625477fb28
[INFO] [stderr]                                  at /rustc/0e09125c6c3c2fd70d7de961bcf0e51575235fad/library/std/src/../../backtrace/src/backtrace/mod.rs:66:5
[INFO] [stderr]      2:     0x55feba639f16 - std::sys_common::backtrace::_print_fmt::hd7f8fef21b4eda67
[INFO] [stderr]                                  at /rustc/0e09125c6c3c2fd70d7de961bcf0e51575235fad/library/std/src/sys_common/backtrace.rs:68:5
[INFO] [stderr]      3:     0x55feba639f16 - <std::sys_common::backtrace::_print::DisplayBacktrace as core::fmt::Display>::fmt::h623d9b51f2f453f1
[INFO] [stderr]                                  at /rustc/0e09125c6c3c2fd70d7de961bcf0e51575235fad/library/std/src/sys_common/backtrace.rs:44:22
[INFO] [stderr]      4:     0x55feba65c850 - core::fmt::rt::Argument::fmt::h9f417ac76a86f368
[INFO] [stderr]                                  at /rustc/0e09125c6c3c2fd70d7de961bcf0e51575235fad/library/core/src/fmt/rt.rs:142:9
[INFO] [stderr]      5:     0x55feba65c850 - core::fmt::write::hc9b6faf4ac2aeff7
[INFO] [stderr]                                  at /rustc/0e09125c6c3c2fd70d7de961bcf0e51575235fad/library/core/src/fmt/mod.rs:1120:17
[INFO] [stderr]      6:     0x55feba637f9f - std::io::Write::write_fmt::hfead1eee52c2e65e
[INFO] [stderr]                                  at /rustc/0e09125c6c3c2fd70d7de961bcf0e51575235fad/library/std/src/io/mod.rs:1810:15
[INFO] [stderr]      7:     0x55feba639cf4 - std::sys_common::backtrace::_print::hd5d66399c7df88a2
[INFO] [stderr]                                  at /rustc/0e09125c6c3c2fd70d7de961bcf0e51575235fad/library/std/src/sys_common/backtrace.rs:47:5
[INFO] [stderr]      8:     0x55feba639cf4 - std::sys_common::backtrace::print::he81ed2da642d37e5
[INFO] [stderr]                                  at /rustc/0e09125c6c3c2fd70d7de961bcf0e51575235fad/library/std/src/sys_common/backtrace.rs:34:9
[INFO] [stderr]      9:     0x55feba63b257 - std::panicking::default_hook::{{closure}}::h85773f4fa117163d
[INFO] [stderr]     10:     0x55feba63afb9 - std::panicking::default_hook::h6a1694a91d09b278
[INFO] [stderr]                                  at /rustc/0e09125c6c3c2fd70d7de961bcf0e51575235fad/library/std/src/panicking.rs:292:9
[INFO] [stderr]     11:     0x55feba63b6e8 - std::panicking::rust_panic_with_hook::h0a7ad96e90f7145b
[INFO] [stderr]                                  at /rustc/0e09125c6c3c2fd70d7de961bcf0e51575235fad/library/std/src/panicking.rs:779:13
[INFO] [stderr]     12:     0x55feba63b589 - std::panicking::begin_panic_handler::{{closure}}::h7919090525c6485e
[INFO] [stderr]                                  at /rustc/0e09125c6c3c2fd70d7de961bcf0e51575235fad/library/std/src/panicking.rs:649:13
[INFO] [stderr]     13:     0x55feba63a416 - std::sys_common::backtrace::__rust_end_short_backtrace::hf3289479464f7dfe
[INFO] [stderr]                                  at /rustc/0e09125c6c3c2fd70d7de961bcf0e51575235fad/library/std/src/sys_common/backtrace.rs:171:18
[INFO] [stderr]     14:     0x55feba63b320 - rust_begin_unwind
[INFO] [stderr]                                  at /rustc/0e09125c6c3c2fd70d7de961bcf0e51575235fad/library/std/src/panicking.rs:645:5
[INFO] [stderr]     15:     0x55feba616285 - core::panicking::panic_fmt::hcc9f77c5c132af55
[INFO] [stderr]                                  at /rustc/0e09125c6c3c2fd70d7de961bcf0e51575235fad/library/core/src/panicking.rs:72:14
[INFO] [stderr]     16:     0x55feba616343 - core::panicking::panic::h5a1259c1164bd480
[INFO] [stderr]                                  at /rustc/0e09125c6c3c2fd70d7de961bcf0e51575235fad/library/core/src/panicking.rs:144:5
[INFO] [stderr]     17:     0x55feba61a950 - build_script_build::main::h80b0393fbc96c6c4
[INFO] [stderr]     18:     0x55feba6176c3 - core::ops::function::FnOnce::call_once::h83ba14638d1a7a83
[INFO] [stderr]     19:     0x55feba616dd6 - std::sys_common::backtrace::__rust_begin_short_backtrace::hac032490da479e80
[INFO] [stderr]     20:     0x55feba617259 - std::rt::lang_start::{{closure}}::h6eeca5d4f0e10170
[INFO] [stderr]     21:     0x55feba634741 - core::ops::function::impls::<impl core::ops::function::FnOnce<A> for &F>::call_once::h4eb4c5e1620f29b0
[INFO] [stderr]                                  at /rustc/0e09125c6c3c2fd70d7de961bcf0e51575235fad/library/core/src/ops/function.rs:284:13
[INFO] [stderr]     22:     0x55feba634741 - std::panicking::try::do_call::h73fd26535faffcdf
[INFO] [stderr]                                  at /rustc/0e09125c6c3c2fd70d7de961bcf0e51575235fad/library/std/src/panicking.rs:552:40
[INFO] [stderr]     23:     0x55feba634741 - std::panicking::try::h77ff1d98f0fb9f39
[INFO] [stderr]                                  at /rustc/0e09125c6c3c2fd70d7de961bcf0e51575235fad/library/std/src/panicking.rs:516:19
[INFO] [stderr]     24:     0x55feba634741 - std::panic::catch_unwind::hab3caf2448b95e37
[INFO] [stderr]                                  at /rustc/0e09125c6c3c2fd70d7de961bcf0e51575235fad/library/std/src/panic.rs:142:14
[INFO] [stderr]     25:     0x55feba634741 - std::rt::lang_start_internal::{{closure}}::h8086711f9c783f78
[INFO] [stderr]                                  at /rustc/0e09125c6c3c2fd70d7de961bcf0e51575235fad/library/std/src/rt.rs:148:48
[INFO] [stderr]     26:     0x55feba634741 - std::panicking::try::do_call::hf920d4dc291cd6ca
[INFO] [stderr]                                  at /rustc/0e09125c6c3c2fd70d7de961bcf0e51575235fad/library/std/src/panicking.rs:552:40
[INFO] [stderr]     27:     0x55feba634741 - std::panicking::try::h2b806ccc0a85db74
[INFO] [stderr]                                  at /rustc/0e09125c6c3c2fd70d7de961bcf0e51575235fad/library/std/src/panicking.rs:516:19
[INFO] [stderr]     28:     0x55feba634741 - std::panic::catch_unwind::h038489539c507df2
[INFO] [stderr]                                  at /rustc/0e09125c6c3c2fd70d7de961bcf0e51575235fad/library/std/src/panic.rs:142:14
[INFO] [stderr]     29:     0x55feba634741 - std::rt::lang_start_internal::h28503b88912e8a5c
[INFO] [stderr]                                  at /rustc/0e09125c6c3c2fd70d7de961bcf0e51575235fad/library/std/src/rt.rs:148:20
[INFO] [stderr]     30:     0x55feba617237 - std::rt::lang_start::hfb237d70c40b977c
[INFO] [stderr]     31:     0x55feba61aa35 - main
[INFO] [stderr]     32:     0x7fcd447b1d90 - <unknown>
[INFO] [stderr]     33:     0x7fcd447b1e40 - __libc_start_main
[INFO] [stderr]     34:     0x55feba6169b5 - _start
[INFO] [stderr]     35:                0x0 - <unknown>
[INFO] running `Command { std: "docker" "inspect" "9bcfcf7b3bc00b0900e99b0e049614aa91c307b90c119b3a4d7b7a5f47816462", kill_on_drop: false }`
[INFO] running `Command { std: "docker" "rm" "-f" "9bcfcf7b3bc00b0900e99b0e049614aa91c307b90c119b3a4d7b7a5f47816462", kill_on_drop: false }`
[INFO] [stdout] 9bcfcf7b3bc00b0900e99b0e049614aa91c307b90c119b3a4d7b7a5f47816462
